{"id":1597,"date":"2019-06-24T18:19:28","date_gmt":"2019-06-24T15:19:28","guid":{"rendered":"https:\/\/rotary.fi\/warkaus\/?page_id=1597"},"modified":"2019-06-24T18:29:22","modified_gmt":"2019-06-24T15:29:22","slug":"klubin-historiaa","status":"publish","type":"page","link":"https:\/\/rotary.fi\/warkaus\/klubin-historiaa\/","title":{"rendered":"Klubin historiaa"},"content":{"rendered":"<h3><strong>Kuvia Warkauden Rotaryklubin 60-vuotisjuhlilta 13.1.2007:<\/strong><\/h3>\n<div id=\"attachment_1602\" style=\"width: 310px\" class=\"wp-caption alignnone\"><img loading=\"lazy\" decoding=\"async\" aria-describedby=\"caption-attachment-1602\" class=\"size-medium wp-image-1602\" src=\"https:\/\/rotary.fi\/warkaus\/wp-content\/uploads\/sites\/48\/2019\/06\/img_1385-300x294.jpg\" alt=\"\" width=\"300\" height=\"294\" srcset=\"https:\/\/rotary.fi\/warkaus\/wp-content\/uploads\/sites\/48\/2019\/06\/img_1385-300x294.jpg 300w, https:\/\/rotary.fi\/warkaus\/wp-content\/uploads\/sites\/48\/2019\/06\/img_1385-768x752.jpg 768w, https:\/\/rotary.fi\/warkaus\/wp-content\/uploads\/sites\/48\/2019\/06\/img_1385-1024x1003.jpg 1024w, https:\/\/rotary.fi\/warkaus\/wp-content\/uploads\/sites\/48\/2019\/06\/img_1385-1080x1058.jpg 1080w, https:\/\/rotary.fi\/warkaus\/wp-content\/uploads\/sites\/48\/2019\/06\/img_1385.jpg 1732w\" sizes=\"(max-width: 300px) 100vw, 300px\" \/><p id=\"caption-attachment-1602\" class=\"wp-caption-text\"><br \/>Miss\u00e4h\u00e4n sit\u00e4 istuisi? P\u00f6yt\u00e4karttaa tutkivat Warkauden klubin presidentti Berndt Nordgren sek\u00e4 veli Lauri Mykk\u00e4nen.<\/p><\/div>\n<div id=\"attachment_1603\" style=\"width: 307px\" class=\"wp-caption alignnone\"><img loading=\"lazy\" decoding=\"async\" aria-describedby=\"caption-attachment-1603\" class=\"wp-image-1603 size-medium\" src=\"https:\/\/rotary.fi\/warkaus\/wp-content\/uploads\/sites\/48\/2019\/06\/img_1387-297x300.jpg\" alt=\"\" width=\"297\" height=\"300\" srcset=\"https:\/\/rotary.fi\/warkaus\/wp-content\/uploads\/sites\/48\/2019\/06\/img_1387-297x300.jpg 297w, https:\/\/rotary.fi\/warkaus\/wp-content\/uploads\/sites\/48\/2019\/06\/img_1387-768x777.jpg 768w, https:\/\/rotary.fi\/warkaus\/wp-content\/uploads\/sites\/48\/2019\/06\/img_1387-1012x1024.jpg 1012w, https:\/\/rotary.fi\/warkaus\/wp-content\/uploads\/sites\/48\/2019\/06\/img_1387-1080x1092.jpg 1080w, https:\/\/rotary.fi\/warkaus\/wp-content\/uploads\/sites\/48\/2019\/06\/img_1387.jpg 1752w\" sizes=\"(max-width: 297px) 100vw, 297px\" \/><p id=\"caption-attachment-1603\" class=\"wp-caption-text\">Vieraat saapuvat juhlapaikalle.<\/p><\/div>\n<p><img loading=\"lazy\" decoding=\"async\" class=\"alignnone size-medium wp-image-1604\" src=\"https:\/\/rotary.fi\/warkaus\/wp-content\/uploads\/sites\/48\/2019\/06\/img_1394-300x225.jpg\" alt=\"\" width=\"300\" height=\"225\" srcset=\"https:\/\/rotary.fi\/warkaus\/wp-content\/uploads\/sites\/48\/2019\/06\/img_1394-300x225.jpg 300w, https:\/\/rotary.fi\/warkaus\/wp-content\/uploads\/sites\/48\/2019\/06\/img_1394-768x576.jpg 768w, https:\/\/rotary.fi\/warkaus\/wp-content\/uploads\/sites\/48\/2019\/06\/img_1394-1024x768.jpg 1024w, https:\/\/rotary.fi\/warkaus\/wp-content\/uploads\/sites\/48\/2019\/06\/img_1394-510x382.jpg 510w, https:\/\/rotary.fi\/warkaus\/wp-content\/uploads\/sites\/48\/2019\/06\/img_1394-1080x810.jpg 1080w, https:\/\/rotary.fi\/warkaus\/wp-content\/uploads\/sites\/48\/2019\/06\/img_1394.jpg 1296w\" sizes=\"(max-width: 300px) 100vw, 300px\" \/> <img loading=\"lazy\" decoding=\"async\" class=\"alignnone size-medium wp-image-1605\" src=\"https:\/\/rotary.fi\/warkaus\/wp-content\/uploads\/sites\/48\/2019\/06\/img_1395-300x225.jpg\" alt=\"\" width=\"300\" height=\"225\" srcset=\"https:\/\/rotary.fi\/warkaus\/wp-content\/uploads\/sites\/48\/2019\/06\/img_1395-300x225.jpg 300w, https:\/\/rotary.fi\/warkaus\/wp-content\/uploads\/sites\/48\/2019\/06\/img_1395-768x576.jpg 768w, https:\/\/rotary.fi\/warkaus\/wp-content\/uploads\/sites\/48\/2019\/06\/img_1395-1024x768.jpg 1024w, https:\/\/rotary.fi\/warkaus\/wp-content\/uploads\/sites\/48\/2019\/06\/img_1395-510x382.jpg 510w, https:\/\/rotary.fi\/warkaus\/wp-content\/uploads\/sites\/48\/2019\/06\/img_1395-1080x810.jpg 1080w, https:\/\/rotary.fi\/warkaus\/wp-content\/uploads\/sites\/48\/2019\/06\/img_1395.jpg 1296w\" sizes=\"(max-width: 300px) 100vw, 300px\" \/> <img loading=\"lazy\" decoding=\"async\" class=\"alignnone size-medium wp-image-1606\" src=\"https:\/\/rotary.fi\/warkaus\/wp-content\/uploads\/sites\/48\/2019\/06\/img_1401-300x274.jpg\" alt=\"\" width=\"300\" height=\"274\" srcset=\"https:\/\/rotary.fi\/warkaus\/wp-content\/uploads\/sites\/48\/2019\/06\/img_1401-300x274.jpg 300w, https:\/\/rotary.fi\/warkaus\/wp-content\/uploads\/sites\/48\/2019\/06\/img_1401-768x700.jpg 768w, https:\/\/rotary.fi\/warkaus\/wp-content\/uploads\/sites\/48\/2019\/06\/img_1401-1024x934.jpg 1024w, https:\/\/rotary.fi\/warkaus\/wp-content\/uploads\/sites\/48\/2019\/06\/img_1401-1080x985.jpg 1080w, https:\/\/rotary.fi\/warkaus\/wp-content\/uploads\/sites\/48\/2019\/06\/img_1401.jpg 1812w\" sizes=\"(max-width: 300px) 100vw, 300px\" \/> <img loading=\"lazy\" decoding=\"async\" class=\"alignnone size-medium wp-image-1607\" src=\"https:\/\/rotary.fi\/warkaus\/wp-content\/uploads\/sites\/48\/2019\/06\/img_1404-300x221.jpg\" alt=\"\" width=\"300\" height=\"221\" srcset=\"https:\/\/rotary.fi\/warkaus\/wp-content\/uploads\/sites\/48\/2019\/06\/img_1404-300x221.jpg 300w, https:\/\/rotary.fi\/warkaus\/wp-content\/uploads\/sites\/48\/2019\/06\/img_1404-768x565.jpg 768w, https:\/\/rotary.fi\/warkaus\/wp-content\/uploads\/sites\/48\/2019\/06\/img_1404-1024x754.jpg 1024w, https:\/\/rotary.fi\/warkaus\/wp-content\/uploads\/sites\/48\/2019\/06\/img_1404-1080x795.jpg 1080w, https:\/\/rotary.fi\/warkaus\/wp-content\/uploads\/sites\/48\/2019\/06\/img_1404.jpg 2000w\" sizes=\"(max-width: 300px) 100vw, 300px\" \/> <img loading=\"lazy\" decoding=\"async\" class=\"alignnone size-medium wp-image-1608\" src=\"https:\/\/rotary.fi\/warkaus\/wp-content\/uploads\/sites\/48\/2019\/06\/img_1415-286x300.jpg\" alt=\"\" width=\"286\" height=\"300\" srcset=\"https:\/\/rotary.fi\/warkaus\/wp-content\/uploads\/sites\/48\/2019\/06\/img_1415-286x300.jpg 286w, https:\/\/rotary.fi\/warkaus\/wp-content\/uploads\/sites\/48\/2019\/06\/img_1415-768x806.jpg 768w, https:\/\/rotary.fi\/warkaus\/wp-content\/uploads\/sites\/48\/2019\/06\/img_1415-976x1024.jpg 976w, https:\/\/rotary.fi\/warkaus\/wp-content\/uploads\/sites\/48\/2019\/06\/img_1415-1080x1133.jpg 1080w, https:\/\/rotary.fi\/warkaus\/wp-content\/uploads\/sites\/48\/2019\/06\/img_1415.jpg 1472w\" sizes=\"(max-width: 286px) 100vw, 286px\" \/> <img loading=\"lazy\" decoding=\"async\" class=\"alignnone size-medium wp-image-1609\" src=\"https:\/\/rotary.fi\/warkaus\/wp-content\/uploads\/sites\/48\/2019\/06\/img_1433-300x225.jpg\" alt=\"\" width=\"300\" height=\"225\" srcset=\"https:\/\/rotary.fi\/warkaus\/wp-content\/uploads\/sites\/48\/2019\/06\/img_1433-300x225.jpg 300w, https:\/\/rotary.fi\/warkaus\/wp-content\/uploads\/sites\/48\/2019\/06\/img_1433-768x576.jpg 768w, https:\/\/rotary.fi\/warkaus\/wp-content\/uploads\/sites\/48\/2019\/06\/img_1433-1024x768.jpg 1024w, https:\/\/rotary.fi\/warkaus\/wp-content\/uploads\/sites\/48\/2019\/06\/img_1433-510x382.jpg 510w, https:\/\/rotary.fi\/warkaus\/wp-content\/uploads\/sites\/48\/2019\/06\/img_1433-1080x810.jpg 1080w, https:\/\/rotary.fi\/warkaus\/wp-content\/uploads\/sites\/48\/2019\/06\/img_1433.jpg 1296w\" sizes=\"(max-width: 300px) 100vw, 300px\" \/> <img loading=\"lazy\" decoding=\"async\" class=\"alignnone size-medium wp-image-1610\" src=\"https:\/\/rotary.fi\/warkaus\/wp-content\/uploads\/sites\/48\/2019\/06\/img_1448-1-300x225.jpg\" alt=\"\" width=\"300\" height=\"225\" srcset=\"https:\/\/rotary.fi\/warkaus\/wp-content\/uploads\/sites\/48\/2019\/06\/img_1448-1-300x225.jpg 300w, https:\/\/rotary.fi\/warkaus\/wp-content\/uploads\/sites\/48\/2019\/06\/img_1448-1-768x576.jpg 768w, https:\/\/rotary.fi\/warkaus\/wp-content\/uploads\/sites\/48\/2019\/06\/img_1448-1-1024x768.jpg 1024w, https:\/\/rotary.fi\/warkaus\/wp-content\/uploads\/sites\/48\/2019\/06\/img_1448-1-510x382.jpg 510w, https:\/\/rotary.fi\/warkaus\/wp-content\/uploads\/sites\/48\/2019\/06\/img_1448-1-1080x810.jpg 1080w, https:\/\/rotary.fi\/warkaus\/wp-content\/uploads\/sites\/48\/2019\/06\/img_1448-1.jpg 1296w\" sizes=\"(max-width: 300px) 100vw, 300px\" \/> <img loading=\"lazy\" decoding=\"async\" class=\"alignnone size-medium wp-image-1611\" src=\"https:\/\/rotary.fi\/warkaus\/wp-content\/uploads\/sites\/48\/2019\/06\/img_1451-300x225.jpg\" alt=\"\" width=\"300\" height=\"225\" srcset=\"https:\/\/rotary.fi\/warkaus\/wp-content\/uploads\/sites\/48\/2019\/06\/img_1451-300x225.jpg 300w, https:\/\/rotary.fi\/warkaus\/wp-content\/uploads\/sites\/48\/2019\/06\/img_1451-768x576.jpg 768w, https:\/\/rotary.fi\/warkaus\/wp-content\/uploads\/sites\/48\/2019\/06\/img_1451-1024x768.jpg 1024w, https:\/\/rotary.fi\/warkaus\/wp-content\/uploads\/sites\/48\/2019\/06\/img_1451-510x382.jpg 510w, https:\/\/rotary.fi\/warkaus\/wp-content\/uploads\/sites\/48\/2019\/06\/img_1451-1080x810.jpg 1080w, https:\/\/rotary.fi\/warkaus\/wp-content\/uploads\/sites\/48\/2019\/06\/img_1451.jpg 1296w\" sizes=\"(max-width: 300px) 100vw, 300px\" \/> <img loading=\"lazy\" decoding=\"async\" class=\"alignnone size-medium wp-image-1612\" src=\"https:\/\/rotary.fi\/warkaus\/wp-content\/uploads\/sites\/48\/2019\/06\/img_1463-300x225.jpg\" alt=\"\" width=\"300\" height=\"225\" srcset=\"https:\/\/rotary.fi\/warkaus\/wp-content\/uploads\/sites\/48\/2019\/06\/img_1463-300x225.jpg 300w, https:\/\/rotary.fi\/warkaus\/wp-content\/uploads\/sites\/48\/2019\/06\/img_1463-768x576.jpg 768w, https:\/\/rotary.fi\/warkaus\/wp-content\/uploads\/sites\/48\/2019\/06\/img_1463-1024x768.jpg 1024w, https:\/\/rotary.fi\/warkaus\/wp-content\/uploads\/sites\/48\/2019\/06\/img_1463-510x382.jpg 510w, https:\/\/rotary.fi\/warkaus\/wp-content\/uploads\/sites\/48\/2019\/06\/img_1463-1080x810.jpg 1080w, https:\/\/rotary.fi\/warkaus\/wp-content\/uploads\/sites\/48\/2019\/06\/img_1463.jpg 1296w\" sizes=\"(max-width: 300px) 100vw, 300px\" \/> <img loading=\"lazy\" decoding=\"async\" class=\"alignnone size-medium wp-image-1613\" src=\"https:\/\/rotary.fi\/warkaus\/wp-content\/uploads\/sites\/48\/2019\/06\/img_1473-1-300x225.jpg\" alt=\"\" width=\"300\" height=\"225\" srcset=\"https:\/\/rotary.fi\/warkaus\/wp-content\/uploads\/sites\/48\/2019\/06\/img_1473-1-300x225.jpg 300w, https:\/\/rotary.fi\/warkaus\/wp-content\/uploads\/sites\/48\/2019\/06\/img_1473-1-768x576.jpg 768w, https:\/\/rotary.fi\/warkaus\/wp-content\/uploads\/sites\/48\/2019\/06\/img_1473-1-1024x768.jpg 1024w, https:\/\/rotary.fi\/warkaus\/wp-content\/uploads\/sites\/48\/2019\/06\/img_1473-1-510x382.jpg 510w, https:\/\/rotary.fi\/warkaus\/wp-content\/uploads\/sites\/48\/2019\/06\/img_1473-1-1080x810.jpg 1080w, https:\/\/rotary.fi\/warkaus\/wp-content\/uploads\/sites\/48\/2019\/06\/img_1473-1.jpg 1296w\" sizes=\"(max-width: 300px) 100vw, 300px\" \/> <img loading=\"lazy\" decoding=\"async\" class=\"alignnone size-medium wp-image-1614\" src=\"https:\/\/rotary.fi\/warkaus\/wp-content\/uploads\/sites\/48\/2019\/06\/img_1475-300x225.jpg\" alt=\"\" width=\"300\" height=\"225\" srcset=\"https:\/\/rotary.fi\/warkaus\/wp-content\/uploads\/sites\/48\/2019\/06\/img_1475-300x225.jpg 300w, https:\/\/rotary.fi\/warkaus\/wp-content\/uploads\/sites\/48\/2019\/06\/img_1475-768x576.jpg 768w, https:\/\/rotary.fi\/warkaus\/wp-content\/uploads\/sites\/48\/2019\/06\/img_1475-1024x768.jpg 1024w, https:\/\/rotary.fi\/warkaus\/wp-content\/uploads\/sites\/48\/2019\/06\/img_1475-510x382.jpg 510w, https:\/\/rotary.fi\/warkaus\/wp-content\/uploads\/sites\/48\/2019\/06\/img_1475-1080x810.jpg 1080w, https:\/\/rotary.fi\/warkaus\/wp-content\/uploads\/sites\/48\/2019\/06\/img_1475.jpg 1296w\" sizes=\"(max-width: 300px) 100vw, 300px\" \/> <img loading=\"lazy\" decoding=\"async\" class=\"alignnone size-medium wp-image-1615\" src=\"https:\/\/rotary.fi\/warkaus\/wp-content\/uploads\/sites\/48\/2019\/06\/img_1489-277x300.jpg\" alt=\"\" width=\"277\" height=\"300\" srcset=\"https:\/\/rotary.fi\/warkaus\/wp-content\/uploads\/sites\/48\/2019\/06\/img_1489-277x300.jpg 277w, https:\/\/rotary.fi\/warkaus\/wp-content\/uploads\/sites\/48\/2019\/06\/img_1489.jpg 601w\" sizes=\"(max-width: 277px) 100vw, 277px\" \/> <img loading=\"lazy\" decoding=\"async\" class=\"alignnone size-medium wp-image-1616\" src=\"https:\/\/rotary.fi\/warkaus\/wp-content\/uploads\/sites\/48\/2019\/06\/mjavm-300x175.jpg\" alt=\"\" width=\"300\" height=\"175\" srcset=\"https:\/\/rotary.fi\/warkaus\/wp-content\/uploads\/sites\/48\/2019\/06\/mjavm-300x175.jpg 300w, https:\/\/rotary.fi\/warkaus\/wp-content\/uploads\/sites\/48\/2019\/06\/mjavm.jpg 414w\" sizes=\"(max-width: 300px) 100vw, 300px\" \/> <img loading=\"lazy\" decoding=\"async\" class=\"alignnone size-medium wp-image-1617\" src=\"https:\/\/rotary.fi\/warkaus\/wp-content\/uploads\/sites\/48\/2019\/06\/pressat-1-300x154.jpg\" alt=\"\" width=\"300\" height=\"154\" srcset=\"https:\/\/rotary.fi\/warkaus\/wp-content\/uploads\/sites\/48\/2019\/06\/pressat-1-300x154.jpg 300w, https:\/\/rotary.fi\/warkaus\/wp-content\/uploads\/sites\/48\/2019\/06\/pressat-1.jpg 600w\" sizes=\"(max-width: 300px) 100vw, 300px\" \/> <img loading=\"lazy\" decoding=\"async\" class=\"alignnone size-medium wp-image-1618\" src=\"https:\/\/rotary.fi\/warkaus\/wp-content\/uploads\/sites\/48\/2019\/06\/rlista-231x300.jpg\" alt=\"\" width=\"231\" height=\"300\" srcset=\"https:\/\/rotary.fi\/warkaus\/wp-content\/uploads\/sites\/48\/2019\/06\/rlista-231x300.jpg 231w, https:\/\/rotary.fi\/warkaus\/wp-content\/uploads\/sites\/48\/2019\/06\/rlista-768x996.jpg 768w, https:\/\/rotary.fi\/warkaus\/wp-content\/uploads\/sites\/48\/2019\/06\/rlista-789x1024.jpg 789w, https:\/\/rotary.fi\/warkaus\/wp-content\/uploads\/sites\/48\/2019\/06\/rlista-1080x1401.jpg 1080w, https:\/\/rotary.fi\/warkaus\/wp-content\/uploads\/sites\/48\/2019\/06\/rlista.jpg 1194w\" sizes=\"(max-width: 231px) 100vw, 231px\" \/><\/p>\n<h5><strong><big>Kuvia Warkauden Rotaryklubin 70-vuotisjuhlilta 21.1.2017:<\/big><\/strong><\/h5>\n<h5><\/h5>\n","protected":false},"excerpt":{"rendered":"<p>Kuvia Warkauden Rotaryklubin 60-vuotisjuhlilta 13.1.2007: Kuvia Warkauden Rotaryklubin 70-vuotisjuhlilta 21.1.2017:<\/p>\n","protected":false},"author":106,"featured_media":0,"parent":0,"menu_order":0,"comment_status":"closed","ping_status":"closed","template":"","meta":{"_acf_changed":false,"_et_pb_use_builder":"","_et_pb_old_content":"","_et_gb_content_width":"","footnotes":""},"class_list":["post-1597","page","type-page","status-publish","hentry"],"acf":[],"yoast_head":"<!-- This site is optimized with the Yoast SEO plugin v27.4 - https:\/\/yoast.com\/product\/yoast-seo-wordpress\/ -->\n<title>Klubin historiaa - Warkauden Rotaryklubi<\/title>\n<meta name=\"robots\" content=\"index, follow, max-snippet:-1, max-image-preview:large, max-video-preview:-1\" \/>\n<link rel=\"canonical\" href=\"https:\/\/rotary.fi\/warkaus\/klubin-historiaa\/\" \/>\n<meta property=\"og:locale\" content=\"fi_FI\" \/>\n<meta property=\"og:type\" content=\"article\" \/>\n<meta property=\"og:title\" content=\"Klubin historiaa - Warkauden Rotaryklubi\" \/>\n<meta property=\"og:description\" content=\"Kuvia Warkauden Rotaryklubin 60-vuotisjuhlilta 13.1.2007: Kuvia Warkauden Rotaryklubin 70-vuotisjuhlilta 21.1.2017:\" \/>\n<meta property=\"og:url\" content=\"https:\/\/rotary.fi\/warkaus\/klubin-historiaa\/\" \/>\n<meta property=\"og:site_name\" content=\"Warkauden Rotaryklubi\" \/>\n<meta property=\"article:modified_time\" content=\"2019-06-24T15:29:22+00:00\" \/>\n<meta property=\"og:image\" content=\"https:\/\/rotary.fi\/warkaus\/wp-content\/uploads\/sites\/48\/2019\/06\/img_1385-300x294.jpg\" \/>\n<meta name=\"twitter:card\" content=\"summary_large_image\" \/>\n<script type=\"application\/ld+json\" class=\"yoast-schema-graph\">{\"@context\":\"https:\\\/\\\/schema.org\",\"@graph\":[{\"@type\":\"WebPage\",\"@id\":\"https:\\\/\\\/rotary.fi\\\/warkaus\\\/klubin-historiaa\\\/\",\"url\":\"https:\\\/\\\/rotary.fi\\\/warkaus\\\/klubin-historiaa\\\/\",\"name\":\"Klubin historiaa - Warkauden Rotaryklubi\",\"isPartOf\":{\"@id\":\"https:\\\/\\\/rotary.fi\\\/warkaus\\\/#website\"},\"primaryImageOfPage\":{\"@id\":\"https:\\\/\\\/rotary.fi\\\/warkaus\\\/klubin-historiaa\\\/#primaryimage\"},\"image\":{\"@id\":\"https:\\\/\\\/rotary.fi\\\/warkaus\\\/klubin-historiaa\\\/#primaryimage\"},\"thumbnailUrl\":\"https:\\\/\\\/rotary.fi\\\/warkaus\\\/wp-content\\\/uploads\\\/sites\\\/48\\\/2019\\\/06\\\/img_1385-300x294.jpg\",\"datePublished\":\"2019-06-24T15:19:28+00:00\",\"dateModified\":\"2019-06-24T15:29:22+00:00\",\"breadcrumb\":{\"@id\":\"https:\\\/\\\/rotary.fi\\\/warkaus\\\/klubin-historiaa\\\/#breadcrumb\"},\"inLanguage\":\"fi\",\"potentialAction\":[{\"@type\":\"ReadAction\",\"target\":[\"https:\\\/\\\/rotary.fi\\\/warkaus\\\/klubin-historiaa\\\/\"]}]},{\"@type\":\"ImageObject\",\"inLanguage\":\"fi\",\"@id\":\"https:\\\/\\\/rotary.fi\\\/warkaus\\\/klubin-historiaa\\\/#primaryimage\",\"url\":\"https:\\\/\\\/rotary.fi\\\/warkaus\\\/wp-content\\\/uploads\\\/sites\\\/48\\\/2019\\\/06\\\/img_1385.jpg\",\"contentUrl\":\"https:\\\/\\\/rotary.fi\\\/warkaus\\\/wp-content\\\/uploads\\\/sites\\\/48\\\/2019\\\/06\\\/img_1385.jpg\",\"width\":1732,\"height\":1696,\"caption\":\"Miss\u00e4h\u00e4n sit\u00e4 istuisi? P\u00f6yt\u00e4karttaa tutkivat Warkauden klubin presidentti Berndt Nordgren sek\u00e4 veli Lauri Mykk\u00e4nen.\"},{\"@type\":\"BreadcrumbList\",\"@id\":\"https:\\\/\\\/rotary.fi\\\/warkaus\\\/klubin-historiaa\\\/#breadcrumb\",\"itemListElement\":[{\"@type\":\"ListItem\",\"position\":1,\"name\":\"Home\",\"item\":\"https:\\\/\\\/rotary.fi\\\/warkaus\\\/\"},{\"@type\":\"ListItem\",\"position\":2,\"name\":\"Klubin historiaa\"}]},{\"@type\":\"WebSite\",\"@id\":\"https:\\\/\\\/rotary.fi\\\/warkaus\\\/#website\",\"url\":\"https:\\\/\\\/rotary.fi\\\/warkaus\\\/\",\"name\":\"Warkauden Rotaryklubi\",\"description\":\"Uusi Rotary klubisivusto\",\"potentialAction\":[{\"@type\":\"SearchAction\",\"target\":{\"@type\":\"EntryPoint\",\"urlTemplate\":\"https:\\\/\\\/rotary.fi\\\/warkaus\\\/?s={search_term_string}\"},\"query-input\":{\"@type\":\"PropertyValueSpecification\",\"valueRequired\":true,\"valueName\":\"search_term_string\"}}],\"inLanguage\":\"fi\"}]}<\/script>\n<!-- \/ Yoast SEO plugin. -->","yoast_head_json":{"title":"Klubin historiaa - Warkauden Rotaryklubi","robots":{"index":"index","follow":"follow","max-snippet":"max-snippet:-1","max-image-preview":"max-image-preview:large","max-video-preview":"max-video-preview:-1"},"canonical":"https:\/\/rotary.fi\/warkaus\/klubin-historiaa\/","og_locale":"fi_FI","og_type":"article","og_title":"Klubin historiaa - Warkauden Rotaryklubi","og_description":"Kuvia Warkauden Rotaryklubin 60-vuotisjuhlilta 13.1.2007: Kuvia Warkauden Rotaryklubin 70-vuotisjuhlilta 21.1.2017:","og_url":"https:\/\/rotary.fi\/warkaus\/klubin-historiaa\/","og_site_name":"Warkauden Rotaryklubi","article_modified_time":"2019-06-24T15:29:22+00:00","og_image":[{"url":"https:\/\/rotary.fi\/warkaus\/wp-content\/uploads\/sites\/48\/2019\/06\/img_1385-300x294.jpg","type":"","width":"","height":""}],"twitter_card":"summary_large_image","schema":{"@context":"https:\/\/schema.org","@graph":[{"@type":"WebPage","@id":"https:\/\/rotary.fi\/warkaus\/klubin-historiaa\/","url":"https:\/\/rotary.fi\/warkaus\/klubin-historiaa\/","name":"Klubin historiaa - Warkauden Rotaryklubi","isPartOf":{"@id":"https:\/\/rotary.fi\/warkaus\/#website"},"primaryImageOfPage":{"@id":"https:\/\/rotary.fi\/warkaus\/klubin-historiaa\/#primaryimage"},"image":{"@id":"https:\/\/rotary.fi\/warkaus\/klubin-historiaa\/#primaryimage"},"thumbnailUrl":"https:\/\/rotary.fi\/warkaus\/wp-content\/uploads\/sites\/48\/2019\/06\/img_1385-300x294.jpg","datePublished":"2019-06-24T15:19:28+00:00","dateModified":"2019-06-24T15:29:22+00:00","breadcrumb":{"@id":"https:\/\/rotary.fi\/warkaus\/klubin-historiaa\/#breadcrumb"},"inLanguage":"fi","potentialAction":[{"@type":"ReadAction","target":["https:\/\/rotary.fi\/warkaus\/klubin-historiaa\/"]}]},{"@type":"ImageObject","inLanguage":"fi","@id":"https:\/\/rotary.fi\/warkaus\/klubin-historiaa\/#primaryimage","url":"https:\/\/rotary.fi\/warkaus\/wp-content\/uploads\/sites\/48\/2019\/06\/img_1385.jpg","contentUrl":"https:\/\/rotary.fi\/warkaus\/wp-content\/uploads\/sites\/48\/2019\/06\/img_1385.jpg","width":1732,"height":1696,"caption":"Miss\u00e4h\u00e4n sit\u00e4 istuisi? P\u00f6yt\u00e4karttaa tutkivat Warkauden klubin presidentti Berndt Nordgren sek\u00e4 veli Lauri Mykk\u00e4nen."},{"@type":"BreadcrumbList","@id":"https:\/\/rotary.fi\/warkaus\/klubin-historiaa\/#breadcrumb","itemListElement":[{"@type":"ListItem","position":1,"name":"Home","item":"https:\/\/rotary.fi\/warkaus\/"},{"@type":"ListItem","position":2,"name":"Klubin historiaa"}]},{"@type":"WebSite","@id":"https:\/\/rotary.fi\/warkaus\/#website","url":"https:\/\/rotary.fi\/warkaus\/","name":"Warkauden Rotaryklubi","description":"Uusi Rotary klubisivusto","potentialAction":[{"@type":"SearchAction","target":{"@type":"EntryPoint","urlTemplate":"https:\/\/rotary.fi\/warkaus\/?s={search_term_string}"},"query-input":{"@type":"PropertyValueSpecification","valueRequired":true,"valueName":"search_term_string"}}],"inLanguage":"fi"}]}},"lang":"fi","translations":{"fi":1597},"pll_sync_post":[],"_links":{"self":[{"href":"https:\/\/rotary.fi\/warkaus\/wp-json\/wp\/v2\/pages\/1597","targetHints":{"allow":["GET"]}}],"collection":[{"href":"https:\/\/rotary.fi\/warkaus\/wp-json\/wp\/v2\/pages"}],"about":[{"href":"https:\/\/rotary.fi\/warkaus\/wp-json\/wp\/v2\/types\/page"}],"author":[{"embeddable":true,"href":"https:\/\/rotary.fi\/warkaus\/wp-json\/wp\/v2\/users\/106"}],"replies":[{"embeddable":true,"href":"https:\/\/rotary.fi\/warkaus\/wp-json\/wp\/v2\/comments?post=1597"}],"version-history":[{"count":5,"href":"https:\/\/rotary.fi\/warkaus\/wp-json\/wp\/v2\/pages\/1597\/revisions"}],"predecessor-version":[{"id":1619,"href":"https:\/\/rotary.fi\/warkaus\/wp-json\/wp\/v2\/pages\/1597\/revisions\/1619"}],"wp:attachment":[{"href":"https:\/\/rotary.fi\/warkaus\/wp-json\/wp\/v2\/media?parent=1597"}],"curies":[{"name":"wp","href":"https:\/\/api.w.org\/{rel}","templated":true}]}}