{"id":1653,"date":"2019-03-20T07:52:44","date_gmt":"2019-03-20T05:52:44","guid":{"rendered":"https:\/\/rotary.fi\/vora\/?page_id=1653"},"modified":"2020-10-02T13:51:00","modified_gmt":"2020-10-02T10:51:00","slug":"klubbens-egna-anvisningar","status":"publish","type":"page","link":"https:\/\/rotary.fi\/vora\/sv\/klubbens-egna-anvisningar\/","title":{"rendered":"Klubbens egna anvisningar"},"content":{"rendered":"<p>[et_pb_section fb_built=&#8221;1&#8243; module_class=&#8221;jumbotron-page&#8221; _builder_version=&#8221;3.22&#8243; background_image=&#8221;https:\/\/rotary.fi\/vora\/wp-content\/uploads\/sites\/201\/2018\/10\/rotary_klubit_alasivu_paakuva_12.jpg&#8221;][et_pb_row _builder_version=&#8221;3.25&#8243; background_size=&#8221;initial&#8221; background_position=&#8221;top_left&#8221; background_repeat=&#8221;repeat&#8221;][et_pb_column type=&#8221;4_4&#8243; _builder_version=&#8221;3.25&#8243; custom_padding=&#8221;|||&#8221; custom_padding__hover=&#8221;|||&#8221;][et_pb_text admin_label=&#8221;Main \/\/ Klubbens egna anvisningar&#8221; _builder_version=&#8221;3.27.4&#8243; text_orientation=&#8221;center&#8221; background_layout=&#8221;dark&#8221;]<\/p>\n<h1>Klubbens egna anvisningar<\/h1>\n<p>[\/et_pb_text][\/et_pb_column][\/et_pb_row][\/et_pb_section][et_pb_section fb_built=&#8221;1&#8243; specialty=&#8221;on&#8221; module_class_2=&#8221;sivupalkki&#8221; _builder_version=&#8221;3.22&#8243; inner_max_width=&#8221;none&#8221;][et_pb_column type=&#8221;2_3&#8243; specialty_columns=&#8221;2&#8243; _builder_version=&#8221;3.25&#8243; custom_padding=&#8221;|||&#8221; custom_padding__hover=&#8221;|||&#8221;][et_pb_row_inner admin_label=&#8221;Rivi&#8221; _builder_version=&#8221;3.25&#8243;][et_pb_column_inner saved_specialty_column_type=&#8221;2_3&#8243; _builder_version=&#8221;3.25&#8243; custom_padding=&#8221;|||&#8221; custom_padding__hover=&#8221;|||&#8221;][et_pb_text admin_label=&#8221;Klubbens egna anvisningar &#8211; rubrik&#8221; _builder_version=&#8221;3.27.4&#8243; text_orientation=&#8221;center&#8221;]<\/p>\n<h1>Klubbens egna anvisningar <em>(inte i bruk i V\u00f6r\u00e5 f\u00f6r tillf\u00e4llet)<\/em><\/h1>\n<p>[\/et_pb_text][et_pb_text admin_label=&#8221;Text: Klubbens egna anvisningar&#8221; _builder_version=&#8221;3.27.4&#8243; z_index_tablet=&#8221;500&#8243;]<\/p>\n<p>H\u00e4r kan ni l\u00e4gga till egna uppgifter riktade till era medlemmar<\/p>\n<p>Vi rekommenderar att uppgifter som skall h\u00e5llas hemliga, placeras i t.ex. Dropbox-tj\u00e4nst. Ni kan nog p\u00e5 denna sida l\u00e4gga till l\u00e4nkar till er Dropbox.<\/p>\n<p>L\u00f6senordet f\u00f6r sidan kan bytas inom Divi-byggaren under punkt \u201dL\u00f6senordskyddat Redigera\u201d i h\u00f6gra kanten<\/p>\n<p>Som standardl\u00f6senord har st\u00e4llts \u201dklubi\u201d<\/p>\n<p>[\/et_pb_text][\/et_pb_column_inner][\/et_pb_row_inner][\/et_pb_column][et_pb_column type=&#8221;1_3&#8243; _builder_version=&#8221;3.25&#8243; custom_padding=&#8221;|||&#8221; custom_padding__hover=&#8221;|||&#8221;][et_pb_sidebar area=&#8221;sidebar-1&#8243; admin_label=&#8221;Sidebar&#8221; module_class=&#8221;sivupalkki_sisalto&#8221; _builder_version=&#8221;3.21&#8243; locked=&#8221;on&#8221;][\/et_pb_sidebar][\/et_pb_column][\/et_pb_section]<\/p>\n","protected":false},"excerpt":{"rendered":"<p>Klubbens egna anvisningar Klubbens egna anvisningar (inte i bruk i V\u00f6r\u00e5 f\u00f6r tillf\u00e4llet)H\u00e4r kan ni l\u00e4gga till egna uppgifter riktade till era medlemmarVi rekommenderar att uppgifter som skall h\u00e5llas hemliga, placeras i t.ex. Dropbox-tj\u00e4nst. Ni kan nog p\u00e5 denna sida l\u00e4gga till l\u00e4nkar till er Dropbox.L\u00f6senordet f\u00f6r sidan kan bytas inom Divi-byggaren under punkt \u201dL\u00f6senordskyddat [&hellip;]<\/p>\n","protected":false},"author":1,"featured_media":0,"parent":0,"menu_order":5,"comment_status":"closed","ping_status":"closed","template":"","meta":{"_acf_changed":false,"_et_pb_use_builder":"on","_et_pb_old_content":"","_et_gb_content_width":"","footnotes":""},"class_list":["post-1653","page","type-page","status-publish","hentry"],"acf":[],"yoast_head":"<!-- This site is optimized with the Yoast SEO plugin v27.0 - https:\/\/yoast.com\/product\/yoast-seo-wordpress\/ -->\n<title>Klubbens egna anvisningar - V\u00f6r\u00e5 Rotaryklubb<\/title>\n<meta name=\"robots\" content=\"index, follow, max-snippet:-1, max-image-preview:large, max-video-preview:-1\" \/>\n<link rel=\"canonical\" href=\"https:\/\/rotary.fi\/vora\/sv\/klubbens-egna-anvisningar\/\" \/>\n<meta property=\"og:locale\" content=\"fi_FI\" \/>\n<meta property=\"og:type\" content=\"article\" \/>\n<meta property=\"og:title\" content=\"Klubbens egna anvisningar - V\u00f6r\u00e5 Rotaryklubb\" \/>\n<meta property=\"og:description\" content=\"Klubbens egna anvisningar Klubbens egna anvisningar (inte i bruk i V\u00f6r\u00e5 f\u00f6r tillf\u00e4llet)H\u00e4r kan ni l\u00e4gga till egna uppgifter riktade till era medlemmarVi rekommenderar att uppgifter som skall h\u00e5llas hemliga, placeras i t.ex. Dropbox-tj\u00e4nst. Ni kan nog p\u00e5 denna sida l\u00e4gga till l\u00e4nkar till er Dropbox.L\u00f6senordet f\u00f6r sidan kan bytas inom Divi-byggaren under punkt \u201dL\u00f6senordskyddat [&hellip;]\" \/>\n<meta property=\"og:url\" content=\"https:\/\/rotary.fi\/vora\/sv\/klubbens-egna-anvisningar\/\" \/>\n<meta property=\"og:site_name\" content=\"V\u00f6r\u00e5 Rotaryklubb\" \/>\n<meta property=\"article:modified_time\" content=\"2020-10-02T10:51:00+00:00\" \/>\n<meta name=\"twitter:card\" content=\"summary_large_image\" \/>\n<meta name=\"twitter:label1\" content=\"Arvioitu lukuaika\" \/>\n\t<meta name=\"twitter:data1\" content=\"1 minuutti\" \/>\n<script type=\"application\/ld+json\" class=\"yoast-schema-graph\">{\"@context\":\"https:\/\/schema.org\",\"@graph\":[{\"@type\":\"WebPage\",\"@id\":\"https:\/\/rotary.fi\/vora\/sv\/klubbens-egna-anvisningar\/\",\"url\":\"https:\/\/rotary.fi\/vora\/sv\/klubbens-egna-anvisningar\/\",\"name\":\"Klubbens egna anvisningar - V\u00f6r\u00e5 Rotaryklubb\",\"isPartOf\":{\"@id\":\"https:\/\/rotary.fi\/vora\/#website\"},\"datePublished\":\"2019-03-20T05:52:44+00:00\",\"dateModified\":\"2020-10-02T10:51:00+00:00\",\"breadcrumb\":{\"@id\":\"https:\/\/rotary.fi\/vora\/sv\/klubbens-egna-anvisningar\/#breadcrumb\"},\"inLanguage\":\"fi\",\"potentialAction\":[{\"@type\":\"ReadAction\",\"target\":[\"https:\/\/rotary.fi\/vora\/sv\/klubbens-egna-anvisningar\/\"]}]},{\"@type\":\"BreadcrumbList\",\"@id\":\"https:\/\/rotary.fi\/vora\/sv\/klubbens-egna-anvisningar\/#breadcrumb\",\"itemListElement\":[{\"@type\":\"ListItem\",\"position\":1,\"name\":\"Home\",\"item\":\"https:\/\/rotary.fi\/vora\/\"},{\"@type\":\"ListItem\",\"position\":2,\"name\":\"Klubbens egna anvisningar\"}]},{\"@type\":\"WebSite\",\"@id\":\"https:\/\/rotary.fi\/vora\/#website\",\"url\":\"https:\/\/rotary.fi\/vora\/\",\"name\":\"V\u00f6r\u00e5 Rotaryklubb\",\"description\":\"Uusi Rotary klubisivusto\",\"potentialAction\":[{\"@type\":\"SearchAction\",\"target\":{\"@type\":\"EntryPoint\",\"urlTemplate\":\"https:\/\/rotary.fi\/vora\/?s={search_term_string}\"},\"query-input\":{\"@type\":\"PropertyValueSpecification\",\"valueRequired\":true,\"valueName\":\"search_term_string\"}}],\"inLanguage\":\"fi\"}]}<\/script>\n<!-- \/ Yoast SEO plugin. -->","yoast_head_json":{"title":"Klubbens egna anvisningar - V\u00f6r\u00e5 Rotaryklubb","robots":{"index":"index","follow":"follow","max-snippet":"max-snippet:-1","max-image-preview":"max-image-preview:large","max-video-preview":"max-video-preview:-1"},"canonical":"https:\/\/rotary.fi\/vora\/sv\/klubbens-egna-anvisningar\/","og_locale":"fi_FI","og_type":"article","og_title":"Klubbens egna anvisningar - V\u00f6r\u00e5 Rotaryklubb","og_description":"Klubbens egna anvisningar Klubbens egna anvisningar (inte i bruk i V\u00f6r\u00e5 f\u00f6r tillf\u00e4llet)H\u00e4r kan ni l\u00e4gga till egna uppgifter riktade till era medlemmarVi rekommenderar att uppgifter som skall h\u00e5llas hemliga, placeras i t.ex. Dropbox-tj\u00e4nst. Ni kan nog p\u00e5 denna sida l\u00e4gga till l\u00e4nkar till er Dropbox.L\u00f6senordet f\u00f6r sidan kan bytas inom Divi-byggaren under punkt \u201dL\u00f6senordskyddat [&hellip;]","og_url":"https:\/\/rotary.fi\/vora\/sv\/klubbens-egna-anvisningar\/","og_site_name":"V\u00f6r\u00e5 Rotaryklubb","article_modified_time":"2020-10-02T10:51:00+00:00","twitter_card":"summary_large_image","twitter_misc":{"Arvioitu lukuaika":"1 minuutti"},"schema":{"@context":"https:\/\/schema.org","@graph":[{"@type":"WebPage","@id":"https:\/\/rotary.fi\/vora\/sv\/klubbens-egna-anvisningar\/","url":"https:\/\/rotary.fi\/vora\/sv\/klubbens-egna-anvisningar\/","name":"Klubbens egna anvisningar - V\u00f6r\u00e5 Rotaryklubb","isPartOf":{"@id":"https:\/\/rotary.fi\/vora\/#website"},"datePublished":"2019-03-20T05:52:44+00:00","dateModified":"2020-10-02T10:51:00+00:00","breadcrumb":{"@id":"https:\/\/rotary.fi\/vora\/sv\/klubbens-egna-anvisningar\/#breadcrumb"},"inLanguage":"fi","potentialAction":[{"@type":"ReadAction","target":["https:\/\/rotary.fi\/vora\/sv\/klubbens-egna-anvisningar\/"]}]},{"@type":"BreadcrumbList","@id":"https:\/\/rotary.fi\/vora\/sv\/klubbens-egna-anvisningar\/#breadcrumb","itemListElement":[{"@type":"ListItem","position":1,"name":"Home","item":"https:\/\/rotary.fi\/vora\/"},{"@type":"ListItem","position":2,"name":"Klubbens egna anvisningar"}]},{"@type":"WebSite","@id":"https:\/\/rotary.fi\/vora\/#website","url":"https:\/\/rotary.fi\/vora\/","name":"V\u00f6r\u00e5 Rotaryklubb","description":"Uusi Rotary klubisivusto","potentialAction":[{"@type":"SearchAction","target":{"@type":"EntryPoint","urlTemplate":"https:\/\/rotary.fi\/vora\/?s={search_term_string}"},"query-input":{"@type":"PropertyValueSpecification","valueRequired":true,"valueName":"search_term_string"}}],"inLanguage":"fi"}]}},"lang":"sv","translations":{"sv":1653,"fi":258},"pll_sync_post":[],"_links":{"self":[{"href":"https:\/\/rotary.fi\/vora\/wp-json\/wp\/v2\/pages\/1653","targetHints":{"allow":["GET"]}}],"collection":[{"href":"https:\/\/rotary.fi\/vora\/wp-json\/wp\/v2\/pages"}],"about":[{"href":"https:\/\/rotary.fi\/vora\/wp-json\/wp\/v2\/types\/page"}],"author":[{"embeddable":true,"href":"https:\/\/rotary.fi\/vora\/wp-json\/wp\/v2\/users\/1"}],"replies":[{"embeddable":true,"href":"https:\/\/rotary.fi\/vora\/wp-json\/wp\/v2\/comments?post=1653"}],"version-history":[{"count":4,"href":"https:\/\/rotary.fi\/vora\/wp-json\/wp\/v2\/pages\/1653\/revisions"}],"predecessor-version":[{"id":2064,"href":"https:\/\/rotary.fi\/vora\/wp-json\/wp\/v2\/pages\/1653\/revisions\/2064"}],"wp:attachment":[{"href":"https:\/\/rotary.fi\/vora\/wp-json\/wp\/v2\/media?parent=1653"}],"curies":[{"name":"wp","href":"https:\/\/api.w.org\/{rel}","templated":true}]}}