{"id":1717,"date":"2020-10-20T18:39:15","date_gmt":"2020-10-20T15:39:15","guid":{"rendered":"https:\/\/rotary.fi\/viitasaari\/?page_id=1717"},"modified":"2026-03-15T21:22:08","modified_gmt":"2026-03-15T19:22:08","slug":"keita-olemme-hallitus","status":"publish","type":"page","link":"https:\/\/rotary.fi\/viitasaari\/keita-olemme-hallitus\/","title":{"rendered":"Hallitus"},"content":{"rendered":"<p>[et_pb_section admin_label=&#8221;section&#8221;]<br \/>\n\t\t\t[et_pb_row admin_label=&#8221;row&#8221;]<br \/>\n\t\t\t\t[et_pb_column type=&#8221;4_4&#8243;][et_pb_text admin_label=&#8221;Text&#8221;]Presidentti Harri Helle Varapresidentti Juhani Kolari Past presidentti Karri Koskinen 1. sihteeri Markku Vihava Rahastonhoitaja Karri Koskinen S\u00e4\u00e4ti\u00f6asiamies Leo Kotilainen Nuorisovaihtoasiamies Pekka R\u00e4ih\u00e4l\u00e4 Klubimestari Juhani Kolari[\/et_pb_text][\/et_pb_column]<br \/>\n\t\t\t[\/et_pb_row]<br \/>\n\t\t[\/et_pb_section]<\/p>\n","protected":false},"excerpt":{"rendered":"<p>Presidentti Harri Helle Varapresidentti Juhani Kolari Past presidentti Karri Koskinen 1. sihteeri Markku Vihava Rahastonhoitaja Karri Koskinen S\u00e4\u00e4ti\u00f6asiamies Leo Kotilainen Nuorisovaihtoasiamies Pekka R\u00e4ih\u00e4l\u00e4 Klubimestari Juhani Kolari<\/p>\n","protected":false},"author":33,"featured_media":0,"parent":0,"menu_order":0,"comment_status":"closed","ping_status":"closed","template":"","meta":{"_acf_changed":false,"_et_pb_use_builder":"on","_et_pb_old_content":"Presidentti Harri Helle Varapresidentti Juhani Kolari Past presidentti Karri Koskinen 1. sihteeri Markku Vihava Rahastonhoitaja Karri Koskinen S\u00e4\u00e4ti\u00f6asiamies Leo Kotilainen Nuorisovaihtoasiamies Pekka R\u00e4ih\u00e4l\u00e4 Klubimestari Juhani Kolari","_et_gb_content_width":"","footnotes":""},"class_list":["post-1717","page","type-page","status-publish","hentry"],"acf":[],"yoast_head":"<!-- This site is optimized with the Yoast SEO plugin v27.0 - https:\/\/yoast.com\/product\/yoast-seo-wordpress\/ -->\n<title>Hallitus - Viitasaaren Rotaryklubi ry<\/title>\n<meta name=\"robots\" content=\"index, follow, max-snippet:-1, max-image-preview:large, max-video-preview:-1\" \/>\n<link rel=\"canonical\" href=\"https:\/\/rotary.fi\/viitasaari\/keita-olemme-hallitus\/\" \/>\n<meta property=\"og:locale\" content=\"fi_FI\" \/>\n<meta property=\"og:type\" content=\"article\" \/>\n<meta property=\"og:title\" content=\"Hallitus - Viitasaaren Rotaryklubi ry\" \/>\n<meta property=\"og:description\" content=\"Presidentti Harri Helle Varapresidentti Juhani Kolari Past presidentti Karri Koskinen 1. sihteeri Markku Vihava Rahastonhoitaja Karri Koskinen S\u00e4\u00e4ti\u00f6asiamies Leo Kotilainen Nuorisovaihtoasiamies Pekka R\u00e4ih\u00e4l\u00e4 Klubimestari Juhani Kolari\" \/>\n<meta property=\"og:url\" content=\"https:\/\/rotary.fi\/viitasaari\/keita-olemme-hallitus\/\" \/>\n<meta property=\"og:site_name\" content=\"Viitasaaren Rotaryklubi ry\" \/>\n<meta property=\"article:modified_time\" content=\"2026-03-15T19:22:08+00:00\" \/>\n<meta name=\"twitter:card\" content=\"summary_large_image\" \/>\n<meta name=\"twitter:label1\" content=\"Arvioitu lukuaika\" \/>\n\t<meta name=\"twitter:data1\" content=\"1 minuutti\" \/>\n<script type=\"application\/ld+json\" class=\"yoast-schema-graph\">{\"@context\":\"https:\/\/schema.org\",\"@graph\":[{\"@type\":\"WebPage\",\"@id\":\"https:\/\/rotary.fi\/viitasaari\/keita-olemme-hallitus\/\",\"url\":\"https:\/\/rotary.fi\/viitasaari\/keita-olemme-hallitus\/\",\"name\":\"Hallitus - Viitasaaren Rotaryklubi ry\",\"isPartOf\":{\"@id\":\"https:\/\/rotary.fi\/viitasaari\/#website\"},\"datePublished\":\"2020-10-20T15:39:15+00:00\",\"dateModified\":\"2026-03-15T19:22:08+00:00\",\"breadcrumb\":{\"@id\":\"https:\/\/rotary.fi\/viitasaari\/keita-olemme-hallitus\/#breadcrumb\"},\"inLanguage\":\"fi\",\"potentialAction\":[{\"@type\":\"ReadAction\",\"target\":[\"https:\/\/rotary.fi\/viitasaari\/keita-olemme-hallitus\/\"]}]},{\"@type\":\"BreadcrumbList\",\"@id\":\"https:\/\/rotary.fi\/viitasaari\/keita-olemme-hallitus\/#breadcrumb\",\"itemListElement\":[{\"@type\":\"ListItem\",\"position\":1,\"name\":\"Home\",\"item\":\"https:\/\/rotary.fi\/viitasaari\/\"},{\"@type\":\"ListItem\",\"position\":2,\"name\":\"Hallitus\"}]},{\"@type\":\"WebSite\",\"@id\":\"https:\/\/rotary.fi\/viitasaari\/#website\",\"url\":\"https:\/\/rotary.fi\/viitasaari\/\",\"name\":\"Viitasaaren Rotaryklubi ry\",\"description\":\"Uusi Rotary klubisivusto\",\"potentialAction\":[{\"@type\":\"SearchAction\",\"target\":{\"@type\":\"EntryPoint\",\"urlTemplate\":\"https:\/\/rotary.fi\/viitasaari\/?s={search_term_string}\"},\"query-input\":{\"@type\":\"PropertyValueSpecification\",\"valueRequired\":true,\"valueName\":\"search_term_string\"}}],\"inLanguage\":\"fi\"}]}<\/script>\n<!-- \/ Yoast SEO plugin. -->","yoast_head_json":{"title":"Hallitus - Viitasaaren Rotaryklubi ry","robots":{"index":"index","follow":"follow","max-snippet":"max-snippet:-1","max-image-preview":"max-image-preview:large","max-video-preview":"max-video-preview:-1"},"canonical":"https:\/\/rotary.fi\/viitasaari\/keita-olemme-hallitus\/","og_locale":"fi_FI","og_type":"article","og_title":"Hallitus - Viitasaaren Rotaryklubi ry","og_description":"Presidentti Harri Helle Varapresidentti Juhani Kolari Past presidentti Karri Koskinen 1. sihteeri Markku Vihava Rahastonhoitaja Karri Koskinen S\u00e4\u00e4ti\u00f6asiamies Leo Kotilainen Nuorisovaihtoasiamies Pekka R\u00e4ih\u00e4l\u00e4 Klubimestari Juhani Kolari","og_url":"https:\/\/rotary.fi\/viitasaari\/keita-olemme-hallitus\/","og_site_name":"Viitasaaren Rotaryklubi ry","article_modified_time":"2026-03-15T19:22:08+00:00","twitter_card":"summary_large_image","twitter_misc":{"Arvioitu lukuaika":"1 minuutti"},"schema":{"@context":"https:\/\/schema.org","@graph":[{"@type":"WebPage","@id":"https:\/\/rotary.fi\/viitasaari\/keita-olemme-hallitus\/","url":"https:\/\/rotary.fi\/viitasaari\/keita-olemme-hallitus\/","name":"Hallitus - Viitasaaren Rotaryklubi ry","isPartOf":{"@id":"https:\/\/rotary.fi\/viitasaari\/#website"},"datePublished":"2020-10-20T15:39:15+00:00","dateModified":"2026-03-15T19:22:08+00:00","breadcrumb":{"@id":"https:\/\/rotary.fi\/viitasaari\/keita-olemme-hallitus\/#breadcrumb"},"inLanguage":"fi","potentialAction":[{"@type":"ReadAction","target":["https:\/\/rotary.fi\/viitasaari\/keita-olemme-hallitus\/"]}]},{"@type":"BreadcrumbList","@id":"https:\/\/rotary.fi\/viitasaari\/keita-olemme-hallitus\/#breadcrumb","itemListElement":[{"@type":"ListItem","position":1,"name":"Home","item":"https:\/\/rotary.fi\/viitasaari\/"},{"@type":"ListItem","position":2,"name":"Hallitus"}]},{"@type":"WebSite","@id":"https:\/\/rotary.fi\/viitasaari\/#website","url":"https:\/\/rotary.fi\/viitasaari\/","name":"Viitasaaren Rotaryklubi ry","description":"Uusi Rotary klubisivusto","potentialAction":[{"@type":"SearchAction","target":{"@type":"EntryPoint","urlTemplate":"https:\/\/rotary.fi\/viitasaari\/?s={search_term_string}"},"query-input":{"@type":"PropertyValueSpecification","valueRequired":true,"valueName":"search_term_string"}}],"inLanguage":"fi"}]}},"lang":"fi","translations":{"fi":1717},"pll_sync_post":[],"_links":{"self":[{"href":"https:\/\/rotary.fi\/viitasaari\/wp-json\/wp\/v2\/pages\/1717","targetHints":{"allow":["GET"]}}],"collection":[{"href":"https:\/\/rotary.fi\/viitasaari\/wp-json\/wp\/v2\/pages"}],"about":[{"href":"https:\/\/rotary.fi\/viitasaari\/wp-json\/wp\/v2\/types\/page"}],"author":[{"embeddable":true,"href":"https:\/\/rotary.fi\/viitasaari\/wp-json\/wp\/v2\/users\/33"}],"replies":[{"embeddable":true,"href":"https:\/\/rotary.fi\/viitasaari\/wp-json\/wp\/v2\/comments?post=1717"}],"version-history":[{"count":11,"href":"https:\/\/rotary.fi\/viitasaari\/wp-json\/wp\/v2\/pages\/1717\/revisions"}],"predecessor-version":[{"id":2000,"href":"https:\/\/rotary.fi\/viitasaari\/wp-json\/wp\/v2\/pages\/1717\/revisions\/2000"}],"wp:attachment":[{"href":"https:\/\/rotary.fi\/viitasaari\/wp-json\/wp\/v2\/media?parent=1717"}],"curies":[{"name":"wp","href":"https:\/\/api.w.org\/{rel}","templated":true}]}}