{"id":129,"date":"2018-08-10T13:41:39","date_gmt":"2018-08-10T10:41:39","guid":{"rendered":"https:\/\/rotary.fi\/klubi2\/?page_id=129"},"modified":"2024-10-23T19:23:10","modified_gmt":"2024-10-23T16:23:10","slug":"keita-olemme","status":"publish","type":"page","link":"https:\/\/rotary.fi\/vihtinummela\/keita-olemme\/","title":{"rendered":"Keit\u00e4 olemme"},"content":{"rendered":"<p>[et_pb_section fb_built=&#8221;1&#8243; admin_label=&#8221;section&#8221; _builder_version=&#8221;4.16&#8243; global_colors_info=&#8221;{}&#8221;][et_pb_row admin_label=&#8221;row&#8221; _builder_version=&#8221;4.16&#8243; background_size=&#8221;initial&#8221; background_position=&#8221;top_left&#8221; background_repeat=&#8221;repeat&#8221; global_colors_info=&#8221;{}&#8221;][et_pb_column type=&#8221;4_4&#8243; _builder_version=&#8221;4.16&#8243; custom_padding=&#8221;|||&#8221; global_colors_info=&#8221;{}&#8221; custom_padding__hover=&#8221;|||&#8221;][et_pb_text admin_label=&#8221;Text&#8221; _builder_version=&#8221;4.27.0&#8243; background_size=&#8221;initial&#8221; background_position=&#8221;top_left&#8221; background_repeat=&#8221;repeat&#8221; global_colors_info=&#8221;{}&#8221;]<\/p>\n<p>Rotary on eettisell\u00e4 pohjalla toimiva kansainv\u00e4linen palvelu- ja hyv\u00e4ntekev\u00e4isyysj\u00e4rjest\u00f6, joka toimii yli 200 maassa \u2013 j\u00e4seni\u00e4 sill\u00e4 on yli 1,2 miljoonaa. Suomessa ja Virossa on noin 270 rotaryklubia ja rotareita niiss\u00e4 on yhteens\u00e4 noin 8900.<\/p>\n<p>Rotarytoiminnan perustana ovat paikalliset rotaryklubit, jotka kokoavat yhteen samanmielisi\u00e4 vaikuttajia tekem\u00e4\u00e4n hyv\u00e4\u00e4 omalla paikkakunnallaan. Klubeilla on s\u00e4\u00e4nn\u00f6lliset kokoontumisajat, joissa eri ammattiryhmist\u00e4 koostuvat j\u00e4senet pit\u00e4v\u00e4t esitelmi\u00e4 ajankohtaisista aiheista tai kutsuvat ulkopuolisia puhujavieraita.<\/p>\n<p>Vihti Nummelan Rotaryklubi on toinen Vihdin alueen Rotaryklubeista, joka hyv\u00e4ksyttiin Rotary Internationalin j\u00e4seneksi 14.12.1990.<\/p>\n<p>Rotary tunnetaan maailmanlaajuisesta nuorisovaihdosta ja nuorten johtajien koulutuksesta. Vihti Nummelan Rotaryklubi on j\u00e4rjest\u00e4nyt Vihdiss\u00e4 kaksi kansainv\u00e4list\u00e4 kes\u00e4leiri\u00e4, vuonna 2019 sek\u00e4 2023. Lis\u00e4ksi klubimme on mahdollistanut paikallisia nuoria osallistumaan kansainv\u00e4lisille kes\u00e4leireille mm. Hollannissa ja Espanjassa. Klubin tavoitteena on lis\u00e4ksi mahdollistaa vuosittain vaihto-oppilasvuosi yhdelle paikalliselle nuorelle ja ottaa saman aikaisesti vaihto-oppilas Vihtiin jostain muualta p\u00e4in maailmaa.<\/p>\n<p>Meit\u00e4 yhdist\u00e4\u00e4 halu edist\u00e4\u00e4 hyv\u00e4\u00e4 etenkin lasten, nuorten ja ymp\u00e4rist\u00f6n suojelun osalta.<\/p>\n<p>[\/et_pb_text][\/et_pb_column][\/et_pb_row][et_pb_row admin_label=&#8221;row&#8221; _builder_version=&#8221;4.16&#8243; background_size=&#8221;initial&#8221; background_position=&#8221;top_left&#8221; background_repeat=&#8221;repeat&#8221; global_colors_info=&#8221;{}&#8221;][et_pb_column type=&#8221;4_4&#8243; _builder_version=&#8221;4.16&#8243; custom_padding=&#8221;|||&#8221; global_colors_info=&#8221;{}&#8221; custom_padding__hover=&#8221;|||&#8221;][et_pb_text admin_label=&#8221;Text&#8221; _builder_version=&#8221;4.27.0&#8243; background_size=&#8221;initial&#8221; background_position=&#8221;top_left&#8221; background_repeat=&#8221;repeat&#8221; hover_enabled=&#8221;0&#8243; global_colors_info=&#8221;{}&#8221; sticky_enabled=&#8221;0&#8243;][\/et_pb_text][\/et_pb_column][\/et_pb_row][\/et_pb_section]<\/p>\n","protected":false},"excerpt":{"rendered":"<p>Rotary on eettisell\u00e4 pohjalla toimiva kansainv\u00e4linen palvelu- ja hyv\u00e4ntekev\u00e4isyysj\u00e4rjest\u00f6, joka toimii yli 200 maassa \u2013 j\u00e4seni\u00e4 sill\u00e4 on yli 1,2 miljoonaa. Suomessa ja Virossa on noin 270 rotaryklubia ja rotareita niiss\u00e4 on yhteens\u00e4 noin 8900. Rotarytoiminnan perustana ovat paikalliset rotaryklubit, jotka kokoavat yhteen samanmielisi\u00e4 vaikuttajia tekem\u00e4\u00e4n hyv\u00e4\u00e4 omalla paikkakunnallaan. Klubeilla on s\u00e4\u00e4nn\u00f6lliset kokoontumisajat, joissa eri [&hellip;]<\/p>\n","protected":false},"author":1,"featured_media":0,"parent":0,"menu_order":0,"comment_status":"closed","ping_status":"closed","template":"","meta":{"_acf_changed":false,"_et_pb_use_builder":"on","_et_pb_old_content":"<img src=\"https:\/\/rotary.fi\/vihtinummela\/wp-content\/uploads\/sites\/179\/2020\/08\/dsc_0411-300x198.jpg\" alt=\"\" width=\"300\" height=\"198\" class=\"alignnone size-medium wp-image-1703\" \/>Olemme toinen Vihdin alueen rotaryklubeista. Vihti Nummelan rotaryklubi hyv\u00e4ksyttiin Rotary Internationalin j\u00e4seneksi 14.12.1990. Rotaryyn kuuluu 1,2 miljoona j\u00e4sent\u00e4 35 000 klubissa yli 200 maassa. Suomi on jaettu viiteen rotarypiiriin, joista me kuulumme osaksi piiri\u00e4 1420, johon kuuluvat my\u00f6s Viron klubit. Suomessa ja Virossa on yhteens\u00e4 300 klubia, joissa on runsaat 10 000 rotaria. Rotary on merkitt\u00e4v\u00e4 kansainv\u00e4linen palvelu- ja hyv\u00e4ntekev\u00e4isyysj\u00e4rjest\u00f6. Toimimme p\u00e4\u00e4osin Vihdin alueella ja kokoonnumme torstaisin kuulemaan mielenkiintoisia esitelmi\u00e4 sek\u00e4 j\u00e4rjest\u00e4mme avoimia yleis\u00f6tilaisuuksia, joissa kuullaan vaikuttajia yhteiskunnan eri sektoreilta.","_et_gb_content_width":"","footnotes":""},"class_list":["post-129","page","type-page","status-publish","hentry"],"acf":[],"yoast_head":"<!-- This site is optimized with the Yoast SEO plugin v27.0 - https:\/\/yoast.com\/product\/yoast-seo-wordpress\/ -->\n<title>Keit\u00e4 olemme - Vihti Nummelan Rotaryklubi<\/title>\n<meta name=\"robots\" content=\"index, follow, max-snippet:-1, max-image-preview:large, max-video-preview:-1\" \/>\n<link rel=\"canonical\" href=\"https:\/\/rotary.fi\/vihtinummela\/keita-olemme\/\" \/>\n<meta property=\"og:locale\" content=\"fi_FI\" \/>\n<meta property=\"og:type\" content=\"article\" \/>\n<meta property=\"og:title\" content=\"Keit\u00e4 olemme - Vihti Nummelan Rotaryklubi\" \/>\n<meta property=\"og:description\" content=\"Rotary on eettisell\u00e4 pohjalla toimiva kansainv\u00e4linen palvelu- ja hyv\u00e4ntekev\u00e4isyysj\u00e4rjest\u00f6, joka toimii yli 200 maassa \u2013 j\u00e4seni\u00e4 sill\u00e4 on yli 1,2 miljoonaa. Suomessa ja Virossa on noin 270 rotaryklubia ja rotareita niiss\u00e4 on yhteens\u00e4 noin 8900. Rotarytoiminnan perustana ovat paikalliset rotaryklubit, jotka kokoavat yhteen samanmielisi\u00e4 vaikuttajia tekem\u00e4\u00e4n hyv\u00e4\u00e4 omalla paikkakunnallaan. Klubeilla on s\u00e4\u00e4nn\u00f6lliset kokoontumisajat, joissa eri [&hellip;]\" \/>\n<meta property=\"og:url\" content=\"https:\/\/rotary.fi\/vihtinummela\/keita-olemme\/\" \/>\n<meta property=\"og:site_name\" content=\"Vihti Nummelan Rotaryklubi\" \/>\n<meta property=\"article:modified_time\" content=\"2024-10-23T16:23:10+00:00\" \/>\n<meta name=\"twitter:card\" content=\"summary_large_image\" \/>\n<meta name=\"twitter:label1\" content=\"Arvioitu lukuaika\" \/>\n\t<meta name=\"twitter:data1\" content=\"2 minuuttia\" \/>\n<script type=\"application\/ld+json\" class=\"yoast-schema-graph\">{\"@context\":\"https:\/\/schema.org\",\"@graph\":[{\"@type\":\"WebPage\",\"@id\":\"https:\/\/rotary.fi\/vihtinummela\/keita-olemme\/\",\"url\":\"https:\/\/rotary.fi\/vihtinummela\/keita-olemme\/\",\"name\":\"Keit\u00e4 olemme - Vihti Nummelan Rotaryklubi\",\"isPartOf\":{\"@id\":\"https:\/\/rotary.fi\/vihtinummela\/#website\"},\"datePublished\":\"2018-08-10T10:41:39+00:00\",\"dateModified\":\"2024-10-23T16:23:10+00:00\",\"breadcrumb\":{\"@id\":\"https:\/\/rotary.fi\/vihtinummela\/keita-olemme\/#breadcrumb\"},\"inLanguage\":\"fi\",\"potentialAction\":[{\"@type\":\"ReadAction\",\"target\":[\"https:\/\/rotary.fi\/vihtinummela\/keita-olemme\/\"]}]},{\"@type\":\"BreadcrumbList\",\"@id\":\"https:\/\/rotary.fi\/vihtinummela\/keita-olemme\/#breadcrumb\",\"itemListElement\":[{\"@type\":\"ListItem\",\"position\":1,\"name\":\"Home\",\"item\":\"https:\/\/rotary.fi\/vihtinummela\/\"},{\"@type\":\"ListItem\",\"position\":2,\"name\":\"Keit\u00e4 olemme\"}]},{\"@type\":\"WebSite\",\"@id\":\"https:\/\/rotary.fi\/vihtinummela\/#website\",\"url\":\"https:\/\/rotary.fi\/vihtinummela\/\",\"name\":\"Vihti Nummelan Rotaryklubi\",\"description\":\"Uusi Rotary klubisivusto\",\"potentialAction\":[{\"@type\":\"SearchAction\",\"target\":{\"@type\":\"EntryPoint\",\"urlTemplate\":\"https:\/\/rotary.fi\/vihtinummela\/?s={search_term_string}\"},\"query-input\":{\"@type\":\"PropertyValueSpecification\",\"valueRequired\":true,\"valueName\":\"search_term_string\"}}],\"inLanguage\":\"fi\"}]}<\/script>\n<!-- \/ Yoast SEO plugin. -->","yoast_head_json":{"title":"Keit\u00e4 olemme - Vihti Nummelan Rotaryklubi","robots":{"index":"index","follow":"follow","max-snippet":"max-snippet:-1","max-image-preview":"max-image-preview:large","max-video-preview":"max-video-preview:-1"},"canonical":"https:\/\/rotary.fi\/vihtinummela\/keita-olemme\/","og_locale":"fi_FI","og_type":"article","og_title":"Keit\u00e4 olemme - Vihti Nummelan Rotaryklubi","og_description":"Rotary on eettisell\u00e4 pohjalla toimiva kansainv\u00e4linen palvelu- ja hyv\u00e4ntekev\u00e4isyysj\u00e4rjest\u00f6, joka toimii yli 200 maassa \u2013 j\u00e4seni\u00e4 sill\u00e4 on yli 1,2 miljoonaa. Suomessa ja Virossa on noin 270 rotaryklubia ja rotareita niiss\u00e4 on yhteens\u00e4 noin 8900. Rotarytoiminnan perustana ovat paikalliset rotaryklubit, jotka kokoavat yhteen samanmielisi\u00e4 vaikuttajia tekem\u00e4\u00e4n hyv\u00e4\u00e4 omalla paikkakunnallaan. Klubeilla on s\u00e4\u00e4nn\u00f6lliset kokoontumisajat, joissa eri [&hellip;]","og_url":"https:\/\/rotary.fi\/vihtinummela\/keita-olemme\/","og_site_name":"Vihti Nummelan Rotaryklubi","article_modified_time":"2024-10-23T16:23:10+00:00","twitter_card":"summary_large_image","twitter_misc":{"Arvioitu lukuaika":"2 minuuttia"},"schema":{"@context":"https:\/\/schema.org","@graph":[{"@type":"WebPage","@id":"https:\/\/rotary.fi\/vihtinummela\/keita-olemme\/","url":"https:\/\/rotary.fi\/vihtinummela\/keita-olemme\/","name":"Keit\u00e4 olemme - Vihti Nummelan Rotaryklubi","isPartOf":{"@id":"https:\/\/rotary.fi\/vihtinummela\/#website"},"datePublished":"2018-08-10T10:41:39+00:00","dateModified":"2024-10-23T16:23:10+00:00","breadcrumb":{"@id":"https:\/\/rotary.fi\/vihtinummela\/keita-olemme\/#breadcrumb"},"inLanguage":"fi","potentialAction":[{"@type":"ReadAction","target":["https:\/\/rotary.fi\/vihtinummela\/keita-olemme\/"]}]},{"@type":"BreadcrumbList","@id":"https:\/\/rotary.fi\/vihtinummela\/keita-olemme\/#breadcrumb","itemListElement":[{"@type":"ListItem","position":1,"name":"Home","item":"https:\/\/rotary.fi\/vihtinummela\/"},{"@type":"ListItem","position":2,"name":"Keit\u00e4 olemme"}]},{"@type":"WebSite","@id":"https:\/\/rotary.fi\/vihtinummela\/#website","url":"https:\/\/rotary.fi\/vihtinummela\/","name":"Vihti Nummelan Rotaryklubi","description":"Uusi Rotary klubisivusto","potentialAction":[{"@type":"SearchAction","target":{"@type":"EntryPoint","urlTemplate":"https:\/\/rotary.fi\/vihtinummela\/?s={search_term_string}"},"query-input":{"@type":"PropertyValueSpecification","valueRequired":true,"valueName":"search_term_string"}}],"inLanguage":"fi"}]}},"lang":"fi","translations":{"fi":129},"pll_sync_post":[],"_links":{"self":[{"href":"https:\/\/rotary.fi\/vihtinummela\/wp-json\/wp\/v2\/pages\/129","targetHints":{"allow":["GET"]}}],"collection":[{"href":"https:\/\/rotary.fi\/vihtinummela\/wp-json\/wp\/v2\/pages"}],"about":[{"href":"https:\/\/rotary.fi\/vihtinummela\/wp-json\/wp\/v2\/types\/page"}],"author":[{"embeddable":true,"href":"https:\/\/rotary.fi\/vihtinummela\/wp-json\/wp\/v2\/users\/1"}],"replies":[{"embeddable":true,"href":"https:\/\/rotary.fi\/vihtinummela\/wp-json\/wp\/v2\/comments?post=129"}],"version-history":[{"count":11,"href":"https:\/\/rotary.fi\/vihtinummela\/wp-json\/wp\/v2\/pages\/129\/revisions"}],"predecessor-version":[{"id":2199,"href":"https:\/\/rotary.fi\/vihtinummela\/wp-json\/wp\/v2\/pages\/129\/revisions\/2199"}],"wp:attachment":[{"href":"https:\/\/rotary.fi\/vihtinummela\/wp-json\/wp\/v2\/media?parent=129"}],"curies":[{"name":"wp","href":"https:\/\/api.w.org\/{rel}","templated":true}]}}