{"id":179,"date":"2018-08-13T10:43:11","date_gmt":"2018-08-13T07:43:11","guid":{"rendered":"https:\/\/rotary.fi\/vihti\/?page_id=179"},"modified":"2019-01-11T08:25:13","modified_gmt":"2019-01-11T06:25:13","slug":"ryla-johtajuuskoulutus-nuorille","status":"publish","type":"page","link":"https:\/\/rotary.fi\/vihti\/tule-mukaan\/ryla-johtajuuskoulutus-nuorille\/","title":{"rendered":"RYLA &#8211; Johtajuuskoulutus nuorille"},"content":{"rendered":"<p>[et_pb_section bb_built=&#8221;1&#8243; module_class=&#8221;jumbotron-page&#8221; _builder_version=&#8221;3.17.6&#8243; background_image=&#8221;https:\/\/rotary.fi\/vihti\/wp-content\/uploads\/sites\/45\/2019\/01\/ryla-2015-2.jpg&#8221; next_background_color=&#8221;#ffffff&#8221;][et_pb_row _builder_version=&#8221;3.17.6&#8243; background_size=&#8221;initial&#8221; background_position=&#8221;top_left&#8221; background_repeat=&#8221;repeat&#8221;][et_pb_column type=&#8221;4_4&#8243;][et_pb_text admin_label=&#8221;P\u00e4\u00e4otsikko&#8221; _builder_version=&#8221;3.17.6&#8243; text_orientation=&#8221;center&#8221; background_layout=&#8221;dark&#8221; \/][\/et_pb_column][\/et_pb_row][\/et_pb_section][et_pb_section bb_built=&#8221;1&#8243; specialty=&#8221;on&#8221; module_class_2=&#8221;sivupalkki&#8221; _builder_version=&#8221;3.4.1&#8243; prev_background_color=&#8221;#000000&#8243;][et_pb_column type=&#8221;2_3&#8243; specialty_columns=&#8221;2&#8243;][et_pb_row_inner admin_label=&#8221;Rivi&#8221; _builder_version=&#8221;3.17.6&#8243;][et_pb_column_inner type=&#8221;4_4&#8243; saved_specialty_column_type=&#8221;2_3&#8243;][et_pb_text admin_label=&#8221;Otsikko ennen teksti\u00e4&#8221; _builder_version=&#8221;3.17.6&#8243; text_orientation=&#8221;center&#8221;]<\/p>\n<h2>RYLA &#8211;<br \/>Johtajuuskoulutusta nuorille<\/h2>\n<p>[\/et_pb_text][et_pb_text _builder_version=&#8221;3.17.6&#8243;]<\/p>\n<p>Inspiroivia puheenvuoroja, kokemusasiantuntijuutta, henkil\u00f6kohtaisen kasvun tukemista, sosiaalista toimintaa, kaikkea t\u00e4t\u00e4 tai paljon muuta voi sis\u00e4lty\u00e4 rotareiden RYLA \u2013 Rotary Youth Leadership Awards \u2013 koulutukseen.<\/p>\n<p>Koulutus on tarkoitettu 14 \u2013 30 -vuotiaille aktiivisille nuorille, jotka haluavat tutustua johtajuuteen: kehitt\u00e4\u00e4 p\u00e4\u00e4t\u00f6ksentekokyky\u00e4\u00e4n, aloitteellisuuttaan, vuorovaikutuskyky\u00e4\u00e4n sek\u00e4 taitoa esitt\u00e4\u00e4 oma n\u00e4k\u00f6kantansa selke\u00e4sti ja vakuuttavasti. RYLA-seminaareissa eri alojen edustajat kertovat nuorille johtajuuteen liittyvist\u00e4 kokemuksistaan ja ajatuksistaan. RYLA-koulutuksen tarkoituksena on rohkaista nuoria johtajuuteen ja kasvattaa heit\u00e4 aktiiviseen kansalaisuuteen ja eettiseen toimintatapaan.<\/p>\n<p>RYLA-johtajuuskoulutuksia j\u00e4rjest\u00e4v\u00e4t yksitt\u00e4iset klubit tai useat klubit yhteisty\u00f6ss\u00e4, j\u00e4rjest\u00e4j\u00e4n\u00e4 voi olla my\u00f6s rotarypiiri. RYLAn yhteisty\u00f6tahona voi olla koulu tai muu yhteis\u00f6. Osallistujat valitaan hakemusten perusteella tai yhdess\u00e4 yhteisty\u00f6kumppanin kanssa.<\/p>\n<p>Ota rohkeasti yhteytt\u00e4 alueesi rotaryklubeihin ja kysy lis\u00e4tietoa alueellasi j\u00e4rjestett\u00e4vist\u00e4 RYLA-koulutuksista.<\/p>\n<h5>\u00a0<\/h5>\n<h5>Vihdin rotaryklubi j\u00e4rjest\u00e4\u00e4 <br \/>RYLA-koulutusta vuosittain<\/h5>\n<p>\u00a0<\/p>\n<p>Vihdin rotaryklubi on j\u00e4rjest\u00e4nyt vuodesta 2011 alkaen Vihdin lukiolaisille Rotaryn RYLA-johtamiskoulutusta. Lue juttu vuoden 2016 koulutuksesta <a href=\"https:\/\/rotary.fi\/vihti\/johtamisen-oivalluksia-ryla-koulutus-vihdissa-2016\/\">t\u00e4\u00e4lt\u00e4<\/a>.<\/p>\n<p>\u00a0<\/p>\n<p>[\/et_pb_text][\/et_pb_column_inner][\/et_pb_row_inner][\/et_pb_column][et_pb_column type=&#8221;1_3&#8243;][et_pb_sidebar area=&#8221;sidebar-1&#8243; module_class=&#8221;sivupalkki_sisalto&#8221; _builder_version=&#8221;3.4.1&#8243; locked=&#8221;on&#8221;]<\/p>\n<p>[\/et_pb_sidebar][\/et_pb_column][\/et_pb_section]<\/p>\n","protected":false},"excerpt":{"rendered":"<p>RYLA -Johtajuuskoulutusta nuorille Inspiroivia puheenvuoroja, kokemusasiantuntijuutta, henkil\u00f6kohtaisen kasvun tukemista, sosiaalista toimintaa, kaikkea t\u00e4t\u00e4 tai paljon muuta voi sis\u00e4lty\u00e4 rotareiden RYLA \u2013 Rotary Youth Leadership Awards \u2013 koulutukseen.Koulutus on tarkoitettu 14 \u2013 30 -vuotiaille aktiivisille nuorille, jotka haluavat tutustua johtajuuteen: kehitt\u00e4\u00e4 p\u00e4\u00e4t\u00f6ksentekokyky\u00e4\u00e4n, aloitteellisuuttaan, vuorovaikutuskyky\u00e4\u00e4n sek\u00e4 taitoa esitt\u00e4\u00e4 oma n\u00e4k\u00f6kantansa selke\u00e4sti ja vakuuttavasti. RYLA-seminaareissa eri alojen edustajat [&hellip;]<\/p>\n","protected":false},"author":1,"featured_media":0,"parent":89,"menu_order":0,"comment_status":"closed","ping_status":"closed","template":"","meta":{"_acf_changed":false,"_et_pb_use_builder":"on","_et_pb_old_content":"","_et_gb_content_width":"","footnotes":""},"class_list":["post-179","page","type-page","status-publish","hentry"],"acf":[],"yoast_head":"<!-- This site is optimized with the Yoast SEO plugin v27.4 - https:\/\/yoast.com\/product\/yoast-seo-wordpress\/ -->\n<title>RYLA - Johtajuuskoulutus nuorille - Vihdin rotaryklubi<\/title>\n<meta name=\"robots\" content=\"index, follow, max-snippet:-1, max-image-preview:large, max-video-preview:-1\" \/>\n<link rel=\"canonical\" href=\"https:\/\/rotary.fi\/vihti\/tule-mukaan\/ryla-johtajuuskoulutus-nuorille\/\" \/>\n<meta property=\"og:locale\" content=\"fi_FI\" \/>\n<meta property=\"og:type\" content=\"article\" \/>\n<meta property=\"og:title\" content=\"RYLA - Johtajuuskoulutus nuorille - Vihdin rotaryklubi\" \/>\n<meta property=\"og:description\" content=\"RYLA -Johtajuuskoulutusta nuorille Inspiroivia puheenvuoroja, kokemusasiantuntijuutta, henkil\u00f6kohtaisen kasvun tukemista, sosiaalista toimintaa, kaikkea t\u00e4t\u00e4 tai paljon muuta voi sis\u00e4lty\u00e4 rotareiden RYLA \u2013 Rotary Youth Leadership Awards \u2013 koulutukseen.Koulutus on tarkoitettu 14 \u2013 30 -vuotiaille aktiivisille nuorille, jotka haluavat tutustua johtajuuteen: kehitt\u00e4\u00e4 p\u00e4\u00e4t\u00f6ksentekokyky\u00e4\u00e4n, aloitteellisuuttaan, vuorovaikutuskyky\u00e4\u00e4n sek\u00e4 taitoa esitt\u00e4\u00e4 oma n\u00e4k\u00f6kantansa selke\u00e4sti ja vakuuttavasti. RYLA-seminaareissa eri alojen edustajat [&hellip;]\" \/>\n<meta property=\"og:url\" content=\"https:\/\/rotary.fi\/vihti\/tule-mukaan\/ryla-johtajuuskoulutus-nuorille\/\" \/>\n<meta property=\"og:site_name\" content=\"Vihdin rotaryklubi\" \/>\n<meta property=\"article:modified_time\" content=\"2019-01-11T06:25:13+00:00\" \/>\n<meta name=\"twitter:card\" content=\"summary_large_image\" \/>\n<meta name=\"twitter:label1\" content=\"Arvioitu lukuaika\" \/>\n\t<meta name=\"twitter:data1\" content=\"2 minuuttia\" \/>\n<script type=\"application\/ld+json\" class=\"yoast-schema-graph\">{\"@context\":\"https:\\\/\\\/schema.org\",\"@graph\":[{\"@type\":\"WebPage\",\"@id\":\"https:\\\/\\\/rotary.fi\\\/vihti\\\/tule-mukaan\\\/ryla-johtajuuskoulutus-nuorille\\\/\",\"url\":\"https:\\\/\\\/rotary.fi\\\/vihti\\\/tule-mukaan\\\/ryla-johtajuuskoulutus-nuorille\\\/\",\"name\":\"RYLA - Johtajuuskoulutus nuorille - Vihdin rotaryklubi\",\"isPartOf\":{\"@id\":\"https:\\\/\\\/rotary.fi\\\/vihti\\\/#website\"},\"datePublished\":\"2018-08-13T07:43:11+00:00\",\"dateModified\":\"2019-01-11T06:25:13+00:00\",\"breadcrumb\":{\"@id\":\"https:\\\/\\\/rotary.fi\\\/vihti\\\/tule-mukaan\\\/ryla-johtajuuskoulutus-nuorille\\\/#breadcrumb\"},\"inLanguage\":\"fi\",\"potentialAction\":[{\"@type\":\"ReadAction\",\"target\":[\"https:\\\/\\\/rotary.fi\\\/vihti\\\/tule-mukaan\\\/ryla-johtajuuskoulutus-nuorille\\\/\"]}]},{\"@type\":\"BreadcrumbList\",\"@id\":\"https:\\\/\\\/rotary.fi\\\/vihti\\\/tule-mukaan\\\/ryla-johtajuuskoulutus-nuorille\\\/#breadcrumb\",\"itemListElement\":[{\"@type\":\"ListItem\",\"position\":1,\"name\":\"Home\",\"item\":\"https:\\\/\\\/rotary.fi\\\/vihti\\\/\"},{\"@type\":\"ListItem\",\"position\":2,\"name\":\"Tule mukaan\",\"item\":\"https:\\\/\\\/rotary.fi\\\/vihti\\\/tule-mukaan\\\/\"},{\"@type\":\"ListItem\",\"position\":3,\"name\":\"RYLA &#8211; Johtajuuskoulutus nuorille\"}]},{\"@type\":\"WebSite\",\"@id\":\"https:\\\/\\\/rotary.fi\\\/vihti\\\/#website\",\"url\":\"https:\\\/\\\/rotary.fi\\\/vihti\\\/\",\"name\":\"Vihdin rotaryklubi\",\"description\":\"Uusi Rotary klubisivusto\",\"potentialAction\":[{\"@type\":\"SearchAction\",\"target\":{\"@type\":\"EntryPoint\",\"urlTemplate\":\"https:\\\/\\\/rotary.fi\\\/vihti\\\/?s={search_term_string}\"},\"query-input\":{\"@type\":\"PropertyValueSpecification\",\"valueRequired\":true,\"valueName\":\"search_term_string\"}}],\"inLanguage\":\"fi\"}]}<\/script>\n<!-- \/ Yoast SEO plugin. -->","yoast_head_json":{"title":"RYLA - Johtajuuskoulutus nuorille - Vihdin rotaryklubi","robots":{"index":"index","follow":"follow","max-snippet":"max-snippet:-1","max-image-preview":"max-image-preview:large","max-video-preview":"max-video-preview:-1"},"canonical":"https:\/\/rotary.fi\/vihti\/tule-mukaan\/ryla-johtajuuskoulutus-nuorille\/","og_locale":"fi_FI","og_type":"article","og_title":"RYLA - Johtajuuskoulutus nuorille - Vihdin rotaryklubi","og_description":"RYLA -Johtajuuskoulutusta nuorille Inspiroivia puheenvuoroja, kokemusasiantuntijuutta, henkil\u00f6kohtaisen kasvun tukemista, sosiaalista toimintaa, kaikkea t\u00e4t\u00e4 tai paljon muuta voi sis\u00e4lty\u00e4 rotareiden RYLA \u2013 Rotary Youth Leadership Awards \u2013 koulutukseen.Koulutus on tarkoitettu 14 \u2013 30 -vuotiaille aktiivisille nuorille, jotka haluavat tutustua johtajuuteen: kehitt\u00e4\u00e4 p\u00e4\u00e4t\u00f6ksentekokyky\u00e4\u00e4n, aloitteellisuuttaan, vuorovaikutuskyky\u00e4\u00e4n sek\u00e4 taitoa esitt\u00e4\u00e4 oma n\u00e4k\u00f6kantansa selke\u00e4sti ja vakuuttavasti. RYLA-seminaareissa eri alojen edustajat [&hellip;]","og_url":"https:\/\/rotary.fi\/vihti\/tule-mukaan\/ryla-johtajuuskoulutus-nuorille\/","og_site_name":"Vihdin rotaryklubi","article_modified_time":"2019-01-11T06:25:13+00:00","twitter_card":"summary_large_image","twitter_misc":{"Arvioitu lukuaika":"2 minuuttia"},"schema":{"@context":"https:\/\/schema.org","@graph":[{"@type":"WebPage","@id":"https:\/\/rotary.fi\/vihti\/tule-mukaan\/ryla-johtajuuskoulutus-nuorille\/","url":"https:\/\/rotary.fi\/vihti\/tule-mukaan\/ryla-johtajuuskoulutus-nuorille\/","name":"RYLA - Johtajuuskoulutus nuorille - Vihdin rotaryklubi","isPartOf":{"@id":"https:\/\/rotary.fi\/vihti\/#website"},"datePublished":"2018-08-13T07:43:11+00:00","dateModified":"2019-01-11T06:25:13+00:00","breadcrumb":{"@id":"https:\/\/rotary.fi\/vihti\/tule-mukaan\/ryla-johtajuuskoulutus-nuorille\/#breadcrumb"},"inLanguage":"fi","potentialAction":[{"@type":"ReadAction","target":["https:\/\/rotary.fi\/vihti\/tule-mukaan\/ryla-johtajuuskoulutus-nuorille\/"]}]},{"@type":"BreadcrumbList","@id":"https:\/\/rotary.fi\/vihti\/tule-mukaan\/ryla-johtajuuskoulutus-nuorille\/#breadcrumb","itemListElement":[{"@type":"ListItem","position":1,"name":"Home","item":"https:\/\/rotary.fi\/vihti\/"},{"@type":"ListItem","position":2,"name":"Tule mukaan","item":"https:\/\/rotary.fi\/vihti\/tule-mukaan\/"},{"@type":"ListItem","position":3,"name":"RYLA &#8211; Johtajuuskoulutus nuorille"}]},{"@type":"WebSite","@id":"https:\/\/rotary.fi\/vihti\/#website","url":"https:\/\/rotary.fi\/vihti\/","name":"Vihdin rotaryklubi","description":"Uusi Rotary klubisivusto","potentialAction":[{"@type":"SearchAction","target":{"@type":"EntryPoint","urlTemplate":"https:\/\/rotary.fi\/vihti\/?s={search_term_string}"},"query-input":{"@type":"PropertyValueSpecification","valueRequired":true,"valueName":"search_term_string"}}],"inLanguage":"fi"}]}},"lang":"fi","translations":{"fi":179},"pll_sync_post":[],"_links":{"self":[{"href":"https:\/\/rotary.fi\/vihti\/wp-json\/wp\/v2\/pages\/179","targetHints":{"allow":["GET"]}}],"collection":[{"href":"https:\/\/rotary.fi\/vihti\/wp-json\/wp\/v2\/pages"}],"about":[{"href":"https:\/\/rotary.fi\/vihti\/wp-json\/wp\/v2\/types\/page"}],"author":[{"embeddable":true,"href":"https:\/\/rotary.fi\/vihti\/wp-json\/wp\/v2\/users\/1"}],"replies":[{"embeddable":true,"href":"https:\/\/rotary.fi\/vihti\/wp-json\/wp\/v2\/comments?post=179"}],"version-history":[{"count":16,"href":"https:\/\/rotary.fi\/vihti\/wp-json\/wp\/v2\/pages\/179\/revisions"}],"predecessor-version":[{"id":1672,"href":"https:\/\/rotary.fi\/vihti\/wp-json\/wp\/v2\/pages\/179\/revisions\/1672"}],"up":[{"embeddable":true,"href":"https:\/\/rotary.fi\/vihti\/wp-json\/wp\/v2\/pages\/89"}],"wp:attachment":[{"href":"https:\/\/rotary.fi\/vihti\/wp-json\/wp\/v2\/media?parent=179"}],"curies":[{"name":"wp","href":"https:\/\/api.w.org\/{rel}","templated":true}]}}