{"id":1732,"date":"2019-01-15T09:39:03","date_gmt":"2019-01-15T07:39:03","guid":{"rendered":"https:\/\/rotary.fi\/vihti\/?post_type=ajankohtaiset&#038;p=1732"},"modified":"2019-01-15T09:42:53","modified_gmt":"2019-01-15T07:42:53","slug":"tulevan-vuoden-teema-on-rotary-yhdistaa-maailman","status":"publish","type":"ajankohtaiset","link":"https:\/\/rotary.fi\/vihti\/ajankohtaiset\/tulevan-vuoden-teema-on-rotary-yhdistaa-maailman\/","title":{"rendered":"Tulevan vuoden teema on Rotary yhdist\u00e4\u00e4 maailman"},"content":{"rendered":"<p><em><img loading=\"lazy\" decoding=\"async\" class=\"alignright wp-image-1733\" src=\"https:\/\/rotary.fi\/vihti\/wp-content\/uploads\/sites\/45\/2019\/01\/logo-300x300.png\" alt=\"\" width=\"306\" height=\"306\" srcset=\"https:\/\/rotary.fi\/vihti\/wp-content\/uploads\/sites\/45\/2019\/01\/logo-300x300.png 300w, https:\/\/rotary.fi\/vihti\/wp-content\/uploads\/sites\/45\/2019\/01\/logo-150x150.png 150w, https:\/\/rotary.fi\/vihti\/wp-content\/uploads\/sites\/45\/2019\/01\/logo-768x768.png 768w, https:\/\/rotary.fi\/vihti\/wp-content\/uploads\/sites\/45\/2019\/01\/logo-1024x1024.png 1024w, https:\/\/rotary.fi\/vihti\/wp-content\/uploads\/sites\/45\/2019\/01\/logo-1080x1080.png 1080w, https:\/\/rotary.fi\/vihti\/wp-content\/uploads\/sites\/45\/2019\/01\/logo.png 1500w\" sizes=\"(max-width: 306px) 100vw, 306px\" \/>Rotary Internationalin tuleva presidentti <strong>Mark Maloney<\/strong> on julkistanut oman presidenttikautensa 2019-2020 teeman. Maloney haluaa vahvistaa Rotarya lis\u00e4\u00e4m\u00e4ll\u00e4 j\u00e4senten suhteita ymp\u00e4r\u00f6iv\u00e4\u00e4n yhteiskuntaan ja kehitt\u00e4m\u00e4ll\u00e4 j\u00e4senyydelle uusia malleja. <\/em><\/p>\n<p>Teema <em>Rotary connects the world &#8211;<\/em> <em>Rotary yhdist\u00e4\u00e4 maailman<\/em> julkistettiin tulevien kuvern\u00f6\u00f6rien kansainv\u00e4lisess\u00e4 koulutuksessa 14.1. San Diegossa Kaliforniassa.<\/p>\n<p>\u201cT\u00e4rkeint\u00e4 on, ett\u00e4 kasvatamme Rotary\u00e4 lis\u00e4\u00e4m\u00e4ll\u00e4 palvelutoimintaamme, tekem\u00e4ll\u00e4 vaikuttavampia hankkeita ja ennen kaikkea lis\u00e4\u00e4m\u00e4ll\u00e4 j\u00e4senkuntaamme, jotta voimme saavuttaa enemm\u00e4n\u201d,<\/p>\n<p>Maloney uskoo, ett\u00e4 j\u00e4senten v\u00e4linen yhteys on rotariuden keski\u00f6ss\u00e4. \u201dRotaryn kautta saamme yhteyden toisiimme syv\u00e4ll\u00e4 ja merkityksellisell\u00e4 tavalla eroavaisuuksistamme huolimatta. Luomme yhteyksi\u00e4 ihmisiin, joita emme ilman Rotarya olisi koskaan tavanneet, mutta jotka ovat kaltaisiamme enemm\u00e4n kuin olisimme voineet etuk\u00e4teen uskoa. Rotary yhdist\u00e4\u00e4 meid\u00e4n yhteis\u00f6ihimme, ammatillisiin mahdollisuuksiin ja ihmisiin, jotka tarvitsevat apuamme\u201d.<\/p>\n<p>Lue lis\u00e4\u00e4 Mark Maloneyn ajatuksista <a href=\"https:\/\/www.rotary.org\/en\/rotary-international-president-maloney-theme-2019\">t\u00e4\u00e4lt\u00e4<\/a>.<\/p>\n","protected":false},"template":"","class_list":["post-1732","ajankohtaiset","type-ajankohtaiset","status-publish","hentry"],"acf":[],"yoast_head":"<!-- This site is optimized with the Yoast SEO plugin v27.4 - https:\/\/yoast.com\/product\/yoast-seo-wordpress\/ -->\n<title>Tulevan vuoden teema on Rotary yhdist\u00e4\u00e4 maailman - Vihdin rotaryklubi<\/title>\n<meta name=\"robots\" content=\"index, follow, max-snippet:-1, max-image-preview:large, max-video-preview:-1\" \/>\n<link rel=\"canonical\" href=\"https:\/\/rotary.fi\/vihti\/ajankohtaiset\/tulevan-vuoden-teema-on-rotary-yhdistaa-maailman\/\" \/>\n<meta property=\"og:locale\" content=\"fi_FI\" \/>\n<meta property=\"og:type\" content=\"article\" \/>\n<meta property=\"og:title\" content=\"Tulevan vuoden teema on Rotary yhdist\u00e4\u00e4 maailman - Vihdin rotaryklubi\" \/>\n<meta property=\"og:description\" content=\"Rotary Internationalin tuleva presidentti Mark Maloney on julkistanut oman presidenttikautensa 2019-2020 teeman. Maloney haluaa vahvistaa Rotarya lis\u00e4\u00e4m\u00e4ll\u00e4 j\u00e4senten suhteita ymp\u00e4r\u00f6iv\u00e4\u00e4n yhteiskuntaan ja kehitt\u00e4m\u00e4ll\u00e4 j\u00e4senyydelle uusia malleja. Teema Rotary connects the world &#8211; Rotary yhdist\u00e4\u00e4 maailman julkistettiin tulevien kuvern\u00f6\u00f6rien kansainv\u00e4lisess\u00e4 koulutuksessa 14.1. San Diegossa Kaliforniassa. \u201cT\u00e4rkeint\u00e4 on, ett\u00e4 kasvatamme Rotary\u00e4 lis\u00e4\u00e4m\u00e4ll\u00e4 palvelutoimintaamme, tekem\u00e4ll\u00e4 vaikuttavampia hankkeita ja [&hellip;]\" \/>\n<meta property=\"og:url\" content=\"https:\/\/rotary.fi\/vihti\/ajankohtaiset\/tulevan-vuoden-teema-on-rotary-yhdistaa-maailman\/\" \/>\n<meta property=\"og:site_name\" content=\"Vihdin rotaryklubi\" \/>\n<meta property=\"article:modified_time\" content=\"2019-01-15T07:42:53+00:00\" \/>\n<meta property=\"og:image\" content=\"https:\/\/rotary.fi\/vihti\/wp-content\/uploads\/sites\/45\/2019\/01\/logo-300x300.png\" \/>\n<meta name=\"twitter:card\" content=\"summary_large_image\" \/>\n<meta name=\"twitter:label1\" content=\"Arvioitu lukuaika\" \/>\n\t<meta name=\"twitter:data1\" content=\"1 minuutti\" \/>\n<script type=\"application\/ld+json\" class=\"yoast-schema-graph\">{\"@context\":\"https:\\\/\\\/schema.org\",\"@graph\":[{\"@type\":\"WebPage\",\"@id\":\"https:\\\/\\\/rotary.fi\\\/vihti\\\/ajankohtaiset\\\/tulevan-vuoden-teema-on-rotary-yhdistaa-maailman\\\/\",\"url\":\"https:\\\/\\\/rotary.fi\\\/vihti\\\/ajankohtaiset\\\/tulevan-vuoden-teema-on-rotary-yhdistaa-maailman\\\/\",\"name\":\"Tulevan vuoden teema on Rotary yhdist\u00e4\u00e4 maailman - Vihdin rotaryklubi\",\"isPartOf\":{\"@id\":\"https:\\\/\\\/rotary.fi\\\/vihti\\\/#website\"},\"primaryImageOfPage\":{\"@id\":\"https:\\\/\\\/rotary.fi\\\/vihti\\\/ajankohtaiset\\\/tulevan-vuoden-teema-on-rotary-yhdistaa-maailman\\\/#primaryimage\"},\"image\":{\"@id\":\"https:\\\/\\\/rotary.fi\\\/vihti\\\/ajankohtaiset\\\/tulevan-vuoden-teema-on-rotary-yhdistaa-maailman\\\/#primaryimage\"},\"thumbnailUrl\":\"https:\\\/\\\/rotary.fi\\\/vihti\\\/wp-content\\\/uploads\\\/sites\\\/45\\\/2019\\\/01\\\/logo-300x300.png\",\"datePublished\":\"2019-01-15T07:39:03+00:00\",\"dateModified\":\"2019-01-15T07:42:53+00:00\",\"breadcrumb\":{\"@id\":\"https:\\\/\\\/rotary.fi\\\/vihti\\\/ajankohtaiset\\\/tulevan-vuoden-teema-on-rotary-yhdistaa-maailman\\\/#breadcrumb\"},\"inLanguage\":\"fi\",\"potentialAction\":[{\"@type\":\"ReadAction\",\"target\":[\"https:\\\/\\\/rotary.fi\\\/vihti\\\/ajankohtaiset\\\/tulevan-vuoden-teema-on-rotary-yhdistaa-maailman\\\/\"]}]},{\"@type\":\"ImageObject\",\"inLanguage\":\"fi\",\"@id\":\"https:\\\/\\\/rotary.fi\\\/vihti\\\/ajankohtaiset\\\/tulevan-vuoden-teema-on-rotary-yhdistaa-maailman\\\/#primaryimage\",\"url\":\"https:\\\/\\\/rotary.fi\\\/vihti\\\/wp-content\\\/uploads\\\/sites\\\/45\\\/2019\\\/01\\\/logo.png\",\"contentUrl\":\"https:\\\/\\\/rotary.fi\\\/vihti\\\/wp-content\\\/uploads\\\/sites\\\/45\\\/2019\\\/01\\\/logo.png\",\"width\":1500,\"height\":1500},{\"@type\":\"BreadcrumbList\",\"@id\":\"https:\\\/\\\/rotary.fi\\\/vihti\\\/ajankohtaiset\\\/tulevan-vuoden-teema-on-rotary-yhdistaa-maailman\\\/#breadcrumb\",\"itemListElement\":[{\"@type\":\"ListItem\",\"position\":1,\"name\":\"Home\",\"item\":\"https:\\\/\\\/rotary.fi\\\/vihti\\\/\"},{\"@type\":\"ListItem\",\"position\":2,\"name\":\"Tulevan vuoden teema on Rotary yhdist\u00e4\u00e4 maailman\"}]},{\"@type\":\"WebSite\",\"@id\":\"https:\\\/\\\/rotary.fi\\\/vihti\\\/#website\",\"url\":\"https:\\\/\\\/rotary.fi\\\/vihti\\\/\",\"name\":\"Vihdin rotaryklubi\",\"description\":\"Uusi Rotary klubisivusto\",\"potentialAction\":[{\"@type\":\"SearchAction\",\"target\":{\"@type\":\"EntryPoint\",\"urlTemplate\":\"https:\\\/\\\/rotary.fi\\\/vihti\\\/?s={search_term_string}\"},\"query-input\":{\"@type\":\"PropertyValueSpecification\",\"valueRequired\":true,\"valueName\":\"search_term_string\"}}],\"inLanguage\":\"fi\"}]}<\/script>\n<!-- \/ Yoast SEO plugin. -->","yoast_head_json":{"title":"Tulevan vuoden teema on Rotary yhdist\u00e4\u00e4 maailman - Vihdin rotaryklubi","robots":{"index":"index","follow":"follow","max-snippet":"max-snippet:-1","max-image-preview":"max-image-preview:large","max-video-preview":"max-video-preview:-1"},"canonical":"https:\/\/rotary.fi\/vihti\/ajankohtaiset\/tulevan-vuoden-teema-on-rotary-yhdistaa-maailman\/","og_locale":"fi_FI","og_type":"article","og_title":"Tulevan vuoden teema on Rotary yhdist\u00e4\u00e4 maailman - Vihdin rotaryklubi","og_description":"Rotary Internationalin tuleva presidentti Mark Maloney on julkistanut oman presidenttikautensa 2019-2020 teeman. Maloney haluaa vahvistaa Rotarya lis\u00e4\u00e4m\u00e4ll\u00e4 j\u00e4senten suhteita ymp\u00e4r\u00f6iv\u00e4\u00e4n yhteiskuntaan ja kehitt\u00e4m\u00e4ll\u00e4 j\u00e4senyydelle uusia malleja. Teema Rotary connects the world &#8211; Rotary yhdist\u00e4\u00e4 maailman julkistettiin tulevien kuvern\u00f6\u00f6rien kansainv\u00e4lisess\u00e4 koulutuksessa 14.1. San Diegossa Kaliforniassa. \u201cT\u00e4rkeint\u00e4 on, ett\u00e4 kasvatamme Rotary\u00e4 lis\u00e4\u00e4m\u00e4ll\u00e4 palvelutoimintaamme, tekem\u00e4ll\u00e4 vaikuttavampia hankkeita ja [&hellip;]","og_url":"https:\/\/rotary.fi\/vihti\/ajankohtaiset\/tulevan-vuoden-teema-on-rotary-yhdistaa-maailman\/","og_site_name":"Vihdin rotaryklubi","article_modified_time":"2019-01-15T07:42:53+00:00","og_image":[{"url":"https:\/\/rotary.fi\/vihti\/wp-content\/uploads\/sites\/45\/2019\/01\/logo-300x300.png","type":"","width":"","height":""}],"twitter_card":"summary_large_image","twitter_misc":{"Arvioitu lukuaika":"1 minuutti"},"schema":{"@context":"https:\/\/schema.org","@graph":[{"@type":"WebPage","@id":"https:\/\/rotary.fi\/vihti\/ajankohtaiset\/tulevan-vuoden-teema-on-rotary-yhdistaa-maailman\/","url":"https:\/\/rotary.fi\/vihti\/ajankohtaiset\/tulevan-vuoden-teema-on-rotary-yhdistaa-maailman\/","name":"Tulevan vuoden teema on Rotary yhdist\u00e4\u00e4 maailman - Vihdin rotaryklubi","isPartOf":{"@id":"https:\/\/rotary.fi\/vihti\/#website"},"primaryImageOfPage":{"@id":"https:\/\/rotary.fi\/vihti\/ajankohtaiset\/tulevan-vuoden-teema-on-rotary-yhdistaa-maailman\/#primaryimage"},"image":{"@id":"https:\/\/rotary.fi\/vihti\/ajankohtaiset\/tulevan-vuoden-teema-on-rotary-yhdistaa-maailman\/#primaryimage"},"thumbnailUrl":"https:\/\/rotary.fi\/vihti\/wp-content\/uploads\/sites\/45\/2019\/01\/logo-300x300.png","datePublished":"2019-01-15T07:39:03+00:00","dateModified":"2019-01-15T07:42:53+00:00","breadcrumb":{"@id":"https:\/\/rotary.fi\/vihti\/ajankohtaiset\/tulevan-vuoden-teema-on-rotary-yhdistaa-maailman\/#breadcrumb"},"inLanguage":"fi","potentialAction":[{"@type":"ReadAction","target":["https:\/\/rotary.fi\/vihti\/ajankohtaiset\/tulevan-vuoden-teema-on-rotary-yhdistaa-maailman\/"]}]},{"@type":"ImageObject","inLanguage":"fi","@id":"https:\/\/rotary.fi\/vihti\/ajankohtaiset\/tulevan-vuoden-teema-on-rotary-yhdistaa-maailman\/#primaryimage","url":"https:\/\/rotary.fi\/vihti\/wp-content\/uploads\/sites\/45\/2019\/01\/logo.png","contentUrl":"https:\/\/rotary.fi\/vihti\/wp-content\/uploads\/sites\/45\/2019\/01\/logo.png","width":1500,"height":1500},{"@type":"BreadcrumbList","@id":"https:\/\/rotary.fi\/vihti\/ajankohtaiset\/tulevan-vuoden-teema-on-rotary-yhdistaa-maailman\/#breadcrumb","itemListElement":[{"@type":"ListItem","position":1,"name":"Home","item":"https:\/\/rotary.fi\/vihti\/"},{"@type":"ListItem","position":2,"name":"Tulevan vuoden teema on Rotary yhdist\u00e4\u00e4 maailman"}]},{"@type":"WebSite","@id":"https:\/\/rotary.fi\/vihti\/#website","url":"https:\/\/rotary.fi\/vihti\/","name":"Vihdin rotaryklubi","description":"Uusi Rotary klubisivusto","potentialAction":[{"@type":"SearchAction","target":{"@type":"EntryPoint","urlTemplate":"https:\/\/rotary.fi\/vihti\/?s={search_term_string}"},"query-input":{"@type":"PropertyValueSpecification","valueRequired":true,"valueName":"search_term_string"}}],"inLanguage":"fi"}]}},"_links":{"self":[{"href":"https:\/\/rotary.fi\/vihti\/wp-json\/wp\/v2\/ajankohtaiset\/1732","targetHints":{"allow":["GET"]}}],"collection":[{"href":"https:\/\/rotary.fi\/vihti\/wp-json\/wp\/v2\/ajankohtaiset"}],"about":[{"href":"https:\/\/rotary.fi\/vihti\/wp-json\/wp\/v2\/types\/ajankohtaiset"}],"wp:attachment":[{"href":"https:\/\/rotary.fi\/vihti\/wp-json\/wp\/v2\/media?parent=1732"}],"curies":[{"name":"wp","href":"https:\/\/api.w.org\/{rel}","templated":true}]}}

Tulevan vuoden teema on Rotary yhdistää maailman

<p><em><img loading="lazy" decoding="async" class="alignright wp-image-1733" src="https://rotary.fi/vihti/wp-content/uploads/sites/45/2019/01/logo-300x300.png" alt="" width="306" height="306" srcset="https://rotary.fi/vihti/wp-content/uploads/sites/45/2019/01/logo-300x300.png 300w, https://rotary.fi/vihti/wp-content/uploads/sites/45/2019/01/logo-150x150.png 150w, https://rotary.fi/vihti/wp-content/uploads/sites/45/2019/01/logo-768x768.png 768w, https://rotary.fi/vihti/wp-content/uploads/sites/45/2019/01/logo-1024x1024.png 1024w, https://rotary.fi/vihti/wp-content/uploads/sites/45/2019/01/logo-1080x1080.png 1080w, https://rotary.fi/vihti/wp-content/uploads/sites/45/2019/01/logo.png 1500w" sizes="(max-width: 306px) 100vw, 306px" />Rotary Internationalin tuleva presidentti <strong>Mark Maloney</strong> on julkistanut oman presidenttikautensa 2019-2020 teeman. Maloney haluaa vahvistaa Rotarya lisäämällä jäsenten suhteita ympäröivään yhteiskuntaan ja kehittämällä jäsenyydelle uusia malleja. </em></p>
<p>Teema <em>Rotary connects the world &#8211;</em> <em>Rotary yhdistää maailman</em> julkistettiin tulevien kuvernöörien kansainvälisessä koulutuksessa 14.1. San Diegossa Kaliforniassa.</p>
<p>“Tärkeintä on, että kasvatamme Rotaryä lisäämällä palvelutoimintaamme, tekemällä vaikuttavampia hankkeita ja ennen kaikkea lisäämällä jäsenkuntaamme, jotta voimme saavuttaa enemmän”,</p>
<p>Maloney uskoo, että jäsenten välinen yhteys on rotariuden keskiössä. ”Rotaryn kautta saamme yhteyden toisiimme syvällä ja merkityksellisellä tavalla eroavaisuuksistamme huolimatta. Luomme yhteyksiä ihmisiin, joita emme ilman Rotarya olisi koskaan tavanneet, mutta jotka ovat kaltaisiamme enemmän kuin olisimme voineet etukäteen uskoa. Rotary yhdistää meidän yhteisöihimme, ammatillisiin mahdollisuuksiin ja ihmisiin, jotka tarvitsevat apuamme”.</p>
<p>Lue lisää Mark Maloneyn ajatuksista <a href="https://www.rotary.org/en/rotary-international-president-maloney-theme-2019">täältä</a>.</p>

<!-- This site is optimized with the Yoast SEO plugin v27.4 - https://yoast.com/product/yoast-seo-wordpress/ -->
<title>Tulevan vuoden teema on Rotary yhdistää maailman - Vihdin rotaryklubi</title>
<meta name="robots" content="index, follow, max-snippet:-1, max-image-preview:large, max-video-preview:-1" />
<link rel="canonical" href="https://rotary.fi/vihti/ajankohtaiset/tulevan-vuoden-teema-on-rotary-yhdistaa-maailman/" />
<meta property="og:locale" content="fi_FI" />
<meta property="og:type" content="article" />
<meta property="og:title" content="Tulevan vuoden teema on Rotary yhdistää maailman - Vihdin rotaryklubi" />
<meta property="og:description" content="Rotary Internationalin tuleva presidentti Mark Maloney on julkistanut oman presidenttikautensa 2019-2020 teeman. Maloney haluaa vahvistaa Rotarya lisäämällä jäsenten suhteita ympäröivään yhteiskuntaan ja kehittämällä jäsenyydelle uusia malleja. Teema Rotary connects the world &#8211; Rotary yhdistää maailman julkistettiin tulevien kuvernöörien kansainvälisessä koulutuksessa 14.1. San Diegossa Kaliforniassa. “Tärkeintä on, että kasvatamme Rotaryä lisäämällä palvelutoimintaamme, tekemällä vaikuttavampia hankkeita ja [&hellip;]" />
<meta property="og:url" content="https://rotary.fi/vihti/ajankohtaiset/tulevan-vuoden-teema-on-rotary-yhdistaa-maailman/" />
<meta property="og:site_name" content="Vihdin rotaryklubi" />
<meta property="article:modified_time" content="2019-01-15T07:42:53+00:00" />
<meta property="og:image" content="https://rotary.fi/vihti/wp-content/uploads/sites/45/2019/01/logo-300x300.png" />
<meta name="twitter:card" content="summary_large_image" />
<meta name="twitter:label1" content="Arvioitu lukuaika" />
	<meta name="twitter:data1" content="1 minuutti" />
<script type="application/ld+json" class="yoast-schema-graph">{"@context":"https:\/\/schema.org","@graph":[{"@type":"WebPage","@id":"https:\/\/rotary.fi\/vihti\/ajankohtaiset\/tulevan-vuoden-teema-on-rotary-yhdistaa-maailman\/","url":"https:\/\/rotary.fi\/vihti\/ajankohtaiset\/tulevan-vuoden-teema-on-rotary-yhdistaa-maailman\/","name":"Tulevan vuoden teema on Rotary yhdistää maailman - Vihdin rotaryklubi","isPartOf":{"@id":"https:\/\/rotary.fi\/vihti\/#website"},"primaryImageOfPage":{"@id":"https:\/\/rotary.fi\/vihti\/ajankohtaiset\/tulevan-vuoden-teema-on-rotary-yhdistaa-maailman\/#primaryimage"},"image":{"@id":"https:\/\/rotary.fi\/vihti\/ajankohtaiset\/tulevan-vuoden-teema-on-rotary-yhdistaa-maailman\/#primaryimage"},"thumbnailUrl":"https:\/\/rotary.fi\/vihti\/wp-content\/uploads\/sites\/45\/2019\/01\/logo-300x300.png","datePublished":"2019-01-15T07:39:03+00:00","dateModified":"2019-01-15T07:42:53+00:00","breadcrumb":{"@id":"https:\/\/rotary.fi\/vihti\/ajankohtaiset\/tulevan-vuoden-teema-on-rotary-yhdistaa-maailman\/#breadcrumb"},"inLanguage":"fi","potentialAction":[{"@type":"ReadAction","target":["https:\/\/rotary.fi\/vihti\/ajankohtaiset\/tulevan-vuoden-teema-on-rotary-yhdistaa-maailman\/"]}]},{"@type":"ImageObject","inLanguage":"fi","@id":"https:\/\/rotary.fi\/vihti\/ajankohtaiset\/tulevan-vuoden-teema-on-rotary-yhdistaa-maailman\/#primaryimage","url":"https:\/\/rotary.fi\/vihti\/wp-content\/uploads\/sites\/45\/2019\/01\/logo.png","contentUrl":"https:\/\/rotary.fi\/vihti\/wp-content\/uploads\/sites\/45\/2019\/01\/logo.png","width":1500,"height":1500},{"@type":"BreadcrumbList","@id":"https:\/\/rotary.fi\/vihti\/ajankohtaiset\/tulevan-vuoden-teema-on-rotary-yhdistaa-maailman\/#breadcrumb","itemListElement":[{"@type":"ListItem","position":1,"name":"Home","item":"https:\/\/rotary.fi\/vihti\/"},{"@type":"ListItem","position":2,"name":"Tulevan vuoden teema on Rotary yhdistää maailman"}]},{"@type":"WebSite","@id":"https:\/\/rotary.fi\/vihti\/#website","url":"https:\/\/rotary.fi\/vihti\/","name":"Vihdin rotaryklubi","description":"Uusi Rotary klubisivusto","potentialAction":[{"@type":"SearchAction","target":{"@type":"EntryPoint","urlTemplate":"https:\/\/rotary.fi\/vihti\/?s={search_term_string}"},"query-input":{"@type":"PropertyValueSpecification","valueRequired":true,"valueName":"search_term_string"}}],"inLanguage":"fi"}]}</script>
<!-- / Yoast SEO plugin. -->

Tulevan vuoden teema on Rotary yhdistää maailman - Vihdin rotaryklubi

Rotary Internationalin tuleva presidentti Mark Maloney on julkistanut oman presidenttikautensa 2019-2020 teeman. Maloney haluaa vahvistaa Rotarya lisäämällä jäsenten suhteita ympäröivään yhteiskuntaan ja kehittämällä jäsenyydelle uusia malleja. Teema Rotary connects the world &#8211; Rotary yhdistää maailman julkistettiin tulevien kuvernöörien kansainvälisessä koulutuksessa 14.1. San Diegossa Kaliforniassa. “Tärkeintä on, että kasvatamme Rotaryä lisäämällä palvelutoimintaamme, tekemällä vaikuttavampia hankkeita ja [&hellip;]
