{"id":129,"date":"2018-08-10T13:41:39","date_gmt":"2018-08-10T10:41:39","guid":{"rendered":"https:\/\/rotary.fi\/klubi2\/?page_id=129"},"modified":"2025-11-21T16:04:19","modified_gmt":"2025-11-21T14:04:19","slug":"keita-olemme","status":"publish","type":"page","link":"https:\/\/rotary.fi\/vanhalinna\/keita-olemme\/","title":{"rendered":"Keit\u00e4 olemme"},"content":{"rendered":"<p>[et_pb_section fb_built=&#8221;1&#8243; module_class=&#8221;jumbotron-page&#8221; _builder_version=&#8221;4.16&#8243; background_image=&#8221;https:\/\/rotary.fi\/vanhalinna\/wp-content\/uploads\/sites\/98\/2019\/04\/vanhalinna1_k.jpg&#8221; global_colors_info=&#8221;{}&#8221;][et_pb_row _builder_version=&#8221;4.16&#8243; background_size=&#8221;initial&#8221; background_position=&#8221;top_left&#8221; background_repeat=&#8221;repeat&#8221; global_colors_info=&#8221;{}&#8221;][et_pb_column type=&#8221;4_4&#8243; _builder_version=&#8221;4.16&#8243; custom_padding=&#8221;|||&#8221; global_colors_info=&#8221;{}&#8221; custom_padding__hover=&#8221;|||&#8221;][et_pb_text admin_label=&#8221;P\u00e4\u00e4otsikko&#8221; _builder_version=&#8221;4.16&#8243; text_orientation=&#8221;center&#8221; background_layout=&#8221;dark&#8221; global_colors_info=&#8221;{}&#8221;]<\/p>\n<h1>Keit\u00e4 olemme<\/h1>\n<p>[\/et_pb_text][\/et_pb_column][\/et_pb_row][\/et_pb_section][et_pb_section fb_built=&#8221;1&#8243; specialty=&#8221;on&#8221; module_class_2=&#8221;sivupalkki&#8221; _builder_version=&#8221;4.16&#8243; inner_max_width=&#8221;none&#8221; global_colors_info=&#8221;{}&#8221;][et_pb_column type=&#8221;2_3&#8243; specialty_columns=&#8221;2&#8243; _builder_version=&#8221;4.16&#8243; custom_padding=&#8221;|||&#8221; global_colors_info=&#8221;{}&#8221; custom_padding__hover=&#8221;|||&#8221;][et_pb_row_inner admin_label=&#8221;Rivi&#8221; _builder_version=&#8221;4.27.4&#8243; global_colors_info=&#8221;{}&#8221;][et_pb_column_inner saved_specialty_column_type=&#8221;2_3&#8243; _builder_version=&#8221;4.16&#8243; custom_padding=&#8221;|||&#8221; global_colors_info=&#8221;{}&#8221; custom_padding__hover=&#8221;|||&#8221;][et_pb_text admin_label=&#8221;Otsikko&#8221; _builder_version=&#8221;4.16&#8243; text_orientation=&#8221;center&#8221; global_colors_info=&#8221;{}&#8221;]<\/p>\n<h1>Keit\u00e4 olemme<\/h1>\n<p>[\/et_pb_text][et_pb_text _builder_version=&#8221;4.27.4&#8243; z_index_tablet=&#8221;500&#8243; box_shadow_horizontal_tablet=&#8221;0px&#8221; box_shadow_vertical_tablet=&#8221;0px&#8221; box_shadow_blur_tablet=&#8221;40px&#8221; box_shadow_spread_tablet=&#8221;0px&#8221; global_colors_info=&#8221;{}&#8221;]<\/p>\n<p>Lieto Vanhalinnan Rotaryklubi perustettiin 1.3.2005. Kummiklubimme on Liedon Rotaryklubi. Kokouksemme pidet\u00e4\u00e4n parillisina viikkoina tiistaisin \u00a0klo 17.30-18.30 Lieto Vanhalinnan p\u00e4\u00e4rakennuksen toisen kerroksen juhlasalissa. Silloin tapaamme toisiamme, kutsumiamme vieraita ja kuulemme kiinnostavia esitelmi\u00e4. K\u00e4ymme my\u00f6s vierailemassa erilaisissa kohteissa. Teemme yhteisty\u00f6t\u00e4 alueen muiden klubien kanssa. Tuemme kansainv\u00e4lisen Rotaryn humanitaarisia projekteja, osallistumme nuorisovaihtoon ja edist\u00e4mme l\u00e4hiseudun hyvinvointia. Klubikokouksemme ovat avoimia kaikille &#8211; yst\u00e4vi\u00e4, naapureita ja puolisoa saa pyyt\u00e4\u00e4 mukaan klubikokoukseen.<\/p>\n<p>Klubissamme on 22 aktiivista j\u00e4sent\u00e4 ja t\u00e4m\u00e4n lis\u00e4ksi kolme kunniaj\u00e4sent\u00e4, Keijo Virtanen, Anne-Mari Virolainen ja Eero Joutsikoski. Olemme osa Rotary-piiri\u00e4 1410. Piirin toimialana on Varsinais-Suomi, Satakunta, Kanta-H\u00e4me, Pirkanmaa ja Ahvenanmaa. Klubeja on yhteens\u00e4 55. \u00a0Alueen klubit l\u00f6ytyv\u00e4t piirin sivuilta <a href=\"https:\/\/rotary.fi\/d1410\/rotarypiiri1410\/piirin-klubit\/\">t\u00e4st\u00e4.<\/a><\/p>\n<div class=\"page\" title=\"Page 6\">\n<div class=\"layoutArea\">\n<div class=\"column\"><div id=\"attachment_1750\" style=\"width: 970px\" class=\"wp-caption aligncenter\"><img loading=\"lazy\" decoding=\"async\" aria-describedby=\"caption-attachment-1750\" class=\"wp-image-1750 size-full\" src=\"https:\/\/rotary.fi\/vanhalinna\/wp-content\/uploads\/sites\/98\/2019\/04\/50454568_10217425373096900_8360791927775297536_n.jpg\" alt=\"\" width=\"960\" height=\"720\" srcset=\"https:\/\/rotary.fi\/vanhalinna\/wp-content\/uploads\/sites\/98\/2019\/04\/50454568_10217425373096900_8360791927775297536_n.jpg 960w, https:\/\/rotary.fi\/vanhalinna\/wp-content\/uploads\/sites\/98\/2019\/04\/50454568_10217425373096900_8360791927775297536_n-300x225.jpg 300w, https:\/\/rotary.fi\/vanhalinna\/wp-content\/uploads\/sites\/98\/2019\/04\/50454568_10217425373096900_8360791927775297536_n-768x576.jpg 768w, https:\/\/rotary.fi\/vanhalinna\/wp-content\/uploads\/sites\/98\/2019\/04\/50454568_10217425373096900_8360791927775297536_n-510x382.jpg 510w\" sizes=\"(max-width: 960px) 100vw, 960px\" \/><p id=\"caption-attachment-1750\" class=\"wp-caption-text\">Kunniaj\u00e4senemme vasemmalta lukien Eero Joutsikoski, Anne-Mari Virolainen ja Keijo Virtanen<\/p><\/div><\/div>\n<\/div>\n<\/div>\n<h4><\/h4>\n<h4><\/h4>\n<h4><\/h4>\n<h4><\/h4>\n<h4>Yhteinen harrastus, jolla on tarkoitus<\/h4>\n<p>Eero Joutsikosken aktiivisen toiminnan seurauksena klubimme perustettiin kev\u00e4\u00e4ll\u00e4 2005. Joutsikoski valmisteli klubin perustamiseen liittyv\u00e4t asiat ja hoiti kaikki viralliset asiakirjat kuntoon. H\u00e4n toimi presidenttin\u00e4 ensimm\u00e4isen puolen vuoden ajan kev\u00e4\u00e4ll\u00e4 2005. Varsinainen toiminta l\u00e4hti k\u00e4yntiin toimintakautena 2005 &#8211; 2006, jolloin presidenttin\u00e4 toimi Kirsti Heinonen. \u00a0Jo ensimm\u00e4isen\u00e4 toimintavuotena klubi l\u00e4hetti yhdess\u00e4 Liedon Rotaryklubin kanssa ensimm\u00e4isen vaihto-oppilaansa maailmalle. Nuorisovaihdosta tuli t\u00e4rke\u00e4 osa toimintaa, jolla toteutamme kansainv\u00e4listymis- ja rauhankasvatusta.<\/p>\n<p>Kansainv\u00e4list\u00e4 palvelua olemme my\u00f6s toteuttaneet TYKS:in keskolaan liittyv\u00e4ll\u00e4 GG-hankkeella ( Global Grants, maailmanlaajuiset apurahat). \u00a0Turun yliopistollisen keskussairaalan keskosten hoitoyksikk\u00f6 on kehitt\u00e4nyt \u00a0\u201dVanhemmat vahvasti mukana (VVM)\u201d \u2013hoitotavan. T\u00e4ss\u00e4 hankkeessa jalkautamme t\u00e4t\u00e4 hoitotapaa kansainv\u00e4lisesti muihin sairaaloihin yhdess\u00e4 paikallisen rotaryklubin kanssa. Saamalla avustuksella yhteisty\u00f6t\u00e4 tehd\u00e4\u00e4n nyt Riikassa paikallisen klubin kanssa ja koulutetaan hoitajia t\u00e4h\u00e4n hoitotapaan.<\/p>\n<p>Rotaryklubimme paikalliset projektit mahdollistavat varojen ker\u00e4\u00e4misen alueen tukea tarvitsevien lasten, nuorten ja heid\u00e4n perheiden avustamiseen. Varoja on ker\u00e4tty mm. erilaisia hyv\u00e4ntekev\u00e4isyyskonsertteja j\u00e4rjest\u00e4m\u00e4ll\u00e4.<\/p>\n<p>Pid\u00e4mme arvossa kansainv\u00e4lisen Rotary Internationalin ponnisteluja ja j\u00e4rjest\u00f6n arvokasta ty\u00f6t\u00e4 muun muassa polion h\u00e4vitt\u00e4miseksi maapallolta. Pelk\u00e4st\u00e4\u00e4n t\u00e4h\u00e4n ty\u00f6h\u00f6n Rotary on suunnannut runsaasti vapaaehtoisvoimaa sek\u00e4 yli 1,2 miljardia US-dollaria.<\/p>\n<p>&nbsp;<\/p>\n<h4>Vaikuttava kansainv\u00e4linen verkosto<\/h4>\n<p>Rotary on Chicagossa 23.2.1905 perustettu kansainv\u00e4linen palvelu- ja hyv\u00e4ntekev\u00e4isyysorganisaatio. Rotary Internationalin kotipaikka on Evanston, USA:n osavaltiossa Illinoisissa. Tunnuslauseemme on Palvelu itsekkyyden edelle (Service Above Self).<\/p>\n<p>Rotaryyn kuuluu 1,2 miljoona j\u00e4sent\u00e4 35 000 klubissa yli 200 maassa. Rotary on merkitt\u00e4v\u00e4 kansainv\u00e4linen palvelu- ja hyv\u00e4ntekev\u00e4isyysj\u00e4rjest\u00f6. Suomi on jaettu viiteen rotarypiiriin, joista yhteen kuuluvat my\u00f6s Viron klubit. Suomessa ja Virossa on yhteens\u00e4 270 klubia.<\/p>\n<p>[\/et_pb_text][\/et_pb_column_inner][\/et_pb_row_inner][\/et_pb_column][et_pb_column type=&#8221;1_3&#8243; _builder_version=&#8221;4.16&#8243; custom_padding=&#8221;|||&#8221; global_colors_info=&#8221;{}&#8221; custom_padding__hover=&#8221;|||&#8221;][et_pb_sidebar area=&#8221;sidebar-1&#8243; module_class=&#8221;sivupalkki_sisalto&#8221; _builder_version=&#8221;4.16&#8243; locked=&#8221;on&#8221; global_colors_info=&#8221;{}&#8221;]<br \/>\n[\/et_pb_sidebar][\/et_pb_column][\/et_pb_section]<\/p>\n","protected":false},"excerpt":{"rendered":"<p>Keit\u00e4 olemme Keit\u00e4 olemme Lieto Vanhalinnan Rotaryklubi perustettiin 1.3.2005. Kummiklubimme on Liedon Rotaryklubi. Kokouksemme pidet\u00e4\u00e4n parillisina viikkoina tiistaisin \u00a0klo 17.30-18.30 Lieto Vanhalinnan p\u00e4\u00e4rakennuksen toisen kerroksen juhlasalissa. Silloin tapaamme toisiamme, kutsumiamme vieraita ja kuulemme kiinnostavia esitelmi\u00e4. K\u00e4ymme my\u00f6s vierailemassa erilaisissa kohteissa. Teemme yhteisty\u00f6t\u00e4 alueen muiden klubien kanssa. Tuemme kansainv\u00e4lisen Rotaryn humanitaarisia projekteja, osallistumme nuorisovaihtoon ja edist\u00e4mme [&hellip;]<\/p>\n","protected":false},"author":1,"featured_media":0,"parent":0,"menu_order":0,"comment_status":"closed","ping_status":"closed","template":"","meta":{"_acf_changed":false,"_et_pb_use_builder":"on","_et_pb_old_content":"","_et_gb_content_width":"","footnotes":""},"class_list":["post-129","page","type-page","status-publish","hentry"],"acf":[],"yoast_head":"<!-- This site is optimized with the Yoast SEO plugin v27.0 - https:\/\/yoast.com\/product\/yoast-seo-wordpress\/ -->\n<title>Keit\u00e4 olemme - Lieto Vanhalinnan Rotaryklubi<\/title>\n<meta name=\"robots\" content=\"index, follow, max-snippet:-1, max-image-preview:large, max-video-preview:-1\" \/>\n<link rel=\"canonical\" href=\"https:\/\/rotary.fi\/vanhalinna\/keita-olemme\/\" \/>\n<meta property=\"og:locale\" content=\"fi_FI\" \/>\n<meta property=\"og:type\" content=\"article\" \/>\n<meta property=\"og:title\" content=\"Keit\u00e4 olemme - Lieto Vanhalinnan Rotaryklubi\" \/>\n<meta property=\"og:description\" content=\"Keit\u00e4 olemme Keit\u00e4 olemme Lieto Vanhalinnan Rotaryklubi perustettiin 1.3.2005. Kummiklubimme on Liedon Rotaryklubi. Kokouksemme pidet\u00e4\u00e4n parillisina viikkoina tiistaisin \u00a0klo 17.30-18.30 Lieto Vanhalinnan p\u00e4\u00e4rakennuksen toisen kerroksen juhlasalissa. Silloin tapaamme toisiamme, kutsumiamme vieraita ja kuulemme kiinnostavia esitelmi\u00e4. K\u00e4ymme my\u00f6s vierailemassa erilaisissa kohteissa. Teemme yhteisty\u00f6t\u00e4 alueen muiden klubien kanssa. Tuemme kansainv\u00e4lisen Rotaryn humanitaarisia projekteja, osallistumme nuorisovaihtoon ja edist\u00e4mme [&hellip;]\" \/>\n<meta property=\"og:url\" content=\"https:\/\/rotary.fi\/vanhalinna\/keita-olemme\/\" \/>\n<meta property=\"og:site_name\" content=\"Lieto Vanhalinnan Rotaryklubi\" \/>\n<meta property=\"article:modified_time\" content=\"2025-11-21T14:04:19+00:00\" \/>\n<meta property=\"og:image\" content=\"https:\/\/rotary.fi\/vanhalinna\/wp-content\/uploads\/sites\/98\/2019\/04\/50454568_10217425373096900_8360791927775297536_n.jpg\" \/>\n\t<meta property=\"og:image:width\" content=\"960\" \/>\n\t<meta property=\"og:image:height\" content=\"720\" \/>\n\t<meta property=\"og:image:type\" content=\"image\/jpeg\" \/>\n<meta name=\"twitter:card\" content=\"summary_large_image\" \/>\n<meta name=\"twitter:label1\" content=\"Arvioitu lukuaika\" \/>\n\t<meta name=\"twitter:data1\" content=\"3 minuuttia\" \/>\n<script type=\"application\/ld+json\" class=\"yoast-schema-graph\">{\"@context\":\"https:\/\/schema.org\",\"@graph\":[{\"@type\":\"WebPage\",\"@id\":\"https:\/\/rotary.fi\/vanhalinna\/keita-olemme\/\",\"url\":\"https:\/\/rotary.fi\/vanhalinna\/keita-olemme\/\",\"name\":\"Keit\u00e4 olemme - Lieto Vanhalinnan Rotaryklubi\",\"isPartOf\":{\"@id\":\"https:\/\/rotary.fi\/vanhalinna\/#website\"},\"primaryImageOfPage\":{\"@id\":\"https:\/\/rotary.fi\/vanhalinna\/keita-olemme\/#primaryimage\"},\"image\":{\"@id\":\"https:\/\/rotary.fi\/vanhalinna\/keita-olemme\/#primaryimage\"},\"thumbnailUrl\":\"https:\/\/rotary.fi\/vanhalinna\/wp-content\/uploads\/sites\/98\/2019\/04\/50454568_10217425373096900_8360791927775297536_n.jpg\",\"datePublished\":\"2018-08-10T10:41:39+00:00\",\"dateModified\":\"2025-11-21T14:04:19+00:00\",\"breadcrumb\":{\"@id\":\"https:\/\/rotary.fi\/vanhalinna\/keita-olemme\/#breadcrumb\"},\"inLanguage\":\"fi\",\"potentialAction\":[{\"@type\":\"ReadAction\",\"target\":[\"https:\/\/rotary.fi\/vanhalinna\/keita-olemme\/\"]}]},{\"@type\":\"ImageObject\",\"inLanguage\":\"fi\",\"@id\":\"https:\/\/rotary.fi\/vanhalinna\/keita-olemme\/#primaryimage\",\"url\":\"https:\/\/rotary.fi\/vanhalinna\/wp-content\/uploads\/sites\/98\/2019\/04\/50454568_10217425373096900_8360791927775297536_n.jpg\",\"contentUrl\":\"https:\/\/rotary.fi\/vanhalinna\/wp-content\/uploads\/sites\/98\/2019\/04\/50454568_10217425373096900_8360791927775297536_n.jpg\",\"width\":960,\"height\":720},{\"@type\":\"BreadcrumbList\",\"@id\":\"https:\/\/rotary.fi\/vanhalinna\/keita-olemme\/#breadcrumb\",\"itemListElement\":[{\"@type\":\"ListItem\",\"position\":1,\"name\":\"Home\",\"item\":\"https:\/\/rotary.fi\/vanhalinna\/\"},{\"@type\":\"ListItem\",\"position\":2,\"name\":\"Keit\u00e4 olemme\"}]},{\"@type\":\"WebSite\",\"@id\":\"https:\/\/rotary.fi\/vanhalinna\/#website\",\"url\":\"https:\/\/rotary.fi\/vanhalinna\/\",\"name\":\"Lieto Vanhalinnan Rotaryklubi\",\"description\":\"Uusi Rotary klubisivusto\",\"potentialAction\":[{\"@type\":\"SearchAction\",\"target\":{\"@type\":\"EntryPoint\",\"urlTemplate\":\"https:\/\/rotary.fi\/vanhalinna\/?s={search_term_string}\"},\"query-input\":{\"@type\":\"PropertyValueSpecification\",\"valueRequired\":true,\"valueName\":\"search_term_string\"}}],\"inLanguage\":\"fi\"}]}<\/script>\n<!-- \/ Yoast SEO plugin. -->","yoast_head_json":{"title":"Keit\u00e4 olemme - Lieto Vanhalinnan Rotaryklubi","robots":{"index":"index","follow":"follow","max-snippet":"max-snippet:-1","max-image-preview":"max-image-preview:large","max-video-preview":"max-video-preview:-1"},"canonical":"https:\/\/rotary.fi\/vanhalinna\/keita-olemme\/","og_locale":"fi_FI","og_type":"article","og_title":"Keit\u00e4 olemme - Lieto Vanhalinnan Rotaryklubi","og_description":"Keit\u00e4 olemme Keit\u00e4 olemme Lieto Vanhalinnan Rotaryklubi perustettiin 1.3.2005. Kummiklubimme on Liedon Rotaryklubi. Kokouksemme pidet\u00e4\u00e4n parillisina viikkoina tiistaisin \u00a0klo 17.30-18.30 Lieto Vanhalinnan p\u00e4\u00e4rakennuksen toisen kerroksen juhlasalissa. Silloin tapaamme toisiamme, kutsumiamme vieraita ja kuulemme kiinnostavia esitelmi\u00e4. K\u00e4ymme my\u00f6s vierailemassa erilaisissa kohteissa. Teemme yhteisty\u00f6t\u00e4 alueen muiden klubien kanssa. Tuemme kansainv\u00e4lisen Rotaryn humanitaarisia projekteja, osallistumme nuorisovaihtoon ja edist\u00e4mme [&hellip;]","og_url":"https:\/\/rotary.fi\/vanhalinna\/keita-olemme\/","og_site_name":"Lieto Vanhalinnan Rotaryklubi","article_modified_time":"2025-11-21T14:04:19+00:00","og_image":[{"width":960,"height":720,"url":"https:\/\/rotary.fi\/vanhalinna\/wp-content\/uploads\/sites\/98\/2019\/04\/50454568_10217425373096900_8360791927775297536_n.jpg","type":"image\/jpeg"}],"twitter_card":"summary_large_image","twitter_misc":{"Arvioitu lukuaika":"3 minuuttia"},"schema":{"@context":"https:\/\/schema.org","@graph":[{"@type":"WebPage","@id":"https:\/\/rotary.fi\/vanhalinna\/keita-olemme\/","url":"https:\/\/rotary.fi\/vanhalinna\/keita-olemme\/","name":"Keit\u00e4 olemme - Lieto Vanhalinnan Rotaryklubi","isPartOf":{"@id":"https:\/\/rotary.fi\/vanhalinna\/#website"},"primaryImageOfPage":{"@id":"https:\/\/rotary.fi\/vanhalinna\/keita-olemme\/#primaryimage"},"image":{"@id":"https:\/\/rotary.fi\/vanhalinna\/keita-olemme\/#primaryimage"},"thumbnailUrl":"https:\/\/rotary.fi\/vanhalinna\/wp-content\/uploads\/sites\/98\/2019\/04\/50454568_10217425373096900_8360791927775297536_n.jpg","datePublished":"2018-08-10T10:41:39+00:00","dateModified":"2025-11-21T14:04:19+00:00","breadcrumb":{"@id":"https:\/\/rotary.fi\/vanhalinna\/keita-olemme\/#breadcrumb"},"inLanguage":"fi","potentialAction":[{"@type":"ReadAction","target":["https:\/\/rotary.fi\/vanhalinna\/keita-olemme\/"]}]},{"@type":"ImageObject","inLanguage":"fi","@id":"https:\/\/rotary.fi\/vanhalinna\/keita-olemme\/#primaryimage","url":"https:\/\/rotary.fi\/vanhalinna\/wp-content\/uploads\/sites\/98\/2019\/04\/50454568_10217425373096900_8360791927775297536_n.jpg","contentUrl":"https:\/\/rotary.fi\/vanhalinna\/wp-content\/uploads\/sites\/98\/2019\/04\/50454568_10217425373096900_8360791927775297536_n.jpg","width":960,"height":720},{"@type":"BreadcrumbList","@id":"https:\/\/rotary.fi\/vanhalinna\/keita-olemme\/#breadcrumb","itemListElement":[{"@type":"ListItem","position":1,"name":"Home","item":"https:\/\/rotary.fi\/vanhalinna\/"},{"@type":"ListItem","position":2,"name":"Keit\u00e4 olemme"}]},{"@type":"WebSite","@id":"https:\/\/rotary.fi\/vanhalinna\/#website","url":"https:\/\/rotary.fi\/vanhalinna\/","name":"Lieto Vanhalinnan Rotaryklubi","description":"Uusi Rotary klubisivusto","potentialAction":[{"@type":"SearchAction","target":{"@type":"EntryPoint","urlTemplate":"https:\/\/rotary.fi\/vanhalinna\/?s={search_term_string}"},"query-input":{"@type":"PropertyValueSpecification","valueRequired":true,"valueName":"search_term_string"}}],"inLanguage":"fi"}]}},"lang":"fi","translations":{"fi":129,"en":1424},"pll_sync_post":[],"_links":{"self":[{"href":"https:\/\/rotary.fi\/vanhalinna\/wp-json\/wp\/v2\/pages\/129","targetHints":{"allow":["GET"]}}],"collection":[{"href":"https:\/\/rotary.fi\/vanhalinna\/wp-json\/wp\/v2\/pages"}],"about":[{"href":"https:\/\/rotary.fi\/vanhalinna\/wp-json\/wp\/v2\/types\/page"}],"author":[{"embeddable":true,"href":"https:\/\/rotary.fi\/vanhalinna\/wp-json\/wp\/v2\/users\/1"}],"replies":[{"embeddable":true,"href":"https:\/\/rotary.fi\/vanhalinna\/wp-json\/wp\/v2\/comments?post=129"}],"version-history":[{"count":10,"href":"https:\/\/rotary.fi\/vanhalinna\/wp-json\/wp\/v2\/pages\/129\/revisions"}],"predecessor-version":[{"id":3381,"href":"https:\/\/rotary.fi\/vanhalinna\/wp-json\/wp\/v2\/pages\/129\/revisions\/3381"}],"wp:attachment":[{"href":"https:\/\/rotary.fi\/vanhalinna\/wp-json\/wp\/v2\/media?parent=129"}],"curies":[{"name":"wp","href":"https:\/\/api.w.org\/{rel}","templated":true}]}}