{"id":156,"date":"2018-08-13T09:46:59","date_gmt":"2018-08-13T06:46:59","guid":{"rendered":"https:\/\/rotary.fi\/valkeakoskitohka\/?page_id=156"},"modified":"2019-12-30T17:26:06","modified_gmt":"2019-12-30T15:26:06","slug":"projektit","status":"publish","type":"page","link":"https:\/\/rotary.fi\/valkeakoskitohka\/mita-teemme\/projektit\/","title":{"rendered":"Projektit"},"content":{"rendered":"<p>[et_pb_section fb_built=&#8221;1&#8243; module_class=&#8221;jumbotron-page&#8221; _builder_version=&#8221;4.0.8&#8243; background_image=&#8221;https:\/\/rotary.fi\/valkeakoskitohka\/wp-content\/uploads\/sites\/123\/2019\/12\/sisacc88ilmaprojekti-kevyt.jpg&#8221;][et_pb_row _builder_version=&#8221;3.25&#8243; background_size=&#8221;initial&#8221; background_position=&#8221;top_left&#8221; background_repeat=&#8221;repeat&#8221;][et_pb_column type=&#8221;4_4&#8243; _builder_version=&#8221;3.25&#8243; custom_padding=&#8221;|||&#8221; custom_padding__hover=&#8221;|||&#8221;][et_pb_text admin_label=&#8221;P\u00e4\u00e4otsikko&#8221; _builder_version=&#8221;3.27.4&#8243; text_orientation=&#8221;center&#8221; background_layout=&#8221;dark&#8221;]<\/p>\n<h1>Projektit<\/h1>\n<p>[\/et_pb_text][\/et_pb_column][\/et_pb_row][\/et_pb_section][et_pb_section fb_built=&#8221;1&#8243; specialty=&#8221;on&#8221; module_class_2=&#8221;sivupalkki&#8221; _builder_version=&#8221;3.22&#8243;][et_pb_column type=&#8221;2_3&#8243; specialty_columns=&#8221;2&#8243; _builder_version=&#8221;3.25&#8243; custom_padding=&#8221;|||&#8221; parallax__hover=&#8221;off&#8221; parallax_method__hover=&#8221;on&#8221; custom_padding__hover=&#8221;|||&#8221;][et_pb_row_inner admin_label=&#8221;Rivi&#8221; _builder_version=&#8221;3.25&#8243;][et_pb_column_inner saved_specialty_column_type=&#8221;2_3&#8243; _builder_version=&#8221;3.25&#8243; custom_padding=&#8221;|||&#8221; parallax__hover=&#8221;off&#8221; parallax_method__hover=&#8221;on&#8221; custom_padding__hover=&#8221;|||&#8221;][et_pb_text admin_label=&#8221;Projektit &#8211; Otsikko&#8221; _builder_version=&#8221;4.0.8&#8243; text_orientation=&#8221;center&#8221;]<\/p>\n<h1>Projektit<\/h1>\n<p>[\/et_pb_text][et_pb_text _builder_version=&#8221;4.0.8&#8243;]<\/p>\n<h4><strong>CMI-projekti: konfliktinratkaisua nuorille<\/strong><\/h4>\n<h6>\u00a0<\/h6>\n<h6>Aika: 21.1.2020 klo 9-16.30<\/h6>\n<h6>Paikka: Valkeakosken koulukampus<\/h6>\n<p>&nbsp;<\/p>\n<p>[\/et_pb_text][et_pb_map _builder_version=&#8221;4.0.8&#8243; hover_enabled=&#8221;0&#8243; address=&#8221;Eurooppa&#8221; address_lat=&#8221;54.5259614&#8243; address_lng=&#8221;15.2551187&#8243; zoom_level=&#8221;4&#8243;][et_pb_map_pin title=&#8221;Valkeakosken koulukampus, Suomi&#8221; pin_address=&#8221;Valkeakoski, Suomi&#8221; pin_address_lat=&#8221;61.2711827&#8243; pin_address_lng=&#8221;24.0333266&#8243; _builder_version=&#8221;4.0.8&#8243; hover_enabled=&#8221;0&#8243;][\/et_pb_map_pin][\/et_pb_map][et_pb_text _builder_version=&#8221;4.0.8&#8243;]<\/p>\n<p>Konfliktinratkaisu ja rauhan edist\u00e4minen ovat Valkeakoski-Tohka rotaryklubin sek\u00e4 kuuden muun pirkanmaalaisen rotaryklubin \u201dPeace Broker\u201d -yhteisty\u00f6hankkeen keski\u00f6ss\u00e4. Yhdess\u00e4 presidentti <strong>Martti Ahtisaaren<\/strong> perustaman <a href=\"http:\/\/cmi.fi\/fi\/\">CMI:n<\/a> (Crisis Management Initiative) kanssa toteutettava hanke alkoi helmikuussa 2019 luentotilaisuudella Valkeakoskella. Osallistujia oli noin 260 Valkeakosken Tietotien lukiosta, H\u00e4meen ammattikorkeakoulusta ja Valkeakosken ammattiopistosta, ja opiskelijoiden palaute oli hyvin my\u00f6nteinen. Tilaisuuden j\u00e4rjestelyist\u00e4 ja kustannuksista vastasi Valkeakoski-Tohka rotaryklubi yhdess\u00e4 Valkeakosken rotaryklubin ja oppilaitosten kanssa.<\/p>\n<p>Hankkeen toinen vaihe on <strong>Peace Broker<\/strong> -seminaari. T\u00e4m\u00e4 <strong>21.1.2020<\/strong> j\u00e4rjestett\u00e4v\u00e4 konfliktinratkaisun ja rauhanedist\u00e4misen seminaari on tarkoitettu 30-40:lle aiheesta kiinnostuneelle 16\u201321-vuotiaalle opiskelijalle Valkeakosken, Akaan, Lemp\u00e4\u00e4l\u00e4n ja Tampereen oppilaitoksista. CMI valmistelee ja organisoi luennot ja ryhm\u00e4ty\u00f6t Valkeakosken koulukampuksella j\u00e4rjest\u00f6n vuotuisten <a href=\"http:\/\/ahtisaaripaiva.fi\/#sovinnon-asialla\">Ahtisaari-p\u00e4ivien<\/a> malliin yhteisty\u00f6ss\u00e4 rotarien ja valkeakoskelaisen kouluyhteis\u00f6n kanssa. CMI:n nuoret rauhanl\u00e4hettil\u00e4\u00e4t, niin sanotut <a href=\"http:\/\/ahtisaaripaiva.fi\/lennonit\/\">Lennonit<\/a> ovat mukana koulutuksessa, ja ryhm\u00e4ty\u00f6t vedet\u00e4\u00e4n ainakin osittain englannin kielell\u00e4.<\/p>\n<p>Seminaarin p\u00e4\u00e4j\u00e4rjest\u00e4j\u00e4n\u00e4 toimii Valkeakoski-Tohka Rotaryklubi. Muut hankkeeseen osallistuvat klubit ovat Valkeakosken Rotaryklubi, Akaan Rotaryklubi, Toijala-Akaa Rotaryklubi, Lemp\u00e4\u00e4l\u00e4-Havas Rotaryklubi, Tampereen Rotaryklubi-Tammerfors Rotaryklubb ja Tammer Novan Rotaryklubi. Niin Tohka-vetoinen hanke kuin onkin, kyse on siis koko seutukunnan rotarien ja tukijoiden yhteisponnistuksesta.<\/p>\n<p>Seminaarin aikaansaamiseksi Valkeakoski-Tohka rotaryklubi on j\u00e4rjest\u00e4nyt kampanjan, jonka tuloksena t\u00e4h\u00e4n menness\u00e4 13 lahjoittajaa on varmistanut seminaarin toteutumisen. Lahjoittajat ovat:<\/p>\n<ul>\n<li><a href=\"https:\/\/www.saastopankki.fi\/fi-fi\/pankit-ja-konttorit\/aito-saastopankki\/aito-saastopankin-konttorit\/aito-saastopankki-valkeakoski\">Aito S\u00e4\u00e4st\u00f6pankki Valkeakoski<\/a><\/li>\n<li><a href=\"http:\/\/hakafood.fi\/\">Hakafood Oy<\/a><\/li>\n<li><a href=\"https:\/\/www.hypap.fi\/\">Hypap Oy<\/a><\/li>\n<li><a href=\"https:\/\/www.innotiimi-icg.fi\/?gclid=EAIaIQobChMI5pPt67Pd5gIVAeWaCh0RhQhDEAAYASAAEgKnrfD_BwE\">Innotiimi-ICG<\/a><\/li>\n<li><a href=\"https:\/\/www.k-ruoka.fi\/kauppa\/k-citymarket-valkeakoski\">K-Citymarket Valkeakoski<\/a><\/li>\n<li><a href=\"https:\/\/www.k-ruoka.fi\/kauppa\/k-supermarket-ratina\">K-Supermarket Ratina<\/a><\/li>\n<li><a href=\"https:\/\/www.koskikaranapteekki.fi\/\">Koskikaran Apteekki<\/a><\/li>\n<li><a href=\"http:\/\/www.lempaalankeskusapteekki.fi\/?gclid=EAIaIQobChMIt_vDrLTd5gIVyuWaCh2-pg1HEAAYASAAEgI0aPD_BwE\">Lemp\u00e4\u00e4l\u00e4n Keskus Apteekki<\/a><\/li>\n<li><a href=\"https:\/\/www.mallaspidot.fi\/\">Mallas-Pidot Oy<\/a><\/li>\n<li><a href=\"https:\/\/www.megatrex.com\/\">Megatrex Oy<\/a><\/li>\n<li>Mustion Media Oy<\/li>\n<li><a href=\"https:\/\/www.s-kanava.fi\/web\/pirkanmaa\/etusivu\">Pirkanmaan Osuuskauppa<\/a><\/li>\n<li><a href=\"https:\/\/valkeakoskenenergia.fi\/?gclid=EAIaIQobChMInPjE2LTd5gIVSamaCh3iCQ-7EAAYASAAEgJtn_D_BwE\">Valkeakosken Energia Oy<\/a><\/li>\n<\/ul>\n<p>Mainituille lahjoittajille luovutettiin CMI:n ja rotarien kunniakirja Valkeakoskella 21.10.2019 j\u00e4rjestetyss\u00e4 lounastilaisuudessa, jossa paikalla oli my\u00f6s CMI:n johtoa.<\/p>\n<p>[\/et_pb_text][\/et_pb_column_inner][\/et_pb_row_inner][et_pb_row_inner column_structure=&#8221;1_2,1_2&#8243; _builder_version=&#8221;4.0.8&#8243;][et_pb_column_inner type=&#8221;1_2&#8243; saved_specialty_column_type=&#8221;2_3&#8243; _builder_version=&#8221;4.0.8&#8243;][et_pb_image src=&#8221;https:\/\/rotary.fi\/valkeakoskitohka\/wp-content\/uploads\/sites\/123\/2019\/12\/alustava-ohjelma-kopio.jpg&#8221; _builder_version=&#8221;4.0.8&#8243;][\/et_pb_image][\/et_pb_column_inner][et_pb_column_inner type=&#8221;1_2&#8243; saved_specialty_column_type=&#8221;2_3&#8243; _builder_version=&#8221;4.0.8&#8243;][et_pb_image src=&#8221;https:\/\/rotary.fi\/valkeakoskitohka\/wp-content\/uploads\/sites\/123\/2019\/12\/logot-cmi-kopio.jpg&#8221; _builder_version=&#8221;4.0.8&#8243;][\/et_pb_image][\/et_pb_column_inner][\/et_pb_row_inner][\/et_pb_column][et_pb_column type=&#8221;1_3&#8243; module_class=&#8221;sivupalkki&#8221; _builder_version=&#8221;3.25&#8243; custom_padding=&#8221;|||&#8221; parallax__hover=&#8221;off&#8221; parallax_method__hover=&#8221;on&#8221; module_class__hover=&#8221;sivupalkki&#8221; custom_padding__hover=&#8221;|||&#8221;][et_pb_sidebar area=&#8221;sidebar-1&#8243; module_class=&#8221;sivupalkki_sisalto&#8221; _builder_version=&#8221;3.4.1&#8243; locked=&#8221;on&#8221;][\/et_pb_sidebar][\/et_pb_column][\/et_pb_section]<\/p>\n","protected":false},"excerpt":{"rendered":"<p>Projektit Projektit CMI-projekti: konfliktinratkaisua nuorille \u00a0 Aika: 21.1.2020 klo 9-16.30 Paikka: Valkeakosken koulukampus &nbsp;Konfliktinratkaisu ja rauhan edist\u00e4minen ovat Valkeakoski-Tohka rotaryklubin sek\u00e4 kuuden muun pirkanmaalaisen rotaryklubin \u201dPeace Broker\u201d -yhteisty\u00f6hankkeen keski\u00f6ss\u00e4. Yhdess\u00e4 presidentti Martti Ahtisaaren perustaman CMI:n (Crisis Management Initiative) kanssa toteutettava hanke alkoi helmikuussa 2019 luentotilaisuudella Valkeakoskella. Osallistujia oli noin 260 Valkeakosken Tietotien lukiosta, H\u00e4meen ammattikorkeakoulusta [&hellip;]<\/p>\n","protected":false},"author":1,"featured_media":0,"parent":77,"menu_order":0,"comment_status":"closed","ping_status":"closed","template":"","meta":{"_acf_changed":false,"_et_pb_use_builder":"on","_et_pb_old_content":"","_et_gb_content_width":"","footnotes":""},"class_list":["post-156","page","type-page","status-publish","hentry"],"acf":[],"yoast_head":"<!-- This site is optimized with the Yoast SEO plugin v27.4 - https:\/\/yoast.com\/product\/yoast-seo-wordpress\/ -->\n<title>Projektit - Valkeakoski-Tohka<\/title>\n<meta name=\"robots\" content=\"index, follow, max-snippet:-1, max-image-preview:large, max-video-preview:-1\" \/>\n<link rel=\"canonical\" href=\"https:\/\/rotary.fi\/valkeakoskitohka\/mita-teemme\/projektit\/\" \/>\n<meta property=\"og:locale\" content=\"fi_FI\" \/>\n<meta property=\"og:type\" content=\"article\" \/>\n<meta property=\"og:title\" content=\"Projektit - Valkeakoski-Tohka\" \/>\n<meta property=\"og:description\" content=\"Projektit Projektit CMI-projekti: konfliktinratkaisua nuorille \u00a0 Aika: 21.1.2020 klo 9-16.30 Paikka: Valkeakosken koulukampus &nbsp;Konfliktinratkaisu ja rauhan edist\u00e4minen ovat Valkeakoski-Tohka rotaryklubin sek\u00e4 kuuden muun pirkanmaalaisen rotaryklubin \u201dPeace Broker\u201d -yhteisty\u00f6hankkeen keski\u00f6ss\u00e4. Yhdess\u00e4 presidentti Martti Ahtisaaren perustaman CMI:n (Crisis Management Initiative) kanssa toteutettava hanke alkoi helmikuussa 2019 luentotilaisuudella Valkeakoskella. Osallistujia oli noin 260 Valkeakosken Tietotien lukiosta, H\u00e4meen ammattikorkeakoulusta [&hellip;]\" \/>\n<meta property=\"og:url\" content=\"https:\/\/rotary.fi\/valkeakoskitohka\/mita-teemme\/projektit\/\" \/>\n<meta property=\"og:site_name\" content=\"Valkeakoski-Tohka\" \/>\n<meta property=\"article:modified_time\" content=\"2019-12-30T15:26:06+00:00\" \/>\n<meta name=\"twitter:card\" content=\"summary_large_image\" \/>\n<meta name=\"twitter:label1\" content=\"Arvioitu lukuaika\" \/>\n\t<meta name=\"twitter:data1\" content=\"3 minuuttia\" \/>\n<script type=\"application\/ld+json\" class=\"yoast-schema-graph\">{\"@context\":\"https:\\\/\\\/schema.org\",\"@graph\":[{\"@type\":\"WebPage\",\"@id\":\"https:\\\/\\\/rotary.fi\\\/valkeakoskitohka\\\/mita-teemme\\\/projektit\\\/\",\"url\":\"https:\\\/\\\/rotary.fi\\\/valkeakoskitohka\\\/mita-teemme\\\/projektit\\\/\",\"name\":\"Projektit - Valkeakoski-Tohka\",\"isPartOf\":{\"@id\":\"https:\\\/\\\/rotary.fi\\\/valkeakoskitohka\\\/#website\"},\"datePublished\":\"2018-08-13T06:46:59+00:00\",\"dateModified\":\"2019-12-30T15:26:06+00:00\",\"breadcrumb\":{\"@id\":\"https:\\\/\\\/rotary.fi\\\/valkeakoskitohka\\\/mita-teemme\\\/projektit\\\/#breadcrumb\"},\"inLanguage\":\"fi\",\"potentialAction\":[{\"@type\":\"ReadAction\",\"target\":[\"https:\\\/\\\/rotary.fi\\\/valkeakoskitohka\\\/mita-teemme\\\/projektit\\\/\"]}]},{\"@type\":\"BreadcrumbList\",\"@id\":\"https:\\\/\\\/rotary.fi\\\/valkeakoskitohka\\\/mita-teemme\\\/projektit\\\/#breadcrumb\",\"itemListElement\":[{\"@type\":\"ListItem\",\"position\":1,\"name\":\"Home\",\"item\":\"https:\\\/\\\/rotary.fi\\\/valkeakoskitohka\\\/\"},{\"@type\":\"ListItem\",\"position\":2,\"name\":\"Mit\u00e4 teemme\",\"item\":\"https:\\\/\\\/rotary.fi\\\/valkeakoskitohka\\\/mita-teemme\\\/\"},{\"@type\":\"ListItem\",\"position\":3,\"name\":\"Projektit\"}]},{\"@type\":\"WebSite\",\"@id\":\"https:\\\/\\\/rotary.fi\\\/valkeakoskitohka\\\/#website\",\"url\":\"https:\\\/\\\/rotary.fi\\\/valkeakoskitohka\\\/\",\"name\":\"Valkeakoski-Tohka\",\"description\":\"Uusi Rotary klubisivusto\",\"potentialAction\":[{\"@type\":\"SearchAction\",\"target\":{\"@type\":\"EntryPoint\",\"urlTemplate\":\"https:\\\/\\\/rotary.fi\\\/valkeakoskitohka\\\/?s={search_term_string}\"},\"query-input\":{\"@type\":\"PropertyValueSpecification\",\"valueRequired\":true,\"valueName\":\"search_term_string\"}}],\"inLanguage\":\"fi\"}]}<\/script>\n<!-- \/ Yoast SEO plugin. -->","yoast_head_json":{"title":"Projektit - Valkeakoski-Tohka","robots":{"index":"index","follow":"follow","max-snippet":"max-snippet:-1","max-image-preview":"max-image-preview:large","max-video-preview":"max-video-preview:-1"},"canonical":"https:\/\/rotary.fi\/valkeakoskitohka\/mita-teemme\/projektit\/","og_locale":"fi_FI","og_type":"article","og_title":"Projektit - Valkeakoski-Tohka","og_description":"Projektit Projektit CMI-projekti: konfliktinratkaisua nuorille \u00a0 Aika: 21.1.2020 klo 9-16.30 Paikka: Valkeakosken koulukampus &nbsp;Konfliktinratkaisu ja rauhan edist\u00e4minen ovat Valkeakoski-Tohka rotaryklubin sek\u00e4 kuuden muun pirkanmaalaisen rotaryklubin \u201dPeace Broker\u201d -yhteisty\u00f6hankkeen keski\u00f6ss\u00e4. Yhdess\u00e4 presidentti Martti Ahtisaaren perustaman CMI:n (Crisis Management Initiative) kanssa toteutettava hanke alkoi helmikuussa 2019 luentotilaisuudella Valkeakoskella. Osallistujia oli noin 260 Valkeakosken Tietotien lukiosta, H\u00e4meen ammattikorkeakoulusta [&hellip;]","og_url":"https:\/\/rotary.fi\/valkeakoskitohka\/mita-teemme\/projektit\/","og_site_name":"Valkeakoski-Tohka","article_modified_time":"2019-12-30T15:26:06+00:00","twitter_card":"summary_large_image","twitter_misc":{"Arvioitu lukuaika":"3 minuuttia"},"schema":{"@context":"https:\/\/schema.org","@graph":[{"@type":"WebPage","@id":"https:\/\/rotary.fi\/valkeakoskitohka\/mita-teemme\/projektit\/","url":"https:\/\/rotary.fi\/valkeakoskitohka\/mita-teemme\/projektit\/","name":"Projektit - Valkeakoski-Tohka","isPartOf":{"@id":"https:\/\/rotary.fi\/valkeakoskitohka\/#website"},"datePublished":"2018-08-13T06:46:59+00:00","dateModified":"2019-12-30T15:26:06+00:00","breadcrumb":{"@id":"https:\/\/rotary.fi\/valkeakoskitohka\/mita-teemme\/projektit\/#breadcrumb"},"inLanguage":"fi","potentialAction":[{"@type":"ReadAction","target":["https:\/\/rotary.fi\/valkeakoskitohka\/mita-teemme\/projektit\/"]}]},{"@type":"BreadcrumbList","@id":"https:\/\/rotary.fi\/valkeakoskitohka\/mita-teemme\/projektit\/#breadcrumb","itemListElement":[{"@type":"ListItem","position":1,"name":"Home","item":"https:\/\/rotary.fi\/valkeakoskitohka\/"},{"@type":"ListItem","position":2,"name":"Mit\u00e4 teemme","item":"https:\/\/rotary.fi\/valkeakoskitohka\/mita-teemme\/"},{"@type":"ListItem","position":3,"name":"Projektit"}]},{"@type":"WebSite","@id":"https:\/\/rotary.fi\/valkeakoskitohka\/#website","url":"https:\/\/rotary.fi\/valkeakoskitohka\/","name":"Valkeakoski-Tohka","description":"Uusi Rotary klubisivusto","potentialAction":[{"@type":"SearchAction","target":{"@type":"EntryPoint","urlTemplate":"https:\/\/rotary.fi\/valkeakoskitohka\/?s={search_term_string}"},"query-input":{"@type":"PropertyValueSpecification","valueRequired":true,"valueName":"search_term_string"}}],"inLanguage":"fi"}]}},"lang":"fi","translations":{"fi":156,"en":1451},"pll_sync_post":[],"_links":{"self":[{"href":"https:\/\/rotary.fi\/valkeakoskitohka\/wp-json\/wp\/v2\/pages\/156","targetHints":{"allow":["GET"]}}],"collection":[{"href":"https:\/\/rotary.fi\/valkeakoskitohka\/wp-json\/wp\/v2\/pages"}],"about":[{"href":"https:\/\/rotary.fi\/valkeakoskitohka\/wp-json\/wp\/v2\/types\/page"}],"author":[{"embeddable":true,"href":"https:\/\/rotary.fi\/valkeakoskitohka\/wp-json\/wp\/v2\/users\/1"}],"replies":[{"embeddable":true,"href":"https:\/\/rotary.fi\/valkeakoskitohka\/wp-json\/wp\/v2\/comments?post=156"}],"version-history":[{"count":13,"href":"https:\/\/rotary.fi\/valkeakoskitohka\/wp-json\/wp\/v2\/pages\/156\/revisions"}],"predecessor-version":[{"id":1834,"href":"https:\/\/rotary.fi\/valkeakoskitohka\/wp-json\/wp\/v2\/pages\/156\/revisions\/1834"}],"up":[{"embeddable":true,"href":"https:\/\/rotary.fi\/valkeakoskitohka\/wp-json\/wp\/v2\/pages\/77"}],"wp:attachment":[{"href":"https:\/\/rotary.fi\/valkeakoskitohka\/wp-json\/wp\/v2\/media?parent=156"}],"curies":[{"name":"wp","href":"https:\/\/api.w.org\/{rel}","templated":true}]}}