{"id":2424,"date":"2025-07-19T12:59:31","date_gmt":"2025-07-19T09:59:31","guid":{"rendered":"https:\/\/rotary.fi\/uusikaupunki\/?page_id=2424"},"modified":"2025-07-19T12:59:35","modified_gmt":"2025-07-19T09:59:35","slug":"bosnia-projekti","status":"publish","type":"page","link":"https:\/\/rotary.fi\/uusikaupunki\/mita-teemme\/varainhankinta-ja-lahjoitukset\/bosnia-projekti\/","title":{"rendered":"Bosnia projekti"},"content":{"rendered":"<p>[et_pb_section fb_built=&#8221;1&#8243; module_class=&#8221;jumbotron-page&#8221; _builder_version=&#8221;4.16&#8243; background_image=&#8221;https:\/\/rotary.fi\/uusikaupunki\/wp-content\/uploads\/sites\/84\/2018\/10\/rotary_klubit_alasivu_paakuva_11.jpg&#8221; global_colors_info=&#8221;{}&#8221;][et_pb_row _builder_version=&#8221;4.16&#8243; background_size=&#8221;initial&#8221; background_position=&#8221;top_left&#8221; background_repeat=&#8221;repeat&#8221; global_colors_info=&#8221;{}&#8221;][et_pb_column type=&#8221;4_4&#8243; _builder_version=&#8221;4.16&#8243; custom_padding=&#8221;|||&#8221; global_colors_info=&#8221;{}&#8221; custom_padding__hover=&#8221;|||&#8221;][et_pb_text admin_label=&#8221;P\u00e4\u00e4otsikko&#8221; _builder_version=&#8221;4.16&#8243; text_orientation=&#8221;center&#8221; background_layout=&#8221;dark&#8221; global_colors_info=&#8221;{}&#8221;]<\/p>\n<h1>Varainhankinta ja lahjoitukset<\/h1>\n<p>[\/et_pb_text][\/et_pb_column][\/et_pb_row][\/et_pb_section][et_pb_section fb_built=&#8221;1&#8243; specialty=&#8221;on&#8221; module_class_2=&#8221;sivupalkki&#8221; _builder_version=&#8221;4.16&#8243; global_colors_info=&#8221;{}&#8221;][et_pb_column type=&#8221;2_3&#8243; specialty_columns=&#8221;2&#8243; _builder_version=&#8221;4.16&#8243; custom_padding=&#8221;|||&#8221; global_colors_info=&#8221;{}&#8221; custom_padding__hover=&#8221;|||&#8221;][et_pb_row_inner admin_label=&#8221;Rivi&#8221; _builder_version=&#8221;4.16&#8243; global_colors_info=&#8221;{}&#8221;][et_pb_column_inner saved_specialty_column_type=&#8221;2_3&#8243; _builder_version=&#8221;4.16&#8243; custom_padding=&#8221;|||&#8221; global_colors_info=&#8221;{}&#8221; custom_padding__hover=&#8221;|||&#8221;][et_pb_text admin_label=&#8221;Varainhankinta ja lahjoitukset &#8211; Otsikko&#8221; _builder_version=&#8221;4.27.4&#8243; text_orientation=&#8221;center&#8221; hover_enabled=&#8221;0&#8243; global_colors_info=&#8221;{}&#8221; sticky_enabled=&#8221;0&#8243;]<\/p>\n<h1>Bosnia -projekti<\/h1>\n<p>[\/et_pb_text][et_pb_text _builder_version=&#8221;4.27.4&#8243; hover_enabled=&#8221;0&#8243; global_colors_info=&#8221;{}&#8221; sticky_enabled=&#8221;0&#8243;]<\/p>\n<p>Bosnia-Hertsegovina on yksi maa, jossa kaksi valtiota ja kolme kansalaisuutta. Bosnia-Hertsegovinan poliittisesta j\u00e4rjestelm\u00e4st\u00e4 sovittiin vuonna 1995 Daytonin rauhansopimuksessa. Maa koostuu kahdesta poliittisesta kokonaisuudesta, Bosnia-Hertsegovinan federaatiosta (51 prosenttia maasta) ja Bosnian serbitasavallasta (49 prosenttia).<\/p>\n<p><img loading=\"lazy\" decoding=\"async\" class=\"size-full wp-image-1598 aligncenter\" src=\"https:\/\/rotary.fi\/uusikaupunki\/wp-content\/uploads\/sites\/84\/2019\/02\/kuva111.jpg\" alt=\"\" width=\"550\" height=\"842\" srcset=\"https:\/\/rotary.fi\/uusikaupunki\/wp-content\/uploads\/sites\/84\/2019\/02\/kuva111.jpg 550w, https:\/\/rotary.fi\/uusikaupunki\/wp-content\/uploads\/sites\/84\/2019\/02\/kuva111-196x300.jpg 196w\" sizes=\"(max-width: 550px) 100vw, 550px\" \/><\/p>\n<p><img loading=\"lazy\" decoding=\"async\" class=\"size-full wp-image-1599 aligncenter\" src=\"https:\/\/rotary.fi\/uusikaupunki\/wp-content\/uploads\/sites\/84\/2019\/02\/kuva110.jpg\" alt=\"\" width=\"533\" height=\"819\" srcset=\"https:\/\/rotary.fi\/uusikaupunki\/wp-content\/uploads\/sites\/84\/2019\/02\/kuva110.jpg 533w, https:\/\/rotary.fi\/uusikaupunki\/wp-content\/uploads\/sites\/84\/2019\/02\/kuva110-195x300.jpg 195w\" sizes=\"(max-width: 533px) 100vw, 533px\" \/><\/p>\n<p>Maatalousprojektiin osallistuivat seuraavat Rotaryklubit:<\/p>\n<p>&#8211; Laitila, Meri-Naantali, Myn\u00e4m\u00e4ki, Raisio, Turku-Kupittaa, Uskela, Uusikaupunki, Uusikaupunki-Ruokola, Vehmaa ja yksityishenkil\u00f6n\u00e4 Lauri V\u00e4\u00e4tt\u00e4nen Helsinki T\u00f6\u00f6l\u00f6n Rotaryklubista.<\/p>\n<p>Kaudella 2017-2018 ja 2018-2019 klubimme on tukenut Bosnian Banoviciin opiskelijoita antamallaan lahjoituksella koulutarvikkeisiin.<\/p>\n<p>[\/et_pb_text][\/et_pb_column_inner][\/et_pb_row_inner][\/et_pb_column][et_pb_column type=&#8221;1_3&#8243; _builder_version=&#8221;4.16&#8243; custom_padding=&#8221;|||&#8221; global_colors_info=&#8221;{}&#8221; custom_padding__hover=&#8221;|||&#8221;][et_pb_sidebar area=&#8221;sidebar-1&#8243; module_class=&#8221;sivupalkki_sisalto&#8221; _builder_version=&#8221;4.16&#8243; locked=&#8221;on&#8221; global_colors_info=&#8221;{}&#8221;] [\/et_pb_sidebar][\/et_pb_column][\/et_pb_section]<\/p>\n","protected":false},"excerpt":{"rendered":"<p>Varainhankinta ja lahjoituksetBosnia -projektiBosnia-Hertsegovina on yksi maa, jossa kaksi valtiota ja kolme kansalaisuutta. Bosnia-Hertsegovinan poliittisesta j\u00e4rjestelm\u00e4st\u00e4 sovittiin vuonna 1995 Daytonin rauhansopimuksessa. Maa koostuu kahdesta poliittisesta kokonaisuudesta, Bosnia-Hertsegovinan federaatiosta (51 prosenttia maasta) ja Bosnian serbitasavallasta (49 prosenttia). Maatalousprojektiin osallistuivat seuraavat Rotaryklubit: &#8211; Laitila, Meri-Naantali, Myn\u00e4m\u00e4ki, Raisio, Turku-Kupittaa, Uskela, Uusikaupunki, Uusikaupunki-Ruokola, Vehmaa ja yksityishenkil\u00f6n\u00e4 Lauri V\u00e4\u00e4tt\u00e4nen Helsinki [&hellip;]<\/p>\n","protected":false},"author":96,"featured_media":0,"parent":158,"menu_order":0,"comment_status":"closed","ping_status":"closed","template":"","meta":{"_acf_changed":false,"_et_pb_use_builder":"on","_et_pb_old_content":"","_et_gb_content_width":"","footnotes":""},"class_list":["post-2424","page","type-page","status-publish","hentry"],"acf":[],"yoast_head":"<!-- This site is optimized with the Yoast SEO plugin v27.0 - https:\/\/yoast.com\/product\/yoast-seo-wordpress\/ -->\n<title>Bosnia projekti - Uudenkaupungin Rotaryklubi<\/title>\n<meta name=\"robots\" content=\"index, follow, max-snippet:-1, max-image-preview:large, max-video-preview:-1\" \/>\n<link rel=\"canonical\" href=\"https:\/\/rotary.fi\/uusikaupunki\/mita-teemme\/varainhankinta-ja-lahjoitukset\/bosnia-projekti\/\" \/>\n<meta property=\"og:locale\" content=\"fi_FI\" \/>\n<meta property=\"og:type\" content=\"article\" \/>\n<meta property=\"og:title\" content=\"Bosnia projekti - Uudenkaupungin Rotaryklubi\" \/>\n<meta property=\"og:description\" content=\"Varainhankinta ja lahjoituksetBosnia -projektiBosnia-Hertsegovina on yksi maa, jossa kaksi valtiota ja kolme kansalaisuutta. Bosnia-Hertsegovinan poliittisesta j\u00e4rjestelm\u00e4st\u00e4 sovittiin vuonna 1995 Daytonin rauhansopimuksessa. Maa koostuu kahdesta poliittisesta kokonaisuudesta, Bosnia-Hertsegovinan federaatiosta (51 prosenttia maasta) ja Bosnian serbitasavallasta (49 prosenttia). Maatalousprojektiin osallistuivat seuraavat Rotaryklubit: - Laitila, Meri-Naantali, Myn\u00e4m\u00e4ki, Raisio, Turku-Kupittaa, Uskela, Uusikaupunki, Uusikaupunki-Ruokola, Vehmaa ja yksityishenkil\u00f6n\u00e4 Lauri V\u00e4\u00e4tt\u00e4nen Helsinki [&hellip;]\" \/>\n<meta property=\"og:url\" content=\"https:\/\/rotary.fi\/uusikaupunki\/mita-teemme\/varainhankinta-ja-lahjoitukset\/bosnia-projekti\/\" \/>\n<meta property=\"og:site_name\" content=\"Uudenkaupungin Rotaryklubi\" \/>\n<meta property=\"article:modified_time\" content=\"2025-07-19T09:59:35+00:00\" \/>\n<meta property=\"og:image\" content=\"https:\/\/rotary.fi\/uusikaupunki\/wp-content\/uploads\/sites\/84\/2019\/02\/kuva111.jpg\" \/>\n\t<meta property=\"og:image:width\" content=\"550\" \/>\n\t<meta property=\"og:image:height\" content=\"842\" \/>\n\t<meta property=\"og:image:type\" content=\"image\/jpeg\" \/>\n<meta name=\"twitter:card\" content=\"summary_large_image\" \/>\n<meta name=\"twitter:label1\" content=\"Arvioitu lukuaika\" \/>\n\t<meta name=\"twitter:data1\" content=\"2 minuuttia\" \/>\n<script type=\"application\/ld+json\" class=\"yoast-schema-graph\">{\"@context\":\"https:\/\/schema.org\",\"@graph\":[{\"@type\":\"WebPage\",\"@id\":\"https:\/\/rotary.fi\/uusikaupunki\/mita-teemme\/varainhankinta-ja-lahjoitukset\/bosnia-projekti\/\",\"url\":\"https:\/\/rotary.fi\/uusikaupunki\/mita-teemme\/varainhankinta-ja-lahjoitukset\/bosnia-projekti\/\",\"name\":\"Bosnia projekti - Uudenkaupungin Rotaryklubi\",\"isPartOf\":{\"@id\":\"https:\/\/rotary.fi\/uusikaupunki\/#website\"},\"primaryImageOfPage\":{\"@id\":\"https:\/\/rotary.fi\/uusikaupunki\/mita-teemme\/varainhankinta-ja-lahjoitukset\/bosnia-projekti\/#primaryimage\"},\"image\":{\"@id\":\"https:\/\/rotary.fi\/uusikaupunki\/mita-teemme\/varainhankinta-ja-lahjoitukset\/bosnia-projekti\/#primaryimage\"},\"thumbnailUrl\":\"https:\/\/rotary.fi\/uusikaupunki\/wp-content\/uploads\/sites\/84\/2019\/02\/kuva111.jpg\",\"datePublished\":\"2025-07-19T09:59:31+00:00\",\"dateModified\":\"2025-07-19T09:59:35+00:00\",\"breadcrumb\":{\"@id\":\"https:\/\/rotary.fi\/uusikaupunki\/mita-teemme\/varainhankinta-ja-lahjoitukset\/bosnia-projekti\/#breadcrumb\"},\"inLanguage\":\"fi\",\"potentialAction\":[{\"@type\":\"ReadAction\",\"target\":[\"https:\/\/rotary.fi\/uusikaupunki\/mita-teemme\/varainhankinta-ja-lahjoitukset\/bosnia-projekti\/\"]}]},{\"@type\":\"ImageObject\",\"inLanguage\":\"fi\",\"@id\":\"https:\/\/rotary.fi\/uusikaupunki\/mita-teemme\/varainhankinta-ja-lahjoitukset\/bosnia-projekti\/#primaryimage\",\"url\":\"https:\/\/rotary.fi\/uusikaupunki\/wp-content\/uploads\/sites\/84\/2019\/02\/kuva111.jpg\",\"contentUrl\":\"https:\/\/rotary.fi\/uusikaupunki\/wp-content\/uploads\/sites\/84\/2019\/02\/kuva111.jpg\",\"width\":550,\"height\":842},{\"@type\":\"BreadcrumbList\",\"@id\":\"https:\/\/rotary.fi\/uusikaupunki\/mita-teemme\/varainhankinta-ja-lahjoitukset\/bosnia-projekti\/#breadcrumb\",\"itemListElement\":[{\"@type\":\"ListItem\",\"position\":1,\"name\":\"Home\",\"item\":\"https:\/\/rotary.fi\/uusikaupunki\/\"},{\"@type\":\"ListItem\",\"position\":2,\"name\":\"Mit\u00e4 teemme\",\"item\":\"https:\/\/rotary.fi\/uusikaupunki\/mita-teemme\/\"},{\"@type\":\"ListItem\",\"position\":3,\"name\":\"Varainhankinta ja lahjoitukset\",\"item\":\"https:\/\/rotary.fi\/uusikaupunki\/mita-teemme\/varainhankinta-ja-lahjoitukset\/\"},{\"@type\":\"ListItem\",\"position\":4,\"name\":\"Bosnia projekti\"}]},{\"@type\":\"WebSite\",\"@id\":\"https:\/\/rotary.fi\/uusikaupunki\/#website\",\"url\":\"https:\/\/rotary.fi\/uusikaupunki\/\",\"name\":\"Uudenkaupungin Rotaryklubi\",\"description\":\"Uusi Rotary klubisivusto\",\"potentialAction\":[{\"@type\":\"SearchAction\",\"target\":{\"@type\":\"EntryPoint\",\"urlTemplate\":\"https:\/\/rotary.fi\/uusikaupunki\/?s={search_term_string}\"},\"query-input\":{\"@type\":\"PropertyValueSpecification\",\"valueRequired\":true,\"valueName\":\"search_term_string\"}}],\"inLanguage\":\"fi\"}]}<\/script>\n<!-- \/ Yoast SEO plugin. -->","yoast_head_json":{"title":"Bosnia projekti - Uudenkaupungin Rotaryklubi","robots":{"index":"index","follow":"follow","max-snippet":"max-snippet:-1","max-image-preview":"max-image-preview:large","max-video-preview":"max-video-preview:-1"},"canonical":"https:\/\/rotary.fi\/uusikaupunki\/mita-teemme\/varainhankinta-ja-lahjoitukset\/bosnia-projekti\/","og_locale":"fi_FI","og_type":"article","og_title":"Bosnia projekti - Uudenkaupungin Rotaryklubi","og_description":"Varainhankinta ja lahjoituksetBosnia -projektiBosnia-Hertsegovina on yksi maa, jossa kaksi valtiota ja kolme kansalaisuutta. Bosnia-Hertsegovinan poliittisesta j\u00e4rjestelm\u00e4st\u00e4 sovittiin vuonna 1995 Daytonin rauhansopimuksessa. Maa koostuu kahdesta poliittisesta kokonaisuudesta, Bosnia-Hertsegovinan federaatiosta (51 prosenttia maasta) ja Bosnian serbitasavallasta (49 prosenttia). Maatalousprojektiin osallistuivat seuraavat Rotaryklubit: - Laitila, Meri-Naantali, Myn\u00e4m\u00e4ki, Raisio, Turku-Kupittaa, Uskela, Uusikaupunki, Uusikaupunki-Ruokola, Vehmaa ja yksityishenkil\u00f6n\u00e4 Lauri V\u00e4\u00e4tt\u00e4nen Helsinki [&hellip;]","og_url":"https:\/\/rotary.fi\/uusikaupunki\/mita-teemme\/varainhankinta-ja-lahjoitukset\/bosnia-projekti\/","og_site_name":"Uudenkaupungin Rotaryklubi","article_modified_time":"2025-07-19T09:59:35+00:00","og_image":[{"width":550,"height":842,"url":"https:\/\/rotary.fi\/uusikaupunki\/wp-content\/uploads\/sites\/84\/2019\/02\/kuva111.jpg","type":"image\/jpeg"}],"twitter_card":"summary_large_image","twitter_misc":{"Arvioitu lukuaika":"2 minuuttia"},"schema":{"@context":"https:\/\/schema.org","@graph":[{"@type":"WebPage","@id":"https:\/\/rotary.fi\/uusikaupunki\/mita-teemme\/varainhankinta-ja-lahjoitukset\/bosnia-projekti\/","url":"https:\/\/rotary.fi\/uusikaupunki\/mita-teemme\/varainhankinta-ja-lahjoitukset\/bosnia-projekti\/","name":"Bosnia projekti - Uudenkaupungin Rotaryklubi","isPartOf":{"@id":"https:\/\/rotary.fi\/uusikaupunki\/#website"},"primaryImageOfPage":{"@id":"https:\/\/rotary.fi\/uusikaupunki\/mita-teemme\/varainhankinta-ja-lahjoitukset\/bosnia-projekti\/#primaryimage"},"image":{"@id":"https:\/\/rotary.fi\/uusikaupunki\/mita-teemme\/varainhankinta-ja-lahjoitukset\/bosnia-projekti\/#primaryimage"},"thumbnailUrl":"https:\/\/rotary.fi\/uusikaupunki\/wp-content\/uploads\/sites\/84\/2019\/02\/kuva111.jpg","datePublished":"2025-07-19T09:59:31+00:00","dateModified":"2025-07-19T09:59:35+00:00","breadcrumb":{"@id":"https:\/\/rotary.fi\/uusikaupunki\/mita-teemme\/varainhankinta-ja-lahjoitukset\/bosnia-projekti\/#breadcrumb"},"inLanguage":"fi","potentialAction":[{"@type":"ReadAction","target":["https:\/\/rotary.fi\/uusikaupunki\/mita-teemme\/varainhankinta-ja-lahjoitukset\/bosnia-projekti\/"]}]},{"@type":"ImageObject","inLanguage":"fi","@id":"https:\/\/rotary.fi\/uusikaupunki\/mita-teemme\/varainhankinta-ja-lahjoitukset\/bosnia-projekti\/#primaryimage","url":"https:\/\/rotary.fi\/uusikaupunki\/wp-content\/uploads\/sites\/84\/2019\/02\/kuva111.jpg","contentUrl":"https:\/\/rotary.fi\/uusikaupunki\/wp-content\/uploads\/sites\/84\/2019\/02\/kuva111.jpg","width":550,"height":842},{"@type":"BreadcrumbList","@id":"https:\/\/rotary.fi\/uusikaupunki\/mita-teemme\/varainhankinta-ja-lahjoitukset\/bosnia-projekti\/#breadcrumb","itemListElement":[{"@type":"ListItem","position":1,"name":"Home","item":"https:\/\/rotary.fi\/uusikaupunki\/"},{"@type":"ListItem","position":2,"name":"Mit\u00e4 teemme","item":"https:\/\/rotary.fi\/uusikaupunki\/mita-teemme\/"},{"@type":"ListItem","position":3,"name":"Varainhankinta ja lahjoitukset","item":"https:\/\/rotary.fi\/uusikaupunki\/mita-teemme\/varainhankinta-ja-lahjoitukset\/"},{"@type":"ListItem","position":4,"name":"Bosnia projekti"}]},{"@type":"WebSite","@id":"https:\/\/rotary.fi\/uusikaupunki\/#website","url":"https:\/\/rotary.fi\/uusikaupunki\/","name":"Uudenkaupungin Rotaryklubi","description":"Uusi Rotary klubisivusto","potentialAction":[{"@type":"SearchAction","target":{"@type":"EntryPoint","urlTemplate":"https:\/\/rotary.fi\/uusikaupunki\/?s={search_term_string}"},"query-input":{"@type":"PropertyValueSpecification","valueRequired":true,"valueName":"search_term_string"}}],"inLanguage":"fi"}]}},"lang":"fi","translations":{"fi":2424},"pll_sync_post":[],"_links":{"self":[{"href":"https:\/\/rotary.fi\/uusikaupunki\/wp-json\/wp\/v2\/pages\/2424","targetHints":{"allow":["GET"]}}],"collection":[{"href":"https:\/\/rotary.fi\/uusikaupunki\/wp-json\/wp\/v2\/pages"}],"about":[{"href":"https:\/\/rotary.fi\/uusikaupunki\/wp-json\/wp\/v2\/types\/page"}],"author":[{"embeddable":true,"href":"https:\/\/rotary.fi\/uusikaupunki\/wp-json\/wp\/v2\/users\/96"}],"replies":[{"embeddable":true,"href":"https:\/\/rotary.fi\/uusikaupunki\/wp-json\/wp\/v2\/comments?post=2424"}],"version-history":[{"count":5,"href":"https:\/\/rotary.fi\/uusikaupunki\/wp-json\/wp\/v2\/pages\/2424\/revisions"}],"predecessor-version":[{"id":2432,"href":"https:\/\/rotary.fi\/uusikaupunki\/wp-json\/wp\/v2\/pages\/2424\/revisions\/2432"}],"up":[{"embeddable":true,"href":"https:\/\/rotary.fi\/uusikaupunki\/wp-json\/wp\/v2\/pages\/158"}],"wp:attachment":[{"href":"https:\/\/rotary.fi\/uusikaupunki\/wp-json\/wp\/v2\/media?parent=2424"}],"curies":[{"name":"wp","href":"https:\/\/api.w.org\/{rel}","templated":true}]}}