{"id":1692,"date":"2021-10-09T19:30:50","date_gmt":"2021-10-09T16:30:50","guid":{"rendered":"https:\/\/rotary.fi\/turunlinna\/?page_id=1692"},"modified":"2021-10-12T14:12:09","modified_gmt":"2021-10-12T11:12:09","slug":"turun-rotaryklubien-kokoukset","status":"publish","type":"page","link":"https:\/\/rotary.fi\/turunlinna\/ajankohtaista\/turun-rotaryklubien-kokoukset\/","title":{"rendered":"Turun Rotaryklubien kokoukset"},"content":{"rendered":"<p>[et_pb_section fb_built=&#8221;1&#8243; _builder_version=&#8221;3.22&#8243;][et_pb_row _builder_version=&#8221;3.25&#8243; background_size=&#8221;initial&#8221; background_position=&#8221;top_left&#8221; background_repeat=&#8221;repeat&#8221;][et_pb_column type=&#8221;4_4&#8243; _builder_version=&#8221;3.25&#8243; custom_padding=&#8221;|||&#8221; custom_padding__hover=&#8221;|||&#8221;][et_pb_text _builder_version=&#8221;3.27.4&#8243; background_size=&#8221;initial&#8221; background_position=&#8221;top_left&#8221; background_repeat=&#8221;repeat&#8221;]<\/p>\n<p>Turussa kokoontuu kaikkiaan 9 rotaryklubia. L\u00f6yd\u00e4t klubien ohjelmat alla olevista linkeist\u00e4 heid\u00e4n omilta sivustoiltaan:<\/p>\n<p><a href=\"https:\/\/turunrotaryklubi.fi\/\">Turun Rotaryklubi<\/a><br \/><a href=\"https:\/\/rotary.fi\/turkusamppalinna\/\">Samppalinnan Rotaryklubi<\/a><br \/><a href=\"https:\/\/aninkainen.rotary.fi\/\">Aninkaisten Rotaryklubi<\/a><br \/><a href=\"https:\/\/rotary.fi\/turkukupittaa\/\">Kupittaan Rotaryklubi<\/a><br \/><a href=\"https:\/\/rotary.fi\/turkuaboanova\/\">Turku Aboa Nova<\/a><br \/><a href=\"http:\/\/turku-sirkkala.rotary.fi\/\">Sirkkalan Rotaryklubi<\/a><br \/><a href=\"https:\/\/turunmaanrotary.rotary.fi\/\">Turunmaan Rotaryklubi<\/a><br \/><a href=\"https:\/\/turunaamuvirkut.fi\/\">Aamuvirkut<\/a><\/p>\n<p>&nbsp;<\/p>\n<p>&nbsp;<\/p>\n<p>&nbsp;<\/p>\n<p>&nbsp;<\/p>\n<p>&nbsp;<\/p>\n<p>[\/et_pb_text][\/et_pb_column][\/et_pb_row][\/et_pb_section]<\/p>\n","protected":false},"excerpt":{"rendered":"<p>Turussa kokoontuu kaikkiaan 9 rotaryklubia. L\u00f6yd\u00e4t klubien ohjelmat alla olevista linkeist\u00e4 heid\u00e4n omilta sivustoiltaan: Turun RotaryklubiSamppalinnan RotaryklubiAninkaisten RotaryklubiKupittaan RotaryklubiTurku Aboa NovaSirkkalan RotaryklubiTurunmaan RotaryklubiAamuvirkut &nbsp; &nbsp; &nbsp; &nbsp; &nbsp;<\/p>\n","protected":false},"author":83,"featured_media":0,"parent":94,"menu_order":0,"comment_status":"closed","ping_status":"closed","template":"","meta":{"_acf_changed":false,"_et_pb_use_builder":"on","_et_pb_old_content":"<p>Turussa kokoontuu kaikkiaan 9 rotaryklubia. L\u00f6yd\u00e4t klubien ohjelmat alla olevista linkeist\u00e4 heid\u00e4n omilta sivustoiltaan:<br \/><a href=\"https:\/\/turunrotaryklubi.fi\/\">Turun Rotaryklubi <\/a><br \/><a href=\"https:\/\/rotary.fi\/turkusamppalinna\/\">Samppalinnan Rotaryklubi<\/a><br \/><a href=\"https:\/\/aninkainen.rotary.fi\/\">Aninkaisten Rotaryklubi<\/a><br \/><a href=\"https:\/\/rotary.fi\/turkukupittaa\/\">Kupittaan Rotaryklubi<\/a><br \/><a href=\"https:\/\/rotary.fi\/turkuaboanova\/\">Turku Aboa Nova<\/a><br \/><a href=\"http:\/\/turku-sirkkala.rotary.fi\/\">Sirkkalan Rotaryklubi<\/a><br \/><a href=\"https:\/\/turunmaanrotary.rotary.fi\/\">Turunmaan Rotaryklubi<\/a><br \/><a href=\"https:\/\/turunaamuvirkut.fi\/\">Aamuvirkut<\/a><\/p><p>\u00a0<\/p><p>\u00a0<\/p><p>\u00a0<\/p><p>\u00a0<\/p><p>\u00a0<\/p>","_et_gb_content_width":"","footnotes":""},"class_list":["post-1692","page","type-page","status-publish","hentry"],"acf":[],"yoast_head":"<!-- This site is optimized with the Yoast SEO plugin v27.4 - https:\/\/yoast.com\/product\/yoast-seo-wordpress\/ -->\n<title>Turun Rotaryklubien kokoukset - Turun Linnan Rotaryklubi<\/title>\n<meta name=\"robots\" content=\"index, follow, max-snippet:-1, max-image-preview:large, max-video-preview:-1\" \/>\n<link rel=\"canonical\" href=\"https:\/\/rotary.fi\/turunlinna\/ajankohtaista\/turun-rotaryklubien-kokoukset\/\" \/>\n<meta property=\"og:locale\" content=\"fi_FI\" \/>\n<meta property=\"og:type\" content=\"article\" \/>\n<meta property=\"og:title\" content=\"Turun Rotaryklubien kokoukset - Turun Linnan Rotaryklubi\" \/>\n<meta property=\"og:description\" content=\"Turussa kokoontuu kaikkiaan 9 rotaryklubia. L\u00f6yd\u00e4t klubien ohjelmat alla olevista linkeist\u00e4 heid\u00e4n omilta sivustoiltaan: Turun RotaryklubiSamppalinnan RotaryklubiAninkaisten RotaryklubiKupittaan RotaryklubiTurku Aboa NovaSirkkalan RotaryklubiTurunmaan RotaryklubiAamuvirkut &nbsp; &nbsp; &nbsp; &nbsp; &nbsp;\" \/>\n<meta property=\"og:url\" content=\"https:\/\/rotary.fi\/turunlinna\/ajankohtaista\/turun-rotaryklubien-kokoukset\/\" \/>\n<meta property=\"og:site_name\" content=\"Turun Linnan Rotaryklubi\" \/>\n<meta property=\"article:modified_time\" content=\"2021-10-12T11:12:09+00:00\" \/>\n<meta name=\"twitter:card\" content=\"summary_large_image\" \/>\n<meta name=\"twitter:label1\" content=\"Arvioitu lukuaika\" \/>\n\t<meta name=\"twitter:data1\" content=\"1 minuutti\" \/>\n<script type=\"application\/ld+json\" class=\"yoast-schema-graph\">{\"@context\":\"https:\\\/\\\/schema.org\",\"@graph\":[{\"@type\":\"WebPage\",\"@id\":\"https:\\\/\\\/rotary.fi\\\/turunlinna\\\/ajankohtaista\\\/turun-rotaryklubien-kokoukset\\\/\",\"url\":\"https:\\\/\\\/rotary.fi\\\/turunlinna\\\/ajankohtaista\\\/turun-rotaryklubien-kokoukset\\\/\",\"name\":\"Turun Rotaryklubien kokoukset - Turun Linnan Rotaryklubi\",\"isPartOf\":{\"@id\":\"https:\\\/\\\/rotary.fi\\\/turunlinna\\\/#website\"},\"datePublished\":\"2021-10-09T16:30:50+00:00\",\"dateModified\":\"2021-10-12T11:12:09+00:00\",\"breadcrumb\":{\"@id\":\"https:\\\/\\\/rotary.fi\\\/turunlinna\\\/ajankohtaista\\\/turun-rotaryklubien-kokoukset\\\/#breadcrumb\"},\"inLanguage\":\"fi\",\"potentialAction\":[{\"@type\":\"ReadAction\",\"target\":[\"https:\\\/\\\/rotary.fi\\\/turunlinna\\\/ajankohtaista\\\/turun-rotaryklubien-kokoukset\\\/\"]}]},{\"@type\":\"BreadcrumbList\",\"@id\":\"https:\\\/\\\/rotary.fi\\\/turunlinna\\\/ajankohtaista\\\/turun-rotaryklubien-kokoukset\\\/#breadcrumb\",\"itemListElement\":[{\"@type\":\"ListItem\",\"position\":1,\"name\":\"Home\",\"item\":\"https:\\\/\\\/rotary.fi\\\/turunlinna\\\/\"},{\"@type\":\"ListItem\",\"position\":2,\"name\":\"Ajankohtaista\",\"item\":\"https:\\\/\\\/rotary.fi\\\/turunlinna\\\/ajankohtaista\\\/\"},{\"@type\":\"ListItem\",\"position\":3,\"name\":\"Turun Rotaryklubien kokoukset\"}]},{\"@type\":\"WebSite\",\"@id\":\"https:\\\/\\\/rotary.fi\\\/turunlinna\\\/#website\",\"url\":\"https:\\\/\\\/rotary.fi\\\/turunlinna\\\/\",\"name\":\"Turun Linnan Rotaryklubi\",\"description\":\"Uusi Rotary klubisivusto\",\"potentialAction\":[{\"@type\":\"SearchAction\",\"target\":{\"@type\":\"EntryPoint\",\"urlTemplate\":\"https:\\\/\\\/rotary.fi\\\/turunlinna\\\/?s={search_term_string}\"},\"query-input\":{\"@type\":\"PropertyValueSpecification\",\"valueRequired\":true,\"valueName\":\"search_term_string\"}}],\"inLanguage\":\"fi\"}]}<\/script>\n<!-- \/ Yoast SEO plugin. -->","yoast_head_json":{"title":"Turun Rotaryklubien kokoukset - Turun Linnan Rotaryklubi","robots":{"index":"index","follow":"follow","max-snippet":"max-snippet:-1","max-image-preview":"max-image-preview:large","max-video-preview":"max-video-preview:-1"},"canonical":"https:\/\/rotary.fi\/turunlinna\/ajankohtaista\/turun-rotaryklubien-kokoukset\/","og_locale":"fi_FI","og_type":"article","og_title":"Turun Rotaryklubien kokoukset - Turun Linnan Rotaryklubi","og_description":"Turussa kokoontuu kaikkiaan 9 rotaryklubia. L\u00f6yd\u00e4t klubien ohjelmat alla olevista linkeist\u00e4 heid\u00e4n omilta sivustoiltaan: Turun RotaryklubiSamppalinnan RotaryklubiAninkaisten RotaryklubiKupittaan RotaryklubiTurku Aboa NovaSirkkalan RotaryklubiTurunmaan RotaryklubiAamuvirkut &nbsp; &nbsp; &nbsp; &nbsp; &nbsp;","og_url":"https:\/\/rotary.fi\/turunlinna\/ajankohtaista\/turun-rotaryklubien-kokoukset\/","og_site_name":"Turun Linnan Rotaryklubi","article_modified_time":"2021-10-12T11:12:09+00:00","twitter_card":"summary_large_image","twitter_misc":{"Arvioitu lukuaika":"1 minuutti"},"schema":{"@context":"https:\/\/schema.org","@graph":[{"@type":"WebPage","@id":"https:\/\/rotary.fi\/turunlinna\/ajankohtaista\/turun-rotaryklubien-kokoukset\/","url":"https:\/\/rotary.fi\/turunlinna\/ajankohtaista\/turun-rotaryklubien-kokoukset\/","name":"Turun Rotaryklubien kokoukset - Turun Linnan Rotaryklubi","isPartOf":{"@id":"https:\/\/rotary.fi\/turunlinna\/#website"},"datePublished":"2021-10-09T16:30:50+00:00","dateModified":"2021-10-12T11:12:09+00:00","breadcrumb":{"@id":"https:\/\/rotary.fi\/turunlinna\/ajankohtaista\/turun-rotaryklubien-kokoukset\/#breadcrumb"},"inLanguage":"fi","potentialAction":[{"@type":"ReadAction","target":["https:\/\/rotary.fi\/turunlinna\/ajankohtaista\/turun-rotaryklubien-kokoukset\/"]}]},{"@type":"BreadcrumbList","@id":"https:\/\/rotary.fi\/turunlinna\/ajankohtaista\/turun-rotaryklubien-kokoukset\/#breadcrumb","itemListElement":[{"@type":"ListItem","position":1,"name":"Home","item":"https:\/\/rotary.fi\/turunlinna\/"},{"@type":"ListItem","position":2,"name":"Ajankohtaista","item":"https:\/\/rotary.fi\/turunlinna\/ajankohtaista\/"},{"@type":"ListItem","position":3,"name":"Turun Rotaryklubien kokoukset"}]},{"@type":"WebSite","@id":"https:\/\/rotary.fi\/turunlinna\/#website","url":"https:\/\/rotary.fi\/turunlinna\/","name":"Turun Linnan Rotaryklubi","description":"Uusi Rotary klubisivusto","potentialAction":[{"@type":"SearchAction","target":{"@type":"EntryPoint","urlTemplate":"https:\/\/rotary.fi\/turunlinna\/?s={search_term_string}"},"query-input":{"@type":"PropertyValueSpecification","valueRequired":true,"valueName":"search_term_string"}}],"inLanguage":"fi"}]}},"lang":"fi","translations":{"fi":1692},"pll_sync_post":[],"_links":{"self":[{"href":"https:\/\/rotary.fi\/turunlinna\/wp-json\/wp\/v2\/pages\/1692","targetHints":{"allow":["GET"]}}],"collection":[{"href":"https:\/\/rotary.fi\/turunlinna\/wp-json\/wp\/v2\/pages"}],"about":[{"href":"https:\/\/rotary.fi\/turunlinna\/wp-json\/wp\/v2\/types\/page"}],"author":[{"embeddable":true,"href":"https:\/\/rotary.fi\/turunlinna\/wp-json\/wp\/v2\/users\/83"}],"replies":[{"embeddable":true,"href":"https:\/\/rotary.fi\/turunlinna\/wp-json\/wp\/v2\/comments?post=1692"}],"version-history":[{"count":4,"href":"https:\/\/rotary.fi\/turunlinna\/wp-json\/wp\/v2\/pages\/1692\/revisions"}],"predecessor-version":[{"id":1703,"href":"https:\/\/rotary.fi\/turunlinna\/wp-json\/wp\/v2\/pages\/1692\/revisions\/1703"}],"up":[{"embeddable":true,"href":"https:\/\/rotary.fi\/turunlinna\/wp-json\/wp\/v2\/pages\/94"}],"wp:attachment":[{"href":"https:\/\/rotary.fi\/turunlinna\/wp-json\/wp\/v2\/media?parent=1692"}],"curies":[{"name":"wp","href":"https:\/\/api.w.org\/{rel}","templated":true}]}}