{"id":98,"date":"2018-08-09T15:17:32","date_gmt":"2018-08-09T12:17:32","guid":{"rendered":"https:\/\/rotary.fi\/klubi2\/?page_id=98"},"modified":"2025-07-04T13:34:03","modified_gmt":"2025-07-04T10:34:03","slug":"yhteystiedot","status":"publish","type":"page","link":"https:\/\/rotary.fi\/turkusirkkala\/yhteystiedot\/","title":{"rendered":"Yhteystiedot"},"content":{"rendered":"<p>[et_pb_section fb_built=&#8221;1&#8243; module_class=&#8221;jumbotron-page&#8221; _builder_version=&#8221;4.16&#8243; background_image=&#8221;https:\/\/rotary.fi\/turkusirkkala\/wp-content\/uploads\/sites\/254\/2018\/10\/rotary_klubit_alasivu_paakuva_15.jpg&#8221; global_colors_info=&#8221;{}&#8221;][et_pb_row _builder_version=&#8221;4.16&#8243; background_size=&#8221;initial&#8221; background_position=&#8221;top_left&#8221; background_repeat=&#8221;repeat&#8221; global_colors_info=&#8221;{}&#8221;][et_pb_column type=&#8221;4_4&#8243; _builder_version=&#8221;4.16&#8243; custom_padding=&#8221;|||&#8221; global_colors_info=&#8221;{}&#8221; custom_padding__hover=&#8221;|||&#8221;][et_pb_text admin_label=&#8221;P\u00e4\u00e4otsikko&#8221; _builder_version=&#8221;4.16&#8243; text_orientation=&#8221;center&#8221; background_layout=&#8221;dark&#8221; global_colors_info=&#8221;{}&#8221;]<\/p>\n<h1>Yhteystiedot<\/h1>\n<p>[\/et_pb_text][\/et_pb_column][\/et_pb_row][\/et_pb_section][et_pb_section fb_built=&#8221;1&#8243; specialty=&#8221;on&#8221; module_class_2=&#8221;sivupalkki&#8221; _builder_version=&#8221;4.16&#8243; global_colors_info=&#8221;{}&#8221;][et_pb_column type=&#8221;2_3&#8243; specialty_columns=&#8221;2&#8243; _builder_version=&#8221;4.16&#8243; custom_padding=&#8221;|||&#8221; global_colors_info=&#8221;{}&#8221; custom_padding__hover=&#8221;|||&#8221;][et_pb_row_inner admin_label=&#8221;Rivi&#8221; _builder_version=&#8221;4.16&#8243; global_colors_info=&#8221;{}&#8221;][et_pb_column_inner saved_specialty_column_type=&#8221;2_3&#8243; _builder_version=&#8221;4.16&#8243; custom_padding=&#8221;|||&#8221; global_colors_info=&#8221;{}&#8221; custom_padding__hover=&#8221;|||&#8221;][et_pb_text admin_label=&#8221;Otsikko ennen teksti\u00e4 &#8211; Yhteystiedot&#8221; _builder_version=&#8221;4.16&#8243; text_orientation=&#8221;center&#8221; global_colors_info=&#8221;{}&#8221;]<\/p>\n<h1>Yhteystiedot<\/h1>\n<p>[\/et_pb_text][\/et_pb_column_inner][\/et_pb_row_inner][et_pb_row_inner column_structure=&#8221;1_2,1_2&#8243; admin_label=&#8221;Rivi&#8221; _builder_version=&#8221;4.16&#8243; custom_margin=&#8221;||20px|&#8221; custom_padding=&#8221;||20px|&#8221; border_width_bottom=&#8221;1px&#8221; border_color_bottom=&#8221;#d8d8d8&#8243; global_colors_info=&#8221;{}&#8221;][et_pb_column_inner type=&#8221;1_2&#8243; saved_specialty_column_type=&#8221;2_3&#8243; _builder_version=&#8221;4.16&#8243; custom_padding=&#8221;||20px|&#8221; global_colors_info=&#8221;{}&#8221; custom_padding__hover=&#8221;|||&#8221;][et_pb_text admin_label=&#8221;Kokoontumispaikka&#8221; _builder_version=&#8221;4.16&#8243; global_colors_info=&#8221;{}&#8221;]<\/p>\n<p><strong>Kokoontumispaikka:<\/strong><br \/>Ravintola Suomalainen Pohja<br \/>Aurakatu 24 A<br \/>20100 Turku<\/p>\n<p><strong>Kokoontumisaika:<\/strong><br \/>Tiistaisin klo 17:00-18:30<\/p>\n<p>[\/et_pb_text][\/et_pb_column_inner][et_pb_column_inner type=&#8221;1_2&#8243; saved_specialty_column_type=&#8221;2_3&#8243; _builder_version=&#8221;4.16&#8243; custom_padding=&#8221;||20px|&#8221; global_colors_info=&#8221;{}&#8221; custom_padding__hover=&#8221;|||&#8221;][et_pb_image src=&#8221;https:\/\/rotary.fi\/turkusirkkala\/wp-content\/uploads\/sites\/254\/2024\/08\/aurakatu-24-a.jpg&#8221; title_text=&#8221;Aurakatu_24_A&#8221; _builder_version=&#8221;4.25.2&#8243; _module_preset=&#8221;default&#8221; global_colors_info=&#8221;{}&#8221;][\/et_pb_image][\/et_pb_column_inner][\/et_pb_row_inner][et_pb_row_inner column_structure=&#8221;1_2,1_2&#8243; admin_label=&#8221;Rivi&#8221; _builder_version=&#8221;4.16&#8243; custom_margin=&#8221;20px||20px|&#8221; custom_padding=&#8221;20px||20px|&#8221; global_colors_info=&#8221;{}&#8221;][et_pb_column_inner type=&#8221;1_2&#8243; saved_specialty_column_type=&#8221;2_3&#8243; _builder_version=&#8221;4.16&#8243; custom_padding=&#8221;||20px|&#8221; global_colors_info=&#8221;{}&#8221; custom_padding__hover=&#8221;|||&#8221;][et_pb_text admin_label=&#8221;Presidentti&#8221; _builder_version=&#8221;4.27.4&#8243; global_colors_info=&#8221;{}&#8221;]<\/p>\n<h3>Presidentti \/ President<\/h3>\n<p>Leevi T\u00f6rm\u00e4kangas<br \/>puhelin: +358 40 150 7179<br \/>s\u00e4hk\u00f6posti: <a href=\"mailto:leevi.tormakangas@hotmal.fi\">leevi.tormakangas@hotmal.fi<\/a><\/p>\n<p>[\/et_pb_text][\/et_pb_column_inner][et_pb_column_inner type=&#8221;1_2&#8243; saved_specialty_column_type=&#8221;2_3&#8243; _builder_version=&#8221;4.16&#8243; custom_padding=&#8221;||20px|&#8221; global_colors_info=&#8221;{}&#8221; custom_padding__hover=&#8221;|||&#8221;][et_pb_text admin_label=&#8221;Sihteeri&#8221; _builder_version=&#8221;4.27.4&#8243; global_colors_info=&#8221;{}&#8221;]<\/p>\n<h3>Sihteeri \/ Secretary<\/h3>\n<p>Jarmo Kulmala<br \/>puhelin: +358 40 530 5688<br \/>s\u00e4hk\u00f6posti: <a href=\"mailto:jarmo_kulmala@hotmail.com\">jarmo_kulmala@hotmail.com<\/a><\/p>\n<p>[\/et_pb_text][\/et_pb_column_inner][\/et_pb_row_inner][et_pb_row_inner admin_label=&#8221;Rivi&#8221; _builder_version=&#8221;4.16&#8243; global_colors_info=&#8221;{}&#8221;][et_pb_column_inner saved_specialty_column_type=&#8221;2_3&#8243; _builder_version=&#8221;4.16&#8243; custom_padding=&#8221;|||&#8221; global_colors_info=&#8221;{}&#8221; custom_padding__hover=&#8221;|||&#8221;][et_pb_text admin_label=&#8221;Muut t\u00e4rke\u00e4t yhteyshenkil\u00f6t&#8221; _builder_version=&#8221;4.27.4&#8243; custom_margin=&#8221;20px||||false|false&#8221; hover_enabled=&#8221;0&#8243; global_colors_info=&#8221;{}&#8221; sticky_enabled=&#8221;0&#8243;]<\/p>\n<h3>Muut t\u00e4rke\u00e4t yhteyshenkil\u00f6t ja osoitteet<\/h3>\n<p>&nbsp;<\/p>\n<h6><strong>IT-vastaava<\/strong><\/h6>\n<p>Markku Holopainen<br \/>puhelin: +358 40 501 3647<br \/>s\u00e4hk\u00f6posti: <a href=\"mailto:markku.j.holopainen@gmail.com\">markku.j.holopainen@gmail.com<\/a><\/p>\n<p>&nbsp;<\/p>\n<h6><strong>L\u00e4het\u00e4 laskut klubillemme aina osoitteeseen<\/strong><\/h6>\n<p><a href=\"mailto:invoice@turkusirkkalarotary.fi\">invoice@turkusirkkalarotary.fi<\/a><\/p>\n<p>&nbsp;<\/p>\n<p><strong>Webmaster\u00a0\u00a0<\/strong><a href=\"mailto:turku.sirkkala@gmail.com\">turku.sirkkala@gmail.com<\/a><\/p>\n<p>&nbsp;<\/p>\n<p>[\/et_pb_text][\/et_pb_column_inner][\/et_pb_row_inner][\/et_pb_column][et_pb_column type=&#8221;1_3&#8243; _builder_version=&#8221;4.16&#8243; custom_padding=&#8221;|||&#8221; global_colors_info=&#8221;{}&#8221; custom_padding__hover=&#8221;|||&#8221;][et_pb_sidebar area=&#8221;sidebar-1&#8243; module_class=&#8221;sivupalkki_sisalto&#8221; _builder_version=&#8221;4.16&#8243; global_colors_info=&#8221;{}&#8221;]<\/p>\n<p>&nbsp;<\/p>\n<p>[\/et_pb_sidebar][\/et_pb_column][\/et_pb_section]<\/p>\n","protected":false},"excerpt":{"rendered":"<p>Yhteystiedot Yhteystiedot Kokoontumispaikka:Ravintola Suomalainen PohjaAurakatu 24 A20100 Turku Kokoontumisaika:Tiistaisin klo 17:00-18:30Presidentti \/ President Leevi T\u00f6rm\u00e4kangaspuhelin: +358 40 150 7179s\u00e4hk\u00f6posti: leevi.tormakangas@hotmal.fiSihteeri \/ Secretary Jarmo Kulmalapuhelin: +358 40 530 5688s\u00e4hk\u00f6posti: jarmo_kulmala@hotmail.comMuut t\u00e4rke\u00e4t yhteyshenkil\u00f6t ja osoitteet &nbsp; IT-vastaava Markku Holopainenpuhelin: +358 40 501 3647s\u00e4hk\u00f6posti: markku.j.holopainen@gmail.com &nbsp; L\u00e4het\u00e4 laskut klubillemme aina osoitteeseen invoice@turkusirkkalarotary.fi &nbsp; Webmaster\u00a0\u00a0turku.sirkkala@gmail.com &nbsp;&nbsp;<\/p>\n","protected":false},"author":1,"featured_media":0,"parent":0,"menu_order":0,"comment_status":"closed","ping_status":"closed","template":"","meta":{"_acf_changed":false,"_et_pb_use_builder":"on","_et_pb_old_content":"","_et_gb_content_width":"","footnotes":""},"class_list":["post-98","page","type-page","status-publish","hentry"],"acf":[],"yoast_head":"<!-- This site is optimized with the Yoast SEO plugin v27.4 - https:\/\/yoast.com\/product\/yoast-seo-wordpress\/ -->\n<title>Yhteystiedot - Turku Sirkkala Rotaryklubi<\/title>\n<meta name=\"robots\" content=\"index, follow, max-snippet:-1, max-image-preview:large, max-video-preview:-1\" \/>\n<link rel=\"canonical\" href=\"https:\/\/rotary.fi\/turkusirkkala\/yhteystiedot\/\" \/>\n<meta property=\"og:locale\" content=\"fi_FI\" \/>\n<meta property=\"og:type\" content=\"article\" \/>\n<meta property=\"og:title\" content=\"Yhteystiedot - Turku Sirkkala Rotaryklubi\" \/>\n<meta property=\"og:description\" content=\"Yhteystiedot Yhteystiedot Kokoontumispaikka:Ravintola Suomalainen PohjaAurakatu 24 A20100 Turku Kokoontumisaika:Tiistaisin klo 17:00-18:30Presidentti \/ President Leevi T\u00f6rm\u00e4kangaspuhelin: +358 40 150 7179s\u00e4hk\u00f6posti: leevi.tormakangas@hotmal.fiSihteeri \/ Secretary Jarmo Kulmalapuhelin: +358 40 530 5688s\u00e4hk\u00f6posti: jarmo_kulmala@hotmail.comMuut t\u00e4rke\u00e4t yhteyshenkil\u00f6t ja osoitteet &nbsp; IT-vastaava Markku Holopainenpuhelin: +358 40 501 3647s\u00e4hk\u00f6posti: markku.j.holopainen@gmail.com &nbsp; L\u00e4het\u00e4 laskut klubillemme aina osoitteeseen invoice@turkusirkkalarotary.fi &nbsp; Webmaster\u00a0\u00a0turku.sirkkala@gmail.com &nbsp;&nbsp;\" \/>\n<meta property=\"og:url\" content=\"https:\/\/rotary.fi\/turkusirkkala\/yhteystiedot\/\" \/>\n<meta property=\"og:site_name\" content=\"Turku Sirkkala Rotaryklubi\" \/>\n<meta property=\"article:modified_time\" content=\"2025-07-04T10:34:03+00:00\" \/>\n<meta name=\"twitter:card\" content=\"summary_large_image\" \/>\n<meta name=\"twitter:label1\" content=\"Arvioitu lukuaika\" \/>\n\t<meta name=\"twitter:data1\" content=\"1 minuutti\" \/>\n<script type=\"application\/ld+json\" class=\"yoast-schema-graph\">{\"@context\":\"https:\\\/\\\/schema.org\",\"@graph\":[{\"@type\":\"WebPage\",\"@id\":\"https:\\\/\\\/rotary.fi\\\/turkusirkkala\\\/yhteystiedot\\\/\",\"url\":\"https:\\\/\\\/rotary.fi\\\/turkusirkkala\\\/yhteystiedot\\\/\",\"name\":\"Yhteystiedot - Turku Sirkkala Rotaryklubi\",\"isPartOf\":{\"@id\":\"https:\\\/\\\/rotary.fi\\\/turkusirkkala\\\/#website\"},\"datePublished\":\"2018-08-09T12:17:32+00:00\",\"dateModified\":\"2025-07-04T10:34:03+00:00\",\"breadcrumb\":{\"@id\":\"https:\\\/\\\/rotary.fi\\\/turkusirkkala\\\/yhteystiedot\\\/#breadcrumb\"},\"inLanguage\":\"fi\",\"potentialAction\":[{\"@type\":\"ReadAction\",\"target\":[\"https:\\\/\\\/rotary.fi\\\/turkusirkkala\\\/yhteystiedot\\\/\"]}]},{\"@type\":\"BreadcrumbList\",\"@id\":\"https:\\\/\\\/rotary.fi\\\/turkusirkkala\\\/yhteystiedot\\\/#breadcrumb\",\"itemListElement\":[{\"@type\":\"ListItem\",\"position\":1,\"name\":\"Home\",\"item\":\"https:\\\/\\\/rotary.fi\\\/turkusirkkala\\\/\"},{\"@type\":\"ListItem\",\"position\":2,\"name\":\"Yhteystiedot\"}]},{\"@type\":\"WebSite\",\"@id\":\"https:\\\/\\\/rotary.fi\\\/turkusirkkala\\\/#website\",\"url\":\"https:\\\/\\\/rotary.fi\\\/turkusirkkala\\\/\",\"name\":\"Turku Sirkkala Rotaryklubi\",\"description\":\"Uusi Rotary klubisivusto\",\"publisher\":{\"@id\":\"https:\\\/\\\/rotary.fi\\\/turkusirkkala\\\/#organization\"},\"potentialAction\":[{\"@type\":\"SearchAction\",\"target\":{\"@type\":\"EntryPoint\",\"urlTemplate\":\"https:\\\/\\\/rotary.fi\\\/turkusirkkala\\\/?s={search_term_string}\"},\"query-input\":{\"@type\":\"PropertyValueSpecification\",\"valueRequired\":true,\"valueName\":\"search_term_string\"}}],\"inLanguage\":\"fi\"},{\"@type\":\"Organization\",\"@id\":\"https:\\\/\\\/rotary.fi\\\/turkusirkkala\\\/#organization\",\"name\":\"Turku Sirkkala Rotaryklubi\",\"url\":\"https:\\\/\\\/rotary.fi\\\/turkusirkkala\\\/\",\"logo\":{\"@type\":\"ImageObject\",\"inLanguage\":\"fi\",\"@id\":\"https:\\\/\\\/rotary.fi\\\/turkusirkkala\\\/#\\\/schema\\\/logo\\\/image\\\/\",\"url\":\"https:\\\/\\\/rotary.fi\\\/turkusirkkala\\\/wp-content\\\/uploads\\\/sites\\\/254\\\/2018\\\/08\\\/rotary-logo-main-2.png\",\"contentUrl\":\"https:\\\/\\\/rotary.fi\\\/turkusirkkala\\\/wp-content\\\/uploads\\\/sites\\\/254\\\/2018\\\/08\\\/rotary-logo-main-2.png\",\"width\":135,\"height\":52,\"caption\":\"Turku Sirkkala Rotaryklubi\"},\"image\":{\"@id\":\"https:\\\/\\\/rotary.fi\\\/turkusirkkala\\\/#\\\/schema\\\/logo\\\/image\\\/\"}}]}<\/script>\n<!-- \/ Yoast SEO plugin. -->","yoast_head_json":{"title":"Yhteystiedot - Turku Sirkkala Rotaryklubi","robots":{"index":"index","follow":"follow","max-snippet":"max-snippet:-1","max-image-preview":"max-image-preview:large","max-video-preview":"max-video-preview:-1"},"canonical":"https:\/\/rotary.fi\/turkusirkkala\/yhteystiedot\/","og_locale":"fi_FI","og_type":"article","og_title":"Yhteystiedot - Turku Sirkkala Rotaryklubi","og_description":"Yhteystiedot Yhteystiedot Kokoontumispaikka:Ravintola Suomalainen PohjaAurakatu 24 A20100 Turku Kokoontumisaika:Tiistaisin klo 17:00-18:30Presidentti \/ President Leevi T\u00f6rm\u00e4kangaspuhelin: +358 40 150 7179s\u00e4hk\u00f6posti: leevi.tormakangas@hotmal.fiSihteeri \/ Secretary Jarmo Kulmalapuhelin: +358 40 530 5688s\u00e4hk\u00f6posti: jarmo_kulmala@hotmail.comMuut t\u00e4rke\u00e4t yhteyshenkil\u00f6t ja osoitteet &nbsp; IT-vastaava Markku Holopainenpuhelin: +358 40 501 3647s\u00e4hk\u00f6posti: markku.j.holopainen@gmail.com &nbsp; L\u00e4het\u00e4 laskut klubillemme aina osoitteeseen invoice@turkusirkkalarotary.fi &nbsp; Webmaster\u00a0\u00a0turku.sirkkala@gmail.com &nbsp;&nbsp;","og_url":"https:\/\/rotary.fi\/turkusirkkala\/yhteystiedot\/","og_site_name":"Turku Sirkkala Rotaryklubi","article_modified_time":"2025-07-04T10:34:03+00:00","twitter_card":"summary_large_image","twitter_misc":{"Arvioitu lukuaika":"1 minuutti"},"schema":{"@context":"https:\/\/schema.org","@graph":[{"@type":"WebPage","@id":"https:\/\/rotary.fi\/turkusirkkala\/yhteystiedot\/","url":"https:\/\/rotary.fi\/turkusirkkala\/yhteystiedot\/","name":"Yhteystiedot - Turku Sirkkala Rotaryklubi","isPartOf":{"@id":"https:\/\/rotary.fi\/turkusirkkala\/#website"},"datePublished":"2018-08-09T12:17:32+00:00","dateModified":"2025-07-04T10:34:03+00:00","breadcrumb":{"@id":"https:\/\/rotary.fi\/turkusirkkala\/yhteystiedot\/#breadcrumb"},"inLanguage":"fi","potentialAction":[{"@type":"ReadAction","target":["https:\/\/rotary.fi\/turkusirkkala\/yhteystiedot\/"]}]},{"@type":"BreadcrumbList","@id":"https:\/\/rotary.fi\/turkusirkkala\/yhteystiedot\/#breadcrumb","itemListElement":[{"@type":"ListItem","position":1,"name":"Home","item":"https:\/\/rotary.fi\/turkusirkkala\/"},{"@type":"ListItem","position":2,"name":"Yhteystiedot"}]},{"@type":"WebSite","@id":"https:\/\/rotary.fi\/turkusirkkala\/#website","url":"https:\/\/rotary.fi\/turkusirkkala\/","name":"Turku Sirkkala Rotaryklubi","description":"Uusi Rotary klubisivusto","publisher":{"@id":"https:\/\/rotary.fi\/turkusirkkala\/#organization"},"potentialAction":[{"@type":"SearchAction","target":{"@type":"EntryPoint","urlTemplate":"https:\/\/rotary.fi\/turkusirkkala\/?s={search_term_string}"},"query-input":{"@type":"PropertyValueSpecification","valueRequired":true,"valueName":"search_term_string"}}],"inLanguage":"fi"},{"@type":"Organization","@id":"https:\/\/rotary.fi\/turkusirkkala\/#organization","name":"Turku Sirkkala Rotaryklubi","url":"https:\/\/rotary.fi\/turkusirkkala\/","logo":{"@type":"ImageObject","inLanguage":"fi","@id":"https:\/\/rotary.fi\/turkusirkkala\/#\/schema\/logo\/image\/","url":"https:\/\/rotary.fi\/turkusirkkala\/wp-content\/uploads\/sites\/254\/2018\/08\/rotary-logo-main-2.png","contentUrl":"https:\/\/rotary.fi\/turkusirkkala\/wp-content\/uploads\/sites\/254\/2018\/08\/rotary-logo-main-2.png","width":135,"height":52,"caption":"Turku Sirkkala Rotaryklubi"},"image":{"@id":"https:\/\/rotary.fi\/turkusirkkala\/#\/schema\/logo\/image\/"}}]}},"lang":"fi","translations":{"fi":98,"en":1481},"pll_sync_post":[],"_links":{"self":[{"href":"https:\/\/rotary.fi\/turkusirkkala\/wp-json\/wp\/v2\/pages\/98","targetHints":{"allow":["GET"]}}],"collection":[{"href":"https:\/\/rotary.fi\/turkusirkkala\/wp-json\/wp\/v2\/pages"}],"about":[{"href":"https:\/\/rotary.fi\/turkusirkkala\/wp-json\/wp\/v2\/types\/page"}],"author":[{"embeddable":true,"href":"https:\/\/rotary.fi\/turkusirkkala\/wp-json\/wp\/v2\/users\/1"}],"replies":[{"embeddable":true,"href":"https:\/\/rotary.fi\/turkusirkkala\/wp-json\/wp\/v2\/comments?post=98"}],"version-history":[{"count":10,"href":"https:\/\/rotary.fi\/turkusirkkala\/wp-json\/wp\/v2\/pages\/98\/revisions"}],"predecessor-version":[{"id":2472,"href":"https:\/\/rotary.fi\/turkusirkkala\/wp-json\/wp\/v2\/pages\/98\/revisions\/2472"}],"wp:attachment":[{"href":"https:\/\/rotary.fi\/turkusirkkala\/wp-json\/wp\/v2\/media?parent=98"}],"curies":[{"name":"wp","href":"https:\/\/api.w.org\/{rel}","templated":true}]}}