{"id":2957,"date":"2023-09-21T10:53:54","date_gmt":"2023-09-21T07:53:54","guid":{"rendered":"https:\/\/rotary.fi\/turkusamppalinna\/?page_id=2957"},"modified":"2025-07-09T12:02:00","modified_gmt":"2025-07-09T09:02:00","slug":"gambian-lapset","status":"publish","type":"page","link":"https:\/\/rotary.fi\/turkusamppalinna\/gambian-lapset\/","title":{"rendered":"Gambian lapset 2017 &#8211; 2025"},"content":{"rendered":"<p><b><span data-contrast=\"auto\">Gambian lapset -projekin tarina \u2013 Yksi pallo, sata unelmaa <\/span><\/b><br \/>\n<b><span data-contrast=\"auto\">Lomamatkasta hyv\u00e4ntekev\u00e4isyysprojekti<br \/>\n<img loading=\"lazy\" decoding=\"async\" class=\"aligncenter wp-image-2767 size-large\" src=\"https:\/\/rotary.fi\/turkusamppalinna\/wp-content\/uploads\/sites\/114\/2023\/07\/dscn8459-1024x768.jpg\" alt=\"\" width=\"1024\" height=\"768\" srcset=\"https:\/\/rotary.fi\/turkusamppalinna\/wp-content\/uploads\/sites\/114\/2023\/07\/dscn8459-980x735.jpg 980w, https:\/\/rotary.fi\/turkusamppalinna\/wp-content\/uploads\/sites\/114\/2023\/07\/dscn8459-480x360.jpg 480w\" sizes=\"(min-width: 0px) and (max-width: 480px) 480px, (min-width: 481px) and (max-width: 980px) 980px, (min-width: 981px) 1024px, 100vw\" \/><br \/>\n<\/span><\/b><\/p>\n<p>HYV\u00c4NTEKEV\u00c4ISYYSPROJEKTIN TAVOITE LYHYESTI:<br \/>\n<b><span data-contrast=\"auto\">Lapsille turvallinen harrastus \u2013 parempi ravinto\u00a0\u2013 pakolaisuuden v\u00e4ltt\u00e4minen<\/span><\/b><br \/>\n<span data-contrast=\"auto\">(<b>lapsia mukana per 31.3.2025: noin 100 lasta ja nuorta, joista osa orpoja).<\/b><\/span><span data-ccp-props=\"{&quot;134245418&quot;:true,&quot;134245529&quot;:true,&quot;335559738&quot;:160,&quot;335559739&quot;:80}\"><br \/>\nP\u00e4\u00e4henkil\u00f6t Gambiassa: <\/span><span data-contrast=\"auto\">Sam Njie (Head coach), Ratti Babucarr Njie (Manager), <\/span><span data-contrast=\"auto\">Dawda Manga (Chicken farmer)<\/span><span data-ccp-props=\"{&quot;134233117&quot;:false,&quot;134233118&quot;:false,&quot;335551550&quot;:1,&quot;335551620&quot;:1,&quot;335559738&quot;:0,&quot;335559739&quot;:0}\">\u00a0<\/span><\/p>\n<p><b><span data-contrast=\"auto\">Timeline:<\/span><\/b><br \/>\n<span data-contrast=\"none\">2017 ja 2018 lomamatkat Gambiaan<\/span><br \/>\n<span data-contrast=\"none\">2019-2023 Sponsorina toimi Turku Samppalinnan rotaryklubi ja Rotaripiiri 1410<\/span><br \/>\n<span data-contrast=\"none\">2024 syksyll\u00e4 perustettiin Gambian lapset ry. Hallitus: Tommi Sundqvist (pj), Heli Mikkola, Erja Vihervaara ja Matti Vetri\u00f6 (Tommi, Erja ja Matti ovat Turku Samppalinnan rotaryklubista). Neuvonantajana toimii Rotarys\u00e4\u00e4ti\u00f6asiamies Pentti Aspila Forssan Rotaryklubista.<br \/>\n<\/span><\/p>\n<p><b><span data-contrast=\"none\">2017<\/span><\/b><span data-ccp-props=\"{&quot;134233117&quot;:false,&quot;134233118&quot;:false,&quot;134245418&quot;:true,&quot;134245529&quot;:true,&quot;335559738&quot;:299,&quot;335559739&quot;:299}\"><br \/>\n<\/span><span data-contrast=\"auto\">Vuonna 2017 min\u00e4, Tommi Sundqvist, ja vaimoni Heli Mikkola matkustimme ensimm\u00e4ist\u00e4 kertaa Gambiaan. Hotellimme edess\u00e4 tapasimme paikalliset oppaat Samin ja Rattin. Er\u00e4\u00e4n\u00e4 iltana Sam vei minut katsomaan pient\u00e4 jalkapallojoukkuettaan, jossa pelasi noin 10 lasta. Kun n\u00e4in, ett\u00e4 heill\u00e4 ei ole lainkaan varusteita, ei kenki\u00e4 eik\u00e4 edes kunnon jalkapalloa, ostimme heille kunnollisen jalkapallon. Se hetki oli <\/span><b><span data-contrast=\"auto\">merkitt\u00e4v\u00e4 ja taianomainen<\/span><\/b><span data-contrast=\"auto\">. Vastalahjaksi saimme lapsilta ikimuistoisen hetken, puhdasta iloa ja riemua. Saattaa olla, ett\u00e4 en ole koskaan n\u00e4hnyt ket\u00e4\u00e4n niin aidosti iloisena. Heid\u00e4n silmiss\u00e4\u00e4n n\u00e4kyi my\u00f6s toivoa.<\/span><\/p>\n<p><span data-contrast=\"auto\">T\u00e4m\u00e4 hetki oli merkitt\u00e4v\u00e4 l\u00e4ht\u00f6laukaus projektille, joka vuosien varrella kasvoi syd\u00e4nt\u00e4 l\u00e4mmitt\u00e4v\u00e4ksi tarinaksi yhteisty\u00f6st\u00e4, mahdollisuuksista ja toivosta.<\/span><br \/>\n<span data-ccp-props=\"{&quot;134233117&quot;:false,&quot;134233118&quot;:false,&quot;335559738&quot;:240,&quot;335559739&quot;:240}\"><br \/>\n<\/span><b><span data-contrast=\"auto\">2018<\/span><\/b><span data-ccp-props=\"{&quot;134233117&quot;:false,&quot;134233118&quot;:false,&quot;335559738&quot;:240,&quot;335559739&quot;:240}\"><br \/>\n<\/span><span data-contrast=\"auto\">Vuonna 2018 kuin taikaiskusta sain kutsun suureen hyv\u00e4ntekev\u00e4isyysorganisaatioon, Turku Samppalinnan Rotaryklubiin. Matkustimme Gambiaan uudelleen vuonna 2018 ja k\u00e4vimmekin paikallisessa Rotary-kokouksessa, jossa tapasimme\u00a0Ian Down ja Nona Lambin Rotary Club Aberdeen St Nicholasista Skotlannista. He osoittivat todellista Rotary-henke\u00e4 ja olivat t\u00e4ysill\u00e4 mukana kun etsimme keinoja lahjoittaa pojille jalkapalloasusteet. En koskaan unohda sit\u00e4 hetke\u00e4 kun Ian tuli rannalle ja toi mukanaan suuren s\u00e4killisen varusteita. Kutsuin pojat paikalle ja aloimme jakaa asusteita. Poikia oli 17 ja asusteita oli t\u00e4ysin sama m\u00e4\u00e4r\u00e4! Vuoden aikana oli muodostunut my\u00f6s tytt\u00f6jen joukkue, ja Heli lahjoitti pelipaidat koko tytt\u00f6joukkueelle. Se oli kaikenkaikkiaan uskomattoman hieno hetki.<\/span><\/p>\n<p><span data-contrast=\"auto\">Kaikki t\u00e4m\u00e4 sai minut uskomaan siihen, ett\u00e4 t\u00e4st\u00e4 voisi tulla todellinen hyv\u00e4ntekev\u00e4isyyskampanja. Kun menin takaisin Suomeen ja ehdotin sit\u00e4 klubillemme, he ottivat asian avosylin vastaan. N\u00e4in syntyi <\/span><i><span data-contrast=\"auto\">Gambian lapset<\/span><\/i><span data-contrast=\"auto\"> -projekti. <\/span><\/p>\n<p><b><span data-contrast=\"auto\">2019<\/span><\/b><br \/>\n<span data-contrast=\"auto\">Projektin tavoitteet tarkemmin avattuna:<\/span><br \/>\n<span data-contrast=\"auto\">1. Selke\u00e4 tarve ja tavoite oli heti alkuun saada virallinen jalkapallojoukkue, jotta pelaajat voivat osallistua turnauksiin ja virallisiin peleihin. T\u00e4m\u00e4 auttaa lapsia ja nuoria my\u00f6s jatkossa, sill\u00e4 se on ainoa tie ammattilaisuuteen, mik\u00e4 on monen haaveena. (Yksi pelaajista on p\u00e4\u00e4ssyt jo Gambian maajoukkueeseen!) Joukkue rekister\u00f6itiin nimell\u00e4 SamTom FC Academy.<\/span><br \/>\n<span data-contrast=\"auto\">2. Samana vuonna 2019 perustettiin projektin tuella kanala, jonka vet\u00e4j\u00e4ksi ryhtyi tapaamamme paikallinen yritt\u00e4j\u00e4 Dawda Manga, ex-sotilas ja Presidentin henkivartija. Kanalan avulla pystyttiin\u00a0tarjoamaan lapsille parempaa ravintoa.<\/span><br \/>\n<span data-contrast=\"auto\">3. Dawda Manga toimi my\u00f6s luentojen vet\u00e4j\u00e4n\u00e4 pelaajille, jossa mm. tiedotettiin laittoman maastamuuton\u00a0vaaroista \u2013 moni nuori l\u00e4htee Eurooppaan valtavalla riskill\u00e4, tiet\u00e4m\u00e4tt\u00e4 seurauksista.<\/span><span data-ccp-props=\"{&quot;134233117&quot;:false,&quot;134233118&quot;:false,&quot;335559738&quot;:240,&quot;335559739&quot;:240}\">\u00a0<\/span><\/p>\n<p><b><span data-contrast=\"auto\">2021<\/span><\/b><br \/>\n<span data-contrast=\"auto\">T\u00e4m\u00e4 vuosi oli omistettu Rotareiden ja Rotaractoreiden (18-30 v.) yhteisty\u00f6lle.<\/span><b><span data-contrast=\"auto\"> Tiimimme kokonaisuudessaan:<\/span><\/b><br \/>\n<span data-contrast=\"auto\">Stefania Federico, Rotary Leader, Tiina Malkamo Rotary, Team member, Roosa Paappa, Rotaract, Saiganesh Sriraman, Rotaract, Liisa Lehti\u00f6, Rotaract, Julia Forsstr\u00f6m, Rotaract, Aino R\u00e4ike, Rotaract, Mikael Uusitalo, Rotaract, Lotta Raitanen, Rotaract, Laura Jyrkk\u00e4, Rotaract, Nora Neuvonen, Rotaract, Pia Puhakka, Rotaract, Sonja Suomi, Rotaract<\/span><span data-ccp-props=\"{&quot;134233117&quot;:false,&quot;134233118&quot;:false,&quot;335551550&quot;:1,&quot;335551620&quot;:1,&quot;335559738&quot;:0,&quot;335559739&quot;:0}\">\u00a0<\/span><\/p>\n<p><b><span data-contrast=\"auto\">Our Gambia team<\/span><\/b><span data-ccp-props=\"{&quot;134233117&quot;:false,&quot;134233118&quot;:false,&quot;335551550&quot;:1,&quot;335551620&quot;:1,&quot;335559738&quot;:0,&quot;335559739&quot;:0}\"><br \/>\n<\/span><span data-contrast=\"auto\">Sam Njie (Head coach), Ratti Babucarr Njie (Manager), <\/span><span data-contrast=\"auto\">Dawda Manga (Chicken farmer)<\/span><span data-ccp-props=\"{&quot;134233117&quot;:false,&quot;134233118&quot;:false,&quot;335551550&quot;:1,&quot;335551620&quot;:1,&quot;335559738&quot;:0,&quot;335559739&quot;:0}\">\u00a0<\/span><\/p>\n<p><span data-contrast=\"auto\">Vuonna 2021 projektissa koettiin sek\u00e4 haasteita ett\u00e4 onnistumisia. Kanavarkaudet, auto-onnettomuus ja vakava loukkaantuminen koettelivat yhteis\u00f6\u00e4. Erityisesti mieleen j\u00e4i 15-vuotias jalkapallokapteeni, jonka jalka jouduttiin amputoimaan huonon hoidon seurauksena. Yhteisty\u00f6ll\u00e4 saatiin j\u00e4rjestetty\u00e4 h\u00e4nelle hoitoa ja\u00a0proteesi. Samana vuonna aloitettiin <\/span><i><span data-contrast=\"auto\">Agenttiohjelma<\/span><\/i><span data-contrast=\"auto\">, jossa valmentajat myyv\u00e4t kananmunia ja saavat tuloja. <\/span><br \/>\n<span data-contrast=\"auto\">Kokeilimme my\u00f6s erilaisia vastuuteemoja, kuten rannan siivousta jne. Eli ty\u00f6t\u00e4, jota vastaan maksamme turnausmaksun. Ensisijainen tavoitteemme on tehd\u00e4 heist\u00e4 omavaraisia. T\u00e4m\u00e4 on kuitenkin osoittautunut haastavaksi, sill\u00e4 Gambian ty\u00f6llisyystilanne on eritt\u00e4in huono. Ty\u00f6tt\u00f6myysprosentti on eri laskentatavoista riippuen 50-70%. Vaikka t\u00f6it\u00e4 olisikin, niin 50-80 \u20ac\u00a0kuukausipalkalla on vaikea selviyty\u00e4.<\/span><\/p>\n<p><span data-contrast=\"auto\">Rotaractorit selvittiv\u00e4t my\u00f6s k\u00e4ytetyn auton l\u00e4hett\u00e4mist\u00e4 Rattille taksin perustamista varten. Totesimme rahdin olevan liian kallis, yli 2000 \u20ac, joten jouduimme luopumaan ajatuksesta.<\/span><\/p>\n<p><span data-contrast=\"auto\">Saimme jalkapallojoukkueen kapteenilta avunpyynn\u00f6n videon v\u00e4lityksell\u00e4. Siin\u00e4 pyydettiin taloudellista tukea jalkansa murtaneelle joukkuetoverille. Pelko (aiheellinen) ja rahanpuute estiv\u00e4t heit\u00e4 viem\u00e4st\u00e4 poikaa sairaalaan tarkempiin tutkimuksiin. Siksi he veiv\u00e4t pojan paikalliselle luunhoitajalle joka ei saanut jalkaa paranemaan. Pojan tila huononi syyskuussa ja h\u00e4n saattoi vain maata lattialla. Kun he lopulta meniv\u00e4t l\u00e4\u00e4k\u00e4rille ja r\u00f6ntgeniin, oli jo my\u00f6h\u00e4ist\u00e4. Luu oli nekroosissa ja ainoa vaihtoehto oli amputoida jalka. Poika ja perhe olivat peloissaan eiv\u00e4tk\u00e4 halunneet amputaatiota. Valmentaja ja pelaajat saivat pojan taivuteltua amputaatioon &#8211; sill\u00e4 seurauksella, ett\u00e4 h\u00e4nelt\u00e4 katosi el\u00e4m\u00e4nilo. Noin 2 kuukautta my\u00f6hemmin poika menehtyi. RIP Lai.<\/span><\/p>\n<p><span data-contrast=\"auto\">Syksyll\u00e4 saimme kuulla, ett\u00e4 Dawdan kanoja on varastettu. Dawdan viesti: \u201dVarkaat rikkoivat kanalan oven ja veiv\u00e4t suuren m\u00e4\u00e4r\u00e4n kanoja. Her\u00e4sin kello 4.10 y\u00f6ll\u00e4 ja tulin tarkistamaan kanalan tilanteen, niin kuin joka y\u00f6 teen. N\u00e4in aukinaisen oven, osa kanoista oli ulkona pihalla vapaana. Se oli kamalaa. Murtovarkaudet ovat lis\u00e4\u00e4ntyneet valitettavasti t\u00e4ss\u00e4 maassa nopeasti, Covid on tehnyt el\u00e4m\u00e4st\u00e4 Gambiassa entist\u00e4 haasteellisempaa. Olen sanaton. Tarkkailen yleens\u00e4 kanojani koko y\u00f6n. Poliisi k\u00e4vi p\u00e4iv\u00e4ll\u00e4, teki ilmoituksen ja otti kuvan rikkoutuneesta lukosta.\u201d<\/span><\/p>\n<p><span data-contrast=\"auto\">Mietimme kuinka voimme auttaa Dawdaa. H\u00e4n valvoo y\u00f6ll\u00e4 (01.00 \u2013 06.00) voidakseen vartioida kanoja. Voisimmeko auttaa h\u00e4nt\u00e4 hankkimaan y\u00f6vartijan (30 \u20ac\/ kk?). \u00a0P\u00e4\u00e4dyimme keskustelujen perusteella auttamaan h\u00e4nt\u00e4 parantamaan kanalan turvallisuutta sek\u00e4 antamaan lainan uutta kattoa varten. Heid\u00e4n uudessa talossaan on perustukset ja sein\u00e4t, mutta katto puuttui ja sadekausi oli juuri alkanut.\u00a0Keskustelimme 1000 \u20ac lainasta. Asia k\u00e4ytiin l\u00e4pi Turku Samppalinnan RC:n hallituksen kesken ja laina hyv\u00e4ksyttiin.<\/span><\/p>\n<p><span data-contrast=\"auto\">Totuus on, ett\u00e4 el\u00e4m\u00e4 Gambiassa on p\u00e4ivitt\u00e4ist\u00e4 selviytymist\u00e4 ja t\u00e4m\u00e4 on vain yksi esimerkki siit\u00e4 miten vaikeaa siell\u00e4 on.<\/span><span data-ccp-props=\"{&quot;134233117&quot;:false,&quot;134233118&quot;:false,&quot;335559738&quot;:240,&quot;335559739&quot;:240}\">\u00a0<\/span><\/p>\n<p><b><span data-contrast=\"auto\">2022<\/span><\/b><br \/>\n<span data-contrast=\"auto\">Kauden p\u00e4\u00e4tavoite oli saada Samtom FC Academy-joukkueelle tukirahasto koko vuodeksi. Minimisumma on 1200 \u20ac, jolla varmistetaan joukkueen\u00a0toiminta ja selviytyminen.\u00a0Joukkueessa pelasi t\u00e4ll\u00e4 hetkell\u00e4 noin 100 lasta, joista osa on orpolapsia. Ilman tukeamme heill\u00e4 ei olisi suurta mahdollisuutta pelata oikeassa jalkapallojoukkueessa. Kaikilla on yksi iso unelma: Ammattilaisuus. Vaikka se onkin haavetta suurelle osalle, ainoastaan joukkueen kautta se on mahdollista ja luo toivoa. Uusina asioina olivat rekryvideot pelaajista, joilla markkinoidaan heit\u00e4 suurempiin seuroihin sek\u00e4 kummiohjelma, jossa tuetaan lapsen koulumaksuja vuosi kerrallaan. Turku Samppalinnan Rotariklubin kummityt\u00f6ksi valikoitui Nyima,\u00a0kuvassa oikealla.<\/span><\/p>\n<p><span data-contrast=\"auto\">Ruokajuhla pelaajille j\u00e4rjestettiin jo toista kertaa, tarjosimme ruokaa koko joukkueelle. Dawda Manga teki Facebook-live-l\u00e4hetyksen kolme kertaa sin\u00e4 p\u00e4iv\u00e4n\u00e4.\u00a0Tarjolla oli Dawdan kanaa, kastiketta, riisi\u00e4, hedelmi\u00e4 ja\u00a0vihanneksia, hyvin erilaista kuin heid\u00e4n normaali ateria, joka on usein vain riisi\u00e4 ja sokeria. Tarjolla oli my\u00f6s BaoBabia ja paikallisia mehujuomia. Lapset ja nuoret olivat hyvin tyytyv\u00e4isi\u00e4 ja ilo n\u00e4kyi videoissa,\u00a0yhteis\u00f6llisyys kasvoi. Saavutimme tavoitteen.<\/span><\/p>\n<p><b><span data-contrast=\"auto\">2023-2024<\/span><\/b><span data-ccp-props=\"{}\"><br \/>\n<\/span><span data-contrast=\"auto\">TOIVO ON T\u00c4RKE\u00c4 VOIMAVARA <\/span><span data-ccp-props=\"{}\"><br \/>\n<\/span><span data-contrast=\"auto\">Olimme kauden alussa 2023 Nauvossa vierailulla ja tapasimme piirin 1410 uuden kuvern\u00f6\u00f6rin Aaro S\u00f6derlundin. Oliko sattumaa vai ei, p\u00e4\u00e4valmentaja Sami soitti juuri silloin videopuhelun Gambiasta. Juttelimme uudesta kaudesta ja jalkapallojen ja varusteiden tarpeesta. Sami kiitti viel\u00e4 Rotareita tuesta. Samille j\u00e4i hyv\u00e4 muisto puhelusta ja h\u00e4n kertoi siit\u00e4 koko joukkueelle. H\u00e4n kertoi, ett\u00e4 puhuminen uuden \u201cBossin\u201d kanssa loi heille taas uutta toivoa. Toivo on iso voimavara.<\/span><\/p>\n<p><span data-contrast=\"auto\">My\u00f6hemmin keskittyminen laajeni my\u00f6s tytt\u00f6jen tukemiseen \u2013 koulutukseen ja tasa-arvoon. Vuonna 2023 joukkueessa pelasi s\u00e4\u00e4nn\u00f6llisesti 100 lasta. Valmentaja Sam kohtasi haasteita varusteiden ja resurssien riitt\u00e4misen kanssa, mutta toiminta jatkui aktiivisena. Tavoitteena oli ja on edelleen pysyv\u00e4 toiminta, joka tuo lapsille iloa ja merkityst\u00e4 arkeen.<\/span><\/p>\n<p><span data-contrast=\"auto\">Ihan ensimm\u00e4iseksi suuri KIITOS kaikille teille tukijoille, ilman teit\u00e4 emme olisi selvinneet taloudellisesti kev\u00e4\u00e4n ja kes\u00e4n 2023 yli. Erityiskiitos Virpi ja Matti Honkalalle Raahesta, jotka olivat moottoreina t\u00e4ss\u00e4. Lis\u00e4ksi n\u00e4m\u00e4 klubit olivat mukana tukemassa Gambian Lapset -projektia: Uudenkaupungin Rotaryklubi, Pietari Brahen Rotaryklubi, Raahen Rotaryklubi, Meri-Naantalin Rotaryklubi, Rauman Rotaryklubi, Laitilan Rotaryklubi ja Kupittaan Rotaryklubi.\u00a0<\/span><span data-ccp-props=\"{}\">\u00a0<\/span><\/p>\n<p><span data-contrast=\"auto\">Toivo El\u00e4\u00e4 &#8211; Gambian lasten ja nuorten tukeminen jatkuu v. 2024 syksyll\u00e4 perustetun Gambian Lapset ry:n kautta.<\/span><span data-ccp-props=\"{}\"> Y-tunnuksemme on 3485346-6. Hallitus: Tommi Sundqvist (pj), Heli Mikkola, Erja Vihervaara ja Matti Vetri\u00f6 (Tommi, Erja ja Matti ovat Turku Samppalinnan rotaryklubista). Neuvonantajana toimii Rotarys\u00e4\u00e4ti\u00f6asiamies Pentti Aspila Forssan Rotaryklubista.<\/span><\/p>\n<p>Otamme kiitollisuudella vastaan rahallista tukea esimerkiksi 10,00 &#8211; 20,00 \u20ac kuukausilahjoituksena tai yksitt\u00e4isen\u00e4 lahjoituksena. Ker\u00e4ysnumeromme on RA\/2025\/458. Tilinumeromme on: FI23 5710 0420 9684 97. Viite: Gambian lapset<\/p>\n<p><span data-contrast=\"auto\">Kirjoittaja: <\/span><span data-contrast=\"auto\">Tommi Sundqvist, past presidentti Turku Samppalinnan Rotaryklubi. Gambian lapset ry vet\u00e4j\u00e4.<br \/>\ntommisun@gmail.com, +358 400160025<\/span><\/p>\n<p><span data-ccp-props=\"{&quot;134245418&quot;:true,&quot;134245529&quot;:true,&quot;335559738&quot;:160,&quot;335559739&quot;:80}\">\u00a0<\/span><\/p>\n<p><span data-ccp-props=\"{}\">\u00a0<\/span><\/p>\n<p><span data-ccp-props=\"{}\">\u00a0<\/span><\/p>\n","protected":false},"excerpt":{"rendered":"<p>Gambian lapset -projekin tarina \u2013 Yksi pallo, sata unelmaa Lomamatkasta hyv\u00e4ntekev\u00e4isyysprojekti HYV\u00c4NTEKEV\u00c4ISYYSPROJEKTIN TAVOITE LYHYESTI: Lapsille turvallinen harrastus \u2013 parempi ravinto\u00a0\u2013 pakolaisuuden v\u00e4ltt\u00e4minen (lapsia mukana per 31.3.2025: noin 100 lasta ja nuorta, joista osa orpoja). P\u00e4\u00e4henkil\u00f6t Gambiassa: Sam Njie (Head coach), Ratti Babucarr Njie (Manager), Dawda Manga (Chicken farmer)\u00a0 Timeline: 2017 ja 2018 lomamatkat Gambiaan 2019-2023 [&hellip;]<\/p>\n","protected":false},"author":201,"featured_media":0,"parent":0,"menu_order":0,"comment_status":"closed","ping_status":"closed","template":"","meta":{"_acf_changed":false,"_et_pb_use_builder":"off","_et_pb_old_content":"","_et_gb_content_width":"","footnotes":""},"class_list":["post-2957","page","type-page","status-publish","hentry"],"acf":[],"yoast_head":"<!-- This site is optimized with the Yoast SEO plugin v27.4 - https:\/\/yoast.com\/product\/yoast-seo-wordpress\/ -->\n<title>Gambian lapset 2017 - 2025 - Turku Samppalinnan Rotaryklubi<\/title>\n<meta name=\"robots\" content=\"index, follow, max-snippet:-1, max-image-preview:large, max-video-preview:-1\" \/>\n<link rel=\"canonical\" href=\"https:\/\/rotary.fi\/turkusamppalinna\/gambian-lapset\/\" \/>\n<meta property=\"og:locale\" content=\"fi_FI\" \/>\n<meta property=\"og:type\" content=\"article\" \/>\n<meta property=\"og:title\" content=\"Gambian lapset 2017 - 2025 - Turku Samppalinnan Rotaryklubi\" \/>\n<meta property=\"og:description\" content=\"Gambian lapset -projekin tarina \u2013 Yksi pallo, sata unelmaa Lomamatkasta hyv\u00e4ntekev\u00e4isyysprojekti HYV\u00c4NTEKEV\u00c4ISYYSPROJEKTIN TAVOITE LYHYESTI: Lapsille turvallinen harrastus \u2013 parempi ravinto\u00a0\u2013 pakolaisuuden v\u00e4ltt\u00e4minen (lapsia mukana per 31.3.2025: noin 100 lasta ja nuorta, joista osa orpoja). P\u00e4\u00e4henkil\u00f6t Gambiassa: Sam Njie (Head coach), Ratti Babucarr Njie (Manager), Dawda Manga (Chicken farmer)\u00a0 Timeline: 2017 ja 2018 lomamatkat Gambiaan 2019-2023 [&hellip;]\" \/>\n<meta property=\"og:url\" content=\"https:\/\/rotary.fi\/turkusamppalinna\/gambian-lapset\/\" \/>\n<meta property=\"og:site_name\" content=\"Turku Samppalinnan Rotaryklubi\" \/>\n<meta property=\"article:modified_time\" content=\"2025-07-09T09:02:00+00:00\" \/>\n<meta property=\"og:image\" content=\"https:\/\/rotary.fi\/turkusamppalinna\/wp-content\/uploads\/sites\/114\/2023\/07\/dscn8459.jpg\" \/>\n\t<meta property=\"og:image:width\" content=\"2048\" \/>\n\t<meta property=\"og:image:height\" content=\"1536\" \/>\n\t<meta property=\"og:image:type\" content=\"image\/jpeg\" \/>\n<meta name=\"twitter:card\" content=\"summary_large_image\" \/>\n<meta name=\"twitter:label1\" content=\"Arvioitu lukuaika\" \/>\n\t<meta name=\"twitter:data1\" content=\"9 minuuttia\" \/>\n<script type=\"application\/ld+json\" class=\"yoast-schema-graph\">{\"@context\":\"https:\\\/\\\/schema.org\",\"@graph\":[{\"@type\":\"WebPage\",\"@id\":\"https:\\\/\\\/rotary.fi\\\/turkusamppalinna\\\/gambian-lapset\\\/\",\"url\":\"https:\\\/\\\/rotary.fi\\\/turkusamppalinna\\\/gambian-lapset\\\/\",\"name\":\"Gambian lapset 2017 - 2025 - Turku Samppalinnan Rotaryklubi\",\"isPartOf\":{\"@id\":\"https:\\\/\\\/rotary.fi\\\/turkusamppalinna\\\/#website\"},\"primaryImageOfPage\":{\"@id\":\"https:\\\/\\\/rotary.fi\\\/turkusamppalinna\\\/gambian-lapset\\\/#primaryimage\"},\"image\":{\"@id\":\"https:\\\/\\\/rotary.fi\\\/turkusamppalinna\\\/gambian-lapset\\\/#primaryimage\"},\"thumbnailUrl\":\"https:\\\/\\\/rotary.fi\\\/turkusamppalinna\\\/wp-content\\\/uploads\\\/sites\\\/114\\\/2023\\\/07\\\/dscn8459-1024x768.jpg\",\"datePublished\":\"2023-09-21T07:53:54+00:00\",\"dateModified\":\"2025-07-09T09:02:00+00:00\",\"breadcrumb\":{\"@id\":\"https:\\\/\\\/rotary.fi\\\/turkusamppalinna\\\/gambian-lapset\\\/#breadcrumb\"},\"inLanguage\":\"fi\",\"potentialAction\":[{\"@type\":\"ReadAction\",\"target\":[\"https:\\\/\\\/rotary.fi\\\/turkusamppalinna\\\/gambian-lapset\\\/\"]}]},{\"@type\":\"ImageObject\",\"inLanguage\":\"fi\",\"@id\":\"https:\\\/\\\/rotary.fi\\\/turkusamppalinna\\\/gambian-lapset\\\/#primaryimage\",\"url\":\"https:\\\/\\\/rotary.fi\\\/turkusamppalinna\\\/wp-content\\\/uploads\\\/sites\\\/114\\\/2023\\\/07\\\/dscn8459.jpg\",\"contentUrl\":\"https:\\\/\\\/rotary.fi\\\/turkusamppalinna\\\/wp-content\\\/uploads\\\/sites\\\/114\\\/2023\\\/07\\\/dscn8459.jpg\",\"width\":2048,\"height\":1536},{\"@type\":\"BreadcrumbList\",\"@id\":\"https:\\\/\\\/rotary.fi\\\/turkusamppalinna\\\/gambian-lapset\\\/#breadcrumb\",\"itemListElement\":[{\"@type\":\"ListItem\",\"position\":1,\"name\":\"Home\",\"item\":\"https:\\\/\\\/rotary.fi\\\/turkusamppalinna\\\/\"},{\"@type\":\"ListItem\",\"position\":2,\"name\":\"Gambian lapset 2017 &#8211; 2025\"}]},{\"@type\":\"WebSite\",\"@id\":\"https:\\\/\\\/rotary.fi\\\/turkusamppalinna\\\/#website\",\"url\":\"https:\\\/\\\/rotary.fi\\\/turkusamppalinna\\\/\",\"name\":\"Turku Samppalinnan Rotaryklubi\",\"description\":\"Uusi Rotary klubisivusto\",\"potentialAction\":[{\"@type\":\"SearchAction\",\"target\":{\"@type\":\"EntryPoint\",\"urlTemplate\":\"https:\\\/\\\/rotary.fi\\\/turkusamppalinna\\\/?s={search_term_string}\"},\"query-input\":{\"@type\":\"PropertyValueSpecification\",\"valueRequired\":true,\"valueName\":\"search_term_string\"}}],\"inLanguage\":\"fi\"}]}<\/script>\n<!-- \/ Yoast SEO plugin. -->","yoast_head_json":{"title":"Gambian lapset 2017 - 2025 - Turku Samppalinnan Rotaryklubi","robots":{"index":"index","follow":"follow","max-snippet":"max-snippet:-1","max-image-preview":"max-image-preview:large","max-video-preview":"max-video-preview:-1"},"canonical":"https:\/\/rotary.fi\/turkusamppalinna\/gambian-lapset\/","og_locale":"fi_FI","og_type":"article","og_title":"Gambian lapset 2017 - 2025 - Turku Samppalinnan Rotaryklubi","og_description":"Gambian lapset -projekin tarina \u2013 Yksi pallo, sata unelmaa Lomamatkasta hyv\u00e4ntekev\u00e4isyysprojekti HYV\u00c4NTEKEV\u00c4ISYYSPROJEKTIN TAVOITE LYHYESTI: Lapsille turvallinen harrastus \u2013 parempi ravinto\u00a0\u2013 pakolaisuuden v\u00e4ltt\u00e4minen (lapsia mukana per 31.3.2025: noin 100 lasta ja nuorta, joista osa orpoja). P\u00e4\u00e4henkil\u00f6t Gambiassa: Sam Njie (Head coach), Ratti Babucarr Njie (Manager), Dawda Manga (Chicken farmer)\u00a0 Timeline: 2017 ja 2018 lomamatkat Gambiaan 2019-2023 [&hellip;]","og_url":"https:\/\/rotary.fi\/turkusamppalinna\/gambian-lapset\/","og_site_name":"Turku Samppalinnan Rotaryklubi","article_modified_time":"2025-07-09T09:02:00+00:00","og_image":[{"width":2048,"height":1536,"url":"https:\/\/rotary.fi\/turkusamppalinna\/wp-content\/uploads\/sites\/114\/2023\/07\/dscn8459.jpg","type":"image\/jpeg"}],"twitter_card":"summary_large_image","twitter_misc":{"Arvioitu lukuaika":"9 minuuttia"},"schema":{"@context":"https:\/\/schema.org","@graph":[{"@type":"WebPage","@id":"https:\/\/rotary.fi\/turkusamppalinna\/gambian-lapset\/","url":"https:\/\/rotary.fi\/turkusamppalinna\/gambian-lapset\/","name":"Gambian lapset 2017 - 2025 - Turku Samppalinnan Rotaryklubi","isPartOf":{"@id":"https:\/\/rotary.fi\/turkusamppalinna\/#website"},"primaryImageOfPage":{"@id":"https:\/\/rotary.fi\/turkusamppalinna\/gambian-lapset\/#primaryimage"},"image":{"@id":"https:\/\/rotary.fi\/turkusamppalinna\/gambian-lapset\/#primaryimage"},"thumbnailUrl":"https:\/\/rotary.fi\/turkusamppalinna\/wp-content\/uploads\/sites\/114\/2023\/07\/dscn8459-1024x768.jpg","datePublished":"2023-09-21T07:53:54+00:00","dateModified":"2025-07-09T09:02:00+00:00","breadcrumb":{"@id":"https:\/\/rotary.fi\/turkusamppalinna\/gambian-lapset\/#breadcrumb"},"inLanguage":"fi","potentialAction":[{"@type":"ReadAction","target":["https:\/\/rotary.fi\/turkusamppalinna\/gambian-lapset\/"]}]},{"@type":"ImageObject","inLanguage":"fi","@id":"https:\/\/rotary.fi\/turkusamppalinna\/gambian-lapset\/#primaryimage","url":"https:\/\/rotary.fi\/turkusamppalinna\/wp-content\/uploads\/sites\/114\/2023\/07\/dscn8459.jpg","contentUrl":"https:\/\/rotary.fi\/turkusamppalinna\/wp-content\/uploads\/sites\/114\/2023\/07\/dscn8459.jpg","width":2048,"height":1536},{"@type":"BreadcrumbList","@id":"https:\/\/rotary.fi\/turkusamppalinna\/gambian-lapset\/#breadcrumb","itemListElement":[{"@type":"ListItem","position":1,"name":"Home","item":"https:\/\/rotary.fi\/turkusamppalinna\/"},{"@type":"ListItem","position":2,"name":"Gambian lapset 2017 &#8211; 2025"}]},{"@type":"WebSite","@id":"https:\/\/rotary.fi\/turkusamppalinna\/#website","url":"https:\/\/rotary.fi\/turkusamppalinna\/","name":"Turku Samppalinnan Rotaryklubi","description":"Uusi Rotary klubisivusto","potentialAction":[{"@type":"SearchAction","target":{"@type":"EntryPoint","urlTemplate":"https:\/\/rotary.fi\/turkusamppalinna\/?s={search_term_string}"},"query-input":{"@type":"PropertyValueSpecification","valueRequired":true,"valueName":"search_term_string"}}],"inLanguage":"fi"}]}},"lang":"fi","translations":{"fi":2957},"pll_sync_post":[],"_links":{"self":[{"href":"https:\/\/rotary.fi\/turkusamppalinna\/wp-json\/wp\/v2\/pages\/2957","targetHints":{"allow":["GET"]}}],"collection":[{"href":"https:\/\/rotary.fi\/turkusamppalinna\/wp-json\/wp\/v2\/pages"}],"about":[{"href":"https:\/\/rotary.fi\/turkusamppalinna\/wp-json\/wp\/v2\/types\/page"}],"author":[{"embeddable":true,"href":"https:\/\/rotary.fi\/turkusamppalinna\/wp-json\/wp\/v2\/users\/201"}],"replies":[{"embeddable":true,"href":"https:\/\/rotary.fi\/turkusamppalinna\/wp-json\/wp\/v2\/comments?post=2957"}],"version-history":[{"count":10,"href":"https:\/\/rotary.fi\/turkusamppalinna\/wp-json\/wp\/v2\/pages\/2957\/revisions"}],"predecessor-version":[{"id":3432,"href":"https:\/\/rotary.fi\/turkusamppalinna\/wp-json\/wp\/v2\/pages\/2957\/revisions\/3432"}],"wp:attachment":[{"href":"https:\/\/rotary.fi\/turkusamppalinna\/wp-json\/wp\/v2\/media?parent=2957"}],"curies":[{"name":"wp","href":"https:\/\/api.w.org\/{rel}","templated":true}]}}