{"id":2948,"date":"2023-09-21T10:36:05","date_gmt":"2023-09-21T07:36:05","guid":{"rendered":"https:\/\/rotary.fi\/turkusamppalinna\/?page_id=2948"},"modified":"2024-06-02T20:48:52","modified_gmt":"2024-06-02T17:48:52","slug":"skeittipuisto","status":"publish","type":"page","link":"https:\/\/rotary.fi\/turkusamppalinna\/skeittipuisto\/","title":{"rendered":"Skeittipuisto"},"content":{"rendered":"<p>Turun Rotaryklubit yhteisty\u00f6ss\u00e4\u00a0 Turun kaupungin kanssa on rakennettu skeittialue Aurajoen rantaan.<br \/>\nVet\u00e4j\u00e4n\u00e4 hankkeessa toiminut Samppalinnan klubin Tommi Sundqvist.<\/p>\n<p>Projekti jatkuu.<\/p>\n<p><a href=\"https:\/\/rotary.fi\/turkusamppalinna\/wp-content\/uploads\/sites\/114\/2024\/06\/Skeittiprojekti.pdf\">Skeittiprojekti<\/a><\/p>\n<p>&nbsp;<\/p>\n","protected":false},"excerpt":{"rendered":"<p>Turun Rotaryklubit yhteisty\u00f6ss\u00e4\u00a0 Turun kaupungin kanssa on rakennettu skeittialue Aurajoen rantaan. Vet\u00e4j\u00e4n\u00e4 hankkeessa toiminut Samppalinnan klubin Tommi Sundqvist. Projekti jatkuu. Skeittiprojekti &nbsp;<\/p>\n","protected":false},"author":201,"featured_media":0,"parent":0,"menu_order":0,"comment_status":"closed","ping_status":"closed","template":"","meta":{"_acf_changed":false,"_et_pb_use_builder":"","_et_pb_old_content":"","_et_gb_content_width":"","footnotes":""},"class_list":["post-2948","page","type-page","status-publish","hentry"],"acf":[],"yoast_head":"<!-- This site is optimized with the Yoast SEO plugin v27.0 - https:\/\/yoast.com\/product\/yoast-seo-wordpress\/ -->\n<title>Skeittipuisto - Turku Samppalinnan Rotaryklubi<\/title>\n<meta name=\"robots\" content=\"index, follow, max-snippet:-1, max-image-preview:large, max-video-preview:-1\" \/>\n<link rel=\"canonical\" href=\"https:\/\/rotary.fi\/turkusamppalinna\/skeittipuisto\/\" \/>\n<meta property=\"og:locale\" content=\"fi_FI\" \/>\n<meta property=\"og:type\" content=\"article\" \/>\n<meta property=\"og:title\" content=\"Skeittipuisto - Turku Samppalinnan Rotaryklubi\" \/>\n<meta property=\"og:description\" content=\"Turun Rotaryklubit yhteisty\u00f6ss\u00e4\u00a0 Turun kaupungin kanssa on rakennettu skeittialue Aurajoen rantaan. Vet\u00e4j\u00e4n\u00e4 hankkeessa toiminut Samppalinnan klubin Tommi Sundqvist. Projekti jatkuu. Skeittiprojekti &nbsp;\" \/>\n<meta property=\"og:url\" content=\"https:\/\/rotary.fi\/turkusamppalinna\/skeittipuisto\/\" \/>\n<meta property=\"og:site_name\" content=\"Turku Samppalinnan Rotaryklubi\" \/>\n<meta property=\"article:modified_time\" content=\"2024-06-02T17:48:52+00:00\" \/>\n<meta name=\"twitter:card\" content=\"summary_large_image\" \/>\n<meta name=\"twitter:label1\" content=\"Arvioitu lukuaika\" \/>\n\t<meta name=\"twitter:data1\" content=\"1 minuutti\" \/>\n<script type=\"application\/ld+json\" class=\"yoast-schema-graph\">{\"@context\":\"https:\/\/schema.org\",\"@graph\":[{\"@type\":\"WebPage\",\"@id\":\"https:\/\/rotary.fi\/turkusamppalinna\/skeittipuisto\/\",\"url\":\"https:\/\/rotary.fi\/turkusamppalinna\/skeittipuisto\/\",\"name\":\"Skeittipuisto - Turku Samppalinnan Rotaryklubi\",\"isPartOf\":{\"@id\":\"https:\/\/rotary.fi\/turkusamppalinna\/#website\"},\"datePublished\":\"2023-09-21T07:36:05+00:00\",\"dateModified\":\"2024-06-02T17:48:52+00:00\",\"breadcrumb\":{\"@id\":\"https:\/\/rotary.fi\/turkusamppalinna\/skeittipuisto\/#breadcrumb\"},\"inLanguage\":\"fi\",\"potentialAction\":[{\"@type\":\"ReadAction\",\"target\":[\"https:\/\/rotary.fi\/turkusamppalinna\/skeittipuisto\/\"]}]},{\"@type\":\"BreadcrumbList\",\"@id\":\"https:\/\/rotary.fi\/turkusamppalinna\/skeittipuisto\/#breadcrumb\",\"itemListElement\":[{\"@type\":\"ListItem\",\"position\":1,\"name\":\"Home\",\"item\":\"https:\/\/rotary.fi\/turkusamppalinna\/\"},{\"@type\":\"ListItem\",\"position\":2,\"name\":\"Skeittipuisto\"}]},{\"@type\":\"WebSite\",\"@id\":\"https:\/\/rotary.fi\/turkusamppalinna\/#website\",\"url\":\"https:\/\/rotary.fi\/turkusamppalinna\/\",\"name\":\"Turku Samppalinnan Rotaryklubi\",\"description\":\"Uusi Rotary klubisivusto\",\"potentialAction\":[{\"@type\":\"SearchAction\",\"target\":{\"@type\":\"EntryPoint\",\"urlTemplate\":\"https:\/\/rotary.fi\/turkusamppalinna\/?s={search_term_string}\"},\"query-input\":{\"@type\":\"PropertyValueSpecification\",\"valueRequired\":true,\"valueName\":\"search_term_string\"}}],\"inLanguage\":\"fi\"}]}<\/script>\n<!-- \/ Yoast SEO plugin. -->","yoast_head_json":{"title":"Skeittipuisto - Turku Samppalinnan Rotaryklubi","robots":{"index":"index","follow":"follow","max-snippet":"max-snippet:-1","max-image-preview":"max-image-preview:large","max-video-preview":"max-video-preview:-1"},"canonical":"https:\/\/rotary.fi\/turkusamppalinna\/skeittipuisto\/","og_locale":"fi_FI","og_type":"article","og_title":"Skeittipuisto - Turku Samppalinnan Rotaryklubi","og_description":"Turun Rotaryklubit yhteisty\u00f6ss\u00e4\u00a0 Turun kaupungin kanssa on rakennettu skeittialue Aurajoen rantaan. Vet\u00e4j\u00e4n\u00e4 hankkeessa toiminut Samppalinnan klubin Tommi Sundqvist. Projekti jatkuu. Skeittiprojekti &nbsp;","og_url":"https:\/\/rotary.fi\/turkusamppalinna\/skeittipuisto\/","og_site_name":"Turku Samppalinnan Rotaryklubi","article_modified_time":"2024-06-02T17:48:52+00:00","twitter_card":"summary_large_image","twitter_misc":{"Arvioitu lukuaika":"1 minuutti"},"schema":{"@context":"https:\/\/schema.org","@graph":[{"@type":"WebPage","@id":"https:\/\/rotary.fi\/turkusamppalinna\/skeittipuisto\/","url":"https:\/\/rotary.fi\/turkusamppalinna\/skeittipuisto\/","name":"Skeittipuisto - Turku Samppalinnan Rotaryklubi","isPartOf":{"@id":"https:\/\/rotary.fi\/turkusamppalinna\/#website"},"datePublished":"2023-09-21T07:36:05+00:00","dateModified":"2024-06-02T17:48:52+00:00","breadcrumb":{"@id":"https:\/\/rotary.fi\/turkusamppalinna\/skeittipuisto\/#breadcrumb"},"inLanguage":"fi","potentialAction":[{"@type":"ReadAction","target":["https:\/\/rotary.fi\/turkusamppalinna\/skeittipuisto\/"]}]},{"@type":"BreadcrumbList","@id":"https:\/\/rotary.fi\/turkusamppalinna\/skeittipuisto\/#breadcrumb","itemListElement":[{"@type":"ListItem","position":1,"name":"Home","item":"https:\/\/rotary.fi\/turkusamppalinna\/"},{"@type":"ListItem","position":2,"name":"Skeittipuisto"}]},{"@type":"WebSite","@id":"https:\/\/rotary.fi\/turkusamppalinna\/#website","url":"https:\/\/rotary.fi\/turkusamppalinna\/","name":"Turku Samppalinnan Rotaryklubi","description":"Uusi Rotary klubisivusto","potentialAction":[{"@type":"SearchAction","target":{"@type":"EntryPoint","urlTemplate":"https:\/\/rotary.fi\/turkusamppalinna\/?s={search_term_string}"},"query-input":{"@type":"PropertyValueSpecification","valueRequired":true,"valueName":"search_term_string"}}],"inLanguage":"fi"}]}},"lang":"fi","translations":{"fi":2948},"pll_sync_post":[],"_links":{"self":[{"href":"https:\/\/rotary.fi\/turkusamppalinna\/wp-json\/wp\/v2\/pages\/2948","targetHints":{"allow":["GET"]}}],"collection":[{"href":"https:\/\/rotary.fi\/turkusamppalinna\/wp-json\/wp\/v2\/pages"}],"about":[{"href":"https:\/\/rotary.fi\/turkusamppalinna\/wp-json\/wp\/v2\/types\/page"}],"author":[{"embeddable":true,"href":"https:\/\/rotary.fi\/turkusamppalinna\/wp-json\/wp\/v2\/users\/201"}],"replies":[{"embeddable":true,"href":"https:\/\/rotary.fi\/turkusamppalinna\/wp-json\/wp\/v2\/comments?post=2948"}],"version-history":[{"count":3,"href":"https:\/\/rotary.fi\/turkusamppalinna\/wp-json\/wp\/v2\/pages\/2948\/revisions"}],"predecessor-version":[{"id":3192,"href":"https:\/\/rotary.fi\/turkusamppalinna\/wp-json\/wp\/v2\/pages\/2948\/revisions\/3192"}],"wp:attachment":[{"href":"https:\/\/rotary.fi\/turkusamppalinna\/wp-json\/wp\/v2\/media?parent=2948"}],"curies":[{"name":"wp","href":"https:\/\/api.w.org\/{rel}","templated":true}]}}