{"id":2903,"date":"2023-09-20T22:00:44","date_gmt":"2023-09-20T19:00:44","guid":{"rendered":"https:\/\/rotary.fi\/turkusamppalinna\/?page_id=2903"},"modified":"2023-09-20T22:12:09","modified_gmt":"2023-09-20T19:12:09","slug":"paravaltti","status":"publish","type":"page","link":"https:\/\/rotary.fi\/turkusamppalinna\/paravaltti\/","title":{"rendered":"Paravaltti"},"content":{"rendered":"<ul>\n<li><strong>Valtti-ohjelman avulla pyrit\u00e4\u00e4n l\u00f6yt\u00e4m\u00e4\u00e4n erityist\u00e4 tukea tarvitseville lapsille liikuntaharrastus.<\/strong><\/li>\n<li><strong>Valtti-ohjelmaan voivat hakea mukaan 6\u201323-vuotiaat erityist\u00e4 tukea tarvitsevat lapset ja nuoret, jotka eiv\u00e4t viel\u00e4 ole l\u00f6yt\u00e4neet sopivaa liikuntaharrastusta.<br \/>\n<\/strong><\/li>\n<li><strong>Samppalinnan Rotaryklubi tukee taloudellisesti Paravaltti-ohjelmaa.<\/strong><\/li>\n<\/ul>\n<p><a href=\"https:\/\/www.paralympia.fi\/liikunta\/lapset-ja-nuoret\/valtti\">https:\/\/www.paralympia.fi\/liikunta\/lapset-ja-nuoret\/valtti<\/a><\/p>\n","protected":false},"excerpt":{"rendered":"<p>Valtti-ohjelman avulla pyrit\u00e4\u00e4n l\u00f6yt\u00e4m\u00e4\u00e4n erityist\u00e4 tukea tarvitseville lapsille liikuntaharrastus. Valtti-ohjelmaan voivat hakea mukaan 6\u201323-vuotiaat erityist\u00e4 tukea tarvitsevat lapset ja nuoret, jotka eiv\u00e4t viel\u00e4 ole l\u00f6yt\u00e4neet sopivaa liikuntaharrastusta. Samppalinnan Rotaryklubi tukee taloudellisesti Paravaltti-ohjelmaa. https:\/\/www.paralympia.fi\/liikunta\/lapset-ja-nuoret\/valtti<\/p>\n","protected":false},"author":201,"featured_media":0,"parent":0,"menu_order":0,"comment_status":"closed","ping_status":"closed","template":"","meta":{"_acf_changed":false,"_et_pb_use_builder":"","_et_pb_old_content":"","_et_gb_content_width":"","footnotes":""},"class_list":["post-2903","page","type-page","status-publish","hentry"],"acf":[],"yoast_head":"<!-- This site is optimized with the Yoast SEO plugin v27.4 - https:\/\/yoast.com\/product\/yoast-seo-wordpress\/ -->\n<title>Paravaltti - Turku Samppalinnan Rotaryklubi<\/title>\n<meta name=\"robots\" content=\"index, follow, max-snippet:-1, max-image-preview:large, max-video-preview:-1\" \/>\n<link rel=\"canonical\" href=\"https:\/\/rotary.fi\/turkusamppalinna\/paravaltti\/\" \/>\n<meta property=\"og:locale\" content=\"fi_FI\" \/>\n<meta property=\"og:type\" content=\"article\" \/>\n<meta property=\"og:title\" content=\"Paravaltti - Turku Samppalinnan Rotaryklubi\" \/>\n<meta property=\"og:description\" content=\"Valtti-ohjelman avulla pyrit\u00e4\u00e4n l\u00f6yt\u00e4m\u00e4\u00e4n erityist\u00e4 tukea tarvitseville lapsille liikuntaharrastus. Valtti-ohjelmaan voivat hakea mukaan 6\u201323-vuotiaat erityist\u00e4 tukea tarvitsevat lapset ja nuoret, jotka eiv\u00e4t viel\u00e4 ole l\u00f6yt\u00e4neet sopivaa liikuntaharrastusta. Samppalinnan Rotaryklubi tukee taloudellisesti Paravaltti-ohjelmaa. https:\/\/www.paralympia.fi\/liikunta\/lapset-ja-nuoret\/valtti\" \/>\n<meta property=\"og:url\" content=\"https:\/\/rotary.fi\/turkusamppalinna\/paravaltti\/\" \/>\n<meta property=\"og:site_name\" content=\"Turku Samppalinnan Rotaryklubi\" \/>\n<meta property=\"article:modified_time\" content=\"2023-09-20T19:12:09+00:00\" \/>\n<meta name=\"twitter:card\" content=\"summary_large_image\" \/>\n<meta name=\"twitter:label1\" content=\"Arvioitu lukuaika\" \/>\n\t<meta name=\"twitter:data1\" content=\"1 minuutti\" \/>\n<script type=\"application\/ld+json\" class=\"yoast-schema-graph\">{\"@context\":\"https:\\\/\\\/schema.org\",\"@graph\":[{\"@type\":\"WebPage\",\"@id\":\"https:\\\/\\\/rotary.fi\\\/turkusamppalinna\\\/paravaltti\\\/\",\"url\":\"https:\\\/\\\/rotary.fi\\\/turkusamppalinna\\\/paravaltti\\\/\",\"name\":\"Paravaltti - Turku Samppalinnan Rotaryklubi\",\"isPartOf\":{\"@id\":\"https:\\\/\\\/rotary.fi\\\/turkusamppalinna\\\/#website\"},\"datePublished\":\"2023-09-20T19:00:44+00:00\",\"dateModified\":\"2023-09-20T19:12:09+00:00\",\"breadcrumb\":{\"@id\":\"https:\\\/\\\/rotary.fi\\\/turkusamppalinna\\\/paravaltti\\\/#breadcrumb\"},\"inLanguage\":\"fi\",\"potentialAction\":[{\"@type\":\"ReadAction\",\"target\":[\"https:\\\/\\\/rotary.fi\\\/turkusamppalinna\\\/paravaltti\\\/\"]}]},{\"@type\":\"BreadcrumbList\",\"@id\":\"https:\\\/\\\/rotary.fi\\\/turkusamppalinna\\\/paravaltti\\\/#breadcrumb\",\"itemListElement\":[{\"@type\":\"ListItem\",\"position\":1,\"name\":\"Home\",\"item\":\"https:\\\/\\\/rotary.fi\\\/turkusamppalinna\\\/\"},{\"@type\":\"ListItem\",\"position\":2,\"name\":\"Paravaltti\"}]},{\"@type\":\"WebSite\",\"@id\":\"https:\\\/\\\/rotary.fi\\\/turkusamppalinna\\\/#website\",\"url\":\"https:\\\/\\\/rotary.fi\\\/turkusamppalinna\\\/\",\"name\":\"Turku Samppalinnan Rotaryklubi\",\"description\":\"Uusi Rotary klubisivusto\",\"potentialAction\":[{\"@type\":\"SearchAction\",\"target\":{\"@type\":\"EntryPoint\",\"urlTemplate\":\"https:\\\/\\\/rotary.fi\\\/turkusamppalinna\\\/?s={search_term_string}\"},\"query-input\":{\"@type\":\"PropertyValueSpecification\",\"valueRequired\":true,\"valueName\":\"search_term_string\"}}],\"inLanguage\":\"fi\"}]}<\/script>\n<!-- \/ Yoast SEO plugin. -->","yoast_head_json":{"title":"Paravaltti - Turku Samppalinnan Rotaryklubi","robots":{"index":"index","follow":"follow","max-snippet":"max-snippet:-1","max-image-preview":"max-image-preview:large","max-video-preview":"max-video-preview:-1"},"canonical":"https:\/\/rotary.fi\/turkusamppalinna\/paravaltti\/","og_locale":"fi_FI","og_type":"article","og_title":"Paravaltti - Turku Samppalinnan Rotaryklubi","og_description":"Valtti-ohjelman avulla pyrit\u00e4\u00e4n l\u00f6yt\u00e4m\u00e4\u00e4n erityist\u00e4 tukea tarvitseville lapsille liikuntaharrastus. Valtti-ohjelmaan voivat hakea mukaan 6\u201323-vuotiaat erityist\u00e4 tukea tarvitsevat lapset ja nuoret, jotka eiv\u00e4t viel\u00e4 ole l\u00f6yt\u00e4neet sopivaa liikuntaharrastusta. Samppalinnan Rotaryklubi tukee taloudellisesti Paravaltti-ohjelmaa. https:\/\/www.paralympia.fi\/liikunta\/lapset-ja-nuoret\/valtti","og_url":"https:\/\/rotary.fi\/turkusamppalinna\/paravaltti\/","og_site_name":"Turku Samppalinnan Rotaryklubi","article_modified_time":"2023-09-20T19:12:09+00:00","twitter_card":"summary_large_image","twitter_misc":{"Arvioitu lukuaika":"1 minuutti"},"schema":{"@context":"https:\/\/schema.org","@graph":[{"@type":"WebPage","@id":"https:\/\/rotary.fi\/turkusamppalinna\/paravaltti\/","url":"https:\/\/rotary.fi\/turkusamppalinna\/paravaltti\/","name":"Paravaltti - Turku Samppalinnan Rotaryklubi","isPartOf":{"@id":"https:\/\/rotary.fi\/turkusamppalinna\/#website"},"datePublished":"2023-09-20T19:00:44+00:00","dateModified":"2023-09-20T19:12:09+00:00","breadcrumb":{"@id":"https:\/\/rotary.fi\/turkusamppalinna\/paravaltti\/#breadcrumb"},"inLanguage":"fi","potentialAction":[{"@type":"ReadAction","target":["https:\/\/rotary.fi\/turkusamppalinna\/paravaltti\/"]}]},{"@type":"BreadcrumbList","@id":"https:\/\/rotary.fi\/turkusamppalinna\/paravaltti\/#breadcrumb","itemListElement":[{"@type":"ListItem","position":1,"name":"Home","item":"https:\/\/rotary.fi\/turkusamppalinna\/"},{"@type":"ListItem","position":2,"name":"Paravaltti"}]},{"@type":"WebSite","@id":"https:\/\/rotary.fi\/turkusamppalinna\/#website","url":"https:\/\/rotary.fi\/turkusamppalinna\/","name":"Turku Samppalinnan Rotaryklubi","description":"Uusi Rotary klubisivusto","potentialAction":[{"@type":"SearchAction","target":{"@type":"EntryPoint","urlTemplate":"https:\/\/rotary.fi\/turkusamppalinna\/?s={search_term_string}"},"query-input":{"@type":"PropertyValueSpecification","valueRequired":true,"valueName":"search_term_string"}}],"inLanguage":"fi"}]}},"lang":"fi","translations":{"fi":2903},"pll_sync_post":[],"_links":{"self":[{"href":"https:\/\/rotary.fi\/turkusamppalinna\/wp-json\/wp\/v2\/pages\/2903","targetHints":{"allow":["GET"]}}],"collection":[{"href":"https:\/\/rotary.fi\/turkusamppalinna\/wp-json\/wp\/v2\/pages"}],"about":[{"href":"https:\/\/rotary.fi\/turkusamppalinna\/wp-json\/wp\/v2\/types\/page"}],"author":[{"embeddable":true,"href":"https:\/\/rotary.fi\/turkusamppalinna\/wp-json\/wp\/v2\/users\/201"}],"replies":[{"embeddable":true,"href":"https:\/\/rotary.fi\/turkusamppalinna\/wp-json\/wp\/v2\/comments?post=2903"}],"version-history":[{"count":4,"href":"https:\/\/rotary.fi\/turkusamppalinna\/wp-json\/wp\/v2\/pages\/2903\/revisions"}],"predecessor-version":[{"id":2908,"href":"https:\/\/rotary.fi\/turkusamppalinna\/wp-json\/wp\/v2\/pages\/2903\/revisions\/2908"}],"wp:attachment":[{"href":"https:\/\/rotary.fi\/turkusamppalinna\/wp-json\/wp\/v2\/media?parent=2903"}],"curies":[{"name":"wp","href":"https:\/\/api.w.org\/{rel}","templated":true}]}}