{"id":138,"date":"2022-08-06T14:01:44","date_gmt":"2022-08-06T11:01:44","guid":{"rendered":"https:\/\/rotary.fi\/klubi2\/?page_id=138"},"modified":"2022-08-06T00:56:40","modified_gmt":"2022-08-05T21:56:40","slug":"vuositeema","status":"publish","type":"page","link":"https:\/\/rotary.fi\/tuiranrotaryklubi\/keita-olemme\/vuositeema\/","title":{"rendered":"Vuositeema"},"content":{"rendered":"<p>[et_pb_section fb_built=&#8221;1&#8243; module_class=&#8221;jumbotron-page&#8221; _builder_version=&#8221;4.16&#8243; background_image=&#8221;https:\/\/rotary.fi\/tuiranrotaryklubi\/wp-content\/uploads\/sites\/190\/2020\/08\/ri-pres-anner-teemasta-1.jpg&#8221; background_size=&#8221;contain&#8221; vertical_offset=&#8221;-61px&#8221; horizontal_offset=&#8221;-24px&#8221; z_index=&#8221;0&#8243; width=&#8221;99.4%&#8221; custom_padding=&#8221;74px|0px||||&#8221; global_colors_info=&#8221;{}&#8221;][et_pb_row _builder_version=&#8221;4.16&#8243; background_size=&#8221;contain&#8221; background_repeat=&#8221;repeat&#8221; transform_scale=&#8221;118%|118%&#8221; transform_translate=&#8221;7px|-7px&#8221; vertical_offset=&#8221;231px&#8221; z_index=&#8221;-2&#8243; width=&#8221;99%&#8221; min_height=&#8221;841px&#8221; height=&#8221;395px&#8221; overflow-y=&#8221;scroll&#8221; custom_margin=&#8221;-201px|29px||598px|false|false&#8221; custom_padding=&#8221;0px|0px|0px|16px||&#8221; global_colors_info=&#8221;{}&#8221;][et_pb_column type=&#8221;4_4&#8243; _builder_version=&#8221;4.16&#8243; custom_padding=&#8221;|||&#8221; global_colors_info=&#8221;{}&#8221; custom_padding__hover=&#8221;|||&#8221;][\/et_pb_column][\/et_pb_row][\/et_pb_section][et_pb_section fb_built=&#8221;1&#8243; specialty=&#8221;on&#8221; module_class_2=&#8221;sivupalkki&#8221; _builder_version=&#8221;4.16&#8243; min_height=&#8221;1753px&#8221; custom_margin=&#8221;-358px|||||&#8221; global_colors_info=&#8221;{}&#8221;][et_pb_column type=&#8221;2_3&#8243; specialty_columns=&#8221;2&#8243; _builder_version=&#8221;4.16&#8243; custom_padding=&#8221;|||&#8221; global_colors_info=&#8221;{}&#8221; custom_padding__hover=&#8221;|||&#8221;][et_pb_row_inner admin_label=&#8221;Rivi&#8221; _builder_version=&#8221;4.16&#8243; global_colors_info=&#8221;{}&#8221;][et_pb_column_inner saved_specialty_column_type=&#8221;2_3&#8243; _builder_version=&#8221;4.16&#8243; custom_padding=&#8221;|||&#8221; global_colors_info=&#8221;{}&#8221; custom_padding__hover=&#8221;|||&#8221;][et_pb_text admin_label=&#8221;Rotary Internationalin vuositeema &#8211; Otsikko&#8221; _builder_version=&#8221;4.17.4&#8243; text_orientation=&#8221;center&#8221; hover_enabled=&#8221;0&#8243; global_colors_info=&#8221;{}&#8221; sticky_enabled=&#8221;0&#8243;]<\/p>\n<h3 style=\"text-align: left\">Rotary Internationalin vuositeema 2022-2023 on Imagine Rotary<\/h3>\n<p>[\/et_pb_text][et_pb_video src=&#8221;https:\/\/www.youtube.com\/watch?v=LuNc57WWUq4&#8243; _builder_version=&#8221;4.17.4&#8243; _module_preset=&#8221;default&#8221; global_colors_info=&#8221;{}&#8221;][\/et_pb_video][et_pb_image src=&#8221;https:\/\/rotary.fi\/tuiranrotaryklubi\/wp-content\/uploads\/sites\/190\/2022\/08\/rotaryteema2022-23-300&#215;136-1.png&#8221; title_text=&#8221;rotaryteema2022-23-300&#215;136&#8243; _builder_version=&#8221;4.17.4&#8243; _module_preset=&#8221;default&#8221; global_colors_info=&#8221;{}&#8221;][\/et_pb_image][\/et_pb_column_inner][\/et_pb_row_inner][et_pb_row_inner _builder_version=&#8221;4.16&#8243; global_colors_info=&#8221;{}&#8221;][et_pb_column_inner saved_specialty_column_type=&#8221;2_3&#8243; _builder_version=&#8221;4.16&#8243; global_colors_info=&#8221;{}&#8221;][et_pb_text _builder_version=&#8221;4.17.4&#8243; global_colors_info=&#8221;{}&#8221;]<\/p>\n<h4>Klubimme pysyv\u00e4 teema on &#8221;mukautuminen&#8221;<\/h4>\n<p>[\/et_pb_text][\/et_pb_column_inner][\/et_pb_row_inner][et_pb_row_inner column_structure=&#8221;1_2,1_2&#8243; _builder_version=&#8221;4.16&#8243; width=&#8221;102.2%&#8221; module_alignment=&#8221;left&#8221; custom_margin=&#8221;-10px|0px||-1px|false|false&#8221; custom_padding=&#8221;|||0px|false|false&#8221; global_colors_info=&#8221;{}&#8221;][et_pb_column_inner type=&#8221;1_2&#8243; saved_specialty_column_type=&#8221;2_3&#8243; _builder_version=&#8221;4.16&#8243; global_colors_info=&#8221;{}&#8221;][et_pb_image src=&#8221;https:\/\/rotary.fi\/tuiranrotaryklubi\/wp-content\/uploads\/sites\/190\/2020\/10\/pexels-engin-akyurt-1460892-1-248&#215;300.jpg&#8221; title_text=&#8221;pexels-engin-akyurt-1460892&#8243; align=&#8221;right&#8221; _builder_version=&#8221;4.16&#8243; width=&#8221;77.5%&#8221; custom_margin=&#8221;|34px|||false|false&#8221; custom_padding=&#8221;|1px||||&#8221; global_colors_info=&#8221;{}&#8221;][\/et_pb_image][et_pb_text _builder_version=&#8221;4.16&#8243; background_color=&#8221;rgba(0,0,0,0)&#8221; inline_fonts=&#8221;Cabin&#8221; global_colors_info=&#8221;{}&#8221;]<\/p>\n<p style=\"text-align: center\"><span style=\"color: #808080;font-family: Cabin;font-weight: normal;font-size: small\">kuva: Engin Akyurt \/ Pexels<\/span><\/p>\n<p>[\/et_pb_text][\/et_pb_column_inner][et_pb_column_inner type=&#8221;1_2&#8243; saved_specialty_column_type=&#8221;2_3&#8243; _builder_version=&#8221;4.16&#8243; global_colors_info=&#8221;{}&#8221;][et_pb_text _builder_version=&#8221;4.16&#8243; width=&#8221;100%&#8221; custom_margin=&#8221;|-24px||||&#8221; custom_padding=&#8221;|6px||0px||&#8221; inline_fonts=&#8221;Acme,Arial&#8221; global_colors_info=&#8221;{}&#8221;]<\/p>\n<p><span style=\"font-size: medium\"><span style=\"color: #e09900;font-family: Arial;font-weight: normal\"><em><strong>Kunnioitamme perinteit\u00e4, mutta olemme avoinna\u00a0my\u00f6s\u00a0uudistuksille.\u00a0<\/strong><\/em><\/span><span style=\"color: #e09900;font-family: Arial;font-weight: normal\"><em><strong>Siksi kehit\u00e4mme toimintaamme mukautumalla ymp\u00e4rill\u00e4mme tapahtuviin muutoksiin sek\u00e4 j\u00e4sentemme toiveisiin ja tarpeisiin<\/strong><\/em><\/span><\/span><span style=\"color: #e09900;font-family: Arial;font-weight: normal;font-size: medium\"><em><strong>.\u00a0<\/strong><\/em><\/span><\/p>\n<p>[\/et_pb_text][et_pb_text _builder_version=&#8221;4.16&#8243; custom_margin=&#8221;|0px||-19px||&#8221; custom_padding=&#8221;|||13px||&#8221; global_colors_info=&#8221;{}&#8221;]<\/p>\n<p><span style=\"color: #ff6600\"><strong>Vain mukautumalla\u00a0<\/strong><\/span>klubimme voi uudistua, kehitty\u00e4 ja pysy\u00e4 elinvoimaisena.<\/p>\n<p>J\u00e4rjest\u00f6toiminta &#8211; aivan kuten luonnonvalinta &#8211; perustuu samoihin lainalaisuuksiin. Jo\u00a0<strong>Charles Darwin <\/strong>aikanaan<strong>\u00a0<\/strong>arvioi, ett\u00e4 elossa eiv\u00e4t selvi\u00e4 vahvimmat tai \u00e4lykk\u00e4imm\u00e4t lajit, vaan ne, jotka sopeutuvat parhaiten muutokseen.<\/p>\n<p>[\/et_pb_text][\/et_pb_column_inner][\/et_pb_row_inner][et_pb_row_inner admin_label=&#8221;Rivi&#8221; _builder_version=&#8221;4.16&#8243; custom_padding=&#8221;||0px|||&#8221; global_colors_info=&#8221;{}&#8221;][et_pb_column_inner saved_specialty_column_type=&#8221;2_3&#8243; _builder_version=&#8221;4.16&#8243; custom_padding=&#8221;|||&#8221; global_colors_info=&#8221;{}&#8221; custom_padding__hover=&#8221;|||&#8221;][et_pb_text _builder_version=&#8221;4.16&#8243; global_colors_info=&#8221;{}&#8221;]<\/p>\n<p class=\"p1\"><span class=\"s1\">Klubimme keskittyy omien <a href=\"https:\/\/rotary.fi\/tuiranrotaryklubi\/mita-teemme\/projektit\/\">projektiemme<\/a> l\u00e4pivientiin,\u00a0 j\u00e4senten aktivoimiseen sek\u00e4 klubin julkisuuskuvan kehitt\u00e4miseen. Tahdomme my\u00f6s tuoda n\u00e4kyv\u00e4mm\u00e4ksi Rotaryn toimintaa ja saavutuksia.<\/span><\/p>\n<p class=\"p1\"><span class=\"s1\">Ty\u00f6skentelemme my\u00f6s aktiiviseen j\u00e4senhankintaan ja sen my\u00f6t\u00e4 j\u00e4senist\u00f6mme ik\u00e4rakenteen uudistamiseen.<\/span><\/p>\n<p>[\/et_pb_text][et_pb_text _builder_version=&#8221;4.16&#8243; custom_padding=&#8221;1px|||||&#8221; global_colors_info=&#8221;{}&#8221;]<\/p>\n<p class=\"p1\"><span class=\"s1\"><strong>Kansainv\u00e4linen nuorisovaihto<\/strong> on vahvuutemme, ja nyt pandemian hellitt\u00e4ess\u00e4\u00a0 aktivoidumme yh\u00e4 voimakkaammin nuorten ja heid\u00e4n perheittens\u00e4 suuntaan tukeaksemme heid\u00e4n kasvuaan kohti avarakatseista, suvaitsevaista, toimintakykyist\u00e4 ja hyvinvoivaa aikuisuutta.<\/span><\/p>\n<p>[\/et_pb_text][\/et_pb_column_inner][\/et_pb_row_inner][\/et_pb_column][et_pb_column type=&#8221;1_3&#8243; _builder_version=&#8221;4.16&#8243; custom_padding=&#8221;|||&#8221; global_colors_info=&#8221;{}&#8221; custom_padding__hover=&#8221;|||&#8221;][et_pb_sidebar area=&#8221;sidebar-1&#8243; module_class=&#8221;sivupalkki_sisalto&#8221; _builder_version=&#8221;4.16&#8243; locked=&#8221;on&#8221; global_colors_info=&#8221;{}&#8221;][\/et_pb_sidebar][\/et_pb_column][\/et_pb_section]<\/p>\n","protected":false},"excerpt":{"rendered":"<p>Rotary Internationalin vuositeema 2022-2023 on Imagine RotaryKlubimme pysyv\u00e4 teema on &#8221;mukautuminen&#8221;kuva: Engin Akyurt \/ PexelsKunnioitamme perinteit\u00e4, mutta olemme avoinna\u00a0my\u00f6s\u00a0uudistuksille.\u00a0Siksi kehit\u00e4mme toimintaamme mukautumalla ymp\u00e4rill\u00e4mme tapahtuviin muutoksiin sek\u00e4 j\u00e4sentemme toiveisiin ja tarpeisiin.\u00a0Vain mukautumalla\u00a0klubimme voi uudistua, kehitty\u00e4 ja pysy\u00e4 elinvoimaisena. J\u00e4rjest\u00f6toiminta &#8211; aivan kuten luonnonvalinta &#8211; perustuu samoihin lainalaisuuksiin. Jo\u00a0Charles Darwin aikanaan\u00a0arvioi, ett\u00e4 elossa eiv\u00e4t selvi\u00e4 vahvimmat tai [&hellip;]<\/p>\n","protected":false},"author":1,"featured_media":0,"parent":129,"menu_order":0,"comment_status":"closed","ping_status":"closed","template":"","meta":{"_acf_changed":false,"_et_pb_use_builder":"on","_et_pb_old_content":"","_et_gb_content_width":"","footnotes":""},"class_list":["post-138","page","type-page","status-publish","hentry"],"acf":[],"yoast_head":"<!-- This site is optimized with the Yoast SEO plugin v27.4 - https:\/\/yoast.com\/product\/yoast-seo-wordpress\/ -->\n<title>Vuositeema - Tuiran Rotaryklubi ry<\/title>\n<meta name=\"description\" content=\"RI:n vuositeema on Imagine Rotary eli kuvittele Rotary \u2013 toisin sanoen mit\u00e4 kaikkea voimme saavuttaa % . Oman klubimme vuositeema on Mukautuminen\" \/>\n<meta name=\"robots\" content=\"index, follow, max-snippet:-1, max-image-preview:large, max-video-preview:-1\" \/>\n<link rel=\"canonical\" href=\"https:\/\/rotary.fi\/tuiranrotaryklubi\/keita-olemme\/vuositeema\/\" \/>\n<meta property=\"og:locale\" content=\"fi_FI\" \/>\n<meta property=\"og:type\" content=\"article\" \/>\n<meta property=\"og:title\" content=\"Vuositeema - Tuiran Rotaryklubi ry\" \/>\n<meta property=\"og:description\" content=\"RI:n vuositeema on Imagine Rotary eli kuvittele Rotary \u2013 toisin sanoen mit\u00e4 kaikkea voimme saavuttaa % . Oman klubimme vuositeema on Mukautuminen\" \/>\n<meta property=\"og:url\" content=\"https:\/\/rotary.fi\/tuiranrotaryklubi\/keita-olemme\/vuositeema\/\" \/>\n<meta property=\"og:site_name\" content=\"Tuiran Rotaryklubi ry\" \/>\n<meta name=\"twitter:card\" content=\"summary_large_image\" \/>\n<meta name=\"twitter:label1\" content=\"Arvioitu lukuaika\" \/>\n\t<meta name=\"twitter:data1\" content=\"2 minuuttia\" \/>\n<script type=\"application\/ld+json\" class=\"yoast-schema-graph\">{\"@context\":\"https:\\\/\\\/schema.org\",\"@graph\":[{\"@type\":\"WebPage\",\"@id\":\"https:\\\/\\\/rotary.fi\\\/tuiranrotaryklubi\\\/keita-olemme\\\/vuositeema\\\/\",\"url\":\"https:\\\/\\\/rotary.fi\\\/tuiranrotaryklubi\\\/keita-olemme\\\/vuositeema\\\/\",\"name\":\"Vuositeema - Tuiran Rotaryklubi ry\",\"isPartOf\":{\"@id\":\"https:\\\/\\\/rotary.fi\\\/tuiranrotaryklubi\\\/#website\"},\"datePublished\":\"2022-08-06T11:01:44+00:00\",\"description\":\"RI:n vuositeema on Imagine Rotary eli kuvittele Rotary \u2013 toisin sanoen mit\u00e4 kaikkea voimme saavuttaa % . Oman klubimme vuositeema on Mukautuminen\",\"breadcrumb\":{\"@id\":\"https:\\\/\\\/rotary.fi\\\/tuiranrotaryklubi\\\/keita-olemme\\\/vuositeema\\\/#breadcrumb\"},\"inLanguage\":\"fi\",\"potentialAction\":[{\"@type\":\"ReadAction\",\"target\":[\"https:\\\/\\\/rotary.fi\\\/tuiranrotaryklubi\\\/keita-olemme\\\/vuositeema\\\/\"]}]},{\"@type\":\"BreadcrumbList\",\"@id\":\"https:\\\/\\\/rotary.fi\\\/tuiranrotaryklubi\\\/keita-olemme\\\/vuositeema\\\/#breadcrumb\",\"itemListElement\":[{\"@type\":\"ListItem\",\"position\":1,\"name\":\"Home\",\"item\":\"https:\\\/\\\/rotary.fi\\\/tuiranrotaryklubi\\\/\"},{\"@type\":\"ListItem\",\"position\":2,\"name\":\"Keit\u00e4 olemme\",\"item\":\"https:\\\/\\\/rotary.fi\\\/tuiranrotaryklubi\\\/keita-olemme\\\/\"},{\"@type\":\"ListItem\",\"position\":3,\"name\":\"Vuositeema\"}]},{\"@type\":\"WebSite\",\"@id\":\"https:\\\/\\\/rotary.fi\\\/tuiranrotaryklubi\\\/#website\",\"url\":\"https:\\\/\\\/rotary.fi\\\/tuiranrotaryklubi\\\/\",\"name\":\"Tuiran Rotaryklubi ry\",\"description\":\"Uusi Rotary klubisivusto\",\"potentialAction\":[{\"@type\":\"SearchAction\",\"target\":{\"@type\":\"EntryPoint\",\"urlTemplate\":\"https:\\\/\\\/rotary.fi\\\/tuiranrotaryklubi\\\/?s={search_term_string}\"},\"query-input\":{\"@type\":\"PropertyValueSpecification\",\"valueRequired\":true,\"valueName\":\"search_term_string\"}}],\"inLanguage\":\"fi\"}]}<\/script>\n<!-- \/ Yoast SEO plugin. -->","yoast_head_json":{"title":"Vuositeema - Tuiran Rotaryklubi ry","description":"RI:n vuositeema on Imagine Rotary eli kuvittele Rotary \u2013 toisin sanoen mit\u00e4 kaikkea voimme saavuttaa % . Oman klubimme vuositeema on Mukautuminen","robots":{"index":"index","follow":"follow","max-snippet":"max-snippet:-1","max-image-preview":"max-image-preview:large","max-video-preview":"max-video-preview:-1"},"canonical":"https:\/\/rotary.fi\/tuiranrotaryklubi\/keita-olemme\/vuositeema\/","og_locale":"fi_FI","og_type":"article","og_title":"Vuositeema - Tuiran Rotaryklubi ry","og_description":"RI:n vuositeema on Imagine Rotary eli kuvittele Rotary \u2013 toisin sanoen mit\u00e4 kaikkea voimme saavuttaa % . Oman klubimme vuositeema on Mukautuminen","og_url":"https:\/\/rotary.fi\/tuiranrotaryklubi\/keita-olemme\/vuositeema\/","og_site_name":"Tuiran Rotaryklubi ry","twitter_card":"summary_large_image","twitter_misc":{"Arvioitu lukuaika":"2 minuuttia"},"schema":{"@context":"https:\/\/schema.org","@graph":[{"@type":"WebPage","@id":"https:\/\/rotary.fi\/tuiranrotaryklubi\/keita-olemme\/vuositeema\/","url":"https:\/\/rotary.fi\/tuiranrotaryklubi\/keita-olemme\/vuositeema\/","name":"Vuositeema - Tuiran Rotaryklubi ry","isPartOf":{"@id":"https:\/\/rotary.fi\/tuiranrotaryklubi\/#website"},"datePublished":"2022-08-06T11:01:44+00:00","description":"RI:n vuositeema on Imagine Rotary eli kuvittele Rotary \u2013 toisin sanoen mit\u00e4 kaikkea voimme saavuttaa % . Oman klubimme vuositeema on Mukautuminen","breadcrumb":{"@id":"https:\/\/rotary.fi\/tuiranrotaryklubi\/keita-olemme\/vuositeema\/#breadcrumb"},"inLanguage":"fi","potentialAction":[{"@type":"ReadAction","target":["https:\/\/rotary.fi\/tuiranrotaryklubi\/keita-olemme\/vuositeema\/"]}]},{"@type":"BreadcrumbList","@id":"https:\/\/rotary.fi\/tuiranrotaryklubi\/keita-olemme\/vuositeema\/#breadcrumb","itemListElement":[{"@type":"ListItem","position":1,"name":"Home","item":"https:\/\/rotary.fi\/tuiranrotaryklubi\/"},{"@type":"ListItem","position":2,"name":"Keit\u00e4 olemme","item":"https:\/\/rotary.fi\/tuiranrotaryklubi\/keita-olemme\/"},{"@type":"ListItem","position":3,"name":"Vuositeema"}]},{"@type":"WebSite","@id":"https:\/\/rotary.fi\/tuiranrotaryklubi\/#website","url":"https:\/\/rotary.fi\/tuiranrotaryklubi\/","name":"Tuiran Rotaryklubi ry","description":"Uusi Rotary klubisivusto","potentialAction":[{"@type":"SearchAction","target":{"@type":"EntryPoint","urlTemplate":"https:\/\/rotary.fi\/tuiranrotaryklubi\/?s={search_term_string}"},"query-input":{"@type":"PropertyValueSpecification","valueRequired":true,"valueName":"search_term_string"}}],"inLanguage":"fi"}]}},"lang":"fi","translations":{"fi":138},"pll_sync_post":[],"_links":{"self":[{"href":"https:\/\/rotary.fi\/tuiranrotaryklubi\/wp-json\/wp\/v2\/pages\/138","targetHints":{"allow":["GET"]}}],"collection":[{"href":"https:\/\/rotary.fi\/tuiranrotaryklubi\/wp-json\/wp\/v2\/pages"}],"about":[{"href":"https:\/\/rotary.fi\/tuiranrotaryklubi\/wp-json\/wp\/v2\/types\/page"}],"author":[{"embeddable":true,"href":"https:\/\/rotary.fi\/tuiranrotaryklubi\/wp-json\/wp\/v2\/users\/1"}],"replies":[{"embeddable":true,"href":"https:\/\/rotary.fi\/tuiranrotaryklubi\/wp-json\/wp\/v2\/comments?post=138"}],"version-history":[{"count":11,"href":"https:\/\/rotary.fi\/tuiranrotaryklubi\/wp-json\/wp\/v2\/pages\/138\/revisions"}],"predecessor-version":[{"id":2634,"href":"https:\/\/rotary.fi\/tuiranrotaryklubi\/wp-json\/wp\/v2\/pages\/138\/revisions\/2634"}],"up":[{"embeddable":true,"href":"https:\/\/rotary.fi\/tuiranrotaryklubi\/wp-json\/wp\/v2\/pages\/129"}],"wp:attachment":[{"href":"https:\/\/rotary.fi\/tuiranrotaryklubi\/wp-json\/wp\/v2\/media?parent=138"}],"curies":[{"name":"wp","href":"https:\/\/api.w.org\/{rel}","templated":true}]}}