{"id":129,"date":"2018-08-10T13:41:39","date_gmt":"2018-08-10T10:41:39","guid":{"rendered":"https:\/\/rotary.fi\/klubi2\/?page_id=129"},"modified":"2025-01-17T13:58:44","modified_gmt":"2025-01-17T11:58:44","slug":"keita-olemme","status":"publish","type":"page","link":"https:\/\/rotary.fi\/tamperekissanmaa\/keita-olemme\/","title":{"rendered":"Keit\u00e4 olemme"},"content":{"rendered":"<p>[et_pb_section fb_built=&#8221;1&#8243; module_class=&#8221;jumbotron-page&#8221; _builder_version=&#8221;4.27.0&#8243; background_image=&#8221;https:\/\/rotary.fi\/tamperekissanmaa\/wp-content\/uploads\/sites\/181\/2018\/10\/rotary_klubit_alasivu_paakuva_12.jpg&#8221; hover_enabled=&#8221;0&#8243; global_colors_info=&#8221;{}&#8221; sticky_enabled=&#8221;0&#8243;][et_pb_row _builder_version=&#8221;4.16&#8243; background_size=&#8221;initial&#8221; background_position=&#8221;top_left&#8221; background_repeat=&#8221;repeat&#8221; global_colors_info=&#8221;{}&#8221;][et_pb_column type=&#8221;4_4&#8243; _builder_version=&#8221;4.16&#8243; custom_padding=&#8221;|||&#8221; global_colors_info=&#8221;{}&#8221; custom_padding__hover=&#8221;|||&#8221;][et_pb_text admin_label=&#8221;P\u00e4\u00e4otsikko&#8221; _builder_version=&#8221;4.16&#8243; text_orientation=&#8221;center&#8221; background_layout=&#8221;dark&#8221; global_colors_info=&#8221;{}&#8221;]<\/p>\n<h1>Keit\u00e4 olemme<\/h1>\n<p>[\/et_pb_text][\/et_pb_column][\/et_pb_row][\/et_pb_section][et_pb_section fb_built=&#8221;1&#8243; specialty=&#8221;on&#8221; module_class_2=&#8221;sivupalkki&#8221; _builder_version=&#8221;4.16&#8243; global_colors_info=&#8221;{}&#8221;][et_pb_column type=&#8221;2_3&#8243; specialty_columns=&#8221;2&#8243; _builder_version=&#8221;4.16&#8243; custom_padding=&#8221;|||&#8221; global_colors_info=&#8221;{}&#8221; custom_padding__hover=&#8221;|||&#8221;][et_pb_row_inner admin_label=&#8221;Rivi&#8221; _builder_version=&#8221;4.27.0&#8243; hover_enabled=&#8221;0&#8243; global_colors_info=&#8221;{}&#8221; sticky_enabled=&#8221;0&#8243;][et_pb_column_inner saved_specialty_column_type=&#8221;2_3&#8243; _builder_version=&#8221;4.27.0&#8243; custom_padding=&#8221;|||&#8221; hover_enabled=&#8221;0&#8243; global_colors_info=&#8221;{}&#8221; custom_padding__hover=&#8221;|||&#8221; sticky_enabled=&#8221;0&#8243;][et_pb_text admin_label=&#8221;Otsikko&#8221; _builder_version=&#8221;4.16&#8243; text_orientation=&#8221;center&#8221; global_colors_info=&#8221;{}&#8221;]<\/p>\n<h1>Keit\u00e4 olemme<\/h1>\n<p>[\/et_pb_text][et_pb_text _builder_version=&#8221;4.27.0&#8243; hover_enabled=&#8221;0&#8243; global_colors_info=&#8221;{}&#8221; sticky_enabled=&#8221;0&#8243;]<\/p>\n<p>Tampere-Kissanmaan Rotaryklubi on vuonna 1971 perustettu Rotary Internationalin j\u00e4senklubi, joka toimii osana Rotarypiiri\u00e4 1390. Klubi kokoontuu s\u00e4\u00e4nn\u00f6llisesti keskustelemaan ajankohtaisista ja yhteiskunnallisista aiheista. Olemme mukana j\u00e4rjest\u00e4m\u00e4ss\u00e4 hyv\u00e4ntekev\u00e4isyystoimintaa yhteisty\u00f6ss\u00e4 rotarien ja muiden kanssa.<\/p>\n<p>Kokoonnumme p\u00e4\u00e4s\u00e4\u00e4nt\u00f6isesti kuukauden ensimm\u00e4isen\u00e4 ja kolmantena keskiviikkona ravintola Suomalaisella Klubilla Tampereella. Kokous alkaa noin klo 17 ruokailulla.<\/p>\n<h4>Palvelu itsekkyyden edelle<\/h4>\n<p>Klubimme aloitti muutama vuosi sitten <em>rotarit syd\u00e4men asialla<\/em> -teeman alla syd\u00e4niskurien eli defirillaattorien lahjoituksen Tampereen alueella erilaisiin yleishy\u00f6dyllisiin kohteisiin, kuten Tampereen vanha kirkko ja Takon Soutajat ry:n soutukeskus.<\/p>\n<p>Kansanv\u00e4list\u00e4 ty\u00f6t\u00e4 klubimme ja sen j\u00e4senet ovat tukeneet vuosien saatossa tekem\u00e4ll\u00e4 suoria lahjoituksia muun muassa Rotary-s\u00e4\u00e4t\u00f6n eri rahastoihin.<\/p>\n<p>[\/et_pb_text][\/et_pb_column_inner][\/et_pb_row_inner][\/et_pb_column][et_pb_column type=&#8221;1_3&#8243; _builder_version=&#8221;4.16&#8243; custom_padding=&#8221;|||&#8221; global_colors_info=&#8221;{}&#8221; custom_padding__hover=&#8221;|||&#8221;][et_pb_sidebar area=&#8221;sidebar-1&#8243; module_class=&#8221;sivupalkki_sisalto&#8221; _builder_version=&#8221;4.16&#8243; locked=&#8221;on&#8221; global_colors_info=&#8221;{}&#8221;]<\/p>\n<p>[\/et_pb_sidebar][\/et_pb_column][\/et_pb_section]<\/p>\n","protected":false},"excerpt":{"rendered":"<p>Keit\u00e4 olemme Keit\u00e4 olemme Tampere-Kissanmaan Rotaryklubi on vuonna 1971 perustettu Rotary Internationalin j\u00e4senklubi, joka toimii osana Rotarypiiri\u00e4 1390. Klubi kokoontuu s\u00e4\u00e4nn\u00f6llisesti keskustelemaan ajankohtaisista ja yhteiskunnallisista aiheista. Olemme mukana j\u00e4rjest\u00e4m\u00e4ss\u00e4 hyv\u00e4ntekev\u00e4isyystoimintaa yhteisty\u00f6ss\u00e4 rotarien ja muiden kanssa. Kokoonnumme p\u00e4\u00e4s\u00e4\u00e4nt\u00f6isesti kuukauden ensimm\u00e4isen\u00e4 ja kolmantena keskiviikkona ravintola Suomalaisella Klubilla Tampereella. Kokous alkaa noin klo 17 ruokailulla. Palvelu itsekkyyden edelle [&hellip;]<\/p>\n","protected":false},"author":1,"featured_media":0,"parent":0,"menu_order":0,"comment_status":"closed","ping_status":"closed","template":"","meta":{"_acf_changed":false,"_et_pb_use_builder":"on","_et_pb_old_content":"","_et_gb_content_width":"","footnotes":""},"class_list":["post-129","page","type-page","status-publish","hentry"],"acf":[],"yoast_head":"<!-- This site is optimized with the Yoast SEO plugin v27.4 - https:\/\/yoast.com\/product\/yoast-seo-wordpress\/ -->\n<title>Keit\u00e4 olemme - Tampere-Kissanmaan Rotaryklubi ry<\/title>\n<meta name=\"robots\" content=\"index, follow, max-snippet:-1, max-image-preview:large, max-video-preview:-1\" \/>\n<link rel=\"canonical\" href=\"https:\/\/rotary.fi\/tamperekissanmaa\/keita-olemme\/\" \/>\n<meta property=\"og:locale\" content=\"fi_FI\" \/>\n<meta property=\"og:type\" content=\"article\" \/>\n<meta property=\"og:title\" content=\"Keit\u00e4 olemme - Tampere-Kissanmaan Rotaryklubi ry\" \/>\n<meta property=\"og:description\" content=\"Keit\u00e4 olemme Keit\u00e4 olemme Tampere-Kissanmaan Rotaryklubi on vuonna 1971 perustettu Rotary Internationalin j\u00e4senklubi, joka toimii osana Rotarypiiri\u00e4 1390. Klubi kokoontuu s\u00e4\u00e4nn\u00f6llisesti keskustelemaan ajankohtaisista ja yhteiskunnallisista aiheista. Olemme mukana j\u00e4rjest\u00e4m\u00e4ss\u00e4 hyv\u00e4ntekev\u00e4isyystoimintaa yhteisty\u00f6ss\u00e4 rotarien ja muiden kanssa. Kokoonnumme p\u00e4\u00e4s\u00e4\u00e4nt\u00f6isesti kuukauden ensimm\u00e4isen\u00e4 ja kolmantena keskiviikkona ravintola Suomalaisella Klubilla Tampereella. Kokous alkaa noin klo 17 ruokailulla. Palvelu itsekkyyden edelle [&hellip;]\" \/>\n<meta property=\"og:url\" content=\"https:\/\/rotary.fi\/tamperekissanmaa\/keita-olemme\/\" \/>\n<meta property=\"og:site_name\" content=\"Tampere-Kissanmaan Rotaryklubi ry\" \/>\n<meta property=\"article:modified_time\" content=\"2025-01-17T11:58:44+00:00\" \/>\n<meta name=\"twitter:card\" content=\"summary_large_image\" \/>\n<meta name=\"twitter:label1\" content=\"Arvioitu lukuaika\" \/>\n\t<meta name=\"twitter:data1\" content=\"1 minuutti\" \/>\n<script type=\"application\/ld+json\" class=\"yoast-schema-graph\">{\"@context\":\"https:\\\/\\\/schema.org\",\"@graph\":[{\"@type\":\"WebPage\",\"@id\":\"https:\\\/\\\/rotary.fi\\\/tamperekissanmaa\\\/keita-olemme\\\/\",\"url\":\"https:\\\/\\\/rotary.fi\\\/tamperekissanmaa\\\/keita-olemme\\\/\",\"name\":\"Keit\u00e4 olemme - Tampere-Kissanmaan Rotaryklubi ry\",\"isPartOf\":{\"@id\":\"https:\\\/\\\/rotary.fi\\\/tamperekissanmaa\\\/#website\"},\"datePublished\":\"2018-08-10T10:41:39+00:00\",\"dateModified\":\"2025-01-17T11:58:44+00:00\",\"breadcrumb\":{\"@id\":\"https:\\\/\\\/rotary.fi\\\/tamperekissanmaa\\\/keita-olemme\\\/#breadcrumb\"},\"inLanguage\":\"fi\",\"potentialAction\":[{\"@type\":\"ReadAction\",\"target\":[\"https:\\\/\\\/rotary.fi\\\/tamperekissanmaa\\\/keita-olemme\\\/\"]}]},{\"@type\":\"BreadcrumbList\",\"@id\":\"https:\\\/\\\/rotary.fi\\\/tamperekissanmaa\\\/keita-olemme\\\/#breadcrumb\",\"itemListElement\":[{\"@type\":\"ListItem\",\"position\":1,\"name\":\"Home\",\"item\":\"https:\\\/\\\/rotary.fi\\\/tamperekissanmaa\\\/\"},{\"@type\":\"ListItem\",\"position\":2,\"name\":\"Keit\u00e4 olemme\"}]},{\"@type\":\"WebSite\",\"@id\":\"https:\\\/\\\/rotary.fi\\\/tamperekissanmaa\\\/#website\",\"url\":\"https:\\\/\\\/rotary.fi\\\/tamperekissanmaa\\\/\",\"name\":\"Tampere-Kissanmaan Rotaryklubi ry\",\"description\":\"Uusi Rotary klubisivusto\",\"publisher\":{\"@id\":\"https:\\\/\\\/rotary.fi\\\/tamperekissanmaa\\\/#organization\"},\"potentialAction\":[{\"@type\":\"SearchAction\",\"target\":{\"@type\":\"EntryPoint\",\"urlTemplate\":\"https:\\\/\\\/rotary.fi\\\/tamperekissanmaa\\\/?s={search_term_string}\"},\"query-input\":{\"@type\":\"PropertyValueSpecification\",\"valueRequired\":true,\"valueName\":\"search_term_string\"}}],\"inLanguage\":\"fi\"},{\"@type\":\"Organization\",\"@id\":\"https:\\\/\\\/rotary.fi\\\/tamperekissanmaa\\\/#organization\",\"name\":\"Tampere-Kissanmaan Rotaryklubi ry\",\"url\":\"https:\\\/\\\/rotary.fi\\\/tamperekissanmaa\\\/\",\"logo\":{\"@type\":\"ImageObject\",\"inLanguage\":\"fi\",\"@id\":\"https:\\\/\\\/rotary.fi\\\/tamperekissanmaa\\\/#\\\/schema\\\/logo\\\/image\\\/\",\"url\":\"https:\\\/\\\/rotary.fi\\\/tamperekissanmaa\\\/wp-content\\\/uploads\\\/sites\\\/181\\\/2018\\\/08\\\/rotary-logo-main-2.png\",\"contentUrl\":\"https:\\\/\\\/rotary.fi\\\/tamperekissanmaa\\\/wp-content\\\/uploads\\\/sites\\\/181\\\/2018\\\/08\\\/rotary-logo-main-2.png\",\"width\":135,\"height\":52,\"caption\":\"Tampere-Kissanmaan Rotaryklubi ry\"},\"image\":{\"@id\":\"https:\\\/\\\/rotary.fi\\\/tamperekissanmaa\\\/#\\\/schema\\\/logo\\\/image\\\/\"}}]}<\/script>\n<!-- \/ Yoast SEO plugin. -->","yoast_head_json":{"title":"Keit\u00e4 olemme - Tampere-Kissanmaan Rotaryklubi ry","robots":{"index":"index","follow":"follow","max-snippet":"max-snippet:-1","max-image-preview":"max-image-preview:large","max-video-preview":"max-video-preview:-1"},"canonical":"https:\/\/rotary.fi\/tamperekissanmaa\/keita-olemme\/","og_locale":"fi_FI","og_type":"article","og_title":"Keit\u00e4 olemme - Tampere-Kissanmaan Rotaryklubi ry","og_description":"Keit\u00e4 olemme Keit\u00e4 olemme Tampere-Kissanmaan Rotaryklubi on vuonna 1971 perustettu Rotary Internationalin j\u00e4senklubi, joka toimii osana Rotarypiiri\u00e4 1390. Klubi kokoontuu s\u00e4\u00e4nn\u00f6llisesti keskustelemaan ajankohtaisista ja yhteiskunnallisista aiheista. Olemme mukana j\u00e4rjest\u00e4m\u00e4ss\u00e4 hyv\u00e4ntekev\u00e4isyystoimintaa yhteisty\u00f6ss\u00e4 rotarien ja muiden kanssa. Kokoonnumme p\u00e4\u00e4s\u00e4\u00e4nt\u00f6isesti kuukauden ensimm\u00e4isen\u00e4 ja kolmantena keskiviikkona ravintola Suomalaisella Klubilla Tampereella. Kokous alkaa noin klo 17 ruokailulla. Palvelu itsekkyyden edelle [&hellip;]","og_url":"https:\/\/rotary.fi\/tamperekissanmaa\/keita-olemme\/","og_site_name":"Tampere-Kissanmaan Rotaryklubi ry","article_modified_time":"2025-01-17T11:58:44+00:00","twitter_card":"summary_large_image","twitter_misc":{"Arvioitu lukuaika":"1 minuutti"},"schema":{"@context":"https:\/\/schema.org","@graph":[{"@type":"WebPage","@id":"https:\/\/rotary.fi\/tamperekissanmaa\/keita-olemme\/","url":"https:\/\/rotary.fi\/tamperekissanmaa\/keita-olemme\/","name":"Keit\u00e4 olemme - Tampere-Kissanmaan Rotaryklubi ry","isPartOf":{"@id":"https:\/\/rotary.fi\/tamperekissanmaa\/#website"},"datePublished":"2018-08-10T10:41:39+00:00","dateModified":"2025-01-17T11:58:44+00:00","breadcrumb":{"@id":"https:\/\/rotary.fi\/tamperekissanmaa\/keita-olemme\/#breadcrumb"},"inLanguage":"fi","potentialAction":[{"@type":"ReadAction","target":["https:\/\/rotary.fi\/tamperekissanmaa\/keita-olemme\/"]}]},{"@type":"BreadcrumbList","@id":"https:\/\/rotary.fi\/tamperekissanmaa\/keita-olemme\/#breadcrumb","itemListElement":[{"@type":"ListItem","position":1,"name":"Home","item":"https:\/\/rotary.fi\/tamperekissanmaa\/"},{"@type":"ListItem","position":2,"name":"Keit\u00e4 olemme"}]},{"@type":"WebSite","@id":"https:\/\/rotary.fi\/tamperekissanmaa\/#website","url":"https:\/\/rotary.fi\/tamperekissanmaa\/","name":"Tampere-Kissanmaan Rotaryklubi ry","description":"Uusi Rotary klubisivusto","publisher":{"@id":"https:\/\/rotary.fi\/tamperekissanmaa\/#organization"},"potentialAction":[{"@type":"SearchAction","target":{"@type":"EntryPoint","urlTemplate":"https:\/\/rotary.fi\/tamperekissanmaa\/?s={search_term_string}"},"query-input":{"@type":"PropertyValueSpecification","valueRequired":true,"valueName":"search_term_string"}}],"inLanguage":"fi"},{"@type":"Organization","@id":"https:\/\/rotary.fi\/tamperekissanmaa\/#organization","name":"Tampere-Kissanmaan Rotaryklubi ry","url":"https:\/\/rotary.fi\/tamperekissanmaa\/","logo":{"@type":"ImageObject","inLanguage":"fi","@id":"https:\/\/rotary.fi\/tamperekissanmaa\/#\/schema\/logo\/image\/","url":"https:\/\/rotary.fi\/tamperekissanmaa\/wp-content\/uploads\/sites\/181\/2018\/08\/rotary-logo-main-2.png","contentUrl":"https:\/\/rotary.fi\/tamperekissanmaa\/wp-content\/uploads\/sites\/181\/2018\/08\/rotary-logo-main-2.png","width":135,"height":52,"caption":"Tampere-Kissanmaan Rotaryklubi ry"},"image":{"@id":"https:\/\/rotary.fi\/tamperekissanmaa\/#\/schema\/logo\/image\/"}}]}},"lang":"fi","translations":{"fi":129,"en":1424},"pll_sync_post":[],"_links":{"self":[{"href":"https:\/\/rotary.fi\/tamperekissanmaa\/wp-json\/wp\/v2\/pages\/129","targetHints":{"allow":["GET"]}}],"collection":[{"href":"https:\/\/rotary.fi\/tamperekissanmaa\/wp-json\/wp\/v2\/pages"}],"about":[{"href":"https:\/\/rotary.fi\/tamperekissanmaa\/wp-json\/wp\/v2\/types\/page"}],"author":[{"embeddable":true,"href":"https:\/\/rotary.fi\/tamperekissanmaa\/wp-json\/wp\/v2\/users\/1"}],"replies":[{"embeddable":true,"href":"https:\/\/rotary.fi\/tamperekissanmaa\/wp-json\/wp\/v2\/comments?post=129"}],"version-history":[{"count":9,"href":"https:\/\/rotary.fi\/tamperekissanmaa\/wp-json\/wp\/v2\/pages\/129\/revisions"}],"predecessor-version":[{"id":1617,"href":"https:\/\/rotary.fi\/tamperekissanmaa\/wp-json\/wp\/v2\/pages\/129\/revisions\/1617"}],"wp:attachment":[{"href":"https:\/\/rotary.fi\/tamperekissanmaa\/wp-json\/wp\/v2\/media?parent=129"}],"curies":[{"name":"wp","href":"https:\/\/api.w.org\/{rel}","templated":true}]}}