{"id":2307,"date":"2019-09-22T15:15:41","date_gmt":"2019-09-22T12:15:41","guid":{"rendered":"https:\/\/rotary.fi\/tammernova\/?page_id=2307"},"modified":"2022-10-18T19:23:02","modified_gmt":"2022-10-18T16:23:02","slug":"end-polio","status":"publish","type":"page","link":"https:\/\/rotary.fi\/tammernova\/mita-teemme\/projektit\/end-polio\/","title":{"rendered":"End Polio"},"content":{"rendered":"<p>[et_pb_section fb_built=&#8221;1&#8243; module_class=&#8221;jumbotron-page&#8221; _builder_version=&#8221;4.16&#8243; background_image=&#8221;https:\/\/rotary.fi\/tammernova\/wp-content\/uploads\/sites\/99\/2019\/09\/20190624_in_154_.jpg&#8221; inner_width_tablet=&#8221;50px&#8221; inner_max_width_tablet=&#8221;50px&#8221; z_index_tablet=&#8221;500&#8243; box_shadow_horizontal_tablet=&#8221;0px&#8221; box_shadow_vertical_tablet=&#8221;0px&#8221; box_shadow_blur_tablet=&#8221;40px&#8221; box_shadow_spread_tablet=&#8221;0px&#8221; global_colors_info=&#8221;{}&#8221;][et_pb_row _builder_version=&#8221;4.16&#8243; background_size=&#8221;initial&#8221; background_position=&#8221;top_left&#8221; background_repeat=&#8221;repeat&#8221; global_colors_info=&#8221;{}&#8221;][et_pb_column type=&#8221;4_4&#8243; _builder_version=&#8221;4.16&#8243; custom_padding=&#8221;|||&#8221; global_colors_info=&#8221;{}&#8221; custom_padding__hover=&#8221;|||&#8221;][et_pb_text admin_label=&#8221;P\u00e4\u00e4otsikko&#8221; _builder_version=&#8221;4.16&#8243; text_orientation=&#8221;center&#8221; background_layout=&#8221;dark&#8221; z_index_tablet=&#8221;500&#8243; text_text_shadow_horizontal_length_tablet=&#8221;0px&#8221; text_text_shadow_vertical_length_tablet=&#8221;0px&#8221; text_text_shadow_blur_strength_tablet=&#8221;1px&#8221; link_text_shadow_horizontal_length_tablet=&#8221;0px&#8221; link_text_shadow_vertical_length_tablet=&#8221;0px&#8221; link_text_shadow_blur_strength_tablet=&#8221;1px&#8221; ul_text_shadow_horizontal_length_tablet=&#8221;0px&#8221; ul_text_shadow_vertical_length_tablet=&#8221;0px&#8221; ul_text_shadow_blur_strength_tablet=&#8221;1px&#8221; ol_text_shadow_horizontal_length_tablet=&#8221;0px&#8221; ol_text_shadow_vertical_length_tablet=&#8221;0px&#8221; ol_text_shadow_blur_strength_tablet=&#8221;1px&#8221; quote_text_shadow_horizontal_length_tablet=&#8221;0px&#8221; quote_text_shadow_vertical_length_tablet=&#8221;0px&#8221; quote_text_shadow_blur_strength_tablet=&#8221;1px&#8221; header_text_shadow_horizontal_length_tablet=&#8221;0px&#8221; header_text_shadow_vertical_length_tablet=&#8221;0px&#8221; header_text_shadow_blur_strength_tablet=&#8221;1px&#8221; header_2_text_shadow_horizontal_length_tablet=&#8221;0px&#8221; header_2_text_shadow_vertical_length_tablet=&#8221;0px&#8221; header_2_text_shadow_blur_strength_tablet=&#8221;1px&#8221; header_3_text_shadow_horizontal_length_tablet=&#8221;0px&#8221; header_3_text_shadow_vertical_length_tablet=&#8221;0px&#8221; header_3_text_shadow_blur_strength_tablet=&#8221;1px&#8221; header_4_text_shadow_horizontal_length_tablet=&#8221;0px&#8221; header_4_text_shadow_vertical_length_tablet=&#8221;0px&#8221; header_4_text_shadow_blur_strength_tablet=&#8221;1px&#8221; header_5_text_shadow_horizontal_length_tablet=&#8221;0px&#8221; header_5_text_shadow_vertical_length_tablet=&#8221;0px&#8221; header_5_text_shadow_blur_strength_tablet=&#8221;1px&#8221; header_6_text_shadow_horizontal_length_tablet=&#8221;0px&#8221; header_6_text_shadow_vertical_length_tablet=&#8221;0px&#8221; header_6_text_shadow_blur_strength_tablet=&#8221;1px&#8221; box_shadow_horizontal_tablet=&#8221;0px&#8221; box_shadow_vertical_tablet=&#8221;0px&#8221; box_shadow_blur_tablet=&#8221;40px&#8221; box_shadow_spread_tablet=&#8221;0px&#8221; global_colors_info=&#8221;{}&#8221;]<\/p>\n<h1>End Polio<\/h1>\n<p>[\/et_pb_text][\/et_pb_column][\/et_pb_row][\/et_pb_section][et_pb_section fb_built=&#8221;1&#8243; specialty=&#8221;on&#8221; module_class_2=&#8221;sivupalkki&#8221; _builder_version=&#8221;4.16&#8243; global_colors_info=&#8221;{}&#8221;][et_pb_column type=&#8221;2_3&#8243; specialty_columns=&#8221;2&#8243; _builder_version=&#8221;4.16&#8243; custom_padding=&#8221;|||&#8221; global_colors_info=&#8221;{}&#8221; custom_padding__hover=&#8221;|||&#8221;][et_pb_row_inner admin_label=&#8221;Rivi&#8221; _builder_version=&#8221;4.16&#8243; global_colors_info=&#8221;{}&#8221;][et_pb_column_inner saved_specialty_column_type=&#8221;2_3&#8243; _builder_version=&#8221;4.16&#8243; custom_padding=&#8221;|||&#8221; global_colors_info=&#8221;{}&#8221; custom_padding__hover=&#8221;|||&#8221;][et_pb_text admin_label=&#8221;Projektit &#8211; Otsikko&#8221; _builder_version=&#8221;4.16&#8243; text_orientation=&#8221;center&#8221; z_index_tablet=&#8221;500&#8243; text_text_shadow_horizontal_length_tablet=&#8221;0px&#8221; text_text_shadow_vertical_length_tablet=&#8221;0px&#8221; text_text_shadow_blur_strength_tablet=&#8221;1px&#8221; link_text_shadow_horizontal_length_tablet=&#8221;0px&#8221; link_text_shadow_vertical_length_tablet=&#8221;0px&#8221; link_text_shadow_blur_strength_tablet=&#8221;1px&#8221; ul_text_shadow_horizontal_length_tablet=&#8221;0px&#8221; ul_text_shadow_vertical_length_tablet=&#8221;0px&#8221; ul_text_shadow_blur_strength_tablet=&#8221;1px&#8221; ol_text_shadow_horizontal_length_tablet=&#8221;0px&#8221; ol_text_shadow_vertical_length_tablet=&#8221;0px&#8221; ol_text_shadow_blur_strength_tablet=&#8221;1px&#8221; quote_text_shadow_horizontal_length_tablet=&#8221;0px&#8221; quote_text_shadow_vertical_length_tablet=&#8221;0px&#8221; quote_text_shadow_blur_strength_tablet=&#8221;1px&#8221; header_text_shadow_horizontal_length_tablet=&#8221;0px&#8221; header_text_shadow_vertical_length_tablet=&#8221;0px&#8221; header_text_shadow_blur_strength_tablet=&#8221;1px&#8221; header_2_text_shadow_horizontal_length_tablet=&#8221;0px&#8221; header_2_text_shadow_vertical_length_tablet=&#8221;0px&#8221; header_2_text_shadow_blur_strength_tablet=&#8221;1px&#8221; header_3_text_shadow_horizontal_length_tablet=&#8221;0px&#8221; header_3_text_shadow_vertical_length_tablet=&#8221;0px&#8221; header_3_text_shadow_blur_strength_tablet=&#8221;1px&#8221; header_4_text_shadow_horizontal_length_tablet=&#8221;0px&#8221; header_4_text_shadow_vertical_length_tablet=&#8221;0px&#8221; header_4_text_shadow_blur_strength_tablet=&#8221;1px&#8221; header_5_text_shadow_horizontal_length_tablet=&#8221;0px&#8221; header_5_text_shadow_vertical_length_tablet=&#8221;0px&#8221; header_5_text_shadow_blur_strength_tablet=&#8221;1px&#8221; header_6_text_shadow_horizontal_length_tablet=&#8221;0px&#8221; header_6_text_shadow_vertical_length_tablet=&#8221;0px&#8221; header_6_text_shadow_blur_strength_tablet=&#8221;1px&#8221; box_shadow_horizontal_tablet=&#8221;0px&#8221; box_shadow_vertical_tablet=&#8221;0px&#8221; box_shadow_blur_tablet=&#8221;40px&#8221; box_shadow_spread_tablet=&#8221;0px&#8221; global_colors_info=&#8221;{}&#8221;]<\/p>\n<h1>End Polio<\/h1>\n<p>[\/et_pb_text][et_pb_text _builder_version=&#8221;4.16&#8243; custom_margin=&#8221;|||-1px||&#8221; z_index_tablet=&#8221;500&#8243; box_shadow_horizontal_tablet=&#8221;0px&#8221; box_shadow_vertical_tablet=&#8221;0px&#8221; box_shadow_blur_tablet=&#8221;40px&#8221; box_shadow_spread_tablet=&#8221;0px&#8221; global_colors_info=&#8221;{}&#8221;]<\/p>\n<p>Rotaryn kaikkien aikojen suurin avustusohjelma on <a href=\"https:\/\/www.endpolio.org\/\" target=\"_blank\" rel=\"noopener noreferrer\">End Polio<\/a>, joka t\u00e4ht\u00e4\u00e4 polion t\u00e4ydelliseen h\u00e4vitt\u00e4miseen maailmasta. Ohjelma on aloitettu vuonna 1985 ja vuoteen 2018 menness\u00e4 99,9% maailman poliotapauksista on poistettu. Ohjelmaa toteutetaan yhteisty\u00f6ss\u00e4 Maailman terveysj\u00e4rjest\u00f6n (WHO), YK:n lastenavun rahaston (UNICEF), USA:n terveysviraston, Bill ja Melinda Gatesin s\u00e4\u00e4ti\u00f6n ja muiden kansainv\u00e4listen toimijoiden kanssa.<\/p>\n<h4>Polio tautina<\/h4>\n<p>Polio eli lapsihalvaus on viruksen aiheuttama tauti, joka voi johtaa potilaan halvaukseen ja jopa kuolemaan. Polio tarttuu lapsiin huomattavasti helpommin kuin aikuisiin.<\/p>\n<p>Poliota ei voida parantaa, mutta siihen on olemassa tehokas rokote. Koska polio levi\u00e4\u00e4 ainoastaan ihmisest\u00e4 toiseen eik\u00e4 esimerkiksi el\u00e4inten v\u00e4lityksell\u00e4, niin virus on mahdollista h\u00e4vitt\u00e4\u00e4 maailmasta kokonaan.<\/p>\n<p>[\/et_pb_text][et_pb_video src=&#8221;https:\/\/www.youtube.com\/watch?v=hR1f-ejMcGU&#8221; _builder_version=&#8221;4.16&#8243; z_index_tablet=&#8221;500&#8243; box_shadow_horizontal_tablet=&#8221;0px&#8221; box_shadow_vertical_tablet=&#8221;0px&#8221; box_shadow_blur_tablet=&#8221;40px&#8221; box_shadow_spread_tablet=&#8221;0px&#8221; global_colors_info=&#8221;{}&#8221;][\/et_pb_video][et_pb_text _builder_version=&#8221;4.16&#8243; z_index_tablet=&#8221;500&#8243; text_text_shadow_horizontal_length_tablet=&#8221;0px&#8221; text_text_shadow_vertical_length_tablet=&#8221;0px&#8221; text_text_shadow_blur_strength_tablet=&#8221;1px&#8221; link_text_shadow_horizontal_length_tablet=&#8221;0px&#8221; link_text_shadow_vertical_length_tablet=&#8221;0px&#8221; link_text_shadow_blur_strength_tablet=&#8221;1px&#8221; ul_text_shadow_horizontal_length_tablet=&#8221;0px&#8221; ul_text_shadow_vertical_length_tablet=&#8221;0px&#8221; ul_text_shadow_blur_strength_tablet=&#8221;1px&#8221; ol_text_shadow_horizontal_length_tablet=&#8221;0px&#8221; ol_text_shadow_vertical_length_tablet=&#8221;0px&#8221; ol_text_shadow_blur_strength_tablet=&#8221;1px&#8221; quote_text_shadow_horizontal_length_tablet=&#8221;0px&#8221; quote_text_shadow_vertical_length_tablet=&#8221;0px&#8221; quote_text_shadow_blur_strength_tablet=&#8221;1px&#8221; header_text_shadow_horizontal_length_tablet=&#8221;0px&#8221; header_text_shadow_vertical_length_tablet=&#8221;0px&#8221; header_text_shadow_blur_strength_tablet=&#8221;1px&#8221; header_2_text_shadow_horizontal_length_tablet=&#8221;0px&#8221; header_2_text_shadow_vertical_length_tablet=&#8221;0px&#8221; header_2_text_shadow_blur_strength_tablet=&#8221;1px&#8221; header_3_text_shadow_horizontal_length_tablet=&#8221;0px&#8221; header_3_text_shadow_vertical_length_tablet=&#8221;0px&#8221; header_3_text_shadow_blur_strength_tablet=&#8221;1px&#8221; header_4_text_shadow_horizontal_length_tablet=&#8221;0px&#8221; header_4_text_shadow_vertical_length_tablet=&#8221;0px&#8221; header_4_text_shadow_blur_strength_tablet=&#8221;1px&#8221; header_5_text_shadow_horizontal_length_tablet=&#8221;0px&#8221; header_5_text_shadow_vertical_length_tablet=&#8221;0px&#8221; header_5_text_shadow_blur_strength_tablet=&#8221;1px&#8221; header_6_text_shadow_horizontal_length_tablet=&#8221;0px&#8221; header_6_text_shadow_vertical_length_tablet=&#8221;0px&#8221; header_6_text_shadow_blur_strength_tablet=&#8221;1px&#8221; box_shadow_horizontal_tablet=&#8221;0px&#8221; box_shadow_vertical_tablet=&#8221;0px&#8221; box_shadow_blur_tablet=&#8221;40px&#8221; box_shadow_spread_tablet=&#8221;0px&#8221; global_colors_info=&#8221;{}&#8221;]<\/p>\n<h4>Historia ja tilanne nyt<\/h4>\n<p>1900-luvun alussa polio halvaannutti l\u00e4nsimaissa satojatuhansia lapsia vuosittain. Rokotteiden keksimisen j\u00e4lkeen 1950 ja 1960-luvuilla tautia alettiin pysty\u00e4 suitsimaan. Viimeiset polioepidemiat koettiin USA:ssa ja Euroopassa 1950-luvun alussa. Kehittyviss\u00e4 maissa tilanne jatkui pahana 1970-luvulle saakka ja viel\u00e4 1988 arvioitiin, ett\u00e4 p\u00e4ivitt\u00e4in polioon sairastui 1000 lasta. T\u00e4m\u00e4n j\u00e4lkeen my\u00f6s monet kehittyv\u00e4t maat ovat saaneet taudin hallintaan.<\/p>\n<p>Viimeisten poliotapausten l\u00f6yt\u00e4minen ja v\u00e4est\u00f6n rokottaminen on olennaista taudin lopulliselle h\u00e4vitt\u00e4miselle. Ty\u00f6 on haasteellista, sill\u00e4 tapaukset ilmenev\u00e4t usein alueilla joissa on konflikteja, poliittista ep\u00e4vakautta ja vaikeakulkuista maastoa. Vuonna 2018 poliotapauksia raportoitiin 104 henkil\u00f6ll\u00e4 ja tapaukset keskittyiv\u00e4t tiettyihin Afrikan ja Aasian maihin. Sivusto <a href=\"http:\/\/polioeradication.org\/\" target=\"_blank\" rel=\"noopener noreferrer\">The Global Polio Eradication Initiative<\/a> yll\u00e4pit\u00e4\u00e4 ajantasaista globaalia tilannekatsausta.<\/p>\n<h4>Tammernova osallistuu polion h\u00e4vitt\u00e4miseen<\/h4>\n<p>2,5 miljardia lasta on rokotettu polion h\u00e4vitt\u00e4misohjelman alettua vuonna 1988 ja ty\u00f6h\u00f6n on osallistunut 200 maata sek\u00e4 20 miljoonaa vapaaehtoista. Tammernova on osallistunut t\u00e4h\u00e4n valtaisaan projektiin ker\u00e4\u00e4m\u00e4ll\u00e4 useita vuosia varoja esimerkiksi j\u00e4rjest\u00e4m\u00e4ll\u00e4 End Polio -illallisen sek\u00e4 myym\u00e4ll\u00e4 End Polio -rintaneuloja. N\u00e4m\u00e4 varat lahjoitetaan End Polio -projektille, joka rahoittaa rokotteiden hankintaa, kuljetusta, k\u00e4yt\u00f6n opastusta ja viruksen esiintymisen seurantaa.<\/p>\n<p><a href=\"https:\/\/www.endpolio.org\/world-polio-day\" target=\"_blank\" rel=\"noopener noreferrer\">Maailman poliop\u00e4iv\u00e4\u00e4<\/a> vietettiin j\u00e4lleen 24.10.2019, jolloin <a href=\"https:\/\/www.endpolio.org\/world-polio-day#findEvent\" target=\"_blank\" rel=\"noopener noreferrer\">rotariklubit ymp\u00e4ri maailman j\u00e4rjestiv\u00e4t erilaisia tempauksia<\/a> varainkeruun ja tietoisuuden edist\u00e4miseksi. Tammernova j\u00e4rjesti maailman poliop\u00e4iv\u00e4n\u00e4 <a href=\"https:\/\/rotary.fi\/tammernova\/ajankohtaiset\/end-polio-illallinen-kiitos\/\">End Polio-hyv\u00e4ntekev\u00e4isyysillallisen<\/a>, jolla tuettiin End Polio -ohjelmaa. Pandemiavuosien aikana tapahtumia ei ollut mahdollista j\u00e4rjest\u00e4\u00e4.\u00a0<\/p>\n<p>Syksyll\u00e4 2022 l\u00e4hitapaamisia voi taas j\u00e4rjest\u00e4\u00e4. Tammer Nova j\u00e4rjest\u00e4\u00e4 maailman poliop\u00e4iov\u00e4n\u00e4 24.10.2022 kaksi tilaisuutta: maksuttoman yleis\u00f6tilaisuuden Tampereen <a href=\"https:\/\/www.facebook.com\/events\/503171211395183?acontext=%7B%22event_action_history%22%3A[%7B%22mechanism%22%3A%22your_upcoming_events_unit%22%2C%22surface%22%3A%22bookmark%22%7D]%2C%22ref_notif_type%22%3Anull%7D\">p\u00e4\u00e4kirjasto Metsossa<\/a> klo 16.30-18 ja iltatilaisuuden <a href=\"https:\/\/www.facebook.com\/events\/1745076752545581?acontext=%7B%22event_action_history%22%3A[%7B%22mechanism%22%3A%22calendar_tab_event%22%2C%22surface%22%3A%22bookmark_calendar%22%7D]%2C%22ref_notif_type%22%3Anull%7D\">Tampereen Suomalaisella Klubilla<\/a>, illan buffet-tarjoilusta vastaa ravintola Lilia.\u00a0<\/p>\n<p>&nbsp;<\/p>\n<p>[\/et_pb_text][\/et_pb_column_inner][\/et_pb_row_inner][\/et_pb_column][et_pb_column type=&#8221;1_3&#8243; _builder_version=&#8221;4.16&#8243; custom_padding=&#8221;|||&#8221; global_colors_info=&#8221;{}&#8221; custom_padding__hover=&#8221;|||&#8221;][et_pb_sidebar area=&#8221;sidebar-1&#8243; module_class=&#8221;sivupalkki_sisalto&#8221; _builder_version=&#8221;4.16&#8243; locked=&#8221;on&#8221; global_colors_info=&#8221;{}&#8221;][\/et_pb_sidebar][\/et_pb_column][\/et_pb_section]<\/p>\n","protected":false},"excerpt":{"rendered":"<p>End Polio End Polio Rotaryn kaikkien aikojen suurin avustusohjelma on End Polio, joka t\u00e4ht\u00e4\u00e4 polion t\u00e4ydelliseen h\u00e4vitt\u00e4miseen maailmasta. Ohjelma on aloitettu vuonna 1985 ja vuoteen 2018 menness\u00e4 99,9% maailman poliotapauksista on poistettu. Ohjelmaa toteutetaan yhteisty\u00f6ss\u00e4 Maailman terveysj\u00e4rjest\u00f6n (WHO), YK:n lastenavun rahaston (UNICEF), USA:n terveysviraston, Bill ja Melinda Gatesin s\u00e4\u00e4ti\u00f6n ja muiden kansainv\u00e4listen toimijoiden kanssa. Polio [&hellip;]<\/p>\n","protected":false},"author":172,"featured_media":0,"parent":156,"menu_order":0,"comment_status":"closed","ping_status":"closed","template":"","meta":{"_acf_changed":false,"_et_pb_use_builder":"on","_et_pb_old_content":"","_et_gb_content_width":"","footnotes":""},"class_list":["post-2307","page","type-page","status-publish","hentry"],"acf":[],"yoast_head":"<!-- This site is optimized with the Yoast SEO plugin v27.0 - https:\/\/yoast.com\/product\/yoast-seo-wordpress\/ -->\n<title>End Polio - Tammer Nova<\/title>\n<meta name=\"robots\" content=\"index, follow, max-snippet:-1, max-image-preview:large, max-video-preview:-1\" \/>\n<link rel=\"canonical\" href=\"https:\/\/rotary.fi\/tammernova\/mita-teemme\/projektit\/end-polio\/\" \/>\n<meta property=\"og:locale\" content=\"fi_FI\" \/>\n<meta property=\"og:type\" content=\"article\" \/>\n<meta property=\"og:title\" content=\"End Polio - Tammer Nova\" \/>\n<meta property=\"og:description\" content=\"End Polio End Polio Rotaryn kaikkien aikojen suurin avustusohjelma on End Polio, joka t\u00e4ht\u00e4\u00e4 polion t\u00e4ydelliseen h\u00e4vitt\u00e4miseen maailmasta. Ohjelma on aloitettu vuonna 1985 ja vuoteen 2018 menness\u00e4 99,9% maailman poliotapauksista on poistettu. Ohjelmaa toteutetaan yhteisty\u00f6ss\u00e4 Maailman terveysj\u00e4rjest\u00f6n (WHO), YK:n lastenavun rahaston (UNICEF), USA:n terveysviraston, Bill ja Melinda Gatesin s\u00e4\u00e4ti\u00f6n ja muiden kansainv\u00e4listen toimijoiden kanssa. Polio [&hellip;]\" \/>\n<meta property=\"og:url\" content=\"https:\/\/rotary.fi\/tammernova\/mita-teemme\/projektit\/end-polio\/\" \/>\n<meta property=\"og:site_name\" content=\"Tammer Nova\" \/>\n<meta property=\"article:modified_time\" content=\"2022-10-18T16:23:02+00:00\" \/>\n<meta name=\"twitter:card\" content=\"summary_large_image\" \/>\n<meta name=\"twitter:label1\" content=\"Arvioitu lukuaika\" \/>\n\t<meta name=\"twitter:data1\" content=\"7 minuuttia\" \/>\n<script type=\"application\/ld+json\" class=\"yoast-schema-graph\">{\"@context\":\"https:\/\/schema.org\",\"@graph\":[{\"@type\":\"WebPage\",\"@id\":\"https:\/\/rotary.fi\/tammernova\/mita-teemme\/projektit\/end-polio\/\",\"url\":\"https:\/\/rotary.fi\/tammernova\/mita-teemme\/projektit\/end-polio\/\",\"name\":\"End Polio - Tammer Nova\",\"isPartOf\":{\"@id\":\"https:\/\/rotary.fi\/tammernova\/#website\"},\"datePublished\":\"2019-09-22T12:15:41+00:00\",\"dateModified\":\"2022-10-18T16:23:02+00:00\",\"breadcrumb\":{\"@id\":\"https:\/\/rotary.fi\/tammernova\/mita-teemme\/projektit\/end-polio\/#breadcrumb\"},\"inLanguage\":\"fi\",\"potentialAction\":[{\"@type\":\"ReadAction\",\"target\":[\"https:\/\/rotary.fi\/tammernova\/mita-teemme\/projektit\/end-polio\/\"]}]},{\"@type\":\"BreadcrumbList\",\"@id\":\"https:\/\/rotary.fi\/tammernova\/mita-teemme\/projektit\/end-polio\/#breadcrumb\",\"itemListElement\":[{\"@type\":\"ListItem\",\"position\":1,\"name\":\"Home\",\"item\":\"https:\/\/rotary.fi\/tammernova\/\"},{\"@type\":\"ListItem\",\"position\":2,\"name\":\"Mit\u00e4 teemme\",\"item\":\"https:\/\/rotary.fi\/tammernova\/mita-teemme\/\"},{\"@type\":\"ListItem\",\"position\":3,\"name\":\"Projektit\",\"item\":\"https:\/\/rotary.fi\/tammernova\/mita-teemme\/projektit\/\"},{\"@type\":\"ListItem\",\"position\":4,\"name\":\"End Polio\"}]},{\"@type\":\"WebSite\",\"@id\":\"https:\/\/rotary.fi\/tammernova\/#website\",\"url\":\"https:\/\/rotary.fi\/tammernova\/\",\"name\":\"Tammer Nova\",\"description\":\"Uusi Rotary klubisivusto\",\"potentialAction\":[{\"@type\":\"SearchAction\",\"target\":{\"@type\":\"EntryPoint\",\"urlTemplate\":\"https:\/\/rotary.fi\/tammernova\/?s={search_term_string}\"},\"query-input\":{\"@type\":\"PropertyValueSpecification\",\"valueRequired\":true,\"valueName\":\"search_term_string\"}}],\"inLanguage\":\"fi\"}]}<\/script>\n<!-- \/ Yoast SEO plugin. -->","yoast_head_json":{"title":"End Polio - Tammer Nova","robots":{"index":"index","follow":"follow","max-snippet":"max-snippet:-1","max-image-preview":"max-image-preview:large","max-video-preview":"max-video-preview:-1"},"canonical":"https:\/\/rotary.fi\/tammernova\/mita-teemme\/projektit\/end-polio\/","og_locale":"fi_FI","og_type":"article","og_title":"End Polio - Tammer Nova","og_description":"End Polio End Polio Rotaryn kaikkien aikojen suurin avustusohjelma on End Polio, joka t\u00e4ht\u00e4\u00e4 polion t\u00e4ydelliseen h\u00e4vitt\u00e4miseen maailmasta. Ohjelma on aloitettu vuonna 1985 ja vuoteen 2018 menness\u00e4 99,9% maailman poliotapauksista on poistettu. Ohjelmaa toteutetaan yhteisty\u00f6ss\u00e4 Maailman terveysj\u00e4rjest\u00f6n (WHO), YK:n lastenavun rahaston (UNICEF), USA:n terveysviraston, Bill ja Melinda Gatesin s\u00e4\u00e4ti\u00f6n ja muiden kansainv\u00e4listen toimijoiden kanssa. Polio [&hellip;]","og_url":"https:\/\/rotary.fi\/tammernova\/mita-teemme\/projektit\/end-polio\/","og_site_name":"Tammer Nova","article_modified_time":"2022-10-18T16:23:02+00:00","twitter_card":"summary_large_image","twitter_misc":{"Arvioitu lukuaika":"7 minuuttia"},"schema":{"@context":"https:\/\/schema.org","@graph":[{"@type":"WebPage","@id":"https:\/\/rotary.fi\/tammernova\/mita-teemme\/projektit\/end-polio\/","url":"https:\/\/rotary.fi\/tammernova\/mita-teemme\/projektit\/end-polio\/","name":"End Polio - Tammer Nova","isPartOf":{"@id":"https:\/\/rotary.fi\/tammernova\/#website"},"datePublished":"2019-09-22T12:15:41+00:00","dateModified":"2022-10-18T16:23:02+00:00","breadcrumb":{"@id":"https:\/\/rotary.fi\/tammernova\/mita-teemme\/projektit\/end-polio\/#breadcrumb"},"inLanguage":"fi","potentialAction":[{"@type":"ReadAction","target":["https:\/\/rotary.fi\/tammernova\/mita-teemme\/projektit\/end-polio\/"]}]},{"@type":"BreadcrumbList","@id":"https:\/\/rotary.fi\/tammernova\/mita-teemme\/projektit\/end-polio\/#breadcrumb","itemListElement":[{"@type":"ListItem","position":1,"name":"Home","item":"https:\/\/rotary.fi\/tammernova\/"},{"@type":"ListItem","position":2,"name":"Mit\u00e4 teemme","item":"https:\/\/rotary.fi\/tammernova\/mita-teemme\/"},{"@type":"ListItem","position":3,"name":"Projektit","item":"https:\/\/rotary.fi\/tammernova\/mita-teemme\/projektit\/"},{"@type":"ListItem","position":4,"name":"End Polio"}]},{"@type":"WebSite","@id":"https:\/\/rotary.fi\/tammernova\/#website","url":"https:\/\/rotary.fi\/tammernova\/","name":"Tammer Nova","description":"Uusi Rotary klubisivusto","potentialAction":[{"@type":"SearchAction","target":{"@type":"EntryPoint","urlTemplate":"https:\/\/rotary.fi\/tammernova\/?s={search_term_string}"},"query-input":{"@type":"PropertyValueSpecification","valueRequired":true,"valueName":"search_term_string"}}],"inLanguage":"fi"}]}},"lang":"fi","translations":{"fi":2307},"pll_sync_post":[],"_links":{"self":[{"href":"https:\/\/rotary.fi\/tammernova\/wp-json\/wp\/v2\/pages\/2307","targetHints":{"allow":["GET"]}}],"collection":[{"href":"https:\/\/rotary.fi\/tammernova\/wp-json\/wp\/v2\/pages"}],"about":[{"href":"https:\/\/rotary.fi\/tammernova\/wp-json\/wp\/v2\/types\/page"}],"author":[{"embeddable":true,"href":"https:\/\/rotary.fi\/tammernova\/wp-json\/wp\/v2\/users\/172"}],"replies":[{"embeddable":true,"href":"https:\/\/rotary.fi\/tammernova\/wp-json\/wp\/v2\/comments?post=2307"}],"version-history":[{"count":9,"href":"https:\/\/rotary.fi\/tammernova\/wp-json\/wp\/v2\/pages\/2307\/revisions"}],"predecessor-version":[{"id":3088,"href":"https:\/\/rotary.fi\/tammernova\/wp-json\/wp\/v2\/pages\/2307\/revisions\/3088"}],"up":[{"embeddable":true,"href":"https:\/\/rotary.fi\/tammernova\/wp-json\/wp\/v2\/pages\/156"}],"wp:attachment":[{"href":"https:\/\/rotary.fi\/tammernova\/wp-json\/wp\/v2\/media?parent=2307"}],"curies":[{"name":"wp","href":"https:\/\/api.w.org\/{rel}","templated":true}]}}