{"id":138,"date":"2018-08-10T14:01:44","date_gmt":"2018-08-10T11:01:44","guid":{"rendered":"https:\/\/rotary.fi\/klubi2\/?page_id=138"},"modified":"2022-08-04T13:14:49","modified_gmt":"2022-08-04T10:14:49","slug":"vuositeema","status":"publish","type":"page","link":"https:\/\/rotary.fi\/tammernova\/keita-olemme\/vuositeema\/","title":{"rendered":"Vuositeema"},"content":{"rendered":"<p>[et_pb_section fb_built=&#8221;1&#8243; _builder_version=&#8221;4.17.4&#8243; _module_preset=&#8221;default&#8221; hover_enabled=&#8221;0&#8243; global_colors_info=&#8221;{}&#8221; admin_label=&#8221;Osio&#8221; sticky_enabled=&#8221;0&#8243;][et_pb_row column_structure=&#8221;2_5,3_5&#8243; _builder_version=&#8221;4.16&#8243; _module_preset=&#8221;default&#8221; hover_enabled=&#8221;0&#8243; global_colors_info=&#8221;{}&#8221; sticky_enabled=&#8221;0&#8243;][et_pb_column type=&#8221;2_5&#8243; _builder_version=&#8221;4.16&#8243; _module_preset=&#8221;default&#8221; global_colors_info=&#8221;{}&#8221;][\/et_pb_column][et_pb_column type=&#8221;3_5&#8243; _builder_version=&#8221;4.16&#8243; _module_preset=&#8221;default&#8221; global_colors_info=&#8221;{}&#8221;][et_pb_text _builder_version=&#8221;4.17.4&#8243; _module_preset=&#8221;default&#8221; hover_enabled=&#8221;0&#8243; global_colors_info=&#8221;{}&#8221; sticky_enabled=&#8221;0&#8243;]<\/p>\n<h1>\u00a0<\/h1>\n<p>&nbsp;<\/p>\n<p><img decoding=\"async\" src=\"https:\/\/my-cms.rotary.org\/sites\/default\/files\/styles\/rotary_responsive_280\/public\/Theme-2022-2023-en_0.png?itok=H5deJd7V\" \/><\/p>\n<p>&nbsp;<\/p>\n<p>Rotary Internationalin presidentti Jennifer Jones n\u00e4kee Rotaryn, jossa j\u00e4senet tekev\u00e4t unelmistaan totta ja luovat kaikille j\u00e4senille hyvi\u00e4 kokemuksia rotaryklubissa toimimisesta.\u00a0 Vuotensa aikana Jennifer Jones keskittyy seuraavaan nelj\u00e4\u00e4n keskeiseen aloitteeseen: 1) edist\u00e4\u00e4 sitoutumista monimuotoisuuteen (diversity), yhdenvertaisuuteen (equity) ja osallisuuteen (inclusion), 2) luoda klubeihin ilmapiiri, jossa j\u00e4senet tuntevat itsens\u00e4 tervetulleiksi, 3) voimaannuttaa tytt\u00f6j\u00e4 ja 4) laajentaa Rotaryn ulottuvuutta.<\/p>\n<p>Tammer Novan presidentti Pirjo Saiholan teemoja t\u00e4lle kaudelle ovat ymp\u00e4rist\u00f6, yritystoiminta Tampereen seudulla ja teknologian kehitysn\u00e4kym\u00e4t. N\u00e4it\u00e4 teemoja pyrit\u00e4\u00e4n saamaan mukaan toimintaa esitelmien, vierailujen ja palveluprojektien kautta.<\/p>\n<p>&nbsp;<\/p>\n<p>[\/et_pb_text][\/et_pb_column][\/et_pb_row][\/et_pb_section]<\/p>\n","protected":false},"excerpt":{"rendered":"<p>\u00a0 &nbsp; &nbsp; Rotary Internationalin presidentti Jennifer Jones n\u00e4kee Rotaryn, jossa j\u00e4senet tekev\u00e4t unelmistaan totta ja luovat kaikille j\u00e4senille hyvi\u00e4 kokemuksia rotaryklubissa toimimisesta.\u00a0 Vuotensa aikana Jennifer Jones keskittyy seuraavaan nelj\u00e4\u00e4n keskeiseen aloitteeseen: 1) edist\u00e4\u00e4 sitoutumista monimuotoisuuteen (diversity), yhdenvertaisuuteen (equity) ja osallisuuteen (inclusion), 2) luoda klubeihin ilmapiiri, jossa j\u00e4senet tuntevat itsens\u00e4 tervetulleiksi, 3) voimaannuttaa tytt\u00f6j\u00e4 ja [&hellip;]<\/p>\n","protected":false},"author":1,"featured_media":0,"parent":129,"menu_order":0,"comment_status":"closed","ping_status":"closed","template":"","meta":{"_acf_changed":false,"_et_pb_use_builder":"on","_et_pb_old_content":"","_et_gb_content_width":"","footnotes":""},"class_list":["post-138","page","type-page","status-publish","hentry"],"acf":[],"yoast_head":"<!-- This site is optimized with the Yoast SEO plugin v27.4 - https:\/\/yoast.com\/product\/yoast-seo-wordpress\/ -->\n<title>Vuositeema - Tammer Nova<\/title>\n<meta name=\"robots\" content=\"index, follow, max-snippet:-1, max-image-preview:large, max-video-preview:-1\" \/>\n<link rel=\"canonical\" href=\"https:\/\/rotary.fi\/tammernova\/keita-olemme\/vuositeema\/\" \/>\n<meta property=\"og:locale\" content=\"fi_FI\" \/>\n<meta property=\"og:type\" content=\"article\" \/>\n<meta property=\"og:title\" content=\"Vuositeema - Tammer Nova\" \/>\n<meta property=\"og:description\" content=\"\u00a0 &nbsp; &nbsp; Rotary Internationalin presidentti Jennifer Jones n\u00e4kee Rotaryn, jossa j\u00e4senet tekev\u00e4t unelmistaan totta ja luovat kaikille j\u00e4senille hyvi\u00e4 kokemuksia rotaryklubissa toimimisesta.\u00a0 Vuotensa aikana Jennifer Jones keskittyy seuraavaan nelj\u00e4\u00e4n keskeiseen aloitteeseen: 1) edist\u00e4\u00e4 sitoutumista monimuotoisuuteen (diversity), yhdenvertaisuuteen (equity) ja osallisuuteen (inclusion), 2) luoda klubeihin ilmapiiri, jossa j\u00e4senet tuntevat itsens\u00e4 tervetulleiksi, 3) voimaannuttaa tytt\u00f6j\u00e4 ja [&hellip;]\" \/>\n<meta property=\"og:url\" content=\"https:\/\/rotary.fi\/tammernova\/keita-olemme\/vuositeema\/\" \/>\n<meta property=\"og:site_name\" content=\"Tammer Nova\" \/>\n<meta property=\"article:modified_time\" content=\"2022-08-04T10:14:49+00:00\" \/>\n<meta property=\"og:image\" content=\"https:\/\/my-cms.rotary.org\/sites\/default\/files\/styles\/rotary_responsive_280\/public\/Theme-2022-2023-en_0.png?itok=H5deJd7V\" \/>\n<meta name=\"twitter:card\" content=\"summary_large_image\" \/>\n<meta name=\"twitter:label1\" content=\"Arvioitu lukuaika\" \/>\n\t<meta name=\"twitter:data1\" content=\"1 minuutti\" \/>\n<script type=\"application\/ld+json\" class=\"yoast-schema-graph\">{\"@context\":\"https:\\\/\\\/schema.org\",\"@graph\":[{\"@type\":\"WebPage\",\"@id\":\"https:\\\/\\\/rotary.fi\\\/tammernova\\\/keita-olemme\\\/vuositeema\\\/\",\"url\":\"https:\\\/\\\/rotary.fi\\\/tammernova\\\/keita-olemme\\\/vuositeema\\\/\",\"name\":\"Vuositeema - Tammer Nova\",\"isPartOf\":{\"@id\":\"https:\\\/\\\/rotary.fi\\\/tammernova\\\/#website\"},\"primaryImageOfPage\":{\"@id\":\"https:\\\/\\\/rotary.fi\\\/tammernova\\\/keita-olemme\\\/vuositeema\\\/#primaryimage\"},\"image\":{\"@id\":\"https:\\\/\\\/rotary.fi\\\/tammernova\\\/keita-olemme\\\/vuositeema\\\/#primaryimage\"},\"thumbnailUrl\":\"https:\\\/\\\/my-cms.rotary.org\\\/sites\\\/default\\\/files\\\/styles\\\/rotary_responsive_280\\\/public\\\/Theme-2022-2023-en_0.png?itok=H5deJd7V\",\"datePublished\":\"2018-08-10T11:01:44+00:00\",\"dateModified\":\"2022-08-04T10:14:49+00:00\",\"breadcrumb\":{\"@id\":\"https:\\\/\\\/rotary.fi\\\/tammernova\\\/keita-olemme\\\/vuositeema\\\/#breadcrumb\"},\"inLanguage\":\"fi\",\"potentialAction\":[{\"@type\":\"ReadAction\",\"target\":[\"https:\\\/\\\/rotary.fi\\\/tammernova\\\/keita-olemme\\\/vuositeema\\\/\"]}]},{\"@type\":\"ImageObject\",\"inLanguage\":\"fi\",\"@id\":\"https:\\\/\\\/rotary.fi\\\/tammernova\\\/keita-olemme\\\/vuositeema\\\/#primaryimage\",\"url\":\"https:\\\/\\\/my-cms.rotary.org\\\/sites\\\/default\\\/files\\\/styles\\\/rotary_responsive_280\\\/public\\\/Theme-2022-2023-en_0.png?itok=H5deJd7V\",\"contentUrl\":\"https:\\\/\\\/my-cms.rotary.org\\\/sites\\\/default\\\/files\\\/styles\\\/rotary_responsive_280\\\/public\\\/Theme-2022-2023-en_0.png?itok=H5deJd7V\"},{\"@type\":\"BreadcrumbList\",\"@id\":\"https:\\\/\\\/rotary.fi\\\/tammernova\\\/keita-olemme\\\/vuositeema\\\/#breadcrumb\",\"itemListElement\":[{\"@type\":\"ListItem\",\"position\":1,\"name\":\"Home\",\"item\":\"https:\\\/\\\/rotary.fi\\\/tammernova\\\/\"},{\"@type\":\"ListItem\",\"position\":2,\"name\":\"Keit\u00e4 olemme\",\"item\":\"https:\\\/\\\/rotary.fi\\\/tammernova\\\/keita-olemme\\\/\"},{\"@type\":\"ListItem\",\"position\":3,\"name\":\"Vuositeema\"}]},{\"@type\":\"WebSite\",\"@id\":\"https:\\\/\\\/rotary.fi\\\/tammernova\\\/#website\",\"url\":\"https:\\\/\\\/rotary.fi\\\/tammernova\\\/\",\"name\":\"Tammer Nova\",\"description\":\"Uusi Rotary klubisivusto\",\"potentialAction\":[{\"@type\":\"SearchAction\",\"target\":{\"@type\":\"EntryPoint\",\"urlTemplate\":\"https:\\\/\\\/rotary.fi\\\/tammernova\\\/?s={search_term_string}\"},\"query-input\":{\"@type\":\"PropertyValueSpecification\",\"valueRequired\":true,\"valueName\":\"search_term_string\"}}],\"inLanguage\":\"fi\"}]}<\/script>\n<!-- \/ Yoast SEO plugin. -->","yoast_head_json":{"title":"Vuositeema - Tammer Nova","robots":{"index":"index","follow":"follow","max-snippet":"max-snippet:-1","max-image-preview":"max-image-preview:large","max-video-preview":"max-video-preview:-1"},"canonical":"https:\/\/rotary.fi\/tammernova\/keita-olemme\/vuositeema\/","og_locale":"fi_FI","og_type":"article","og_title":"Vuositeema - Tammer Nova","og_description":"\u00a0 &nbsp; &nbsp; Rotary Internationalin presidentti Jennifer Jones n\u00e4kee Rotaryn, jossa j\u00e4senet tekev\u00e4t unelmistaan totta ja luovat kaikille j\u00e4senille hyvi\u00e4 kokemuksia rotaryklubissa toimimisesta.\u00a0 Vuotensa aikana Jennifer Jones keskittyy seuraavaan nelj\u00e4\u00e4n keskeiseen aloitteeseen: 1) edist\u00e4\u00e4 sitoutumista monimuotoisuuteen (diversity), yhdenvertaisuuteen (equity) ja osallisuuteen (inclusion), 2) luoda klubeihin ilmapiiri, jossa j\u00e4senet tuntevat itsens\u00e4 tervetulleiksi, 3) voimaannuttaa tytt\u00f6j\u00e4 ja [&hellip;]","og_url":"https:\/\/rotary.fi\/tammernova\/keita-olemme\/vuositeema\/","og_site_name":"Tammer Nova","article_modified_time":"2022-08-04T10:14:49+00:00","og_image":[{"url":"https:\/\/my-cms.rotary.org\/sites\/default\/files\/styles\/rotary_responsive_280\/public\/Theme-2022-2023-en_0.png?itok=H5deJd7V","type":"","width":"","height":""}],"twitter_card":"summary_large_image","twitter_misc":{"Arvioitu lukuaika":"1 minuutti"},"schema":{"@context":"https:\/\/schema.org","@graph":[{"@type":"WebPage","@id":"https:\/\/rotary.fi\/tammernova\/keita-olemme\/vuositeema\/","url":"https:\/\/rotary.fi\/tammernova\/keita-olemme\/vuositeema\/","name":"Vuositeema - Tammer Nova","isPartOf":{"@id":"https:\/\/rotary.fi\/tammernova\/#website"},"primaryImageOfPage":{"@id":"https:\/\/rotary.fi\/tammernova\/keita-olemme\/vuositeema\/#primaryimage"},"image":{"@id":"https:\/\/rotary.fi\/tammernova\/keita-olemme\/vuositeema\/#primaryimage"},"thumbnailUrl":"https:\/\/my-cms.rotary.org\/sites\/default\/files\/styles\/rotary_responsive_280\/public\/Theme-2022-2023-en_0.png?itok=H5deJd7V","datePublished":"2018-08-10T11:01:44+00:00","dateModified":"2022-08-04T10:14:49+00:00","breadcrumb":{"@id":"https:\/\/rotary.fi\/tammernova\/keita-olemme\/vuositeema\/#breadcrumb"},"inLanguage":"fi","potentialAction":[{"@type":"ReadAction","target":["https:\/\/rotary.fi\/tammernova\/keita-olemme\/vuositeema\/"]}]},{"@type":"ImageObject","inLanguage":"fi","@id":"https:\/\/rotary.fi\/tammernova\/keita-olemme\/vuositeema\/#primaryimage","url":"https:\/\/my-cms.rotary.org\/sites\/default\/files\/styles\/rotary_responsive_280\/public\/Theme-2022-2023-en_0.png?itok=H5deJd7V","contentUrl":"https:\/\/my-cms.rotary.org\/sites\/default\/files\/styles\/rotary_responsive_280\/public\/Theme-2022-2023-en_0.png?itok=H5deJd7V"},{"@type":"BreadcrumbList","@id":"https:\/\/rotary.fi\/tammernova\/keita-olemme\/vuositeema\/#breadcrumb","itemListElement":[{"@type":"ListItem","position":1,"name":"Home","item":"https:\/\/rotary.fi\/tammernova\/"},{"@type":"ListItem","position":2,"name":"Keit\u00e4 olemme","item":"https:\/\/rotary.fi\/tammernova\/keita-olemme\/"},{"@type":"ListItem","position":3,"name":"Vuositeema"}]},{"@type":"WebSite","@id":"https:\/\/rotary.fi\/tammernova\/#website","url":"https:\/\/rotary.fi\/tammernova\/","name":"Tammer Nova","description":"Uusi Rotary klubisivusto","potentialAction":[{"@type":"SearchAction","target":{"@type":"EntryPoint","urlTemplate":"https:\/\/rotary.fi\/tammernova\/?s={search_term_string}"},"query-input":{"@type":"PropertyValueSpecification","valueRequired":true,"valueName":"search_term_string"}}],"inLanguage":"fi"}]}},"lang":"fi","translations":{"fi":138,"en":1430},"pll_sync_post":[],"_links":{"self":[{"href":"https:\/\/rotary.fi\/tammernova\/wp-json\/wp\/v2\/pages\/138","targetHints":{"allow":["GET"]}}],"collection":[{"href":"https:\/\/rotary.fi\/tammernova\/wp-json\/wp\/v2\/pages"}],"about":[{"href":"https:\/\/rotary.fi\/tammernova\/wp-json\/wp\/v2\/types\/page"}],"author":[{"embeddable":true,"href":"https:\/\/rotary.fi\/tammernova\/wp-json\/wp\/v2\/users\/1"}],"replies":[{"embeddable":true,"href":"https:\/\/rotary.fi\/tammernova\/wp-json\/wp\/v2\/comments?post=138"}],"version-history":[{"count":10,"href":"https:\/\/rotary.fi\/tammernova\/wp-json\/wp\/v2\/pages\/138\/revisions"}],"predecessor-version":[{"id":3043,"href":"https:\/\/rotary.fi\/tammernova\/wp-json\/wp\/v2\/pages\/138\/revisions\/3043"}],"up":[{"embeddable":true,"href":"https:\/\/rotary.fi\/tammernova\/wp-json\/wp\/v2\/pages\/129"}],"wp:attachment":[{"href":"https:\/\/rotary.fi\/tammernova\/wp-json\/wp\/v2\/media?parent=138"}],"curies":[{"name":"wp","href":"https:\/\/api.w.org\/{rel}","templated":true}]}}