{"id":1833,"date":"2019-03-06T20:20:36","date_gmt":"2019-03-06T18:20:36","guid":{"rendered":"https:\/\/rotary.fi\/savonlinnanrotaryklubi\/?page_id=1833"},"modified":"2019-03-21T14:36:23","modified_gmt":"2019-03-21T12:36:23","slug":"klubin-ohjelma-2018-2019","status":"publish","type":"page","link":"https:\/\/rotary.fi\/savonlinnanrotaryklubi\/klubin-ohjelma-2018-2019\/","title":{"rendered":"Klubin ohjelma 2018-2019"},"content":{"rendered":"<div id=\"token-199045\" class=\"token token-Content\">\n<div id=\"content-container-199048\" class=\"content-container\">\n<div id=\"content-text-199048\">\n<p><b>Viikkokokousohjelma 2018-2019<\/b><\/p>\n<p>To 5.7. klo 11 aiheena Puruveden muikun terveysvaikutukset, Kari Herttuainen<\/p>\n<p>12.7. ei kokousta<\/p>\n<p>19.7. ShelterBox-p\u00e4iv\u00e4. Kolmas Ooppera Shelterbox tapahtuma. Paikkana Lippakioskin ja Waahdon v\u00e4linen kentt\u00e4. Aloitamme kello 9, jolloin tarvitaan paikalle nelj\u00e4 henkil\u00f6\u00e4 teltan pystytysteht\u00e4viin. Vapaaehtoiset varainker\u00e4\u00e4j\u00e4t voivat ilmoittautua sihteerille. Myynniss\u00e4 on LuminAid aurinkokennovalaisimia hintaan 30 euro\/kpl n\u00e4it\u00e4 voi ostaa jo etuk\u00e4teen sihteerilt\u00e4. Valaisimella saa kivaa tunnelmaa vaikka m\u00f6kille elokuun iltoihin. Samalla annetaan turvaa ja valoa h\u00e4d\u00e4nalaisille.<br \/>\n31.7 .Rantasalmen klubin kutsu Etel\u00e4-Savon Rotaryklubeille,yhteistapahtuma Linnasaaressa.<\/p>\n<p>Alla on tarkkaa tietoa Etel\u00e4-Savolaisten Rotary-klubien Linnasaariretkest\u00e4.\u00a0<b>HUOMIOIKAA SE SEIKKA ETT\u00c4 AJANKOHTA ON MUUTTUNUT ENNAKKOTIEDOSTA.<\/b><\/p>\n<p>Linnasaariretki 31.7.2018 alkaen kello 17.00, l\u00e4ht\u00f6 Mustalahden satamasta Rantasalmelta. Savonlinnasta l\u00e4hdet\u00e4\u00e4n noin\u00a0 klo 16 ja paluumatka alkaa Rantasalmelta noin klo 20<\/p>\n<p>&nbsp;<\/p>\n<p><b>ILMOITTAUTUMISET 23.7. menness\u00e4 S\u00c4HK\u00d6POSTILLA\u00a0\u00a0<a href=\"mailto:savonlinnanrotarit@gmail.com\" target=\"_blank\" rel=\"noopener noreferrer\">savonlinnanrotarit@gmail.com<\/a>\u00a0<\/b><\/p>\n<p>&nbsp;<\/p>\n<p>&#8211; ilmoita henkil\u00f6m\u00e4\u00e4r\u00e4 1 tai 2 koska kyse on avec matkasta<\/p>\n<p>&#8211; ilmoita my\u00f6s mahtuuko autokyytiisi muita henkil\u00f6it\u00e4. Pienennet\u00e4\u00e4n hiilijalanj\u00e4lke\u00e4 ja kuljetaan t\u00e4ysill\u00e4 kuormilla. .<\/p>\n<p>&#8211; ilmoita my\u00f6s jos menet\/palaat laivakyydill\u00e4. Lue t\u00e4st\u00e4 tarkemmin ohjelmasta.<\/p>\n<p>Retken hinta on 30,00 \u20ac sis\u00e4lt\u00e4en leirinuotiolla keitett\u00e4v\u00e4n nokipannukahvin, pienen makian ja makkaran ja toki itse matkan. Maksu suoritetaan ilmoittautumisen yhteydess\u00e4 Mustalahdessa.<\/p>\n<p>Savonlinnalaiset voivat halutessaan nousta m\/s Katrilli -laivaan Savonlinnan matkustajasatamasta. Laiva l\u00e4htee sielt\u00e4 kello 12.30 ja my\u00f6s palaa Savonlinnaan retkemme j\u00e4lkeen. Voitte nauttia t\u00e4st\u00e4 edestakaisesta risteilyst\u00e4 samaan retkihintaan, kunhan muistatte ilmoittautumisen yhteydess\u00e4 kertoa, mist\u00e4 satamasta tulette mukaan.<\/p>\n<p>&nbsp;<\/p>\n<p>2.8. Risto Paakkunainen:\u00a0Rotarina eri vuosikymmenin\u00e4,t\u00e4h\u00e4n kutsuttaisiin erityisesti uusia \u00e4sken liittyneit\u00e4 j\u00e4seni\u00e4 my\u00f6s mukaan.<\/p>\n<p>&nbsp;<\/p>\n<p>3.8. Sln Rotary-klubin Golf-mestaruus ratkotaan kello 10.00 alkaen Kerigolfin kent\u00e4ll\u00e4. Pelataan vapaavalintaiselta teelt\u00e4 tasoituksen mukaisella slopella. Ilmoittautumiset Risto Paakkunaiselle viimeist\u00e4\u00e4n 31.7. menness\u00e4. Pelimuoto on pistebogey kaikki golfaavat rotarit mukaan. My\u00f6s muut ovat tervetulleita seuraamaan kilvoittelua ja reippailemaan.<\/p>\n<p>9.8.P\u00e4\u00e4kanta-ilta Kerim\u00e4ell\u00e4.\u00a0Vieraana Oulun yliopiston kulttuuriantropologian emeritusprofessori Jukka Pennanen vaimoineen,heid\u00e4n aiheena:Puruvesi,ainutlaatuinen j\u00e4rvi ja kalastuksen kehto;miten vaalimme t\u00e4t\u00e4 arvokasta perint\u00f6\u00e4? Presidentti l\u00e4mmitt\u00e4\u00e4 saunan valmiiksi ennen kokousta,kotasy\u00f6t\u00e4v\u00e4\u00e4 ja pannukahvia jne,normaali kokousalku klo 17,infoa my\u00f6hemmin<\/p>\n<p>16.8.Timo Auvinen: Ajankohtaista apteekki-ja l\u00e4\u00e4kesektorilta<\/p>\n<p>23.8. vapaata\/Klubikokous (tarkentuu my\u00f6hemmin)<\/p>\n<p>30.8. Vierailu Kruunupuistossa,klo 17 alkaen omakustanteinen p\u00e4iv\u00e4llinen ja talon sek\u00e4 talon tuotteiden esittely\u00e4 ja tarjoulua,infoa my\u00f6hemmin<br \/>\n6.9. Kuvern\u00f6\u00f6rin vierailu\u00a0 klo 15.30 hallitus ja klo 17 alkaen viikkokokous<\/p>\n<p>13.9.Nuorkauppakamarin vierailu,esitell\u00e4\u00e4n heille toimintaa ja pohditaan yhteisty\u00f6kuvioita,pj Aleksi Tolvanen ja j\u00e4seni\u00e4,normaalisti klo 17 alkaen<\/p>\n<p>20.9. It\u00e4-Savo-lehden p\u00e4\u00e4toimittaja Jaana Rautio-Teijonmaa<\/p>\n<p>27.9. ymp\u00e4rist\u00f6p\u00e4\u00e4llikk\u00f6 Matti Rautiainen haja-asutusalueiden j\u00e4tevesi-ja j\u00e4tehuoltoj\u00e4rjestelm\u00e4t<\/p>\n<p>4.10\u00a0 Luise Liefl\u00e4nder-Koistinen\u00a0 Saksan kielen merkitys Suomessa ennen ja nyt<\/p>\n<p>11.10 Venlan vaihtarivuosi Saksan Marburgissa<\/p>\n<p>18.10 s\u00e4\u00e4nt\u00f6m\u00e4\u00e4r\u00e4inen syyskokous,toimintakertomus,tilinp\u00e4\u00e4t\u00f6s ym.<\/p>\n<p>25.10.Perusterveydenhuollon johtaja Veikko Karvanen Sosterista Perusterveydenhuollon nykytilasta,tulevaisuuden suunnitelmista,rakennushankkeista<\/p>\n<p>1.11..Eki Ik\u00e4l\u00e4inen:Sananlaskuja eri maista.Eki esittelee samalla<br \/>\ntekem\u00e4\u00e4ns\u00e4 kirjaa aiheesta<\/p>\n<p>8.11.Avoimet ovet ja klubikokous.Kutsutaan kaikki mahdollisia<br \/>\nj\u00e4senkandidaatteja tutustumaan klubin toimintaan ja pohditaan yhdess\u00e4<br \/>\ntulevaa<\/p>\n<p>15.11. 15.11. menemme\u00a0<b>kello 16.00<\/b>\u00a0alkaen yritysvierailulle Savonlinnan L\u00e4mp\u00f6pumppu Oy:lle<\/p>\n<p>22.11.Mikko Saajanlehto:E-live-hanke-esittely<\/p>\n<p>29.11.2018 klo 17:00 Ulla-Maija Kostiainen It\u00e4-Suomen Yliopisto Puruveden, Pihlajaveden, Haukiveden alueiden kalatutkimus<\/p>\n<p>6.12. Itsen\u00e4isyysp\u00e4iv\u00e4,ei kokousta<\/p>\n<p>12.12.<b>keskiviikko,huom p\u00e4iv\u00e4!\u00a0<\/b>Jouluhartaus ja jouluateria avec .Aloitetaan kokoontumalla Ortodoksiseen kirkkoon n klo 17 Erkonkadulle ja sen j\u00e4lkeen yhteinen ateria ravintola Hopitzissa. Ilmoittautuminen 5.12 menness\u00e4.<\/p>\n<p>20.12. ei varsinaista kokousta<\/p>\n<p>27.12. Runar Anderssonin rahaston stipendien jako klo 17.00 Seurahuone Muista ilmoittautua 19.12.2018 menness\u00e4\u00a0 Kari Tikkaselle s\u00e4hk\u00f6postilla\u00a0<b>Kari.Tikkanen@savonlinna.fi<\/b><\/p>\n<p>3.1. Kansanedustaja Heli J\u00e4rvinen:Ajankohtaista It\u00e4-Savoa ja Etel\u00e4-Savon maakuntaa koskevista hankkeista ja tavoitteista<\/p>\n<p>10.1. Sami Pirhonen alustaa digihoiva-hankkeesta<\/p>\n<p>17.1. Rotaris\u00e4\u00e4ti\u00f6asiamies Reino Korhonen:Ajankohtaisia kuulumisia Rotaris\u00e4\u00e4ti\u00f6st\u00e4<\/p>\n<p>24.1. Maatalousyritt\u00e4j\u00e4 Sari Saari-Muhonen:Nykyp\u00e4iv\u00e4n maatalousyritt\u00e4j\u00e4n haasteista ja tulevaisuuden n\u00e4kymist\u00e4<\/p>\n<p>To 31.1.klo 17 Tanhuvaaran Urheiluopisto<br \/>\nAlkuun p\u00e4iv\u00e4llinen(10\u20ac),toiminnan ja tilojen esittely\u00e4,kahvitarjoilu.<br \/>\nEnnakkoilmoittautuminen 25.1.menness\u00e4<\/p>\n<p>To 7.2. Viikkokokous.Klubikokous tulevan toiminnan<br \/>\nsuunnittelua.Vihmaan rahasto ym<\/p>\n<p>14.2. Suojelubiologi Jouni Koskela:Saimaan norpan ja Saimaan vesien tila<\/p>\n<p>To 21.2. kaupunginvaltuuston pj Anna-Kristiina Mikkosen puheenvuoro ajankohtaisista Savonlinnan asioista ja eduskuntavaalit huomioiden laajemmin ajankohtaisista asioista,h\u00e4n on sdp:n kansanedustajaehdokas<\/p>\n<p>To 28.2. Panu Peitsaro,ajankohtaista sote-asiaa ja eduskuntavaalit huomioiden laajemmin ajankohtaisista asioista,h\u00e4n on kokoomuksen kansanedustajaehdokas<\/p>\n<p>To 7.3. Fevronia Orfanos:Ortodoksinen n\u00e4k\u00f6kulma ilmastonmuutokseenTo 14.3. AG Pekka Intke vieraana,alustus aiheesta Ven\u00e4j\u00e4n presidentti Putinin uran vaiheista<\/p>\n<pre><span style=\"color: #000000;font-family: comic sans ms, sans-serif\">14.3. AG Pekka Intke vieraana,alustus aiheesta Ven\u00e4j\u00e4n presidentti Putinin uran vaiheista<\/span><\/pre>\n<p>To 21.3. Vieraana kansanedustaja Hanna Kosonen<\/p>\n<p>To 28.3.Pertti Saukko:Matkakokemuksia Sri Lankasta<\/p>\n<div><span style=\"font-family: comic sans ms, sans-serif\">\u00a0To 4.4.Toiminnanjohtaja Rikhard Blomerus esittelee Linnalan nuorten toimintaa<br \/>\n<\/span><\/div>\n<\/div>\n<\/div>\n<\/div>\n","protected":false},"excerpt":{"rendered":"<p>Viikkokokousohjelma 2018-2019 To 5.7. klo 11 aiheena Puruveden muikun terveysvaikutukset, Kari Herttuainen 12.7. ei kokousta 19.7. ShelterBox-p\u00e4iv\u00e4. Kolmas Ooppera Shelterbox tapahtuma. Paikkana Lippakioskin ja Waahdon v\u00e4linen kentt\u00e4. Aloitamme kello 9, jolloin tarvitaan paikalle nelj\u00e4 henkil\u00f6\u00e4 teltan pystytysteht\u00e4viin. Vapaaehtoiset varainker\u00e4\u00e4j\u00e4t voivat ilmoittautua sihteerille. Myynniss\u00e4 on LuminAid aurinkokennovalaisimia hintaan 30 euro\/kpl n\u00e4it\u00e4 voi ostaa jo etuk\u00e4teen sihteerilt\u00e4. [&hellip;]<\/p>\n","protected":false},"author":60,"featured_media":0,"parent":0,"menu_order":0,"comment_status":"closed","ping_status":"closed","template":"","meta":{"_acf_changed":false,"_et_pb_use_builder":"","_et_pb_old_content":"","_et_gb_content_width":"","footnotes":""},"class_list":["post-1833","page","type-page","status-publish","hentry"],"acf":[],"yoast_head":"<!-- This site is optimized with the Yoast SEO plugin v27.0 - https:\/\/yoast.com\/product\/yoast-seo-wordpress\/ -->\n<title>Klubin ohjelma 2018-2019 - Savonlinnan Rotaryklubi ry<\/title>\n<meta name=\"robots\" content=\"index, follow, max-snippet:-1, max-image-preview:large, max-video-preview:-1\" \/>\n<link rel=\"canonical\" href=\"https:\/\/rotary.fi\/savonlinnanrotaryklubi\/klubin-ohjelma-2018-2019\/\" \/>\n<meta property=\"og:locale\" content=\"fi_FI\" \/>\n<meta property=\"og:type\" content=\"article\" \/>\n<meta property=\"og:title\" content=\"Klubin ohjelma 2018-2019 - Savonlinnan Rotaryklubi ry\" \/>\n<meta property=\"og:description\" content=\"Viikkokokousohjelma 2018-2019 To 5.7. klo 11 aiheena Puruveden muikun terveysvaikutukset, Kari Herttuainen 12.7. ei kokousta 19.7. ShelterBox-p\u00e4iv\u00e4. Kolmas Ooppera Shelterbox tapahtuma. Paikkana Lippakioskin ja Waahdon v\u00e4linen kentt\u00e4. Aloitamme kello 9, jolloin tarvitaan paikalle nelj\u00e4 henkil\u00f6\u00e4 teltan pystytysteht\u00e4viin. Vapaaehtoiset varainker\u00e4\u00e4j\u00e4t voivat ilmoittautua sihteerille. Myynniss\u00e4 on LuminAid aurinkokennovalaisimia hintaan 30 euro\/kpl n\u00e4it\u00e4 voi ostaa jo etuk\u00e4teen sihteerilt\u00e4. [&hellip;]\" \/>\n<meta property=\"og:url\" content=\"https:\/\/rotary.fi\/savonlinnanrotaryklubi\/klubin-ohjelma-2018-2019\/\" \/>\n<meta property=\"og:site_name\" content=\"Savonlinnan Rotaryklubi ry\" \/>\n<meta property=\"article:modified_time\" content=\"2019-03-21T12:36:23+00:00\" \/>\n<meta name=\"twitter:card\" content=\"summary_large_image\" \/>\n<meta name=\"twitter:label1\" content=\"Arvioitu lukuaika\" \/>\n\t<meta name=\"twitter:data1\" content=\"4 minuuttia\" \/>\n<script type=\"application\/ld+json\" class=\"yoast-schema-graph\">{\"@context\":\"https:\/\/schema.org\",\"@graph\":[{\"@type\":\"WebPage\",\"@id\":\"https:\/\/rotary.fi\/savonlinnanrotaryklubi\/klubin-ohjelma-2018-2019\/\",\"url\":\"https:\/\/rotary.fi\/savonlinnanrotaryklubi\/klubin-ohjelma-2018-2019\/\",\"name\":\"Klubin ohjelma 2018-2019 - Savonlinnan Rotaryklubi ry\",\"isPartOf\":{\"@id\":\"https:\/\/rotary.fi\/savonlinnanrotaryklubi\/#website\"},\"datePublished\":\"2019-03-06T18:20:36+00:00\",\"dateModified\":\"2019-03-21T12:36:23+00:00\",\"breadcrumb\":{\"@id\":\"https:\/\/rotary.fi\/savonlinnanrotaryklubi\/klubin-ohjelma-2018-2019\/#breadcrumb\"},\"inLanguage\":\"fi\",\"potentialAction\":[{\"@type\":\"ReadAction\",\"target\":[\"https:\/\/rotary.fi\/savonlinnanrotaryklubi\/klubin-ohjelma-2018-2019\/\"]}]},{\"@type\":\"BreadcrumbList\",\"@id\":\"https:\/\/rotary.fi\/savonlinnanrotaryklubi\/klubin-ohjelma-2018-2019\/#breadcrumb\",\"itemListElement\":[{\"@type\":\"ListItem\",\"position\":1,\"name\":\"Home\",\"item\":\"https:\/\/rotary.fi\/savonlinnanrotaryklubi\/\"},{\"@type\":\"ListItem\",\"position\":2,\"name\":\"Klubin ohjelma 2018-2019\"}]},{\"@type\":\"WebSite\",\"@id\":\"https:\/\/rotary.fi\/savonlinnanrotaryklubi\/#website\",\"url\":\"https:\/\/rotary.fi\/savonlinnanrotaryklubi\/\",\"name\":\"Savonlinnan Rotaryklubi ry\",\"description\":\"Uusi Rotary klubisivusto\",\"potentialAction\":[{\"@type\":\"SearchAction\",\"target\":{\"@type\":\"EntryPoint\",\"urlTemplate\":\"https:\/\/rotary.fi\/savonlinnanrotaryklubi\/?s={search_term_string}\"},\"query-input\":{\"@type\":\"PropertyValueSpecification\",\"valueRequired\":true,\"valueName\":\"search_term_string\"}}],\"inLanguage\":\"fi\"}]}<\/script>\n<!-- \/ Yoast SEO plugin. -->","yoast_head_json":{"title":"Klubin ohjelma 2018-2019 - Savonlinnan Rotaryklubi ry","robots":{"index":"index","follow":"follow","max-snippet":"max-snippet:-1","max-image-preview":"max-image-preview:large","max-video-preview":"max-video-preview:-1"},"canonical":"https:\/\/rotary.fi\/savonlinnanrotaryklubi\/klubin-ohjelma-2018-2019\/","og_locale":"fi_FI","og_type":"article","og_title":"Klubin ohjelma 2018-2019 - Savonlinnan Rotaryklubi ry","og_description":"Viikkokokousohjelma 2018-2019 To 5.7. klo 11 aiheena Puruveden muikun terveysvaikutukset, Kari Herttuainen 12.7. ei kokousta 19.7. ShelterBox-p\u00e4iv\u00e4. Kolmas Ooppera Shelterbox tapahtuma. Paikkana Lippakioskin ja Waahdon v\u00e4linen kentt\u00e4. Aloitamme kello 9, jolloin tarvitaan paikalle nelj\u00e4 henkil\u00f6\u00e4 teltan pystytysteht\u00e4viin. Vapaaehtoiset varainker\u00e4\u00e4j\u00e4t voivat ilmoittautua sihteerille. Myynniss\u00e4 on LuminAid aurinkokennovalaisimia hintaan 30 euro\/kpl n\u00e4it\u00e4 voi ostaa jo etuk\u00e4teen sihteerilt\u00e4. [&hellip;]","og_url":"https:\/\/rotary.fi\/savonlinnanrotaryklubi\/klubin-ohjelma-2018-2019\/","og_site_name":"Savonlinnan Rotaryklubi ry","article_modified_time":"2019-03-21T12:36:23+00:00","twitter_card":"summary_large_image","twitter_misc":{"Arvioitu lukuaika":"4 minuuttia"},"schema":{"@context":"https:\/\/schema.org","@graph":[{"@type":"WebPage","@id":"https:\/\/rotary.fi\/savonlinnanrotaryklubi\/klubin-ohjelma-2018-2019\/","url":"https:\/\/rotary.fi\/savonlinnanrotaryklubi\/klubin-ohjelma-2018-2019\/","name":"Klubin ohjelma 2018-2019 - Savonlinnan Rotaryklubi ry","isPartOf":{"@id":"https:\/\/rotary.fi\/savonlinnanrotaryklubi\/#website"},"datePublished":"2019-03-06T18:20:36+00:00","dateModified":"2019-03-21T12:36:23+00:00","breadcrumb":{"@id":"https:\/\/rotary.fi\/savonlinnanrotaryklubi\/klubin-ohjelma-2018-2019\/#breadcrumb"},"inLanguage":"fi","potentialAction":[{"@type":"ReadAction","target":["https:\/\/rotary.fi\/savonlinnanrotaryklubi\/klubin-ohjelma-2018-2019\/"]}]},{"@type":"BreadcrumbList","@id":"https:\/\/rotary.fi\/savonlinnanrotaryklubi\/klubin-ohjelma-2018-2019\/#breadcrumb","itemListElement":[{"@type":"ListItem","position":1,"name":"Home","item":"https:\/\/rotary.fi\/savonlinnanrotaryklubi\/"},{"@type":"ListItem","position":2,"name":"Klubin ohjelma 2018-2019"}]},{"@type":"WebSite","@id":"https:\/\/rotary.fi\/savonlinnanrotaryklubi\/#website","url":"https:\/\/rotary.fi\/savonlinnanrotaryklubi\/","name":"Savonlinnan Rotaryklubi ry","description":"Uusi Rotary klubisivusto","potentialAction":[{"@type":"SearchAction","target":{"@type":"EntryPoint","urlTemplate":"https:\/\/rotary.fi\/savonlinnanrotaryklubi\/?s={search_term_string}"},"query-input":{"@type":"PropertyValueSpecification","valueRequired":true,"valueName":"search_term_string"}}],"inLanguage":"fi"}]}},"lang":"fi","translations":{"fi":1833},"pll_sync_post":[],"_links":{"self":[{"href":"https:\/\/rotary.fi\/savonlinnanrotaryklubi\/wp-json\/wp\/v2\/pages\/1833","targetHints":{"allow":["GET"]}}],"collection":[{"href":"https:\/\/rotary.fi\/savonlinnanrotaryklubi\/wp-json\/wp\/v2\/pages"}],"about":[{"href":"https:\/\/rotary.fi\/savonlinnanrotaryklubi\/wp-json\/wp\/v2\/types\/page"}],"author":[{"embeddable":true,"href":"https:\/\/rotary.fi\/savonlinnanrotaryklubi\/wp-json\/wp\/v2\/users\/60"}],"replies":[{"embeddable":true,"href":"https:\/\/rotary.fi\/savonlinnanrotaryklubi\/wp-json\/wp\/v2\/comments?post=1833"}],"version-history":[{"count":6,"href":"https:\/\/rotary.fi\/savonlinnanrotaryklubi\/wp-json\/wp\/v2\/pages\/1833\/revisions"}],"predecessor-version":[{"id":1850,"href":"https:\/\/rotary.fi\/savonlinnanrotaryklubi\/wp-json\/wp\/v2\/pages\/1833\/revisions\/1850"}],"wp:attachment":[{"href":"https:\/\/rotary.fi\/savonlinnanrotaryklubi\/wp-json\/wp\/v2\/media?parent=1833"}],"curies":[{"name":"wp","href":"https:\/\/api.w.org\/{rel}","templated":true}]}}