{"id":1693,"date":"2019-01-17T09:48:14","date_gmt":"2019-01-17T07:48:14","guid":{"rendered":"https:\/\/rotary.fi\/savonlinnanrotaryklubi\/?page_id=1693"},"modified":"2023-08-01T19:05:37","modified_gmt":"2023-08-01T16:05:37","slug":"klubin-historia","status":"publish","type":"page","link":"https:\/\/rotary.fi\/savonlinnanrotaryklubi\/klubin-historia\/","title":{"rendered":"Klubin historia"},"content":{"rendered":"<h3>SAVONLINNAN ROTARYKLUBIN HISTORIA<\/h3>\n<p><b>Rotarytoiminta alkoi Savonlinnassa vuoden 1946 lopulla.<\/b> Klubin perustava kokous pidettiin 8.12.1946 Savonlinnan Kauppaseuralla Possenkadulla. Paikalla oli 16 rotaryaatteesta kiinnostunutta kaupunkilaista. Pohjoismaiden Yhdyspankin johtaja <b>Yrj\u00f6 Siil\u00e4nen<\/b> oli tavannut aikaisemmin Savonlinnassa ty\u00f6asioissa liikkuneen professori Albert Sundgrenin, joka oli Helsingin Rotaryklubin j\u00e4sen ja hyvin innostunut rotarytoiminnasta. N\u00e4iden miesten tapaaminen k\u00e4ynnisti klubin perustamiseen johtaneet tapahtumat. Klubin ensimm\u00e4iseksi presidentiksi valittiin itseoikeutetusti Yrj\u00f6 Siil\u00e4nen.<\/p>\n<p><b>Kansainv\u00e4lisesti rotary oli k\u00e4ynnistynyt 23.2.1905 Chicagossa.<\/b> Vuonna 1946 Suomessa oli vain yksi rotarypiiri ja sen governorina oli Paul Thorvall, joka oli l\u00e4sn\u00e4 savonlinnalaisten perustavassa kokouksessa. Hotelli Tottissa pidettiin 17.5.1947 Charter-juhla, jossa governor Thorvall luovutti klubille Charter-kirjan ja n\u00e4in klubi oli virallisesti liittynyt Rotary Internationaliin p\u00e4iv\u00e4m\u00e4\u00e4r\u00e4ll\u00e4 18.12.1946. Kummiklubina oli Helsingin Rotaryklubi.<\/p>\n<p><b>Klubi kokoontui keskiviikkoisin Kauppaseuralla<\/b> aina vuoteen 1988 saakka. Siell\u00e4 se kokoontuisi varmaan viel\u00e4kin, ellei tuo puurakenteinen klubiravintola olisi joutunut v\u00e4istym\u00e4\u00e4n uudisrakentamisen tielt\u00e4. Monet vanhemmat klubin j\u00e4senet muistelevat viel\u00e4kin kaiholla Kauppaseuran aikoja. Olihan tuon ravintolan milj\u00f6\u00f6 kodikas ja \u201dKauppaseuran henki\u201d ainutlaatuinen.<\/p>\n<p><b>Kokousp\u00e4iv\u00e4 oli vaihtunut perjantaiksi melko pian aloittamisen j\u00e4lkeen.<\/b> Siit\u00e4 pidettiin kiinni yli 40 vuotta eli aina vuoteen 1989 saakka. Kauppaseuralta oli siirryttiin <b>Hotelli Tottiin 1988<\/b>. Aikaisemmin iltaisin p\u00e4iv\u00e4llisaikaan pidetty viikkokokous muuttui tuolloin ymp\u00e4rivuotisesti lounaskokoukseksi. T\u00e4m\u00e4 vaihe kesti kuitenkin vain muutamia vuosia, jonka j\u00e4lkeen palattiin talvikauden p\u00e4iv\u00e4lliskokouksiin ja p\u00e4iv\u00e4ksi valittiin torstai. Tottin toiminta ajautui konkurssiin ja sen j\u00e4lkeen klubi kokoontui jonkin aikaa <b>Casinolla<\/b>. Sielt\u00e4 palattiin Seurahuoneelle ja vuoden 1997 alussa j\u00e4lleen Casinolle, jossa klubi nyky\u00e4\u00e4nkin kokoontuu.<\/p>\n<p><b>Klubin toiminta on ollut alkuaikoina paljolti paikallista avustustoimintaa, mutta on kanavoitunut suurelta osin rotaryn kansainv\u00e4listen v\u00e4ylien kautta tapahtuvaksi.<\/b> L\u00e4hinn\u00e4 Rotarys\u00e4\u00e4ti\u00f6lle on ohjattu s\u00e4\u00e4nn\u00f6llisesti rahaa ja klubi on hankkinut noilla lahjoituksilla j\u00e4senilleen kymmeni\u00e4 PHF-arvoja. Rotarys\u00e4\u00e4ti\u00f6n kautta tuetaan mm. polion h\u00e4vitt\u00e4mist\u00e4 maapallolta ja monia muita humanit\u00e4\u00e4risi\u00e4 hankkeita. Paikallisuudesta ei kuitenkaan ole luovuttu, sill\u00e4 klubilla on omat stipendirahastot: Runar Anderssonin ja Aila ja Jaakko Vihmaan nime\u00e4 kantavista stipendirahastoista on oma sivut.<\/p>\n<p>Yli seitsem\u00e4n vuosikymment\u00e4 kest\u00e4neen toimintansa aikana Savonlinnan Rotaryklubi on ollut mukana paikkakunnan el\u00e4m\u00e4ss\u00e4 monin tavoin. <b>Avustustoiminnan lis\u00e4ksi <\/b>on otettu kantaa moniin hankkeisiin, <b>istutettu puistoja ja kalanpoikasia, tehty talkoilla j\u00e4tk\u00e4nkynttil\u00f6it\u00e4 sek\u00e4 vierailtu lukuisissa kohteissa<\/b>. Viime aikoina on paikallisesti panostettu mm. Savonlinnaan sijoitettujen pakolaisten kotouttamistoiminnan tukemiseen. Perinteeksi rotarien ja heid\u00e4n seuralaistensa yhteisin\u00e4 tapahtumina ovat muodostuneet <b>joululounas <\/b>\u00a0ja <b>kev\u00e4tristeily Saimaalla<\/b>.<\/p>\n<p>Sadat paikkakunnan vaikuttaja ovat olleet klubin j\u00e4senin\u00e4. <b>Vuonna 1968 perustettiin Savonlinnaan toinen rotaryklubi \u2013 Savonlinna-L\u00e4ntinen, jonka kummiklubina vanhempi klubi luonnollisesti toimi<\/b>. Sittemmin klubi on sulautunut Savonlinnan Rotaryklubiin.<\/p>\n<p>Presidenttiys on rotaryn periaatteiden mukaan vuosittain vaihtuva, ainoastaan pari kertaa teht\u00e4v\u00e4\u00e4 on hoitanut saman henkil\u00f6 kaksi vuotta. Klubin j\u00e4senm\u00e4\u00e4r\u00e4 on vaihdellut 30 \u2013 40 v\u00e4lill\u00e4 ollen enimmill\u00e4\u00e4n l\u00e4hes 50. <b>Pitk\u00e4\u00e4n \u201dmiehisen\u00e4 linnakkeena\u201d toiminut klubi on hyv\u00e4ksynyt j\u00e4senikseen my\u00f6s naisia vuodesta 2003 l\u00e4htien.<\/b><\/p>\n<p>&nbsp;<\/p>\n<p>&#8212;&#8212;-<\/p>\n<p><b>Klubi t\u00e4ytti 2016\u00a0 70-vuotta, jolloin ilmestyi uusi historiikki Risto Paakkunaisen tekem\u00e4n\u00e4.\u00a0 Halukkaat voivat ostaa sen\u00a0 klubin j\u00e4senten kautta<\/b><\/p>\n","protected":false},"excerpt":{"rendered":"<p>SAVONLINNAN ROTARYKLUBIN HISTORIA Rotarytoiminta alkoi Savonlinnassa vuoden 1946 lopulla. Klubin perustava kokous pidettiin 8.12.1946 Savonlinnan Kauppaseuralla Possenkadulla. Paikalla oli 16 rotaryaatteesta kiinnostunutta kaupunkilaista. Pohjoismaiden Yhdyspankin johtaja Yrj\u00f6 Siil\u00e4nen oli tavannut aikaisemmin Savonlinnassa ty\u00f6asioissa liikkuneen professori Albert Sundgrenin, joka oli Helsingin Rotaryklubin j\u00e4sen ja hyvin innostunut rotarytoiminnasta. N\u00e4iden miesten tapaaminen k\u00e4ynnisti klubin perustamiseen johtaneet tapahtumat. Klubin [&hellip;]<\/p>\n","protected":false},"author":60,"featured_media":0,"parent":0,"menu_order":0,"comment_status":"closed","ping_status":"closed","template":"","meta":{"_acf_changed":false,"_et_pb_use_builder":"","_et_pb_old_content":"","_et_gb_content_width":"","footnotes":""},"class_list":["post-1693","page","type-page","status-publish","hentry"],"acf":[],"yoast_head":"<!-- This site is optimized with the Yoast SEO plugin v27.0 - https:\/\/yoast.com\/product\/yoast-seo-wordpress\/ -->\n<title>Klubin historia - Savonlinnan Rotaryklubi ry<\/title>\n<meta name=\"robots\" content=\"index, follow, max-snippet:-1, max-image-preview:large, max-video-preview:-1\" \/>\n<link rel=\"canonical\" href=\"https:\/\/rotary.fi\/savonlinnanrotaryklubi\/klubin-historia\/\" \/>\n<meta property=\"og:locale\" content=\"fi_FI\" \/>\n<meta property=\"og:type\" content=\"article\" \/>\n<meta property=\"og:title\" content=\"Klubin historia - Savonlinnan Rotaryklubi ry\" \/>\n<meta property=\"og:description\" content=\"SAVONLINNAN ROTARYKLUBIN HISTORIA Rotarytoiminta alkoi Savonlinnassa vuoden 1946 lopulla. Klubin perustava kokous pidettiin 8.12.1946 Savonlinnan Kauppaseuralla Possenkadulla. Paikalla oli 16 rotaryaatteesta kiinnostunutta kaupunkilaista. Pohjoismaiden Yhdyspankin johtaja Yrj\u00f6 Siil\u00e4nen oli tavannut aikaisemmin Savonlinnassa ty\u00f6asioissa liikkuneen professori Albert Sundgrenin, joka oli Helsingin Rotaryklubin j\u00e4sen ja hyvin innostunut rotarytoiminnasta. N\u00e4iden miesten tapaaminen k\u00e4ynnisti klubin perustamiseen johtaneet tapahtumat. Klubin [&hellip;]\" \/>\n<meta property=\"og:url\" content=\"https:\/\/rotary.fi\/savonlinnanrotaryklubi\/klubin-historia\/\" \/>\n<meta property=\"og:site_name\" content=\"Savonlinnan Rotaryklubi ry\" \/>\n<meta property=\"article:modified_time\" content=\"2023-08-01T16:05:37+00:00\" \/>\n<meta name=\"twitter:card\" content=\"summary_large_image\" \/>\n<meta name=\"twitter:label1\" content=\"Arvioitu lukuaika\" \/>\n\t<meta name=\"twitter:data1\" content=\"3 minuuttia\" \/>\n<script type=\"application\/ld+json\" class=\"yoast-schema-graph\">{\"@context\":\"https:\/\/schema.org\",\"@graph\":[{\"@type\":\"WebPage\",\"@id\":\"https:\/\/rotary.fi\/savonlinnanrotaryklubi\/klubin-historia\/\",\"url\":\"https:\/\/rotary.fi\/savonlinnanrotaryklubi\/klubin-historia\/\",\"name\":\"Klubin historia - Savonlinnan Rotaryklubi ry\",\"isPartOf\":{\"@id\":\"https:\/\/rotary.fi\/savonlinnanrotaryklubi\/#website\"},\"datePublished\":\"2019-01-17T07:48:14+00:00\",\"dateModified\":\"2023-08-01T16:05:37+00:00\",\"breadcrumb\":{\"@id\":\"https:\/\/rotary.fi\/savonlinnanrotaryklubi\/klubin-historia\/#breadcrumb\"},\"inLanguage\":\"fi\",\"potentialAction\":[{\"@type\":\"ReadAction\",\"target\":[\"https:\/\/rotary.fi\/savonlinnanrotaryklubi\/klubin-historia\/\"]}]},{\"@type\":\"BreadcrumbList\",\"@id\":\"https:\/\/rotary.fi\/savonlinnanrotaryklubi\/klubin-historia\/#breadcrumb\",\"itemListElement\":[{\"@type\":\"ListItem\",\"position\":1,\"name\":\"Home\",\"item\":\"https:\/\/rotary.fi\/savonlinnanrotaryklubi\/\"},{\"@type\":\"ListItem\",\"position\":2,\"name\":\"Klubin historia\"}]},{\"@type\":\"WebSite\",\"@id\":\"https:\/\/rotary.fi\/savonlinnanrotaryklubi\/#website\",\"url\":\"https:\/\/rotary.fi\/savonlinnanrotaryklubi\/\",\"name\":\"Savonlinnan Rotaryklubi ry\",\"description\":\"Uusi Rotary klubisivusto\",\"potentialAction\":[{\"@type\":\"SearchAction\",\"target\":{\"@type\":\"EntryPoint\",\"urlTemplate\":\"https:\/\/rotary.fi\/savonlinnanrotaryklubi\/?s={search_term_string}\"},\"query-input\":{\"@type\":\"PropertyValueSpecification\",\"valueRequired\":true,\"valueName\":\"search_term_string\"}}],\"inLanguage\":\"fi\"}]}<\/script>\n<!-- \/ Yoast SEO plugin. -->","yoast_head_json":{"title":"Klubin historia - Savonlinnan Rotaryklubi ry","robots":{"index":"index","follow":"follow","max-snippet":"max-snippet:-1","max-image-preview":"max-image-preview:large","max-video-preview":"max-video-preview:-1"},"canonical":"https:\/\/rotary.fi\/savonlinnanrotaryklubi\/klubin-historia\/","og_locale":"fi_FI","og_type":"article","og_title":"Klubin historia - Savonlinnan Rotaryklubi ry","og_description":"SAVONLINNAN ROTARYKLUBIN HISTORIA Rotarytoiminta alkoi Savonlinnassa vuoden 1946 lopulla. Klubin perustava kokous pidettiin 8.12.1946 Savonlinnan Kauppaseuralla Possenkadulla. Paikalla oli 16 rotaryaatteesta kiinnostunutta kaupunkilaista. Pohjoismaiden Yhdyspankin johtaja Yrj\u00f6 Siil\u00e4nen oli tavannut aikaisemmin Savonlinnassa ty\u00f6asioissa liikkuneen professori Albert Sundgrenin, joka oli Helsingin Rotaryklubin j\u00e4sen ja hyvin innostunut rotarytoiminnasta. N\u00e4iden miesten tapaaminen k\u00e4ynnisti klubin perustamiseen johtaneet tapahtumat. Klubin [&hellip;]","og_url":"https:\/\/rotary.fi\/savonlinnanrotaryklubi\/klubin-historia\/","og_site_name":"Savonlinnan Rotaryklubi ry","article_modified_time":"2023-08-01T16:05:37+00:00","twitter_card":"summary_large_image","twitter_misc":{"Arvioitu lukuaika":"3 minuuttia"},"schema":{"@context":"https:\/\/schema.org","@graph":[{"@type":"WebPage","@id":"https:\/\/rotary.fi\/savonlinnanrotaryklubi\/klubin-historia\/","url":"https:\/\/rotary.fi\/savonlinnanrotaryklubi\/klubin-historia\/","name":"Klubin historia - Savonlinnan Rotaryklubi ry","isPartOf":{"@id":"https:\/\/rotary.fi\/savonlinnanrotaryklubi\/#website"},"datePublished":"2019-01-17T07:48:14+00:00","dateModified":"2023-08-01T16:05:37+00:00","breadcrumb":{"@id":"https:\/\/rotary.fi\/savonlinnanrotaryklubi\/klubin-historia\/#breadcrumb"},"inLanguage":"fi","potentialAction":[{"@type":"ReadAction","target":["https:\/\/rotary.fi\/savonlinnanrotaryklubi\/klubin-historia\/"]}]},{"@type":"BreadcrumbList","@id":"https:\/\/rotary.fi\/savonlinnanrotaryklubi\/klubin-historia\/#breadcrumb","itemListElement":[{"@type":"ListItem","position":1,"name":"Home","item":"https:\/\/rotary.fi\/savonlinnanrotaryklubi\/"},{"@type":"ListItem","position":2,"name":"Klubin historia"}]},{"@type":"WebSite","@id":"https:\/\/rotary.fi\/savonlinnanrotaryklubi\/#website","url":"https:\/\/rotary.fi\/savonlinnanrotaryklubi\/","name":"Savonlinnan Rotaryklubi ry","description":"Uusi Rotary klubisivusto","potentialAction":[{"@type":"SearchAction","target":{"@type":"EntryPoint","urlTemplate":"https:\/\/rotary.fi\/savonlinnanrotaryklubi\/?s={search_term_string}"},"query-input":{"@type":"PropertyValueSpecification","valueRequired":true,"valueName":"search_term_string"}}],"inLanguage":"fi"}]}},"lang":"fi","translations":{"fi":1693},"pll_sync_post":[],"_links":{"self":[{"href":"https:\/\/rotary.fi\/savonlinnanrotaryklubi\/wp-json\/wp\/v2\/pages\/1693","targetHints":{"allow":["GET"]}}],"collection":[{"href":"https:\/\/rotary.fi\/savonlinnanrotaryklubi\/wp-json\/wp\/v2\/pages"}],"about":[{"href":"https:\/\/rotary.fi\/savonlinnanrotaryklubi\/wp-json\/wp\/v2\/types\/page"}],"author":[{"embeddable":true,"href":"https:\/\/rotary.fi\/savonlinnanrotaryklubi\/wp-json\/wp\/v2\/users\/60"}],"replies":[{"embeddable":true,"href":"https:\/\/rotary.fi\/savonlinnanrotaryklubi\/wp-json\/wp\/v2\/comments?post=1693"}],"version-history":[{"count":8,"href":"https:\/\/rotary.fi\/savonlinnanrotaryklubi\/wp-json\/wp\/v2\/pages\/1693\/revisions"}],"predecessor-version":[{"id":3073,"href":"https:\/\/rotary.fi\/savonlinnanrotaryklubi\/wp-json\/wp\/v2\/pages\/1693\/revisions\/3073"}],"wp:attachment":[{"href":"https:\/\/rotary.fi\/savonlinnanrotaryklubi\/wp-json\/wp\/v2\/media?parent=1693"}],"curies":[{"name":"wp","href":"https:\/\/api.w.org\/{rel}","templated":true}]}}