{"id":1526,"date":"2019-01-12T19:40:07","date_gmt":"2019-01-12T17:40:07","guid":{"rendered":"https:\/\/rotary.fi\/savonlinnanrotaryklubi\/?page_id=1526"},"modified":"2025-08-26T10:57:49","modified_gmt":"2025-08-26T07:57:49","slug":"stipendirahasto","status":"publish","type":"page","link":"https:\/\/rotary.fi\/savonlinnanrotaryklubi\/stipendirahasto\/","title":{"rendered":"Stipendirahasto"},"content":{"rendered":"<p>&nbsp;<\/p>\n<div id=\"attachment_1926\" style=\"width: 259px\" class=\"wp-caption alignnone\"><img loading=\"lazy\" decoding=\"async\" aria-describedby=\"caption-attachment-1926\" class=\"size-medium wp-image-1926\" src=\"https:\/\/rotary.fi\/savonlinnanrotaryklubi\/wp-content\/uploads\/sites\/62\/2019\/04\/runar-anderssonmuotokuva8-249x300.jpeg\" alt=\"\" width=\"249\" height=\"300\" srcset=\"https:\/\/rotary.fi\/savonlinnanrotaryklubi\/wp-content\/uploads\/sites\/62\/2019\/04\/runar-anderssonmuotokuva8-249x300.jpeg 249w, https:\/\/rotary.fi\/savonlinnanrotaryklubi\/wp-content\/uploads\/sites\/62\/2019\/04\/runar-anderssonmuotokuva8.jpeg 325w\" sizes=\"(max-width: 249px) 100vw, 249px\" \/><p id=\"caption-attachment-1926\" class=\"wp-caption-text\">Runar Andersson<\/p><\/div>\n<p>Schaumanin tehtaiden pitk\u00e4aikainen is\u00e4nn\u00f6itsij\u00e4\u00a0Runar Andersson\u00a0oli yksi 16:sta<br \/>\nSavonlinnan Rotaryklubin perustajaj\u00e4senist\u00e4. H\u00e4n oli omaksunut rotarytoiminnan<br \/>\nyhdeksi el\u00e4m\u00e4ns\u00e4 keskeisist\u00e4 asioista ja eli rotaryn ihanteiden ja aatemaailman<br \/>\nmukaisesti. T\u00e4t\u00e4 osoittaa my\u00f6s se, ett\u00e4 h\u00e4n testamenttasi omistamansa<br \/>\nteollisuusosakkeet Savonlinnan Rotaryklubille nime\u00e4\u00e4n kantavan stipendirahaston<br \/>\nperustamista varten.<br \/>\nRunar Andersson kuoli 1980 ja Savonlinnan Rotaryklubi sai testamentin perusteella<br \/>\nhaltuunsa osakesalkun, jossa oli l\u00e4hinn\u00e4 teollisuusosakkeita. Rahasto perustettiin<br \/>\n1982 ja alkup\u00e4\u00e4oma oli 140 000 markkaa eli nykyrahassa noin 23 500 euroa. Kun<br \/>\nk\u00e4ytt\u00e4m\u00e4tt\u00f6m\u00e4t merkint\u00e4oikeudet lunastettiin ja osakkeiden arvo muutenkin<br \/>\nl\u00e4hti\u00a0nousuun, niin salkun markkina-arvo kasvoi huomattavasti.<br \/>\nSavonlinnan Rotaryklubi perusti j\u00e4lkis\u00e4\u00e4d\u00f6ksen mukaisesti Runar Anderssonin nime\u00e4<br \/>\nkantavan stipendirahaston. S\u00e4\u00e4d\u00f6ksen mukaan osalla osakkeiden tuottoa pit\u00e4\u00e4<br \/>\nkartuttaa p\u00e4\u00e4omaa, mutta kuitenkin suurin osa jaetaan stipendein\u00e4. Stipendien<br \/>\nsaajiksi j\u00e4lkis\u00e4\u00e4d\u00f6s m\u00e4\u00e4ritteli l\u00e4hinn\u00e4 teknisen alan opiskelijat, joiden vanhemmat tai<br \/>\nopiskelija itse olivat olleet Oy Wilh. Schauman Ab:n Savonlinnan tehtaiden<br \/>\npalveluksessa. Jos jaettavaa olisi enemm\u00e4n, niin my\u00f6s muut alan opinnoissaan<br \/>\nmenestyneet opiskelijat voisivat tulla kysymykseen.<br \/>\nRahaston hallinnosta vastaa Savonlinnan Rotaryklubi ry:n hallitus. Rahaston<br \/>\nasiamiehen\u00e4 toimi ensiksi Tapani Naukkarinen, sitten useita vuosia Martti Viitanen ja<br \/>\nh\u00e4nen sairastuttuaan teht\u00e4v\u00e4\u00e4n valittiin Raimo P\u00f6ll\u00e4nen. P\u00f6ll\u00e4sen j\u00e4lkeen<br \/>\nasiamiehen\u00e4 toimi Risto Paakkunainen ja nykyisin Kari Tikkanen. Asiamiehet ja klubin<br \/>\nhallitus ovat onnistuneet kartuttamaan rahaston p\u00e4\u00e4omaa taitavasti ja vaikka<br \/>\nvaikeuksiakin oli v\u00e4lill\u00e4, niin nyt rahaston tulevaisuus on varsin vakaalla pohjalla.<br \/>\nP\u00e4\u00e4oma koostuu edelleenkin p\u00f6rssiss\u00e4 noteerattavista\u00a0osakkeista. Riskin<br \/>\nminimoimiseksi osakesalkku on hajautettu eri aloja edustavien yhti\u00f6iden osakkeisiin.<br \/>\nTaloudelliset suhdanteet vaikuttavat l\u00e4hinn\u00e4 rahaston markkina-arvoon, eiv\u00e4t<br \/>\nniink\u00e4\u00e4n stipendein\u00e4 jaettavaan summaan.<br \/>\nSijoitusten tuotosta on viime vuosina jaettu noin 25-30 stipendi\u00e4 yhteissummaltaan<br \/>\n20.000-30.000 euroa osakkeiden osinkotuotoista riippuen.\u00a0Schaumanin Savonlinnan<br \/>\ntehtaat kuuluvat nykyisin UPM-Kymmene konserniin ja t\u00e4h\u00e4n tehtaaseen liittyv\u00e4<br \/>\ntausta ei stipendi\u00e4 haettaessa ole en\u00e4\u00e4 ratkaiseva. \u00a0Merkitt\u00e4vint\u00e4 stipendin saamisen<br \/>\nkannalta on opintomenestys ja se, ett\u00e4 opiskelija on kotoisin Savonlinnan seudulta<br \/>\nsek\u00e4 muut erityiset hakijan esille tuomat seikat. \u00a0Noin kolmasosa stipendeist\u00e4<br \/>\nmy\u00f6nnet\u00e4\u00e4n teknisen alan opiskelijoille ja kolme nelj\u00e4sosaa pyrit\u00e4\u00e4n jakamaan<br \/>\ntasapuolisesti eri opintosuuntia edustaville korkeakoulu- tai<br \/>\nammattikorkeakouluopiskelijoille.<\/p>\n<p>Stipendit ilmoitetaan haettavaksi yleens\u00e4 lokakuussa.\u00a0Hakemukset k\u00e4sitell\u00e4\u00e4n klubin hallituksessa marras-joulukuun vaihteessa. Stipendien jakotilaisuus pidet\u00e4\u00e4n opiskelijoiden joululoman aikana, yleens\u00e4 vuoden viimeisin\u00e4 p\u00e4ivin\u00e4.<\/p>\n<p>Tarkempia tietoja stipendeist\u00e4 antaa rahaston asiamies Kari Tikkanen, P\u00f6ll\u00e4nlahdenkuja 5, 57710 Savonlinna. E-mail kari.is.tikkanen[at]gmail.com. Tiedustelut puh. 044 389 8860<\/p>\n<p>&nbsp;<\/p>\n<p>&nbsp;<\/p>\n<p>&nbsp;<\/p>\n<p><strong>Stipendit 2025<\/strong><\/p>\n<p><strong>Savonlinnan Rotaryklubin stipendirahasto<\/strong><\/p>\n<p>Runar Anderssonin rahasto jakaa stipendej\u00e4 yliopistoissa ja ammattikorkeakouluissa opiskeleville nuorille.<br \/>\nHakijoiden tulee olla kotoisin Savonlinnan talousalueelta.<br \/>\nJaettavista stipendeist\u00e4 noin puolet menee teknisen alan opiskelijoille ja puolet kaikille muille aloille yhteens\u00e4.<br \/>\nSavonlinnan Rotaryklubi ry:n jakaman stipendin aikaisemmin saaneet voivat my\u00f6s hakea uudelleen, jos stipendi on saatu vuonna 2022 tai aikaisemmin.<br \/>\nValinnoissa painotetaan opintomenestyst\u00e4, stipendin k\u00e4ytt\u00f6tarkoitusta, yhteiskunnallista aktiivisuutta ja muita hakijan itsens\u00e4 esiin tuomia valintaa puoltavia seikkoja.<\/p>\n<p><strong><em>Vapaamuotoiset hakemukset kirjallisesti 6.11.2025 menness\u00e4 rahaston asiamiehelle:<\/em><\/strong><br \/>\n<strong><em>Kari Tikkanen, P\u00f6ll\u00e4nlahdenkuja 5, 57710 Savonlinna.<\/em><\/strong><br \/>\n<strong><em>Tiedustelut puh. 044\u00a0389 8860.<\/em><\/strong><\/p>\n<p>Vapaamuotoisen hakemuksen liitteeksi opintorekisteriote, jossa on painotettu keskiarvo laskettuna, CV, kopiot ty\u00f6\u2013 yms. todistuksista.\u00a0Opintomenestyksen lis\u00e4ksi voidaan huomioida hakijan esitt\u00e4mi\u00e4 erityisi\u00e4 syit\u00e4 stipendin<br \/>\nmy\u00f6nt\u00e4miseksi.<br \/>\nSuoritettava tutkinto ja oppilaitos on k\u00e4yt\u00e4v\u00e4 selke\u00e4sti ilmi hakemuksesta.<br \/>\nHakemuksessa on mainittava edellisen Runar Andersson-stipendin saantivuosi.<br \/>\nPuutteellisia tai my\u00f6h\u00e4styneit\u00e4 hakemuksia ei k\u00e4sitell\u00e4 eik\u00e4 t\u00e4ydennet\u00e4 klubin toimesta.<br \/>\nHakemuksia ei lunasteta postista puutteellisen postimaksun takia.<br \/>\nHakemuksia ei palauteta.<br \/>\nS\u00e4hk\u00f6postilla toimitettuja hakemuksia ei huomioida.<\/p>\n<p>Valinnat tehd\u00e4\u00e4n 6.12.2025 menness\u00e4 ja niist\u00e4 tiedotetaan s\u00e4hk\u00f6postitse valituille.<br \/>\nJakotilaisuus on 19.12.2025 Savonlinnassa hotelli Seurahuoneella. Kutsu stipendinsaajille toimitetaan s\u00e4hk\u00f6postilla valintojen j\u00e4lkeen.<\/p>\n<p>Savonlinnan Rotaryklubi ry<br \/>\nHallitus<\/p>\n","protected":false},"excerpt":{"rendered":"<p>&nbsp; Schaumanin tehtaiden pitk\u00e4aikainen is\u00e4nn\u00f6itsij\u00e4\u00a0Runar Andersson\u00a0oli yksi 16:sta Savonlinnan Rotaryklubin perustajaj\u00e4senist\u00e4. H\u00e4n oli omaksunut rotarytoiminnan yhdeksi el\u00e4m\u00e4ns\u00e4 keskeisist\u00e4 asioista ja eli rotaryn ihanteiden ja aatemaailman mukaisesti. T\u00e4t\u00e4 osoittaa my\u00f6s se, ett\u00e4 h\u00e4n testamenttasi omistamansa teollisuusosakkeet Savonlinnan Rotaryklubille nime\u00e4\u00e4n kantavan stipendirahaston perustamista varten. Runar Andersson kuoli 1980 ja Savonlinnan Rotaryklubi sai testamentin perusteella haltuunsa osakesalkun, jossa [&hellip;]<\/p>\n","protected":false},"author":60,"featured_media":0,"parent":0,"menu_order":0,"comment_status":"closed","ping_status":"closed","template":"","meta":{"_acf_changed":false,"_et_pb_use_builder":"","_et_pb_old_content":"","_et_gb_content_width":"","footnotes":""},"class_list":["post-1526","page","type-page","status-publish","hentry"],"acf":[],"yoast_head":"<!-- This site is optimized with the Yoast SEO plugin v27.0 - https:\/\/yoast.com\/product\/yoast-seo-wordpress\/ -->\n<title>Stipendirahasto - Savonlinnan Rotaryklubi ry<\/title>\n<meta name=\"robots\" content=\"index, follow, max-snippet:-1, max-image-preview:large, max-video-preview:-1\" \/>\n<link rel=\"canonical\" href=\"https:\/\/rotary.fi\/savonlinnanrotaryklubi\/stipendirahasto\/\" \/>\n<meta property=\"og:locale\" content=\"fi_FI\" \/>\n<meta property=\"og:type\" content=\"article\" \/>\n<meta property=\"og:title\" content=\"Stipendirahasto - Savonlinnan Rotaryklubi ry\" \/>\n<meta property=\"og:description\" content=\"&nbsp; Schaumanin tehtaiden pitk\u00e4aikainen is\u00e4nn\u00f6itsij\u00e4\u00a0Runar Andersson\u00a0oli yksi 16:sta Savonlinnan Rotaryklubin perustajaj\u00e4senist\u00e4. H\u00e4n oli omaksunut rotarytoiminnan yhdeksi el\u00e4m\u00e4ns\u00e4 keskeisist\u00e4 asioista ja eli rotaryn ihanteiden ja aatemaailman mukaisesti. T\u00e4t\u00e4 osoittaa my\u00f6s se, ett\u00e4 h\u00e4n testamenttasi omistamansa teollisuusosakkeet Savonlinnan Rotaryklubille nime\u00e4\u00e4n kantavan stipendirahaston perustamista varten. Runar Andersson kuoli 1980 ja Savonlinnan Rotaryklubi sai testamentin perusteella haltuunsa osakesalkun, jossa [&hellip;]\" \/>\n<meta property=\"og:url\" content=\"https:\/\/rotary.fi\/savonlinnanrotaryklubi\/stipendirahasto\/\" \/>\n<meta property=\"og:site_name\" content=\"Savonlinnan Rotaryklubi ry\" \/>\n<meta property=\"article:modified_time\" content=\"2025-08-26T07:57:49+00:00\" \/>\n<meta property=\"og:image\" content=\"https:\/\/rotary.fi\/savonlinnanrotaryklubi\/wp-content\/uploads\/sites\/62\/2019\/04\/runar-anderssonmuotokuva8.jpeg\" \/>\n\t<meta property=\"og:image:width\" content=\"325\" \/>\n\t<meta property=\"og:image:height\" content=\"392\" \/>\n\t<meta property=\"og:image:type\" content=\"image\/jpeg\" \/>\n<meta name=\"twitter:card\" content=\"summary_large_image\" \/>\n<meta name=\"twitter:label1\" content=\"Arvioitu lukuaika\" \/>\n\t<meta name=\"twitter:data1\" content=\"4 minuuttia\" \/>\n<script type=\"application\/ld+json\" class=\"yoast-schema-graph\">{\"@context\":\"https:\/\/schema.org\",\"@graph\":[{\"@type\":\"WebPage\",\"@id\":\"https:\/\/rotary.fi\/savonlinnanrotaryklubi\/stipendirahasto\/\",\"url\":\"https:\/\/rotary.fi\/savonlinnanrotaryklubi\/stipendirahasto\/\",\"name\":\"Stipendirahasto - Savonlinnan Rotaryklubi ry\",\"isPartOf\":{\"@id\":\"https:\/\/rotary.fi\/savonlinnanrotaryklubi\/#website\"},\"primaryImageOfPage\":{\"@id\":\"https:\/\/rotary.fi\/savonlinnanrotaryklubi\/stipendirahasto\/#primaryimage\"},\"image\":{\"@id\":\"https:\/\/rotary.fi\/savonlinnanrotaryklubi\/stipendirahasto\/#primaryimage\"},\"thumbnailUrl\":\"https:\/\/rotary.fi\/savonlinnanrotaryklubi\/wp-content\/uploads\/sites\/62\/2019\/04\/runar-anderssonmuotokuva8-249x300.jpeg\",\"datePublished\":\"2019-01-12T17:40:07+00:00\",\"dateModified\":\"2025-08-26T07:57:49+00:00\",\"breadcrumb\":{\"@id\":\"https:\/\/rotary.fi\/savonlinnanrotaryklubi\/stipendirahasto\/#breadcrumb\"},\"inLanguage\":\"fi\",\"potentialAction\":[{\"@type\":\"ReadAction\",\"target\":[\"https:\/\/rotary.fi\/savonlinnanrotaryklubi\/stipendirahasto\/\"]}]},{\"@type\":\"ImageObject\",\"inLanguage\":\"fi\",\"@id\":\"https:\/\/rotary.fi\/savonlinnanrotaryklubi\/stipendirahasto\/#primaryimage\",\"url\":\"https:\/\/rotary.fi\/savonlinnanrotaryklubi\/wp-content\/uploads\/sites\/62\/2019\/04\/runar-anderssonmuotokuva8.jpeg\",\"contentUrl\":\"https:\/\/rotary.fi\/savonlinnanrotaryklubi\/wp-content\/uploads\/sites\/62\/2019\/04\/runar-anderssonmuotokuva8.jpeg\",\"width\":325,\"height\":392,\"caption\":\"Runar Andersson\"},{\"@type\":\"BreadcrumbList\",\"@id\":\"https:\/\/rotary.fi\/savonlinnanrotaryklubi\/stipendirahasto\/#breadcrumb\",\"itemListElement\":[{\"@type\":\"ListItem\",\"position\":1,\"name\":\"Home\",\"item\":\"https:\/\/rotary.fi\/savonlinnanrotaryklubi\/\"},{\"@type\":\"ListItem\",\"position\":2,\"name\":\"Stipendirahasto\"}]},{\"@type\":\"WebSite\",\"@id\":\"https:\/\/rotary.fi\/savonlinnanrotaryklubi\/#website\",\"url\":\"https:\/\/rotary.fi\/savonlinnanrotaryklubi\/\",\"name\":\"Savonlinnan Rotaryklubi ry\",\"description\":\"Uusi Rotary klubisivusto\",\"potentialAction\":[{\"@type\":\"SearchAction\",\"target\":{\"@type\":\"EntryPoint\",\"urlTemplate\":\"https:\/\/rotary.fi\/savonlinnanrotaryklubi\/?s={search_term_string}\"},\"query-input\":{\"@type\":\"PropertyValueSpecification\",\"valueRequired\":true,\"valueName\":\"search_term_string\"}}],\"inLanguage\":\"fi\"}]}<\/script>\n<!-- \/ Yoast SEO plugin. -->","yoast_head_json":{"title":"Stipendirahasto - Savonlinnan Rotaryklubi ry","robots":{"index":"index","follow":"follow","max-snippet":"max-snippet:-1","max-image-preview":"max-image-preview:large","max-video-preview":"max-video-preview:-1"},"canonical":"https:\/\/rotary.fi\/savonlinnanrotaryklubi\/stipendirahasto\/","og_locale":"fi_FI","og_type":"article","og_title":"Stipendirahasto - Savonlinnan Rotaryklubi ry","og_description":"&nbsp; Schaumanin tehtaiden pitk\u00e4aikainen is\u00e4nn\u00f6itsij\u00e4\u00a0Runar Andersson\u00a0oli yksi 16:sta Savonlinnan Rotaryklubin perustajaj\u00e4senist\u00e4. H\u00e4n oli omaksunut rotarytoiminnan yhdeksi el\u00e4m\u00e4ns\u00e4 keskeisist\u00e4 asioista ja eli rotaryn ihanteiden ja aatemaailman mukaisesti. T\u00e4t\u00e4 osoittaa my\u00f6s se, ett\u00e4 h\u00e4n testamenttasi omistamansa teollisuusosakkeet Savonlinnan Rotaryklubille nime\u00e4\u00e4n kantavan stipendirahaston perustamista varten. Runar Andersson kuoli 1980 ja Savonlinnan Rotaryklubi sai testamentin perusteella haltuunsa osakesalkun, jossa [&hellip;]","og_url":"https:\/\/rotary.fi\/savonlinnanrotaryklubi\/stipendirahasto\/","og_site_name":"Savonlinnan Rotaryklubi ry","article_modified_time":"2025-08-26T07:57:49+00:00","og_image":[{"width":325,"height":392,"url":"https:\/\/rotary.fi\/savonlinnanrotaryklubi\/wp-content\/uploads\/sites\/62\/2019\/04\/runar-anderssonmuotokuva8.jpeg","type":"image\/jpeg"}],"twitter_card":"summary_large_image","twitter_misc":{"Arvioitu lukuaika":"4 minuuttia"},"schema":{"@context":"https:\/\/schema.org","@graph":[{"@type":"WebPage","@id":"https:\/\/rotary.fi\/savonlinnanrotaryklubi\/stipendirahasto\/","url":"https:\/\/rotary.fi\/savonlinnanrotaryklubi\/stipendirahasto\/","name":"Stipendirahasto - Savonlinnan Rotaryklubi ry","isPartOf":{"@id":"https:\/\/rotary.fi\/savonlinnanrotaryklubi\/#website"},"primaryImageOfPage":{"@id":"https:\/\/rotary.fi\/savonlinnanrotaryklubi\/stipendirahasto\/#primaryimage"},"image":{"@id":"https:\/\/rotary.fi\/savonlinnanrotaryklubi\/stipendirahasto\/#primaryimage"},"thumbnailUrl":"https:\/\/rotary.fi\/savonlinnanrotaryklubi\/wp-content\/uploads\/sites\/62\/2019\/04\/runar-anderssonmuotokuva8-249x300.jpeg","datePublished":"2019-01-12T17:40:07+00:00","dateModified":"2025-08-26T07:57:49+00:00","breadcrumb":{"@id":"https:\/\/rotary.fi\/savonlinnanrotaryklubi\/stipendirahasto\/#breadcrumb"},"inLanguage":"fi","potentialAction":[{"@type":"ReadAction","target":["https:\/\/rotary.fi\/savonlinnanrotaryklubi\/stipendirahasto\/"]}]},{"@type":"ImageObject","inLanguage":"fi","@id":"https:\/\/rotary.fi\/savonlinnanrotaryklubi\/stipendirahasto\/#primaryimage","url":"https:\/\/rotary.fi\/savonlinnanrotaryklubi\/wp-content\/uploads\/sites\/62\/2019\/04\/runar-anderssonmuotokuva8.jpeg","contentUrl":"https:\/\/rotary.fi\/savonlinnanrotaryklubi\/wp-content\/uploads\/sites\/62\/2019\/04\/runar-anderssonmuotokuva8.jpeg","width":325,"height":392,"caption":"Runar Andersson"},{"@type":"BreadcrumbList","@id":"https:\/\/rotary.fi\/savonlinnanrotaryklubi\/stipendirahasto\/#breadcrumb","itemListElement":[{"@type":"ListItem","position":1,"name":"Home","item":"https:\/\/rotary.fi\/savonlinnanrotaryklubi\/"},{"@type":"ListItem","position":2,"name":"Stipendirahasto"}]},{"@type":"WebSite","@id":"https:\/\/rotary.fi\/savonlinnanrotaryklubi\/#website","url":"https:\/\/rotary.fi\/savonlinnanrotaryklubi\/","name":"Savonlinnan Rotaryklubi ry","description":"Uusi Rotary klubisivusto","potentialAction":[{"@type":"SearchAction","target":{"@type":"EntryPoint","urlTemplate":"https:\/\/rotary.fi\/savonlinnanrotaryklubi\/?s={search_term_string}"},"query-input":{"@type":"PropertyValueSpecification","valueRequired":true,"valueName":"search_term_string"}}],"inLanguage":"fi"}]}},"lang":"fi","translations":{"fi":1526},"pll_sync_post":[],"_links":{"self":[{"href":"https:\/\/rotary.fi\/savonlinnanrotaryklubi\/wp-json\/wp\/v2\/pages\/1526","targetHints":{"allow":["GET"]}}],"collection":[{"href":"https:\/\/rotary.fi\/savonlinnanrotaryklubi\/wp-json\/wp\/v2\/pages"}],"about":[{"href":"https:\/\/rotary.fi\/savonlinnanrotaryklubi\/wp-json\/wp\/v2\/types\/page"}],"author":[{"embeddable":true,"href":"https:\/\/rotary.fi\/savonlinnanrotaryklubi\/wp-json\/wp\/v2\/users\/60"}],"replies":[{"embeddable":true,"href":"https:\/\/rotary.fi\/savonlinnanrotaryklubi\/wp-json\/wp\/v2\/comments?post=1526"}],"version-history":[{"count":10,"href":"https:\/\/rotary.fi\/savonlinnanrotaryklubi\/wp-json\/wp\/v2\/pages\/1526\/revisions"}],"predecessor-version":[{"id":3285,"href":"https:\/\/rotary.fi\/savonlinnanrotaryklubi\/wp-json\/wp\/v2\/pages\/1526\/revisions\/3285"}],"wp:attachment":[{"href":"https:\/\/rotary.fi\/savonlinnanrotaryklubi\/wp-json\/wp\/v2\/media?parent=1526"}],"curies":[{"name":"wp","href":"https:\/\/api.w.org\/{rel}","templated":true}]}}