{"id":1517,"date":"2019-01-12T18:41:45","date_gmt":"2019-01-12T16:41:45","guid":{"rendered":"https:\/\/rotary.fi\/savonlinnanrotaryklubi\/?page_id=1517"},"modified":"2025-08-26T10:10:48","modified_gmt":"2025-08-26T07:10:48","slug":"savonlinnan-rotaryklubin-opintorahasto","status":"publish","type":"page","link":"https:\/\/rotary.fi\/savonlinnanrotaryklubi\/savonlinnan-rotaryklubin-opintorahasto\/","title":{"rendered":"Aila ja Jaakko Vihmaan rahasto"},"content":{"rendered":"<p>&nbsp;<\/p>\n<p><strong>Savonlinnan Rotaryklubin stipendirahasto<\/strong><\/p>\n<p>Opintorahasto (Aila ja Jaakko Vihmaan rahasto) jakaa stipendej\u00e4 eri asteen opintoja opiskeleville nuorille.<br \/>\nHakijoiden tulee olla kotoisin Savonlinnan talousalueelta. <strong><em>Rahastossa on jatkuva haku ja stipendej\u00e4 my\u00f6nnet\u00e4\u00e4n <\/em><\/strong><strong><em>rahaston varojen mukaan.<\/em><\/strong><br \/>\nStipendej\u00e4 my\u00f6nnet\u00e4\u00e4n erityisesti humanistisen alan opiskelijoille. Savonlinnan Rotaryklubi ry:n jakaman stipendin aikaisemmin saaneet voivat hakea uudelleen, jos stipendi on saatu 3 vuotta sitten tai aikaisemmin.<br \/>\nValinnoissa painotetaan opintomenestyst\u00e4, stipendin k\u00e4ytt\u00f6tarkoitusta, yhteiskunnallista aktiivisuutta ja muita hakijan itsens\u00e4 esiin tuomia valintaa puoltavia seikkoja.<\/p>\n<p><strong><em>Vapaamuotoiset hakemukset kirjallisesti rahaston asiamiehelle:<\/em><\/strong><br \/>\n<strong><em>Kari Tikkanen, P\u00f6ll\u00e4nlahdenkuja 5, 57710 Savonlinna.<\/em><\/strong><br \/>\n<strong><em>Tiedustelut puh. 044\u00a0389 8860.<\/em><\/strong><\/p>\n<p>Vapaamuotoisen hakemuksen liitteeksi opintorekisteriote, jossa on painotettu keskiarvo laskettuna, CV, kopiot ty\u00f6\u2013 yms. todistuksista.\u00a0Opintomenestyksen lis\u00e4ksi voidaan huomioida hakijan esitt\u00e4mi\u00e4 erityisi\u00e4 syit\u00e4 stipendin<br \/>\nmy\u00f6nt\u00e4miseksi.<br \/>\nSuoritettava tutkinto ja oppilaitos on k\u00e4yt\u00e4v\u00e4 selke\u00e4sti ilmi hakemuksesta.<br \/>\nHakemuksessa on mainittava edellisen Savonlinnan Rotaryklubi ry:n my\u00f6nt\u00e4m\u00e4n stipendin saantivuosi.<br \/>\nPuutteellisia tai my\u00f6h\u00e4styneit\u00e4 hakemuksia ei k\u00e4sitell\u00e4 eik\u00e4 t\u00e4ydennet\u00e4 klubin toimesta.<br \/>\nHakemuksia ei lunasteta postista puutteellisen postimaksun takia.<br \/>\nHakemuksia ei palauteta.<br \/>\nS\u00e4hk\u00f6postilla toimitettuja hakemuksia ei huomioida.<\/p>\n<p>Valinnat tehd\u00e4\u00e4n yhdistyksen hallituksessa kokousaikataulun mukaisesti menness\u00e4 ja niist\u00e4 tiedotetaan s\u00e4hk\u00f6postitse valituille.<\/p>\n<p>Savonlinnan Rotaryklubi ry<br \/>\nHallitus<\/p>\n","protected":false},"excerpt":{"rendered":"<p>&nbsp; Savonlinnan Rotaryklubin stipendirahasto Opintorahasto (Aila ja Jaakko Vihmaan rahasto) jakaa stipendej\u00e4 eri asteen opintoja opiskeleville nuorille. Hakijoiden tulee olla kotoisin Savonlinnan talousalueelta. Rahastossa on jatkuva haku ja stipendej\u00e4 my\u00f6nnet\u00e4\u00e4n rahaston varojen mukaan. Stipendej\u00e4 my\u00f6nnet\u00e4\u00e4n erityisesti humanistisen alan opiskelijoille. Savonlinnan Rotaryklubi ry:n jakaman stipendin aikaisemmin saaneet voivat hakea uudelleen, jos stipendi on saatu 3 vuotta [&hellip;]<\/p>\n","protected":false},"author":60,"featured_media":0,"parent":0,"menu_order":0,"comment_status":"closed","ping_status":"closed","template":"","meta":{"_acf_changed":false,"_et_pb_use_builder":"off","_et_pb_old_content":"","_et_gb_content_width":"","footnotes":""},"class_list":["post-1517","page","type-page","status-publish","hentry"],"acf":[],"yoast_head":"<!-- This site is optimized with the Yoast SEO plugin v27.4 - https:\/\/yoast.com\/product\/yoast-seo-wordpress\/ -->\n<title>Aila ja Jaakko Vihmaan rahasto - Savonlinnan Rotaryklubi ry<\/title>\n<meta name=\"robots\" content=\"index, follow, max-snippet:-1, max-image-preview:large, max-video-preview:-1\" \/>\n<link rel=\"canonical\" href=\"https:\/\/rotary.fi\/savonlinnanrotaryklubi\/savonlinnan-rotaryklubin-opintorahasto\/\" \/>\n<meta property=\"og:locale\" content=\"fi_FI\" \/>\n<meta property=\"og:type\" content=\"article\" \/>\n<meta property=\"og:title\" content=\"Aila ja Jaakko Vihmaan rahasto - Savonlinnan Rotaryklubi ry\" \/>\n<meta property=\"og:description\" content=\"&nbsp; Savonlinnan Rotaryklubin stipendirahasto Opintorahasto (Aila ja Jaakko Vihmaan rahasto) jakaa stipendej\u00e4 eri asteen opintoja opiskeleville nuorille. Hakijoiden tulee olla kotoisin Savonlinnan talousalueelta. Rahastossa on jatkuva haku ja stipendej\u00e4 my\u00f6nnet\u00e4\u00e4n rahaston varojen mukaan. Stipendej\u00e4 my\u00f6nnet\u00e4\u00e4n erityisesti humanistisen alan opiskelijoille. Savonlinnan Rotaryklubi ry:n jakaman stipendin aikaisemmin saaneet voivat hakea uudelleen, jos stipendi on saatu 3 vuotta [&hellip;]\" \/>\n<meta property=\"og:url\" content=\"https:\/\/rotary.fi\/savonlinnanrotaryklubi\/savonlinnan-rotaryklubin-opintorahasto\/\" \/>\n<meta property=\"og:site_name\" content=\"Savonlinnan Rotaryklubi ry\" \/>\n<meta property=\"article:modified_time\" content=\"2025-08-26T07:10:48+00:00\" \/>\n<meta name=\"twitter:card\" content=\"summary_large_image\" \/>\n<meta name=\"twitter:label1\" content=\"Arvioitu lukuaika\" \/>\n\t<meta name=\"twitter:data1\" content=\"2 minuuttia\" \/>\n<script type=\"application\/ld+json\" class=\"yoast-schema-graph\">{\"@context\":\"https:\\\/\\\/schema.org\",\"@graph\":[{\"@type\":\"WebPage\",\"@id\":\"https:\\\/\\\/rotary.fi\\\/savonlinnanrotaryklubi\\\/savonlinnan-rotaryklubin-opintorahasto\\\/\",\"url\":\"https:\\\/\\\/rotary.fi\\\/savonlinnanrotaryklubi\\\/savonlinnan-rotaryklubin-opintorahasto\\\/\",\"name\":\"Aila ja Jaakko Vihmaan rahasto - Savonlinnan Rotaryklubi ry\",\"isPartOf\":{\"@id\":\"https:\\\/\\\/rotary.fi\\\/savonlinnanrotaryklubi\\\/#website\"},\"datePublished\":\"2019-01-12T16:41:45+00:00\",\"dateModified\":\"2025-08-26T07:10:48+00:00\",\"breadcrumb\":{\"@id\":\"https:\\\/\\\/rotary.fi\\\/savonlinnanrotaryklubi\\\/savonlinnan-rotaryklubin-opintorahasto\\\/#breadcrumb\"},\"inLanguage\":\"fi\",\"potentialAction\":[{\"@type\":\"ReadAction\",\"target\":[\"https:\\\/\\\/rotary.fi\\\/savonlinnanrotaryklubi\\\/savonlinnan-rotaryklubin-opintorahasto\\\/\"]}]},{\"@type\":\"BreadcrumbList\",\"@id\":\"https:\\\/\\\/rotary.fi\\\/savonlinnanrotaryklubi\\\/savonlinnan-rotaryklubin-opintorahasto\\\/#breadcrumb\",\"itemListElement\":[{\"@type\":\"ListItem\",\"position\":1,\"name\":\"Home\",\"item\":\"https:\\\/\\\/rotary.fi\\\/savonlinnanrotaryklubi\\\/\"},{\"@type\":\"ListItem\",\"position\":2,\"name\":\"Aila ja Jaakko Vihmaan rahasto\"}]},{\"@type\":\"WebSite\",\"@id\":\"https:\\\/\\\/rotary.fi\\\/savonlinnanrotaryklubi\\\/#website\",\"url\":\"https:\\\/\\\/rotary.fi\\\/savonlinnanrotaryklubi\\\/\",\"name\":\"Savonlinnan Rotaryklubi ry\",\"description\":\"Uusi Rotary klubisivusto\",\"potentialAction\":[{\"@type\":\"SearchAction\",\"target\":{\"@type\":\"EntryPoint\",\"urlTemplate\":\"https:\\\/\\\/rotary.fi\\\/savonlinnanrotaryklubi\\\/?s={search_term_string}\"},\"query-input\":{\"@type\":\"PropertyValueSpecification\",\"valueRequired\":true,\"valueName\":\"search_term_string\"}}],\"inLanguage\":\"fi\"}]}<\/script>\n<!-- \/ Yoast SEO plugin. -->","yoast_head_json":{"title":"Aila ja Jaakko Vihmaan rahasto - Savonlinnan Rotaryklubi ry","robots":{"index":"index","follow":"follow","max-snippet":"max-snippet:-1","max-image-preview":"max-image-preview:large","max-video-preview":"max-video-preview:-1"},"canonical":"https:\/\/rotary.fi\/savonlinnanrotaryklubi\/savonlinnan-rotaryklubin-opintorahasto\/","og_locale":"fi_FI","og_type":"article","og_title":"Aila ja Jaakko Vihmaan rahasto - Savonlinnan Rotaryklubi ry","og_description":"&nbsp; Savonlinnan Rotaryklubin stipendirahasto Opintorahasto (Aila ja Jaakko Vihmaan rahasto) jakaa stipendej\u00e4 eri asteen opintoja opiskeleville nuorille. Hakijoiden tulee olla kotoisin Savonlinnan talousalueelta. Rahastossa on jatkuva haku ja stipendej\u00e4 my\u00f6nnet\u00e4\u00e4n rahaston varojen mukaan. Stipendej\u00e4 my\u00f6nnet\u00e4\u00e4n erityisesti humanistisen alan opiskelijoille. Savonlinnan Rotaryklubi ry:n jakaman stipendin aikaisemmin saaneet voivat hakea uudelleen, jos stipendi on saatu 3 vuotta [&hellip;]","og_url":"https:\/\/rotary.fi\/savonlinnanrotaryklubi\/savonlinnan-rotaryklubin-opintorahasto\/","og_site_name":"Savonlinnan Rotaryklubi ry","article_modified_time":"2025-08-26T07:10:48+00:00","twitter_card":"summary_large_image","twitter_misc":{"Arvioitu lukuaika":"2 minuuttia"},"schema":{"@context":"https:\/\/schema.org","@graph":[{"@type":"WebPage","@id":"https:\/\/rotary.fi\/savonlinnanrotaryklubi\/savonlinnan-rotaryklubin-opintorahasto\/","url":"https:\/\/rotary.fi\/savonlinnanrotaryklubi\/savonlinnan-rotaryklubin-opintorahasto\/","name":"Aila ja Jaakko Vihmaan rahasto - Savonlinnan Rotaryklubi ry","isPartOf":{"@id":"https:\/\/rotary.fi\/savonlinnanrotaryklubi\/#website"},"datePublished":"2019-01-12T16:41:45+00:00","dateModified":"2025-08-26T07:10:48+00:00","breadcrumb":{"@id":"https:\/\/rotary.fi\/savonlinnanrotaryklubi\/savonlinnan-rotaryklubin-opintorahasto\/#breadcrumb"},"inLanguage":"fi","potentialAction":[{"@type":"ReadAction","target":["https:\/\/rotary.fi\/savonlinnanrotaryklubi\/savonlinnan-rotaryklubin-opintorahasto\/"]}]},{"@type":"BreadcrumbList","@id":"https:\/\/rotary.fi\/savonlinnanrotaryklubi\/savonlinnan-rotaryklubin-opintorahasto\/#breadcrumb","itemListElement":[{"@type":"ListItem","position":1,"name":"Home","item":"https:\/\/rotary.fi\/savonlinnanrotaryklubi\/"},{"@type":"ListItem","position":2,"name":"Aila ja Jaakko Vihmaan rahasto"}]},{"@type":"WebSite","@id":"https:\/\/rotary.fi\/savonlinnanrotaryklubi\/#website","url":"https:\/\/rotary.fi\/savonlinnanrotaryklubi\/","name":"Savonlinnan Rotaryklubi ry","description":"Uusi Rotary klubisivusto","potentialAction":[{"@type":"SearchAction","target":{"@type":"EntryPoint","urlTemplate":"https:\/\/rotary.fi\/savonlinnanrotaryklubi\/?s={search_term_string}"},"query-input":{"@type":"PropertyValueSpecification","valueRequired":true,"valueName":"search_term_string"}}],"inLanguage":"fi"}]}},"lang":"fi","translations":{"fi":1517},"pll_sync_post":[],"_links":{"self":[{"href":"https:\/\/rotary.fi\/savonlinnanrotaryklubi\/wp-json\/wp\/v2\/pages\/1517","targetHints":{"allow":["GET"]}}],"collection":[{"href":"https:\/\/rotary.fi\/savonlinnanrotaryklubi\/wp-json\/wp\/v2\/pages"}],"about":[{"href":"https:\/\/rotary.fi\/savonlinnanrotaryklubi\/wp-json\/wp\/v2\/types\/page"}],"author":[{"embeddable":true,"href":"https:\/\/rotary.fi\/savonlinnanrotaryklubi\/wp-json\/wp\/v2\/users\/60"}],"replies":[{"embeddable":true,"href":"https:\/\/rotary.fi\/savonlinnanrotaryklubi\/wp-json\/wp\/v2\/comments?post=1517"}],"version-history":[{"count":10,"href":"https:\/\/rotary.fi\/savonlinnanrotaryklubi\/wp-json\/wp\/v2\/pages\/1517\/revisions"}],"predecessor-version":[{"id":3282,"href":"https:\/\/rotary.fi\/savonlinnanrotaryklubi\/wp-json\/wp\/v2\/pages\/1517\/revisions\/3282"}],"wp:attachment":[{"href":"https:\/\/rotary.fi\/savonlinnanrotaryklubi\/wp-json\/wp\/v2\/media?parent=1517"}],"curies":[{"name":"wp","href":"https:\/\/api.w.org\/{rel}","templated":true}]}}