{"id":2666,"date":"2024-05-28T18:17:38","date_gmt":"2024-05-28T15:17:38","guid":{"rendered":"https:\/\/rotary.fi\/rovaniemisantaclaus\/?page_id=2666"},"modified":"2024-05-28T21:09:46","modified_gmt":"2024-05-28T18:09:46","slug":"kameravalvonnan-tietosuoja","status":"publish","type":"page","link":"https:\/\/rotary.fi\/rovaniemisantaclaus\/kameravalvonnan-tietosuoja\/","title":{"rendered":"Kameravalvonnan tietosuoja"},"content":{"rendered":"<p>[et_pb_section fb_built=&#8221;1&#8243; admin_label=&#8221;section&#8221; _builder_version=&#8221;4.16&#8243; global_colors_info=&#8221;{}&#8221;][et_pb_row admin_label=&#8221;row&#8221; _builder_version=&#8221;4.16&#8243; background_size=&#8221;initial&#8221; background_position=&#8221;top_left&#8221; background_repeat=&#8221;repeat&#8221; global_colors_info=&#8221;{}&#8221;][et_pb_column type=&#8221;4_4&#8243; _builder_version=&#8221;4.16&#8243; custom_padding=&#8221;|||&#8221; global_colors_info=&#8221;{}&#8221; custom_padding__hover=&#8221;|||&#8221;][et_pb_text admin_label=&#8221;Text&#8221; _builder_version=&#8221;4.16&#8243; background_size=&#8221;initial&#8221; background_position=&#8221;top_left&#8221; background_repeat=&#8221;repeat&#8221; global_colors_info=&#8221;{}&#8221;]<\/p>\n<p>Revontulilaavun kameravalvonnan tietosuojaseloste<\/p>\n<p>Rekisterinpit\u00e4j\u00e4:\u00a0<br \/>Rovaniemi Santa Claus Rotaryklubi ry<br \/>Korkalonkatu 29, 96200\u00a0 ROVANIEMI<br \/><a href=\"mailto:rc.rovaniemi.santa.claus@rotaryd1385.org\">rc.rovaniemi.santa.claus@rotaryd1385.org<\/a><br \/>tarkemmat yhteystiedot verkkosivuilla kohdassa Hallitus<\/p>\n<p>1. Teht\u00e4v\u00e4 johon tietoja k\u00e4sitell\u00e4\u00e4n<br \/>Revontulilaavun valvonta<\/p>\n<p>2. Tietojen k\u00e4sittelyn tarkoitus<br \/>Omaisuuden turvaaminen<\/p>\n<p>3. Yhteisrekisterinpit\u00e4j\u00e4<br \/>Rovaniemen Rotaryklubi ry, <a href=\"http:\/\/www.rotary.fi\/rovaniemenrotaryklubi\">www.rotary.fi\/rovaniemenrotaryklubi<\/a><\/p>\n<p>4. Rekister\u00f6ityjen ryhm\u00e4t<br \/>Revotulilaavulla vierailevat henkil\u00f6t<\/p>\n<p>5. Henkil\u00f6tietojen ryhm\u00e4t<br \/>Videokuva, \u00e4\u00e4ni<\/p>\n<p>6. Vastaanottajaryhm\u00e4t<br \/>Viranomaiset, vakuutusyhti\u00f6t, klubien johtohenkil\u00f6t<\/p>\n<p>7. Henkil\u00f6tietojen siirto kolmansiin maihin tai kansainv\u00e4lisiin j\u00e4rjest\u00f6ihin<br \/>Henkil\u00f6tietoja ei siirret\u00e4 kolmansiin maihin tai kansainv\u00e4lisiin j\u00e4rjest\u00f6ihin<\/p>\n<p>8. Tietojen s\u00e4ilytysajat<br \/>Tietoja s\u00e4ilytet\u00e4\u00e4n 7 vuorokautta<\/p>\n<p>9. Tietosuoja-asetuksen 32 artiklan 1 kohdan mukaiset tekniset ja organisatoriset turvatoimet<br \/>Kamerasta on poistettu sen sovellukseen liitt\u00e4miseksi tarvittavat tunnisteet ennen sen asettamista maastoon. Kamera on suojattu salasanalla, joka on vain klubin erikseen nime\u00e4mien sen luottamusjohtoon kuuluvien henkil\u00f6iden hallussa. Salasanan omaavista henkil\u00f6ist\u00e4 yll\u00e4pidet\u00e4\u00e4n luetteloa.<\/p>\n<p>&nbsp;<\/p>\n<p>[\/et_pb_text][\/et_pb_column][\/et_pb_row][\/et_pb_section]<\/p>\n","protected":false},"excerpt":{"rendered":"<p>Revontulilaavun kameravalvonnan tietosuojaseloste Rekisterinpit\u00e4j\u00e4:\u00a0Rovaniemi Santa Claus Rotaryklubi ryKorkalonkatu 29, 96200\u00a0 ROVANIEMIrc.rovaniemi.santa.claus@rotaryd1385.orgtarkemmat yhteystiedot verkkosivuilla kohdassa Hallitus 1. Teht\u00e4v\u00e4 johon tietoja k\u00e4sitell\u00e4\u00e4nRevontulilaavun valvonta 2. Tietojen k\u00e4sittelyn tarkoitusOmaisuuden turvaaminen 3. Yhteisrekisterinpit\u00e4j\u00e4Rovaniemen Rotaryklubi ry, www.rotary.fi\/rovaniemenrotaryklubi 4. Rekister\u00f6ityjen ryhm\u00e4tRevotulilaavulla vierailevat henkil\u00f6t 5. Henkil\u00f6tietojen ryhm\u00e4tVideokuva, \u00e4\u00e4ni 6. Vastaanottajaryhm\u00e4tViranomaiset, vakuutusyhti\u00f6t, klubien johtohenkil\u00f6t 7. Henkil\u00f6tietojen siirto kolmansiin maihin tai kansainv\u00e4lisiin j\u00e4rjest\u00f6ihinHenkil\u00f6tietoja ei siirret\u00e4 [&hellip;]<\/p>\n","protected":false},"author":122,"featured_media":0,"parent":0,"menu_order":0,"comment_status":"closed","ping_status":"closed","template":"","meta":{"_acf_changed":false,"_et_pb_use_builder":"on","_et_pb_old_content":"Rekisterinpit\u00e4j\u00e4:\r\n\r\nRovaniemi Santa Claus Rotaryklubi ry","_et_gb_content_width":"","footnotes":""},"class_list":["post-2666","page","type-page","status-publish","hentry"],"acf":[],"yoast_head":"<!-- This site is optimized with the Yoast SEO plugin v27.4 - https:\/\/yoast.com\/product\/yoast-seo-wordpress\/ -->\n<title>Kameravalvonnan tietosuoja - Rovaniemi Santa Claus Rotaryklubi<\/title>\n<meta name=\"robots\" content=\"index, follow, max-snippet:-1, max-image-preview:large, max-video-preview:-1\" \/>\n<link rel=\"canonical\" href=\"https:\/\/rotary.fi\/rovaniemisantaclaus\/kameravalvonnan-tietosuoja\/\" \/>\n<meta property=\"og:locale\" content=\"fi_FI\" \/>\n<meta property=\"og:type\" content=\"article\" \/>\n<meta property=\"og:title\" content=\"Kameravalvonnan tietosuoja - Rovaniemi Santa Claus Rotaryklubi\" \/>\n<meta property=\"og:description\" content=\"Revontulilaavun kameravalvonnan tietosuojaseloste Rekisterinpit\u00e4j\u00e4:\u00a0Rovaniemi Santa Claus Rotaryklubi ryKorkalonkatu 29, 96200\u00a0 ROVANIEMIrc.rovaniemi.santa.claus@rotaryd1385.orgtarkemmat yhteystiedot verkkosivuilla kohdassa Hallitus 1. Teht\u00e4v\u00e4 johon tietoja k\u00e4sitell\u00e4\u00e4nRevontulilaavun valvonta 2. Tietojen k\u00e4sittelyn tarkoitusOmaisuuden turvaaminen 3. Yhteisrekisterinpit\u00e4j\u00e4Rovaniemen Rotaryklubi ry, www.rotary.fi\/rovaniemenrotaryklubi 4. Rekister\u00f6ityjen ryhm\u00e4tRevotulilaavulla vierailevat henkil\u00f6t 5. Henkil\u00f6tietojen ryhm\u00e4tVideokuva, \u00e4\u00e4ni 6. Vastaanottajaryhm\u00e4tViranomaiset, vakuutusyhti\u00f6t, klubien johtohenkil\u00f6t 7. Henkil\u00f6tietojen siirto kolmansiin maihin tai kansainv\u00e4lisiin j\u00e4rjest\u00f6ihinHenkil\u00f6tietoja ei siirret\u00e4 [&hellip;]\" \/>\n<meta property=\"og:url\" content=\"https:\/\/rotary.fi\/rovaniemisantaclaus\/kameravalvonnan-tietosuoja\/\" \/>\n<meta property=\"og:site_name\" content=\"Rovaniemi Santa Claus Rotaryklubi\" \/>\n<meta property=\"article:modified_time\" content=\"2024-05-28T18:09:46+00:00\" \/>\n<meta name=\"twitter:card\" content=\"summary_large_image\" \/>\n<meta name=\"twitter:label1\" content=\"Arvioitu lukuaika\" \/>\n\t<meta name=\"twitter:data1\" content=\"1 minuutti\" \/>\n<script type=\"application\/ld+json\" class=\"yoast-schema-graph\">{\"@context\":\"https:\\\/\\\/schema.org\",\"@graph\":[{\"@type\":\"WebPage\",\"@id\":\"https:\\\/\\\/rotary.fi\\\/rovaniemisantaclaus\\\/kameravalvonnan-tietosuoja\\\/\",\"url\":\"https:\\\/\\\/rotary.fi\\\/rovaniemisantaclaus\\\/kameravalvonnan-tietosuoja\\\/\",\"name\":\"Kameravalvonnan tietosuoja - Rovaniemi Santa Claus Rotaryklubi\",\"isPartOf\":{\"@id\":\"https:\\\/\\\/rotary.fi\\\/rovaniemisantaclaus\\\/#website\"},\"datePublished\":\"2024-05-28T15:17:38+00:00\",\"dateModified\":\"2024-05-28T18:09:46+00:00\",\"breadcrumb\":{\"@id\":\"https:\\\/\\\/rotary.fi\\\/rovaniemisantaclaus\\\/kameravalvonnan-tietosuoja\\\/#breadcrumb\"},\"inLanguage\":\"fi\",\"potentialAction\":[{\"@type\":\"ReadAction\",\"target\":[\"https:\\\/\\\/rotary.fi\\\/rovaniemisantaclaus\\\/kameravalvonnan-tietosuoja\\\/\"]}]},{\"@type\":\"BreadcrumbList\",\"@id\":\"https:\\\/\\\/rotary.fi\\\/rovaniemisantaclaus\\\/kameravalvonnan-tietosuoja\\\/#breadcrumb\",\"itemListElement\":[{\"@type\":\"ListItem\",\"position\":1,\"name\":\"Home\",\"item\":\"https:\\\/\\\/rotary.fi\\\/rovaniemisantaclaus\\\/\"},{\"@type\":\"ListItem\",\"position\":2,\"name\":\"Kameravalvonnan tietosuoja\"}]},{\"@type\":\"WebSite\",\"@id\":\"https:\\\/\\\/rotary.fi\\\/rovaniemisantaclaus\\\/#website\",\"url\":\"https:\\\/\\\/rotary.fi\\\/rovaniemisantaclaus\\\/\",\"name\":\"Rovaniemi Santa Claus Rotaryklubi\",\"description\":\"Uusi Rotary klubisivusto\",\"potentialAction\":[{\"@type\":\"SearchAction\",\"target\":{\"@type\":\"EntryPoint\",\"urlTemplate\":\"https:\\\/\\\/rotary.fi\\\/rovaniemisantaclaus\\\/?s={search_term_string}\"},\"query-input\":{\"@type\":\"PropertyValueSpecification\",\"valueRequired\":true,\"valueName\":\"search_term_string\"}}],\"inLanguage\":\"fi\"}]}<\/script>\n<!-- \/ Yoast SEO plugin. -->","yoast_head_json":{"title":"Kameravalvonnan tietosuoja - Rovaniemi Santa Claus Rotaryklubi","robots":{"index":"index","follow":"follow","max-snippet":"max-snippet:-1","max-image-preview":"max-image-preview:large","max-video-preview":"max-video-preview:-1"},"canonical":"https:\/\/rotary.fi\/rovaniemisantaclaus\/kameravalvonnan-tietosuoja\/","og_locale":"fi_FI","og_type":"article","og_title":"Kameravalvonnan tietosuoja - Rovaniemi Santa Claus Rotaryklubi","og_description":"Revontulilaavun kameravalvonnan tietosuojaseloste Rekisterinpit\u00e4j\u00e4:\u00a0Rovaniemi Santa Claus Rotaryklubi ryKorkalonkatu 29, 96200\u00a0 ROVANIEMIrc.rovaniemi.santa.claus@rotaryd1385.orgtarkemmat yhteystiedot verkkosivuilla kohdassa Hallitus 1. Teht\u00e4v\u00e4 johon tietoja k\u00e4sitell\u00e4\u00e4nRevontulilaavun valvonta 2. Tietojen k\u00e4sittelyn tarkoitusOmaisuuden turvaaminen 3. Yhteisrekisterinpit\u00e4j\u00e4Rovaniemen Rotaryklubi ry, www.rotary.fi\/rovaniemenrotaryklubi 4. Rekister\u00f6ityjen ryhm\u00e4tRevotulilaavulla vierailevat henkil\u00f6t 5. Henkil\u00f6tietojen ryhm\u00e4tVideokuva, \u00e4\u00e4ni 6. Vastaanottajaryhm\u00e4tViranomaiset, vakuutusyhti\u00f6t, klubien johtohenkil\u00f6t 7. Henkil\u00f6tietojen siirto kolmansiin maihin tai kansainv\u00e4lisiin j\u00e4rjest\u00f6ihinHenkil\u00f6tietoja ei siirret\u00e4 [&hellip;]","og_url":"https:\/\/rotary.fi\/rovaniemisantaclaus\/kameravalvonnan-tietosuoja\/","og_site_name":"Rovaniemi Santa Claus Rotaryklubi","article_modified_time":"2024-05-28T18:09:46+00:00","twitter_card":"summary_large_image","twitter_misc":{"Arvioitu lukuaika":"1 minuutti"},"schema":{"@context":"https:\/\/schema.org","@graph":[{"@type":"WebPage","@id":"https:\/\/rotary.fi\/rovaniemisantaclaus\/kameravalvonnan-tietosuoja\/","url":"https:\/\/rotary.fi\/rovaniemisantaclaus\/kameravalvonnan-tietosuoja\/","name":"Kameravalvonnan tietosuoja - Rovaniemi Santa Claus Rotaryklubi","isPartOf":{"@id":"https:\/\/rotary.fi\/rovaniemisantaclaus\/#website"},"datePublished":"2024-05-28T15:17:38+00:00","dateModified":"2024-05-28T18:09:46+00:00","breadcrumb":{"@id":"https:\/\/rotary.fi\/rovaniemisantaclaus\/kameravalvonnan-tietosuoja\/#breadcrumb"},"inLanguage":"fi","potentialAction":[{"@type":"ReadAction","target":["https:\/\/rotary.fi\/rovaniemisantaclaus\/kameravalvonnan-tietosuoja\/"]}]},{"@type":"BreadcrumbList","@id":"https:\/\/rotary.fi\/rovaniemisantaclaus\/kameravalvonnan-tietosuoja\/#breadcrumb","itemListElement":[{"@type":"ListItem","position":1,"name":"Home","item":"https:\/\/rotary.fi\/rovaniemisantaclaus\/"},{"@type":"ListItem","position":2,"name":"Kameravalvonnan tietosuoja"}]},{"@type":"WebSite","@id":"https:\/\/rotary.fi\/rovaniemisantaclaus\/#website","url":"https:\/\/rotary.fi\/rovaniemisantaclaus\/","name":"Rovaniemi Santa Claus Rotaryklubi","description":"Uusi Rotary klubisivusto","potentialAction":[{"@type":"SearchAction","target":{"@type":"EntryPoint","urlTemplate":"https:\/\/rotary.fi\/rovaniemisantaclaus\/?s={search_term_string}"},"query-input":{"@type":"PropertyValueSpecification","valueRequired":true,"valueName":"search_term_string"}}],"inLanguage":"fi"}]}},"lang":"fi","translations":{"fi":2666},"pll_sync_post":[],"_links":{"self":[{"href":"https:\/\/rotary.fi\/rovaniemisantaclaus\/wp-json\/wp\/v2\/pages\/2666","targetHints":{"allow":["GET"]}}],"collection":[{"href":"https:\/\/rotary.fi\/rovaniemisantaclaus\/wp-json\/wp\/v2\/pages"}],"about":[{"href":"https:\/\/rotary.fi\/rovaniemisantaclaus\/wp-json\/wp\/v2\/types\/page"}],"author":[{"embeddable":true,"href":"https:\/\/rotary.fi\/rovaniemisantaclaus\/wp-json\/wp\/v2\/users\/122"}],"replies":[{"embeddable":true,"href":"https:\/\/rotary.fi\/rovaniemisantaclaus\/wp-json\/wp\/v2\/comments?post=2666"}],"version-history":[{"count":4,"href":"https:\/\/rotary.fi\/rovaniemisantaclaus\/wp-json\/wp\/v2\/pages\/2666\/revisions"}],"predecessor-version":[{"id":2672,"href":"https:\/\/rotary.fi\/rovaniemisantaclaus\/wp-json\/wp\/v2\/pages\/2666\/revisions\/2672"}],"wp:attachment":[{"href":"https:\/\/rotary.fi\/rovaniemisantaclaus\/wp-json\/wp\/v2\/media?parent=2666"}],"curies":[{"name":"wp","href":"https:\/\/api.w.org\/{rel}","templated":true}]}}