{"id":1302,"date":"2018-11-27T08:54:09","date_gmt":"2018-11-27T06:54:09","guid":{"rendered":"https:\/\/rotary.fi\/rotakids\/?page_id=1302"},"modified":"2026-02-17T14:04:48","modified_gmt":"2026-02-17T12:04:48","slug":"rotakids-lukuviikko","status":"publish","type":"page","link":"https:\/\/rotary.fi\/rotakids\/mita-teemme\/rotakids-tunnusmusiikki\/rotakids-lukuviikko\/","title":{"rendered":"RotaKids lukuviikko"},"content":{"rendered":"<p>[et_pb_section fb_built=&#8221;1&#8243; module_class=&#8221;jumbotron-page&#8221; _builder_version=&#8221;4.27.4&#8243; background_image=&#8221;https:\/\/rotary.fi\/rotakids\/wp-content\/uploads\/sites\/264\/2025\/04\/rotakids-lukuviikko-2024-kitee.png&#8221; global_colors_info=&#8221;{}&#8221;][et_pb_row _builder_version=&#8221;4.16&#8243; background_size=&#8221;initial&#8221; background_position=&#8221;top_left&#8221; background_repeat=&#8221;repeat&#8221; global_colors_info=&#8221;{}&#8221;][et_pb_column type=&#8221;4_4&#8243; _builder_version=&#8221;4.16&#8243; custom_padding=&#8221;|||&#8221; global_colors_info=&#8221;{}&#8221; custom_padding__hover=&#8221;|||&#8221;][et_pb_text admin_label=&#8221;P\u00e4\u00e4otsikko&#8221; _builder_version=&#8221;4.27.4&#8243; text_orientation=&#8221;center&#8221; background_layout=&#8221;dark&#8221; global_colors_info=&#8221;{}&#8221;]<\/p>\n<h1>RotaKids lukuviikko<\/h1>\n<p>[\/et_pb_text][\/et_pb_column][\/et_pb_row][\/et_pb_section][et_pb_section fb_built=&#8221;1&#8243; _builder_version=&#8221;4.27.4&#8243; _module_preset=&#8221;default&#8221; global_colors_info=&#8221;{}&#8221;][et_pb_row _builder_version=&#8221;4.27.4&#8243; _module_preset=&#8221;default&#8221; global_colors_info=&#8221;{}&#8221;][et_pb_column type=&#8221;4_4&#8243; _builder_version=&#8221;4.27.4&#8243; _module_preset=&#8221;default&#8221; global_colors_info=&#8221;{}&#8221;][et_pb_heading title=&#8221;RotaKids lukuviikko &#8221; admin_label=&#8221;Otsikko&#8221; _builder_version=&#8221;4.27.4&#8243; _module_preset=&#8221;default&#8221; title_level=&#8221;h3&#8243; global_colors_info=&#8221;{}&#8221;][\/et_pb_heading][et_pb_text _builder_version=&#8221;4.27.4&#8243; _module_preset=&#8221;default&#8221; custom_padding=&#8221;7px|||||&#8221; hover_enabled=&#8221;0&#8243; global_colors_info=&#8221;{}&#8221; sticky_enabled=&#8221;0&#8243;]<\/p>\n<p class=\"zfr3Q CDt4Ke \" dir=\"ltr\"><span class=\"C9DxTc \"><strong>Lukuviikko on vuosittainen valtakunnallinen lukutaidon teemaviikko<\/strong>. Rotaryklubien toivotaan osallistuvan lukuviikkoon j\u00e4rjest\u00e4m\u00e4ll\u00e4 esi- ja alakouluik\u00e4isille sopivaa, lukivalmiuksia ja lukutaitoa kehitt\u00e4v\u00e4\u00e4 ohjelmaa.\u00a0<\/span><\/p>\n<p>&nbsp;<\/p>\n<p class=\"zfr3Q CDt4Ke \" dir=\"ltr\"><span class=\"C9DxTc \">Vuonna 2026 Lukuviikon <strong>teema on lukemaan oppiminen<\/strong>. Lukuviikko j\u00e4rjestet\u00e4\u00e4n <strong>20.\u201326.4.2026<\/strong>. Teemaviikon otsikko <em>Lukeminen on juhla!<\/em> muistuttaa kuinka lukeminen ja lukutaito ovat ilo ja etuoikeus.<\/span><\/p>\n<p>&nbsp;<\/p>\n<p class=\"zfr3Q CDt4Ke \" dir=\"ltr\"><span class=\"C9DxTc \">Lukukokemusten my\u00f6t\u00e4 maailmat kohtaavat, opimme uutta ja ymm\u00e4rrys, solidaarisuus ja empatia kasvavat. Ihmisten kohtaaminen voi tapahtua niin fyysisess\u00e4 ymp\u00e4rist\u00f6ss\u00e4 kuin virtuaalisestikin; esimerkiksi kirjastoissa, kouluissa,verkossa tai sosiaalisessa mediassa. Tapahtuma voi olla esimerkiksi vaihto-oppilaan vet\u00e4m\u00e4 satutunti kirjastossa, lukupiiri koulussa tai vaikka satumummon tai -papan vet\u00e4m\u00e4 lukutuokio p\u00e4iv\u00e4kodissa.<\/span><\/p>\n<p>&nbsp;<\/p>\n<p class=\"zfr3Q CDt4Ke \" dir=\"ltr\"><span class=\"C9DxTc \">Tapahtumien suunnitteluun voi hy\u00f6dynt\u00e4\u00e4 saatavilla olevia RotaKids-lukuviikon materiaaleja. Tapahtuman suunnittelua varten l\u00f6ytyy julistepohja, kirjalistoja alakouluik\u00e4isille sopivista kirjoista eri kielill\u00e4, sek\u00e4 Kivaa lukemista Kidseille -teht\u00e4v\u00e4.<\/span><\/p>\n<p class=\"zfr3Q CDt4Ke \" dir=\"ltr\">Katso lis\u00e4\u00e4 tietoa lukuviikosta <a href=\"https:\/\/lukuviikko.fi\/\">https:\/\/lukuviikko.fi\/<\/a><\/p>\n<p>[\/et_pb_text][\/et_pb_column][\/et_pb_row][et_pb_row _builder_version=&#8221;4.27.4&#8243; _module_preset=&#8221;default&#8221; global_colors_info=&#8221;{}&#8221;][et_pb_column type=&#8221;4_4&#8243; _builder_version=&#8221;4.27.4&#8243; _module_preset=&#8221;default&#8221; global_colors_info=&#8221;{}&#8221;][et_pb_divider _builder_version=&#8221;4.27.4&#8243; _module_preset=&#8221;default&#8221; global_colors_info=&#8221;{}&#8221;][\/et_pb_divider][\/et_pb_column][\/et_pb_row][et_pb_row column_structure=&#8221;2_5,3_5&#8243; _builder_version=&#8221;4.27.4&#8243; _module_preset=&#8221;default&#8221; global_colors_info=&#8221;{}&#8221;][et_pb_column type=&#8221;2_5&#8243; _builder_version=&#8221;4.27.4&#8243; _module_preset=&#8221;default&#8221; global_colors_info=&#8221;{}&#8221;][et_pb_image src=&#8221;https:\/\/rotary.fi\/rotakids\/wp-content\/uploads\/sites\/264\/2025\/04\/untitled-1.png&#8221; title_text=&#8221;Untitled (1)&#8221; _builder_version=&#8221;4.27.4&#8243; _module_preset=&#8221;default&#8221; global_colors_info=&#8221;{}&#8221;][\/et_pb_image][\/et_pb_column][et_pb_column type=&#8221;3_5&#8243; _builder_version=&#8221;4.27.4&#8243; _module_preset=&#8221;default&#8221; global_colors_info=&#8221;{}&#8221;][et_pb_text _builder_version=&#8221;4.27.4&#8243; _module_preset=&#8221;default&#8221; global_colors_info=&#8221;{}&#8221;]<\/p>\n<p class=\"zfr3Q CDt4Ke \" dir=\"ltr\"><span class=\"C9DxTc \">T\u00e4\u00e4lt\u00e4 l\u00f6yd\u00e4t lukuviikon muokattavan\u00a0<\/span><a class=\"XqQF9c\" href=\"https:\/\/docs.google.com\/presentation\/d\/1MC0v-nvZc2g7h60zGVjc6fl2zyiamaGT\/edit?usp=drive_link&amp;ouid=102540011670779724292&amp;rtpof=true&amp;sd=true\" target=\"_blank\" rel=\"noopener\"><span class=\"C9DxTc \">esitteen ja ohjeet<\/span><\/a><span class=\"C9DxTc \">.<\/span><\/p>\n<p class=\"zfr3Q CDt4Ke \" dir=\"ltr\"><span class=\"C9DxTc \">T\u00e4\u00e4lt\u00e4 l\u00f6yd\u00e4t\u00a0<\/span><a class=\"XqQF9c\" href=\"https:\/\/drive.google.com\/file\/d\/1Y_-aYfhodT4UEo7q8ytCHyy9Xm1UQN7H\/view?usp=sharing\" target=\"_blank\" rel=\"noopener\"><span class=\"C9DxTc \">Kivaa lukemista Kidseille<\/span><\/a><span class=\"C9DxTc \">\u00a0<\/span><span class=\"C9DxTc \">-teht\u00e4v\u00e4n.<\/span><\/p>\n<p>&nbsp;<\/p>\n<p class=\"zfr3Q CDt4Ke \" dir=\"ltr\"><span class=\"C9DxTc \">N\u00e4ist\u00e4 linkeist\u00e4 l\u00f6yd\u00e4t runsaasti kirjavinkkej\u00e4 lapsille:<\/span><\/p>\n<p class=\"zfr3Q CDt4Ke \" dir=\"ltr\"><a class=\"XqQF9c\" href=\"https:\/\/kirjastossatavataan.fi\/lanu-ja-kouluyhteistyo\/kampanjat-ja-lasten-lukuvinkit\/lasten-lukuvinkit\/\" target=\"_blank\" rel=\"noopener\"><span class=\"C9DxTc \">https:\/\/kirjastossatavataan.fi\/lanu-ja-kouluyhteistyo\/kampanjat-ja-lasten-lukuvinkit\/lasten-lukuvinkit\/<\/span><\/a><\/p>\n<p class=\"zfr3Q CDt4Ke \" dir=\"ltr\"><a class=\"XqQF9c\" href=\"https:\/\/www.ouka.fi\/kirjastoreitti-lukumetka\/kirjavinkkeja-kasvattajille-ja-opettajille?accordion=accordion-6921\" target=\"_blank\" rel=\"noopener\"><span class=\"C9DxTc \">https:\/\/www.ouka.fi\/kirjastoreitti-lukumetka\/kirjavinkkeja-kasvattajille-ja-opettajille?accordion=accordion-6921<\/span><\/a><\/p>\n<p class=\"zfr3Q CDt4Ke \" dir=\"ltr\"><a class=\"XqQF9c\" href=\"https:\/\/yle.fi\/aihe\/artikkeli\/2020\/12\/16\/poimi-tasta-kirjavinkit-lapsille-nuorille-ja-nuorille-aikuisille\" target=\"_blank\" rel=\"noopener\"><span class=\"C9DxTc \">https:\/\/yle.fi\/aihe\/artikkeli\/2020\/12\/16\/poimi-tasta-kirjavinkit-lapsille-nuorille-ja-nuorille-aikuisille<\/span><\/a><\/p>\n<p class=\"zfr3Q CDt4Ke \" dir=\"ltr\"><a class=\"XqQF9c\" href=\"https:\/\/lukemo.fi\/lukuintoa\/varhaiskasvatukseen\/\" target=\"_blank\" rel=\"noopener\"><span class=\"C9DxTc \">https:\/\/lukemo.fi\/lukuintoa\/varhaiskasvatukseen\/<\/span><\/a><\/p>\n<p class=\"zfr3Q CDt4Ke \" dir=\"ltr\"><a class=\"XqQF9c\" href=\"https:\/\/lukemo.fi\/lukuintoa\/selkopolku\/\" target=\"_blank\" rel=\"noopener\"><span class=\"C9DxTc \">https:\/\/lukemo.fi\/lukuintoa\/selkopolku\/<\/span><\/a><\/p>\n<p class=\"zfr3Q CDt4Ke \" dir=\"ltr\"><a class=\"XqQF9c\" href=\"https:\/\/touhula.fi\/blogi\/kirjavinkkeja-lapsiperheelle\/\" target=\"_blank\" rel=\"noopener\"><span class=\"C9DxTc \">https:\/\/touhula.fi\/blogi\/kirjavinkkeja-lapsiperheelle\/<\/span><\/a><\/p>\n<p class=\"zfr3Q CDt4Ke \" dir=\"ltr\"><a class=\"XqQF9c\" href=\"https:\/\/luelapselle.fi\/\" target=\"_blank\" rel=\"noopener\"><span class=\"C9DxTc \">https:\/\/luelapselle.fi\/<\/span><\/a><\/p>\n<p>&nbsp;<\/p>\n<p class=\"zfr3Q CDt4Ke \" dir=\"ltr\"><span class=\"C9DxTc \">Kivoja ja opettavaisia kirjoja lapsille:\u00a0<\/span><\/p>\n<p class=\"zfr3Q CDt4Ke \" dir=\"ltr\"><a class=\"XqQF9c\" href=\"https:\/\/www.adlibris.com\/fi\/kirja\/elsa-ja-lauri-riehuvat-9789523412835?gad_source=1&amp;gclid=EAIaIQobChMIyeDN58u7hAMV66iDBx3_7QJREAQYASABEgJTt_D_BwE\" target=\"_blank\" rel=\"noopener\"><span class=\"C9DxTc \">https:\/\/www.adlibris.com\/fi\/kirja\/elsa-ja-lauri-riehuvat-9789523412835?gad_source=1&amp;gclid=EAIaIQobChMIyeDN58u7hAMV66iDBx3_7QJREAQYASABEgJTt_D_BwE<\/span><\/a><\/p>\n<p>&nbsp;<\/p>\n<p class=\"zfr3Q CDt4Ke \" dir=\"ltr\"><a class=\"XqQF9c\" href=\"https:\/\/kirja.fi\/products\/mennaan-jo-naapuriin-9789513196615?gad_source=1&amp;gclid=EAIaIQobChMI3PntlMy7hAMVnoKDBx3oOwCSEAQYASABEgI-_PD_BwE\" target=\"_blank\" rel=\"noopener\"><span class=\"C9DxTc \">https:\/\/kirja.fi\/products\/mennaan-jo-naapuriin-9789513196615?gad_source=1&amp;gclid=EAIaIQobChMI3PntlMy7hAMVnoKDBx3oOwCSEAQYASABEgI-_PD_BwE<\/span><\/a><\/p>\n<p>&nbsp;<\/p>\n<p class=\"zfr3Q CDt4Ke \" dir=\"ltr\"><a class=\"XqQF9c\" href=\"https:\/\/kirja.fi\/collections\/kaisu-sandberg\/products\/tietopalat-kaikenkirjavat-linnut-9789510499085?pr_prod_strat=jac&amp;pr_rec_id=53294bd14&amp;pr_rec_pid=8019303825667&amp;pr_ref_pid=7628596379907&amp;pr_seq=uniform\" target=\"_blank\" rel=\"noopener\"><span class=\"C9DxTc \">https:\/\/kirja.fi\/collections\/kaisu-sandberg\/products\/tietopalat-kaikenkirjavat-linnut-9789510499085?pr_prod_strat=jac&amp;pr_rec_id=53294bd14&amp;pr_rec_pid=8019303825667&amp;pr_ref_pid=7628596379907&amp;pr_seq=uniform<\/span><\/a><\/p>\n<p>&nbsp;<\/p>\n<p class=\"zfr3Q CDt4Ke \" dir=\"ltr\"><span class=\"C9DxTc \">Hyvi\u00e4 materiaaleja\/pelej\u00e4:<\/span><\/p>\n<p class=\"zfr3Q CDt4Ke \" dir=\"ltr\"><a class=\"XqQF9c\" href=\"https:\/\/www.varinautit.fi\/wp-content\/uploads\/2022\/03\/varinautit_lukupeli.pdf\" target=\"_blank\" rel=\"noopener\"><span class=\"C9DxTc \">https:\/\/www.varinautit.fi\/wp-content\/uploads\/2022\/03\/varinautit_lukupeli.pdf<\/span><\/a><\/p>\n<p>&nbsp;<\/p>\n<p class=\"zfr3Q CDt4Ke \" dir=\"ltr\"><a class=\"XqQF9c\" href=\"https:\/\/www.varinautit.fi\/pelit\/\" target=\"_blank\" rel=\"noopener\"><span class=\"C9DxTc \">https:\/\/www.varinautit.fi\/pelit\/<\/span><\/a><\/p>\n<p>&nbsp;<\/p>\n<p class=\"zfr3Q CDt4Ke \" dir=\"ltr\"><span class=\"C9DxTc \">Lukuhaasteita:\u00a0<\/span><\/p>\n<p class=\"zfr3Q CDt4Ke \" dir=\"ltr\"><a class=\"XqQF9c\" href=\"https:\/\/www.varinautit.fi\/lukeminen\/\" target=\"_blank\" rel=\"noopener\"><span class=\"C9DxTc \">https:\/\/www.varinautit.fi\/lukeminen\/<\/span><\/a><\/p>\n<p>[\/et_pb_text][\/et_pb_column][\/et_pb_row][et_pb_row _builder_version=&#8221;4.27.4&#8243; _module_preset=&#8221;default&#8221; global_colors_info=&#8221;{}&#8221;][et_pb_column type=&#8221;4_4&#8243; _builder_version=&#8221;4.27.4&#8243; _module_preset=&#8221;default&#8221; global_colors_info=&#8221;{}&#8221;][et_pb_divider _builder_version=&#8221;4.27.4&#8243; _module_preset=&#8221;default&#8221; global_colors_info=&#8221;{}&#8221;][\/et_pb_divider][\/et_pb_column][\/et_pb_row][et_pb_row _builder_version=&#8221;4.27.4&#8243; _module_preset=&#8221;default&#8221; global_colors_info=&#8221;{}&#8221;][et_pb_column type=&#8221;4_4&#8243; _builder_version=&#8221;4.27.4&#8243; _module_preset=&#8221;default&#8221; global_colors_info=&#8221;{}&#8221;][et_pb_text _builder_version=&#8221;4.27.4&#8243; _module_preset=&#8221;default&#8221; global_colors_info=&#8221;{}&#8221;]<\/p>\n<p class=\"zfr3Q CDt4Ke \" dir=\"ltr\"><span class=\"C9DxTc \">Lukuviikkotapahtumien markkinoinnissa toivotaan k\u00e4ytett\u00e4v\u00e4n seuraavia aihetunnisteita:\u00a0<\/span><\/p>\n<p class=\"zfr3Q CDt4Ke \" dir=\"ltr\"><span class=\"C9DxTc \">#rotakidsfinland\u00a0<\/span><\/p>\n<p class=\"zfr3Q CDt4Ke \" dir=\"ltr\"><span class=\"C9DxTc \">#rotakids\u00a0<\/span><\/p>\n<p class=\"zfr3Q CDt4Ke \" dir=\"ltr\"><span class=\"C9DxTc \">#lukuviikko\u00a0<\/span><\/p>\n<p>[\/et_pb_text][\/et_pb_column][\/et_pb_row][\/et_pb_section]<\/p>\n","protected":false},"excerpt":{"rendered":"<p>RotaKids lukuviikkoLukuviikko on vuosittainen valtakunnallinen lukutaidon teemaviikko. Rotaryklubien toivotaan osallistuvan lukuviikkoon j\u00e4rjest\u00e4m\u00e4ll\u00e4 esi- ja alakouluik\u00e4isille sopivaa, lukivalmiuksia ja lukutaitoa kehitt\u00e4v\u00e4\u00e4 ohjelmaa.\u00a0 &nbsp; Vuonna 2026 Lukuviikon teema on lukemaan oppiminen. Lukuviikko j\u00e4rjestet\u00e4\u00e4n 20.\u201326.4.2026. Teemaviikon otsikko Lukeminen on juhla! muistuttaa kuinka lukeminen ja lukutaito ovat ilo ja etuoikeus. &nbsp; Lukukokemusten my\u00f6t\u00e4 maailmat kohtaavat, opimme uutta ja ymm\u00e4rrys, [&hellip;]<\/p>\n","protected":false},"author":1,"featured_media":0,"parent":158,"menu_order":0,"comment_status":"closed","ping_status":"closed","template":"","meta":{"_acf_changed":false,"_et_pb_use_builder":"on","_et_pb_old_content":"","_et_gb_content_width":"","footnotes":""},"class_list":["post-1302","page","type-page","status-publish","hentry"],"acf":[],"yoast_head":"<!-- This site is optimized with the Yoast SEO plugin v27.4 - https:\/\/yoast.com\/product\/yoast-seo-wordpress\/ -->\n<title>RotaKids lukuviikko - RotaKids<\/title>\n<meta name=\"robots\" content=\"noindex, follow, max-snippet:-1, max-image-preview:large, max-video-preview:-1\" \/>\n<meta property=\"og:locale\" content=\"fi_FI\" \/>\n<meta property=\"og:type\" content=\"article\" \/>\n<meta property=\"og:title\" content=\"RotaKids lukuviikko - RotaKids\" \/>\n<meta property=\"og:description\" content=\"RotaKids lukuviikkoLukuviikko on vuosittainen valtakunnallinen lukutaidon teemaviikko. Rotaryklubien toivotaan osallistuvan lukuviikkoon j\u00e4rjest\u00e4m\u00e4ll\u00e4 esi- ja alakouluik\u00e4isille sopivaa, lukivalmiuksia ja lukutaitoa kehitt\u00e4v\u00e4\u00e4 ohjelmaa.\u00a0 &nbsp; Vuonna 2026 Lukuviikon teema on lukemaan oppiminen. Lukuviikko j\u00e4rjestet\u00e4\u00e4n 20.\u201326.4.2026. Teemaviikon otsikko Lukeminen on juhla! muistuttaa kuinka lukeminen ja lukutaito ovat ilo ja etuoikeus. &nbsp; Lukukokemusten my\u00f6t\u00e4 maailmat kohtaavat, opimme uutta ja ymm\u00e4rrys, [&hellip;]\" \/>\n<meta property=\"og:url\" content=\"https:\/\/rotary.fi\/rotakids\/mita-teemme\/rotakids-tunnusmusiikki\/rotakids-lukuviikko\/\" \/>\n<meta property=\"og:site_name\" content=\"RotaKids\" \/>\n<meta property=\"article:modified_time\" content=\"2026-02-17T12:04:48+00:00\" \/>\n<meta name=\"twitter:card\" content=\"summary_large_image\" \/>\n<meta name=\"twitter:label1\" content=\"Arvioitu lukuaika\" \/>\n\t<meta name=\"twitter:data1\" content=\"2 minuuttia\" \/>\n<script type=\"application\/ld+json\" class=\"yoast-schema-graph\">{\"@context\":\"https:\\\/\\\/schema.org\",\"@graph\":[{\"@type\":\"WebPage\",\"@id\":\"https:\\\/\\\/rotary.fi\\\/rotakids\\\/mita-teemme\\\/rotakids-tunnusmusiikki\\\/rotakids-lukuviikko\\\/\",\"url\":\"https:\\\/\\\/rotary.fi\\\/rotakids\\\/mita-teemme\\\/rotakids-tunnusmusiikki\\\/rotakids-lukuviikko\\\/\",\"name\":\"RotaKids lukuviikko - RotaKids\",\"isPartOf\":{\"@id\":\"https:\\\/\\\/rotary.fi\\\/rotakids\\\/#website\"},\"datePublished\":\"2018-11-27T06:54:09+00:00\",\"dateModified\":\"2026-02-17T12:04:48+00:00\",\"breadcrumb\":{\"@id\":\"https:\\\/\\\/rotary.fi\\\/rotakids\\\/mita-teemme\\\/rotakids-tunnusmusiikki\\\/rotakids-lukuviikko\\\/#breadcrumb\"},\"inLanguage\":\"fi\",\"potentialAction\":[{\"@type\":\"ReadAction\",\"target\":[\"https:\\\/\\\/rotary.fi\\\/rotakids\\\/mita-teemme\\\/rotakids-tunnusmusiikki\\\/rotakids-lukuviikko\\\/\"]}]},{\"@type\":\"BreadcrumbList\",\"@id\":\"https:\\\/\\\/rotary.fi\\\/rotakids\\\/mita-teemme\\\/rotakids-tunnusmusiikki\\\/rotakids-lukuviikko\\\/#breadcrumb\",\"itemListElement\":[{\"@type\":\"ListItem\",\"position\":1,\"name\":\"Home\",\"item\":\"https:\\\/\\\/rotary.fi\\\/rotakids\\\/\"},{\"@type\":\"ListItem\",\"position\":2,\"name\":\"Mit\u00e4 teemme\",\"item\":\"https:\\\/\\\/rotary.fi\\\/rotakids\\\/mita-teemme\\\/\"},{\"@type\":\"ListItem\",\"position\":3,\"name\":\"RotaKids tunnusmusiikki\",\"item\":\"https:\\\/\\\/rotary.fi\\\/rotakids\\\/mita-teemme\\\/rotakids-tunnusmusiikki\\\/\"},{\"@type\":\"ListItem\",\"position\":4,\"name\":\"RotaKids lukuviikko\"}]},{\"@type\":\"WebSite\",\"@id\":\"https:\\\/\\\/rotary.fi\\\/rotakids\\\/#website\",\"url\":\"https:\\\/\\\/rotary.fi\\\/rotakids\\\/\",\"name\":\"RotaKids\",\"description\":\"Uusi Rotary klubisivusto\",\"potentialAction\":[{\"@type\":\"SearchAction\",\"target\":{\"@type\":\"EntryPoint\",\"urlTemplate\":\"https:\\\/\\\/rotary.fi\\\/rotakids\\\/?s={search_term_string}\"},\"query-input\":{\"@type\":\"PropertyValueSpecification\",\"valueRequired\":true,\"valueName\":\"search_term_string\"}}],\"inLanguage\":\"fi\"}]}<\/script>\n<!-- \/ Yoast SEO plugin. -->","yoast_head_json":{"title":"RotaKids lukuviikko - RotaKids","robots":{"index":"noindex","follow":"follow","max-snippet":"max-snippet:-1","max-image-preview":"max-image-preview:large","max-video-preview":"max-video-preview:-1"},"og_locale":"fi_FI","og_type":"article","og_title":"RotaKids lukuviikko - RotaKids","og_description":"RotaKids lukuviikkoLukuviikko on vuosittainen valtakunnallinen lukutaidon teemaviikko. Rotaryklubien toivotaan osallistuvan lukuviikkoon j\u00e4rjest\u00e4m\u00e4ll\u00e4 esi- ja alakouluik\u00e4isille sopivaa, lukivalmiuksia ja lukutaitoa kehitt\u00e4v\u00e4\u00e4 ohjelmaa.\u00a0 &nbsp; Vuonna 2026 Lukuviikon teema on lukemaan oppiminen. Lukuviikko j\u00e4rjestet\u00e4\u00e4n 20.\u201326.4.2026. Teemaviikon otsikko Lukeminen on juhla! muistuttaa kuinka lukeminen ja lukutaito ovat ilo ja etuoikeus. &nbsp; Lukukokemusten my\u00f6t\u00e4 maailmat kohtaavat, opimme uutta ja ymm\u00e4rrys, [&hellip;]","og_url":"https:\/\/rotary.fi\/rotakids\/mita-teemme\/rotakids-tunnusmusiikki\/rotakids-lukuviikko\/","og_site_name":"RotaKids","article_modified_time":"2026-02-17T12:04:48+00:00","twitter_card":"summary_large_image","twitter_misc":{"Arvioitu lukuaika":"2 minuuttia"},"schema":{"@context":"https:\/\/schema.org","@graph":[{"@type":"WebPage","@id":"https:\/\/rotary.fi\/rotakids\/mita-teemme\/rotakids-tunnusmusiikki\/rotakids-lukuviikko\/","url":"https:\/\/rotary.fi\/rotakids\/mita-teemme\/rotakids-tunnusmusiikki\/rotakids-lukuviikko\/","name":"RotaKids lukuviikko - RotaKids","isPartOf":{"@id":"https:\/\/rotary.fi\/rotakids\/#website"},"datePublished":"2018-11-27T06:54:09+00:00","dateModified":"2026-02-17T12:04:48+00:00","breadcrumb":{"@id":"https:\/\/rotary.fi\/rotakids\/mita-teemme\/rotakids-tunnusmusiikki\/rotakids-lukuviikko\/#breadcrumb"},"inLanguage":"fi","potentialAction":[{"@type":"ReadAction","target":["https:\/\/rotary.fi\/rotakids\/mita-teemme\/rotakids-tunnusmusiikki\/rotakids-lukuviikko\/"]}]},{"@type":"BreadcrumbList","@id":"https:\/\/rotary.fi\/rotakids\/mita-teemme\/rotakids-tunnusmusiikki\/rotakids-lukuviikko\/#breadcrumb","itemListElement":[{"@type":"ListItem","position":1,"name":"Home","item":"https:\/\/rotary.fi\/rotakids\/"},{"@type":"ListItem","position":2,"name":"Mit\u00e4 teemme","item":"https:\/\/rotary.fi\/rotakids\/mita-teemme\/"},{"@type":"ListItem","position":3,"name":"RotaKids tunnusmusiikki","item":"https:\/\/rotary.fi\/rotakids\/mita-teemme\/rotakids-tunnusmusiikki\/"},{"@type":"ListItem","position":4,"name":"RotaKids lukuviikko"}]},{"@type":"WebSite","@id":"https:\/\/rotary.fi\/rotakids\/#website","url":"https:\/\/rotary.fi\/rotakids\/","name":"RotaKids","description":"Uusi Rotary klubisivusto","potentialAction":[{"@type":"SearchAction","target":{"@type":"EntryPoint","urlTemplate":"https:\/\/rotary.fi\/rotakids\/?s={search_term_string}"},"query-input":{"@type":"PropertyValueSpecification","valueRequired":true,"valueName":"search_term_string"}}],"inLanguage":"fi"}]}},"lang":"fi","translations":{"fi":1302},"pll_sync_post":[],"_links":{"self":[{"href":"https:\/\/rotary.fi\/rotakids\/wp-json\/wp\/v2\/pages\/1302","targetHints":{"allow":["GET"]}}],"collection":[{"href":"https:\/\/rotary.fi\/rotakids\/wp-json\/wp\/v2\/pages"}],"about":[{"href":"https:\/\/rotary.fi\/rotakids\/wp-json\/wp\/v2\/types\/page"}],"author":[{"embeddable":true,"href":"https:\/\/rotary.fi\/rotakids\/wp-json\/wp\/v2\/users\/1"}],"replies":[{"embeddable":true,"href":"https:\/\/rotary.fi\/rotakids\/wp-json\/wp\/v2\/comments?post=1302"}],"version-history":[{"count":9,"href":"https:\/\/rotary.fi\/rotakids\/wp-json\/wp\/v2\/pages\/1302\/revisions"}],"predecessor-version":[{"id":2162,"href":"https:\/\/rotary.fi\/rotakids\/wp-json\/wp\/v2\/pages\/1302\/revisions\/2162"}],"up":[{"embeddable":true,"href":"https:\/\/rotary.fi\/rotakids\/wp-json\/wp\/v2\/pages\/158"}],"wp:attachment":[{"href":"https:\/\/rotary.fi\/rotakids\/wp-json\/wp\/v2\/media?parent=1302"}],"curies":[{"name":"wp","href":"https:\/\/api.w.org\/{rel}","templated":true}]}}