{"id":165,"date":"2018-08-13T09:52:52","date_gmt":"2018-08-13T06:52:52","guid":{"rendered":"https:\/\/rotary.fi\/hausjarviriihimaki\/?page_id=165"},"modified":"2020-02-12T16:52:39","modified_gmt":"2020-02-12T14:52:39","slug":"yhteistyo","status":"publish","type":"page","link":"https:\/\/rotary.fi\/riihimakihausjarvi\/mita-teemme\/yhteistyo\/","title":{"rendered":"Yhteisty\u00f6"},"content":{"rendered":"<p>[et_pb_section fb_built=&#8221;1&#8243; module_class=&#8221;jumbotron-page&#8221; _builder_version=&#8221;3.22&#8243; background_image=&#8221;https:\/\/rotary.fi\/hausjarviriihimaki\/wp-content\/uploads\/sites\/64\/2018\/08\/rotary_klubit_alasivu_paakuva_6.jpg&#8221;][et_pb_row _builder_version=&#8221;3.25&#8243; background_size=&#8221;initial&#8221; background_position=&#8221;top_left&#8221; background_repeat=&#8221;repeat&#8221;][et_pb_column type=&#8221;4_4&#8243; _builder_version=&#8221;3.25&#8243; custom_padding=&#8221;|||&#8221; custom_padding__hover=&#8221;|||&#8221;][et_pb_text admin_label=&#8221;P\u00e4\u00e4otsikko&#8221; _builder_version=&#8221;3.27.4&#8243; text_orientation=&#8221;center&#8221; background_layout=&#8221;dark&#8221;]<\/p>\n<h1>Yhteisty\u00f6<\/h1>\n<p>[\/et_pb_text][\/et_pb_column][\/et_pb_row][\/et_pb_section][et_pb_section fb_built=&#8221;1&#8243; specialty=&#8221;on&#8221; module_class_2=&#8221;sivupalkki&#8221; _builder_version=&#8221;3.22&#8243;][et_pb_column type=&#8221;2_3&#8243; specialty_columns=&#8221;2&#8243; _builder_version=&#8221;3.25&#8243; custom_padding=&#8221;|||&#8221; parallax__hover=&#8221;off&#8221; parallax_method__hover=&#8221;on&#8221; custom_padding__hover=&#8221;|||&#8221;][et_pb_row_inner admin_label=&#8221;Rivi&#8221; _builder_version=&#8221;3.25&#8243;][et_pb_column_inner saved_specialty_column_type=&#8221;2_3&#8243; _builder_version=&#8221;3.25&#8243; custom_padding=&#8221;|||&#8221; parallax__hover=&#8221;off&#8221; parallax_method__hover=&#8221;on&#8221; custom_padding__hover=&#8221;|||&#8221;][et_pb_text admin_label=&#8221;Otsikko&#8221; _builder_version=&#8221;3.27.4&#8243; text_orientation=&#8221;center&#8221;]<\/p>\n<h1>Yhteisty\u00f6<\/h1>\n<p>[\/et_pb_text][et_pb_text _builder_version=&#8221;4.1&#8243;]<\/p>\n<p><span style=\"font-size: 16px\">Klubimme toimii aktiivisesti nuorisovaihdossa sek\u00e4 palvelu- ja hyv\u00e4ntekev\u00e4isyysprojekteissa.\u00a0<\/span><\/p>\n<p>&nbsp;<\/p>\n<p>Kun haluat osallistua rotareiden ty\u00f6h\u00f6n lahjoittamalla aikaasi tai varoja, ota yst\u00e4v\u00e4llisesti yhteytt\u00e4 klubimme presidenttiin, katso kohta Yhteystiedot.<\/p>\n<p>&nbsp;<\/p>\n<p>&nbsp;<\/p>\n<p>&nbsp;<\/p>\n<h1><span>Linkkej\u00e4<\/span><\/h1>\n<p>&nbsp;<\/p>\n<p><span><a href=\"http:\/\/www.rotary.fi\/\">Suomen Rotary<\/a><\/span><\/p>\n<p><a href=\"http:\/\/www.rotary1420.org\/\" style=\"font-size: 16px\">Rotary Piiri 1420<\/a><span style=\"font-size: 16px\">\u00a0<\/span><\/p>\n<p><a target=\"_blank\" href=\"https:\/\/my.rotary.org\/en\/search\/club-finder\" rel=\"noopener noreferrer\" style=\"font-size: 16px\">Rotaryklubien kokoontumisajat ja -paikat<\/a><\/p>\n<p><a target=\"_blank\" href=\"http:\/\/www.ryefinland.com\/\" rel=\"noopener noreferrer\" style=\"font-size: 16px\">Suomen Rotaryn nuorisovaihto<\/a><\/p>\n<p><a href=\"http:\/\/www.innerwheel.fi\/\" style=\"font-size: 16px\">Inner Wheel Finland<\/a><\/p>\n<p><a href=\"http:\/\/www.verkkorotary.fi\/\" style=\"font-size: 16px\">Verkkorotary<\/a><\/p>\n<p><a href=\"http:\/\/www.kolumbus.fi\/rotary.riihimaki\/\" style=\"font-size: 16px\">Riihim\u00e4en Rotaryklubi<\/a><\/p>\n<p><a href=\"https:\/\/rotary.fi\/hyvinkaa\/\" style=\"font-size: 16px\">Hyvink\u00e4\u00e4n Rotaryklubi<\/a><\/p>\n<p><a target=\"_blank\" href=\"http:\/\/www.rotary.fi\/1420\/hyvinkaa-itainen\/\" rel=\"noopener noreferrer\" style=\"font-size: 16px\">Hyvink\u00e4\u00e4 It\u00e4inen\u00a0<\/a><a href=\"http:\/\/www.rotary.fi\/1420\/hyvinkaa-itainen\/\" style=\"font-size: 16px\">Rotaryklubi<\/a><\/p>\n<p><a href=\"http:\/\/rotary.aina.net\/\" style=\"font-size: 16px\">H\u00e4meenlinnan\u00a0<\/a><a href=\"http:\/\/rotary.aina.net\/\" style=\"font-size: 16px\">Rotaryklubi<\/a><\/p>\n<p><a href=\"https:\/\/sites.google.com\/site\/aulangonrotaryklubi\/koko-kauden-ohjelma\" style=\"font-size: 16px\">Aulangon Rotaryklubi<\/a><\/p>\n<p><a href=\"https:\/\/www.facebook.com\/Janakkalanrotaryklubi\" style=\"font-size: 16px\">Janakkalan Rotaryklubi<\/a><\/p>\n<p><a href=\"https:\/\/rotary.fi\/mantsala\/\" style=\"font-size: 16px\">M\u00e4nts\u00e4l\u00e4n Rotaryklubi<\/a><\/p>\n<p><a href=\"http:\/\/www.rotary.org\/\" style=\"font-size: 16px\">Rotary International<\/a><\/p>\n<p><a target=\"_blank\" href=\"http:\/\/www.roti.org\/\" title=\"Rotaryt Internetiss\u00e4\" rel=\"noopener noreferrer\" style=\"font-size: 16px\">Rotarians on the Internet ROTI<\/a><\/p>\n<p><a href=\"https:\/\/epaper.hansaprint.fi\/rotary\/rotarynorden.html\">Rotary Norden lehti<\/a><\/p>\n<p>&nbsp;<\/p>\n<p>[\/et_pb_text][\/et_pb_column_inner][\/et_pb_row_inner][\/et_pb_column][et_pb_column type=&#8221;1_3&#8243; module_class=&#8221;sivupalkki&#8221; _builder_version=&#8221;3.25&#8243; custom_padding=&#8221;|||&#8221; parallax__hover=&#8221;off&#8221; parallax_method__hover=&#8221;on&#8221; module_class__hover=&#8221;sivupalkki&#8221; custom_padding__hover=&#8221;|||&#8221;][et_pb_sidebar area=&#8221;sidebar-1&#8243; module_class=&#8221;sivupalkki_sisalto&#8221; _builder_version=&#8221;3.4.1&#8243; locked=&#8221;off&#8221;][\/et_pb_sidebar][\/et_pb_column][\/et_pb_section]<\/p>\n","protected":false},"excerpt":{"rendered":"<p>Yhteisty\u00f6 Yhteisty\u00f6 Klubimme toimii aktiivisesti nuorisovaihdossa sek\u00e4 palvelu- ja hyv\u00e4ntekev\u00e4isyysprojekteissa.\u00a0 &nbsp; Kun haluat osallistua rotareiden ty\u00f6h\u00f6n lahjoittamalla aikaasi tai varoja, ota yst\u00e4v\u00e4llisesti yhteytt\u00e4 klubimme presidenttiin, katso kohta Yhteystiedot. &nbsp; &nbsp; &nbsp; Linkkej\u00e4 &nbsp; Suomen Rotary Rotary Piiri 1420\u00a0 Rotaryklubien kokoontumisajat ja -paikat Suomen Rotaryn nuorisovaihto Inner Wheel Finland Verkkorotary Riihim\u00e4en Rotaryklubi Hyvink\u00e4\u00e4n Rotaryklubi Hyvink\u00e4\u00e4 It\u00e4inen\u00a0Rotaryklubi [&hellip;]<\/p>\n","protected":false},"author":1,"featured_media":0,"parent":77,"menu_order":0,"comment_status":"closed","ping_status":"closed","template":"","meta":{"_acf_changed":false,"_et_pb_use_builder":"on","_et_pb_old_content":"","_et_gb_content_width":"","footnotes":""},"class_list":["post-165","page","type-page","status-publish","hentry"],"acf":[],"yoast_head":"<!-- This site is optimized with the Yoast SEO plugin v27.4 - https:\/\/yoast.com\/product\/yoast-seo-wordpress\/ -->\n<title>Yhteisty\u00f6 - Riihim\u00e4ki-Hausj\u00e4rvi Rotaryklubi<\/title>\n<meta name=\"robots\" content=\"index, follow, max-snippet:-1, max-image-preview:large, max-video-preview:-1\" \/>\n<link rel=\"canonical\" href=\"https:\/\/rotary.fi\/riihimakihausjarvi\/mita-teemme\/yhteistyo\/\" \/>\n<meta property=\"og:locale\" content=\"fi_FI\" \/>\n<meta property=\"og:type\" content=\"article\" \/>\n<meta property=\"og:title\" content=\"Yhteisty\u00f6 - Riihim\u00e4ki-Hausj\u00e4rvi Rotaryklubi\" \/>\n<meta property=\"og:description\" content=\"Yhteisty\u00f6 Yhteisty\u00f6 Klubimme toimii aktiivisesti nuorisovaihdossa sek\u00e4 palvelu- ja hyv\u00e4ntekev\u00e4isyysprojekteissa.\u00a0 &nbsp; Kun haluat osallistua rotareiden ty\u00f6h\u00f6n lahjoittamalla aikaasi tai varoja, ota yst\u00e4v\u00e4llisesti yhteytt\u00e4 klubimme presidenttiin, katso kohta Yhteystiedot. &nbsp; &nbsp; &nbsp; Linkkej\u00e4 &nbsp; Suomen Rotary Rotary Piiri 1420\u00a0 Rotaryklubien kokoontumisajat ja -paikat Suomen Rotaryn nuorisovaihto Inner Wheel Finland Verkkorotary Riihim\u00e4en Rotaryklubi Hyvink\u00e4\u00e4n Rotaryklubi Hyvink\u00e4\u00e4 It\u00e4inen\u00a0Rotaryklubi [&hellip;]\" \/>\n<meta property=\"og:url\" content=\"https:\/\/rotary.fi\/riihimakihausjarvi\/mita-teemme\/yhteistyo\/\" \/>\n<meta property=\"og:site_name\" content=\"Riihim\u00e4ki-Hausj\u00e4rvi Rotaryklubi\" \/>\n<meta property=\"article:modified_time\" content=\"2020-02-12T14:52:39+00:00\" \/>\n<meta name=\"twitter:card\" content=\"summary_large_image\" \/>\n<meta name=\"twitter:label1\" content=\"Arvioitu lukuaika\" \/>\n\t<meta name=\"twitter:data1\" content=\"2 minuuttia\" \/>\n<script type=\"application\/ld+json\" class=\"yoast-schema-graph\">{\"@context\":\"https:\\\/\\\/schema.org\",\"@graph\":[{\"@type\":\"WebPage\",\"@id\":\"https:\\\/\\\/rotary.fi\\\/riihimakihausjarvi\\\/mita-teemme\\\/yhteistyo\\\/\",\"url\":\"https:\\\/\\\/rotary.fi\\\/riihimakihausjarvi\\\/mita-teemme\\\/yhteistyo\\\/\",\"name\":\"Yhteisty\u00f6 - Riihim\u00e4ki-Hausj\u00e4rvi Rotaryklubi\",\"isPartOf\":{\"@id\":\"https:\\\/\\\/rotary.fi\\\/riihimakihausjarvi\\\/#website\"},\"datePublished\":\"2018-08-13T06:52:52+00:00\",\"dateModified\":\"2020-02-12T14:52:39+00:00\",\"breadcrumb\":{\"@id\":\"https:\\\/\\\/rotary.fi\\\/riihimakihausjarvi\\\/mita-teemme\\\/yhteistyo\\\/#breadcrumb\"},\"inLanguage\":\"fi\",\"potentialAction\":[{\"@type\":\"ReadAction\",\"target\":[\"https:\\\/\\\/rotary.fi\\\/riihimakihausjarvi\\\/mita-teemme\\\/yhteistyo\\\/\"]}]},{\"@type\":\"BreadcrumbList\",\"@id\":\"https:\\\/\\\/rotary.fi\\\/riihimakihausjarvi\\\/mita-teemme\\\/yhteistyo\\\/#breadcrumb\",\"itemListElement\":[{\"@type\":\"ListItem\",\"position\":1,\"name\":\"Home\",\"item\":\"https:\\\/\\\/rotary.fi\\\/riihimakihausjarvi\\\/\"},{\"@type\":\"ListItem\",\"position\":2,\"name\":\"Mit\u00e4 teemme\",\"item\":\"https:\\\/\\\/rotary.fi\\\/riihimakihausjarvi\\\/mita-teemme\\\/\"},{\"@type\":\"ListItem\",\"position\":3,\"name\":\"Yhteisty\u00f6\"}]},{\"@type\":\"WebSite\",\"@id\":\"https:\\\/\\\/rotary.fi\\\/riihimakihausjarvi\\\/#website\",\"url\":\"https:\\\/\\\/rotary.fi\\\/riihimakihausjarvi\\\/\",\"name\":\"Riihim\u00e4ki-Hausj\u00e4rvi Rotaryklubi\",\"description\":\"Uusi Rotary klubisivusto\",\"potentialAction\":[{\"@type\":\"SearchAction\",\"target\":{\"@type\":\"EntryPoint\",\"urlTemplate\":\"https:\\\/\\\/rotary.fi\\\/riihimakihausjarvi\\\/?s={search_term_string}\"},\"query-input\":{\"@type\":\"PropertyValueSpecification\",\"valueRequired\":true,\"valueName\":\"search_term_string\"}}],\"inLanguage\":\"fi\"}]}<\/script>\n<!-- \/ Yoast SEO plugin. -->","yoast_head_json":{"title":"Yhteisty\u00f6 - Riihim\u00e4ki-Hausj\u00e4rvi Rotaryklubi","robots":{"index":"index","follow":"follow","max-snippet":"max-snippet:-1","max-image-preview":"max-image-preview:large","max-video-preview":"max-video-preview:-1"},"canonical":"https:\/\/rotary.fi\/riihimakihausjarvi\/mita-teemme\/yhteistyo\/","og_locale":"fi_FI","og_type":"article","og_title":"Yhteisty\u00f6 - Riihim\u00e4ki-Hausj\u00e4rvi Rotaryklubi","og_description":"Yhteisty\u00f6 Yhteisty\u00f6 Klubimme toimii aktiivisesti nuorisovaihdossa sek\u00e4 palvelu- ja hyv\u00e4ntekev\u00e4isyysprojekteissa.\u00a0 &nbsp; Kun haluat osallistua rotareiden ty\u00f6h\u00f6n lahjoittamalla aikaasi tai varoja, ota yst\u00e4v\u00e4llisesti yhteytt\u00e4 klubimme presidenttiin, katso kohta Yhteystiedot. &nbsp; &nbsp; &nbsp; Linkkej\u00e4 &nbsp; Suomen Rotary Rotary Piiri 1420\u00a0 Rotaryklubien kokoontumisajat ja -paikat Suomen Rotaryn nuorisovaihto Inner Wheel Finland Verkkorotary Riihim\u00e4en Rotaryklubi Hyvink\u00e4\u00e4n Rotaryklubi Hyvink\u00e4\u00e4 It\u00e4inen\u00a0Rotaryklubi [&hellip;]","og_url":"https:\/\/rotary.fi\/riihimakihausjarvi\/mita-teemme\/yhteistyo\/","og_site_name":"Riihim\u00e4ki-Hausj\u00e4rvi Rotaryklubi","article_modified_time":"2020-02-12T14:52:39+00:00","twitter_card":"summary_large_image","twitter_misc":{"Arvioitu lukuaika":"2 minuuttia"},"schema":{"@context":"https:\/\/schema.org","@graph":[{"@type":"WebPage","@id":"https:\/\/rotary.fi\/riihimakihausjarvi\/mita-teemme\/yhteistyo\/","url":"https:\/\/rotary.fi\/riihimakihausjarvi\/mita-teemme\/yhteistyo\/","name":"Yhteisty\u00f6 - Riihim\u00e4ki-Hausj\u00e4rvi Rotaryklubi","isPartOf":{"@id":"https:\/\/rotary.fi\/riihimakihausjarvi\/#website"},"datePublished":"2018-08-13T06:52:52+00:00","dateModified":"2020-02-12T14:52:39+00:00","breadcrumb":{"@id":"https:\/\/rotary.fi\/riihimakihausjarvi\/mita-teemme\/yhteistyo\/#breadcrumb"},"inLanguage":"fi","potentialAction":[{"@type":"ReadAction","target":["https:\/\/rotary.fi\/riihimakihausjarvi\/mita-teemme\/yhteistyo\/"]}]},{"@type":"BreadcrumbList","@id":"https:\/\/rotary.fi\/riihimakihausjarvi\/mita-teemme\/yhteistyo\/#breadcrumb","itemListElement":[{"@type":"ListItem","position":1,"name":"Home","item":"https:\/\/rotary.fi\/riihimakihausjarvi\/"},{"@type":"ListItem","position":2,"name":"Mit\u00e4 teemme","item":"https:\/\/rotary.fi\/riihimakihausjarvi\/mita-teemme\/"},{"@type":"ListItem","position":3,"name":"Yhteisty\u00f6"}]},{"@type":"WebSite","@id":"https:\/\/rotary.fi\/riihimakihausjarvi\/#website","url":"https:\/\/rotary.fi\/riihimakihausjarvi\/","name":"Riihim\u00e4ki-Hausj\u00e4rvi Rotaryklubi","description":"Uusi Rotary klubisivusto","potentialAction":[{"@type":"SearchAction","target":{"@type":"EntryPoint","urlTemplate":"https:\/\/rotary.fi\/riihimakihausjarvi\/?s={search_term_string}"},"query-input":{"@type":"PropertyValueSpecification","valueRequired":true,"valueName":"search_term_string"}}],"inLanguage":"fi"}]}},"lang":"fi","translations":{"fi":165},"pll_sync_post":[],"_links":{"self":[{"href":"https:\/\/rotary.fi\/riihimakihausjarvi\/wp-json\/wp\/v2\/pages\/165","targetHints":{"allow":["GET"]}}],"collection":[{"href":"https:\/\/rotary.fi\/riihimakihausjarvi\/wp-json\/wp\/v2\/pages"}],"about":[{"href":"https:\/\/rotary.fi\/riihimakihausjarvi\/wp-json\/wp\/v2\/types\/page"}],"author":[{"embeddable":true,"href":"https:\/\/rotary.fi\/riihimakihausjarvi\/wp-json\/wp\/v2\/users\/1"}],"replies":[{"embeddable":true,"href":"https:\/\/rotary.fi\/riihimakihausjarvi\/wp-json\/wp\/v2\/comments?post=165"}],"version-history":[{"count":15,"href":"https:\/\/rotary.fi\/riihimakihausjarvi\/wp-json\/wp\/v2\/pages\/165\/revisions"}],"predecessor-version":[{"id":1641,"href":"https:\/\/rotary.fi\/riihimakihausjarvi\/wp-json\/wp\/v2\/pages\/165\/revisions\/1641"}],"up":[{"embeddable":true,"href":"https:\/\/rotary.fi\/riihimakihausjarvi\/wp-json\/wp\/v2\/pages\/77"}],"wp:attachment":[{"href":"https:\/\/rotary.fi\/riihimakihausjarvi\/wp-json\/wp\/v2\/media?parent=165"}],"curies":[{"name":"wp","href":"https:\/\/api.w.org\/{rel}","templated":true}]}}