{"id":132,"date":"2022-09-26T13:59:56","date_gmt":"2022-09-26T10:59:56","guid":{"rendered":"https:\/\/rotary.fi\/klubi2\/?page_id=132"},"modified":"2025-09-20T10:38:10","modified_gmt":"2025-09-20T07:38:10","slug":"hallitus-ja-toimihenkilot","status":"publish","type":"page","link":"https:\/\/rotary.fi\/rcreachsalo\/keita-olemme\/hallitus-ja-toimihenkilot\/","title":{"rendered":"Hallitus ja toimihenkil\u00f6t"},"content":{"rendered":"<p>[et_pb_section fb_built=&#8221;1&#8243; admin_label=&#8221;section&#8221; _builder_version=&#8221;4.16&#8243; global_colors_info=&#8221;{}&#8221;][et_pb_row admin_label=&#8221;row&#8221; _builder_version=&#8221;4.16&#8243; background_size=&#8221;initial&#8221; background_position=&#8221;top_left&#8221; background_repeat=&#8221;repeat&#8221; global_colors_info=&#8221;{}&#8221;][et_pb_column type=&#8221;4_4&#8243; _builder_version=&#8221;4.16&#8243; custom_padding=&#8221;|||&#8221; global_colors_info=&#8221;{}&#8221; custom_padding__hover=&#8221;|||&#8221;][et_pb_text admin_label=&#8221;Text&#8221; _builder_version=&#8221;4.27.4&#8243; background_size=&#8221;initial&#8221; background_position=&#8221;top_left&#8221; background_repeat=&#8221;repeat&#8221; hover_enabled=&#8221;0&#8243; global_colors_info=&#8221;{}&#8221; sticky_enabled=&#8221;0&#8243;]<\/p>\n<h2>\u00a0<\/h2>\n<h3><strong>Hallitus 2024-2025<\/strong><\/h3>\n<p>&nbsp;<\/p>\n<p><strong>Presidentti:<\/strong> Tarja Rapala-Virtanen<\/p>\n<p><strong>Past presidentti:<\/strong> Sari Pesonen<\/p>\n<p><strong>Sihteeri 1:<\/strong> Kirsti R\u00e4m\u00f6<\/p>\n<p><span style=\"font-size: 16px\"><strong>Sihteeri 2:<\/strong>\u00a0<\/span><\/p>\n<p><strong>Klubimestari:<\/strong> Sirpa Stenstr\u00f6m<\/p>\n<p><strong>Nuorisoasiamies:<\/strong> &#8211;<\/p>\n<p><strong>Rahastonhoitaja:<\/strong> P\u00e4ivi Rantio<\/p>\n<p><strong>IT-Vastaava:<\/strong> Merja Koskinen ja P\u00e4ivi Rantio<\/p>\n<p><strong>Klubin j\u00e4senyyskomitean PJ:<\/strong> Sirpa Stenstr\u00f6m<\/p>\n<p><strong>Rotarys\u00e4\u00e4ti\u00f6nkomitean PJ:<\/strong> PDG: Erik Stenstr\u00f6m<\/p>\n<p>&nbsp;<\/p>\n<h3><strong>Tuleva hallitus 2025-2026<\/strong><\/h3>\n<p>&nbsp;<\/p>\n<p><strong>Presidentti:<\/strong> Tarja Rapala-Virtanen<\/p>\n<p><strong>Past presidentti:<\/strong> Tarja Rapala-Virtanen<\/p>\n<p><strong>Sihteeri 1:<\/strong> Kirsti R\u00e4m\u00f6<\/p>\n<p><span style=\"font-size: 16px\"><strong>Sihteeri 2:<\/strong> Merja Koskinen\u00a0<\/span><\/p>\n<p><strong>Klubimestari:<\/strong> Sirpa Stenstr\u00f6m<\/p>\n<p><strong>Nuorisoasiamies:<\/strong> &#8211;<\/p>\n<p><strong>Rahastonhoitaja:<\/strong> P\u00e4ivi Rantio<\/p>\n<p><strong>IT\/Some -Vastaava:<\/strong> Merja Koskinen ja P\u00e4ivi Rantio<\/p>\n<p><strong>Klubin j\u00e4senyyskomitean PJ:<\/strong> Sirpa Stenstr\u00f6m<\/p>\n<p><strong>Rotarys\u00e4\u00e4ti\u00f6nkomitean PJ:<\/strong> P\u00e4ivi Rantio<\/p>\n<p>&nbsp;<\/p>\n<p>[\/et_pb_text][\/et_pb_column][\/et_pb_row][\/et_pb_section]<\/p>\n","protected":false},"excerpt":{"rendered":"<p>\u00a0 Hallitus 2024-2025 &nbsp; Presidentti: Tarja Rapala-Virtanen Past presidentti: Sari Pesonen Sihteeri 1: Kirsti R\u00e4m\u00f6 Sihteeri 2:\u00a0 Klubimestari: Sirpa Stenstr\u00f6m Nuorisoasiamies: &#8211; Rahastonhoitaja: P\u00e4ivi Rantio IT-Vastaava: Merja Koskinen ja P\u00e4ivi Rantio Klubin j\u00e4senyyskomitean PJ: Sirpa Stenstr\u00f6m Rotarys\u00e4\u00e4ti\u00f6nkomitean PJ: PDG: Erik Stenstr\u00f6m &nbsp; Tuleva hallitus 2025-2026 &nbsp; Presidentti: Tarja Rapala-Virtanen Past presidentti: Tarja Rapala-Virtanen Sihteeri 1: [&hellip;]<\/p>\n","protected":false},"author":1,"featured_media":0,"parent":129,"menu_order":0,"comment_status":"closed","ping_status":"closed","template":"","meta":{"_acf_changed":false,"_et_pb_use_builder":"on","_et_pb_old_content":"\u00a0\r\n\r\nHallitus 2022-2023\r\n\r\nPresidentti: Juha Reponen\r\n\r\nSihteeri 1: Niina Merivirta\r\n\r\nSihteeri 2: Riitta Rinne\r\n\r\nKlubimestari: Milla-Maria Meriluoto\r\n\r\nNuorisoasiamies: Milla-Maria Meriluoto\r\n\r\nRahastonhoitaja: Leena Seiz\r\n\r\nIT-Vastaava: Milla-Maria Meriluoto\r\n\r\nKlubin j\u00e4senyyskomitean PJ: Sirpa Stenstr\u00f6m\r\n\r\nRotarys\u00e4\u00e4ti\u00f6nkomitean PJ Zone 17 RC\/PDG: Erik Stenstr\u00f6m\r\n\r\n\u00a0\r\n\r\n\u00a0","_et_gb_content_width":"","footnotes":""},"class_list":["post-132","page","type-page","status-publish","hentry"],"acf":[],"yoast_head":"<!-- This site is optimized with the Yoast SEO plugin v27.4 - https:\/\/yoast.com\/product\/yoast-seo-wordpress\/ -->\n<title>Hallitus ja toimihenkil\u00f6t - RC Reach Salo<\/title>\n<meta name=\"robots\" content=\"index, follow, max-snippet:-1, max-image-preview:large, max-video-preview:-1\" \/>\n<link rel=\"canonical\" href=\"https:\/\/rotary.fi\/rcreachsalo\/keita-olemme\/hallitus-ja-toimihenkilot\/\" \/>\n<meta property=\"og:locale\" content=\"fi_FI\" \/>\n<meta property=\"og:type\" content=\"article\" \/>\n<meta property=\"og:title\" content=\"Hallitus ja toimihenkil\u00f6t - RC Reach Salo\" \/>\n<meta property=\"og:description\" content=\"\u00a0 Hallitus 2024-2025 &nbsp; Presidentti: Tarja Rapala-Virtanen Past presidentti: Sari Pesonen Sihteeri 1: Kirsti R\u00e4m\u00f6 Sihteeri 2:\u00a0 Klubimestari: Sirpa Stenstr\u00f6m Nuorisoasiamies: - Rahastonhoitaja: P\u00e4ivi Rantio IT-Vastaava: Merja Koskinen ja P\u00e4ivi Rantio Klubin j\u00e4senyyskomitean PJ: Sirpa Stenstr\u00f6m Rotarys\u00e4\u00e4ti\u00f6nkomitean PJ: PDG: Erik Stenstr\u00f6m &nbsp; Tuleva hallitus 2025-2026 &nbsp; Presidentti: Tarja Rapala-Virtanen Past presidentti: Tarja Rapala-Virtanen Sihteeri 1: [&hellip;]\" \/>\n<meta property=\"og:url\" content=\"https:\/\/rotary.fi\/rcreachsalo\/keita-olemme\/hallitus-ja-toimihenkilot\/\" \/>\n<meta property=\"og:site_name\" content=\"RC Reach Salo\" \/>\n<meta property=\"article:modified_time\" content=\"2025-09-20T07:38:10+00:00\" \/>\n<meta name=\"twitter:card\" content=\"summary_large_image\" \/>\n<meta name=\"twitter:label1\" content=\"Arvioitu lukuaika\" \/>\n\t<meta name=\"twitter:data1\" content=\"1 minuutti\" \/>\n<script type=\"application\/ld+json\" class=\"yoast-schema-graph\">{\"@context\":\"https:\\\/\\\/schema.org\",\"@graph\":[{\"@type\":\"WebPage\",\"@id\":\"https:\\\/\\\/rotary.fi\\\/rcreachsalo\\\/keita-olemme\\\/hallitus-ja-toimihenkilot\\\/\",\"url\":\"https:\\\/\\\/rotary.fi\\\/rcreachsalo\\\/keita-olemme\\\/hallitus-ja-toimihenkilot\\\/\",\"name\":\"Hallitus ja toimihenkil\u00f6t - RC Reach Salo\",\"isPartOf\":{\"@id\":\"https:\\\/\\\/rotary.fi\\\/rcreachsalo\\\/#website\"},\"datePublished\":\"2022-09-26T10:59:56+00:00\",\"dateModified\":\"2025-09-20T07:38:10+00:00\",\"breadcrumb\":{\"@id\":\"https:\\\/\\\/rotary.fi\\\/rcreachsalo\\\/keita-olemme\\\/hallitus-ja-toimihenkilot\\\/#breadcrumb\"},\"inLanguage\":\"fi\",\"potentialAction\":[{\"@type\":\"ReadAction\",\"target\":[\"https:\\\/\\\/rotary.fi\\\/rcreachsalo\\\/keita-olemme\\\/hallitus-ja-toimihenkilot\\\/\"]}]},{\"@type\":\"BreadcrumbList\",\"@id\":\"https:\\\/\\\/rotary.fi\\\/rcreachsalo\\\/keita-olemme\\\/hallitus-ja-toimihenkilot\\\/#breadcrumb\",\"itemListElement\":[{\"@type\":\"ListItem\",\"position\":1,\"name\":\"Home\",\"item\":\"https:\\\/\\\/rotary.fi\\\/rcreachsalo\\\/\"},{\"@type\":\"ListItem\",\"position\":2,\"name\":\"Keit\u00e4 olemme\",\"item\":\"https:\\\/\\\/rotary.fi\\\/rcreachsalo\\\/keita-olemme\\\/\"},{\"@type\":\"ListItem\",\"position\":3,\"name\":\"Hallitus ja toimihenkil\u00f6t\"}]},{\"@type\":\"WebSite\",\"@id\":\"https:\\\/\\\/rotary.fi\\\/rcreachsalo\\\/#website\",\"url\":\"https:\\\/\\\/rotary.fi\\\/rcreachsalo\\\/\",\"name\":\"RC Reach Salo\",\"description\":\"Uusi Rotary klubisivusto\",\"potentialAction\":[{\"@type\":\"SearchAction\",\"target\":{\"@type\":\"EntryPoint\",\"urlTemplate\":\"https:\\\/\\\/rotary.fi\\\/rcreachsalo\\\/?s={search_term_string}\"},\"query-input\":{\"@type\":\"PropertyValueSpecification\",\"valueRequired\":true,\"valueName\":\"search_term_string\"}}],\"inLanguage\":\"fi\"}]}<\/script>\n<!-- \/ Yoast SEO plugin. -->","yoast_head_json":{"title":"Hallitus ja toimihenkil\u00f6t - RC Reach Salo","robots":{"index":"index","follow":"follow","max-snippet":"max-snippet:-1","max-image-preview":"max-image-preview:large","max-video-preview":"max-video-preview:-1"},"canonical":"https:\/\/rotary.fi\/rcreachsalo\/keita-olemme\/hallitus-ja-toimihenkilot\/","og_locale":"fi_FI","og_type":"article","og_title":"Hallitus ja toimihenkil\u00f6t - RC Reach Salo","og_description":"\u00a0 Hallitus 2024-2025 &nbsp; Presidentti: Tarja Rapala-Virtanen Past presidentti: Sari Pesonen Sihteeri 1: Kirsti R\u00e4m\u00f6 Sihteeri 2:\u00a0 Klubimestari: Sirpa Stenstr\u00f6m Nuorisoasiamies: - Rahastonhoitaja: P\u00e4ivi Rantio IT-Vastaava: Merja Koskinen ja P\u00e4ivi Rantio Klubin j\u00e4senyyskomitean PJ: Sirpa Stenstr\u00f6m Rotarys\u00e4\u00e4ti\u00f6nkomitean PJ: PDG: Erik Stenstr\u00f6m &nbsp; Tuleva hallitus 2025-2026 &nbsp; Presidentti: Tarja Rapala-Virtanen Past presidentti: Tarja Rapala-Virtanen Sihteeri 1: [&hellip;]","og_url":"https:\/\/rotary.fi\/rcreachsalo\/keita-olemme\/hallitus-ja-toimihenkilot\/","og_site_name":"RC Reach Salo","article_modified_time":"2025-09-20T07:38:10+00:00","twitter_card":"summary_large_image","twitter_misc":{"Arvioitu lukuaika":"1 minuutti"},"schema":{"@context":"https:\/\/schema.org","@graph":[{"@type":"WebPage","@id":"https:\/\/rotary.fi\/rcreachsalo\/keita-olemme\/hallitus-ja-toimihenkilot\/","url":"https:\/\/rotary.fi\/rcreachsalo\/keita-olemme\/hallitus-ja-toimihenkilot\/","name":"Hallitus ja toimihenkil\u00f6t - RC Reach Salo","isPartOf":{"@id":"https:\/\/rotary.fi\/rcreachsalo\/#website"},"datePublished":"2022-09-26T10:59:56+00:00","dateModified":"2025-09-20T07:38:10+00:00","breadcrumb":{"@id":"https:\/\/rotary.fi\/rcreachsalo\/keita-olemme\/hallitus-ja-toimihenkilot\/#breadcrumb"},"inLanguage":"fi","potentialAction":[{"@type":"ReadAction","target":["https:\/\/rotary.fi\/rcreachsalo\/keita-olemme\/hallitus-ja-toimihenkilot\/"]}]},{"@type":"BreadcrumbList","@id":"https:\/\/rotary.fi\/rcreachsalo\/keita-olemme\/hallitus-ja-toimihenkilot\/#breadcrumb","itemListElement":[{"@type":"ListItem","position":1,"name":"Home","item":"https:\/\/rotary.fi\/rcreachsalo\/"},{"@type":"ListItem","position":2,"name":"Keit\u00e4 olemme","item":"https:\/\/rotary.fi\/rcreachsalo\/keita-olemme\/"},{"@type":"ListItem","position":3,"name":"Hallitus ja toimihenkil\u00f6t"}]},{"@type":"WebSite","@id":"https:\/\/rotary.fi\/rcreachsalo\/#website","url":"https:\/\/rotary.fi\/rcreachsalo\/","name":"RC Reach Salo","description":"Uusi Rotary klubisivusto","potentialAction":[{"@type":"SearchAction","target":{"@type":"EntryPoint","urlTemplate":"https:\/\/rotary.fi\/rcreachsalo\/?s={search_term_string}"},"query-input":{"@type":"PropertyValueSpecification","valueRequired":true,"valueName":"search_term_string"}}],"inLanguage":"fi"}]}},"lang":"fi","translations":{"fi":132},"pll_sync_post":[],"_links":{"self":[{"href":"https:\/\/rotary.fi\/rcreachsalo\/wp-json\/wp\/v2\/pages\/132","targetHints":{"allow":["GET"]}}],"collection":[{"href":"https:\/\/rotary.fi\/rcreachsalo\/wp-json\/wp\/v2\/pages"}],"about":[{"href":"https:\/\/rotary.fi\/rcreachsalo\/wp-json\/wp\/v2\/types\/page"}],"author":[{"embeddable":true,"href":"https:\/\/rotary.fi\/rcreachsalo\/wp-json\/wp\/v2\/users\/1"}],"replies":[{"embeddable":true,"href":"https:\/\/rotary.fi\/rcreachsalo\/wp-json\/wp\/v2\/comments?post=132"}],"version-history":[{"count":10,"href":"https:\/\/rotary.fi\/rcreachsalo\/wp-json\/wp\/v2\/pages\/132\/revisions"}],"predecessor-version":[{"id":2298,"href":"https:\/\/rotary.fi\/rcreachsalo\/wp-json\/wp\/v2\/pages\/132\/revisions\/2298"}],"up":[{"embeddable":true,"href":"https:\/\/rotary.fi\/rcreachsalo\/wp-json\/wp\/v2\/pages\/129"}],"wp:attachment":[{"href":"https:\/\/rotary.fi\/rcreachsalo\/wp-json\/wp\/v2\/media?parent=132"}],"curies":[{"name":"wp","href":"https:\/\/api.w.org\/{rel}","templated":true}]}}