{"id":2584,"date":"2022-03-28T15:24:44","date_gmt":"2022-03-28T12:24:44","guid":{"rendered":"https:\/\/rotary.fi\/raahe\/?page_id=2584"},"modified":"2025-05-08T11:10:37","modified_gmt":"2025-05-08T08:10:37","slug":"vuosijuhla-2022","status":"publish","type":"page","link":"https:\/\/rotary.fi\/raahe\/vuosijuhla-2022\/","title":{"rendered":"Vuosijuhla 2022"},"content":{"rendered":"<p>[et_pb_section fb_built=&#8221;1&#8243; admin_label=&#8221;section&#8221; _builder_version=&#8221;4.16&#8243; global_colors_info=&#8221;{}&#8221;][et_pb_row admin_label=&#8221;row&#8221; _builder_version=&#8221;4.16&#8243; background_size=&#8221;initial&#8221; background_position=&#8221;top_left&#8221; background_repeat=&#8221;repeat&#8221; global_colors_info=&#8221;{}&#8221;][et_pb_column type=&#8221;4_4&#8243; _builder_version=&#8221;4.16&#8243; custom_padding=&#8221;|||&#8221; global_colors_info=&#8221;{}&#8221; custom_padding__hover=&#8221;|||&#8221;][et_pb_text admin_label=&#8221;Text&#8221; _builder_version=&#8221;4.16&#8243; background_size=&#8221;initial&#8221; background_position=&#8221;top_left&#8221; background_repeat=&#8221;repeat&#8221; global_colors_info=&#8221;{}&#8221;]<\/p>\n<p style=\"text-align: center\"><strong> <span class=\"fontstyle0\">Raahen Rotaryklubin ja Pietari Brahe Rotaryklubin vuosijuhla 23.03.2022<\/span><\/strong><\/p>\n<p style=\"text-align: center\"><span class=\"fontstyle0\">Klubiemme vuosijuhla 2022 pidettiin Hotelli ravintola Raahen Hovissa alkaen<br \/>klo 17.00. Meill\u00e4 oli suuri kunnia ja harvinainen mahdollisuus saada juhlaamme<br \/>vieraaksi RI:n maailman presidentti SHEKHAR MEHTA ja h\u00e4nen puolisonsa RASHI.<\/span><\/p>\n<p>&nbsp;<\/p>\n<p><img loading=\"lazy\" decoding=\"async\" class=\"wp-image-2590 aligncenter\" src=\"https:\/\/rotary.fi\/raahe\/wp-content\/uploads\/sites\/207\/2022\/03\/rip-puhuu-2-300x218.jpg\" alt=\"\" width=\"358\" height=\"260\" \/><\/p>\n<p><img loading=\"lazy\" decoding=\"async\" class=\"wp-image-2594 aligncenter\" src=\"https:\/\/rotary.fi\/raahe\/wp-content\/uploads\/sites\/207\/2022\/03\/virpi-puhuu-281x300.jpg\" alt=\"\" width=\"357\" height=\"381\" \/><\/p>\n<p><img loading=\"lazy\" decoding=\"async\" class=\"wp-image-2606 aligncenter\" src=\"https:\/\/rotary.fi\/raahe\/wp-content\/uploads\/sites\/207\/2022\/03\/istumakuva-2-1-300x172.jpg\" alt=\"\" width=\"415\" height=\"238\" \/><\/p>\n<p><img loading=\"lazy\" decoding=\"async\" class=\"wp-image-2608 aligncenter\" src=\"https:\/\/rotary.fi\/raahe\/wp-content\/uploads\/sites\/207\/2022\/03\/shekha-rashi-muut-1-1-300x169.jpg\" alt=\"\" width=\"419\" height=\"236\" \/><\/p>\n<p>&nbsp;<\/p>\n<p>&nbsp;<\/p>\n<p>&nbsp;<\/p>\n<p>&nbsp;<\/p>\n<p>[\/et_pb_text][\/et_pb_column][\/et_pb_row][\/et_pb_section]<\/p>\n","protected":false},"excerpt":{"rendered":"<p>Raahen Rotaryklubin ja Pietari Brahe Rotaryklubin vuosijuhla 23.03.2022 Klubiemme vuosijuhla 2022 pidettiin Hotelli ravintola Raahen Hovissa alkaenklo 17.00. Meill\u00e4 oli suuri kunnia ja harvinainen mahdollisuus saada juhlaammevieraaksi RI:n maailman presidentti SHEKHAR MEHTA ja h\u00e4nen puolisonsa RASHI. &nbsp; &nbsp; &nbsp; &nbsp; &nbsp;<\/p>\n","protected":false},"author":450,"featured_media":0,"parent":0,"menu_order":0,"comment_status":"closed","ping_status":"closed","template":"","meta":{"_acf_changed":false,"_et_pb_use_builder":"on","_et_pb_old_content":"<p style=\"text-align: center\"><strong> <span class=\"fontstyle0\">Raahen Rotaryklubin ja Pietari Brahe Rotaryklubin vuosijuhla 23.03.2022<\/span><\/strong><\/p>\r\n<p style=\"text-align: center\"><span class=\"fontstyle0\">Klubiemme vuosijuhla 2022 pidettiin Hotelli ravintola Raahen Hovissa alkaen\r\nklo 17.00. Meill\u00e4 oli suuri kunnia ja harvinainen mahdollisuus saada juhlaamme\r\nvieraaksi RI:n maailman presidentti SHEKHAR MEHTA ja h\u00e4nen puolisonsa RASHI.<\/span><\/p>\r\n<p style=\"text-align: center\">N\u00e4et lis\u00e4\u00e4 kuvia seuraavasta linkist\u00e4 <a href=\"https:\/\/drive.google.com\/drive\/folders\/1E-AmOaNivV4lD9YcQ0nns6ncV8Wk-OmW?usp=sharing\">Vuosijuhlakuvia_2022<\/a><\/p>\r\n<img class=\"wp-image-2590 aligncenter\" src=\"https:\/\/rotary.fi\/raahe\/wp-content\/uploads\/sites\/207\/2022\/03\/rip-puhuu-2-300x218.jpg\" alt=\"\" width=\"358\" height=\"260\" \/>\r\n\r\n<img class=\"wp-image-2594 aligncenter\" src=\"https:\/\/rotary.fi\/raahe\/wp-content\/uploads\/sites\/207\/2022\/03\/virpi-puhuu-281x300.jpg\" alt=\"\" width=\"357\" height=\"381\" \/>\r\n\r\n<img class=\"wp-image-2606 aligncenter\" src=\"https:\/\/rotary.fi\/raahe\/wp-content\/uploads\/sites\/207\/2022\/03\/istumakuva-2-1-300x172.jpg\" alt=\"\" width=\"415\" height=\"238\" \/>\r\n\r\n<img class=\"wp-image-2608 aligncenter\" src=\"https:\/\/rotary.fi\/raahe\/wp-content\/uploads\/sites\/207\/2022\/03\/shekha-rashi-muut-1-1-300x169.jpg\" alt=\"\" width=\"419\" height=\"236\" \/>\r\n\r\n&nbsp;\r\n\r\n&nbsp;\r\n\r\n&nbsp;\r\n\r\n&nbsp;","_et_gb_content_width":"","footnotes":""},"class_list":["post-2584","page","type-page","status-publish","hentry"],"acf":[],"yoast_head":"<!-- This site is optimized with the Yoast SEO plugin v27.0 - https:\/\/yoast.com\/product\/yoast-seo-wordpress\/ -->\n<title>Vuosijuhla 2022 - Raahen Rotaryklubi ry<\/title>\n<meta name=\"robots\" content=\"index, follow, max-snippet:-1, max-image-preview:large, max-video-preview:-1\" \/>\n<link rel=\"canonical\" href=\"https:\/\/rotary.fi\/raahe\/vuosijuhla-2022\/\" \/>\n<meta property=\"og:locale\" content=\"fi_FI\" \/>\n<meta property=\"og:type\" content=\"article\" \/>\n<meta property=\"og:title\" content=\"Vuosijuhla 2022 - Raahen Rotaryklubi ry\" \/>\n<meta property=\"og:description\" content=\"Raahen Rotaryklubin ja Pietari Brahe Rotaryklubin vuosijuhla 23.03.2022 Klubiemme vuosijuhla 2022 pidettiin Hotelli ravintola Raahen Hovissa alkaenklo 17.00. Meill\u00e4 oli suuri kunnia ja harvinainen mahdollisuus saada juhlaammevieraaksi RI:n maailman presidentti SHEKHAR MEHTA ja h\u00e4nen puolisonsa RASHI. &nbsp; &nbsp; &nbsp; &nbsp; &nbsp;\" \/>\n<meta property=\"og:url\" content=\"https:\/\/rotary.fi\/raahe\/vuosijuhla-2022\/\" \/>\n<meta property=\"og:site_name\" content=\"Raahen Rotaryklubi ry\" \/>\n<meta property=\"article:modified_time\" content=\"2025-05-08T08:10:37+00:00\" \/>\n<meta property=\"og:image\" content=\"https:\/\/rotary.fi\/raahe\/wp-content\/uploads\/sites\/207\/2022\/03\/rip-puhuu-2.jpg\" \/>\n\t<meta property=\"og:image:width\" content=\"2048\" \/>\n\t<meta property=\"og:image:height\" content=\"1491\" \/>\n\t<meta property=\"og:image:type\" content=\"image\/jpeg\" \/>\n<meta name=\"twitter:card\" content=\"summary_large_image\" \/>\n<meta name=\"twitter:label1\" content=\"Arvioitu lukuaika\" \/>\n\t<meta name=\"twitter:data1\" content=\"2 minuuttia\" \/>\n<script type=\"application\/ld+json\" class=\"yoast-schema-graph\">{\"@context\":\"https:\/\/schema.org\",\"@graph\":[{\"@type\":\"WebPage\",\"@id\":\"https:\/\/rotary.fi\/raahe\/vuosijuhla-2022\/\",\"url\":\"https:\/\/rotary.fi\/raahe\/vuosijuhla-2022\/\",\"name\":\"Vuosijuhla 2022 - Raahen Rotaryklubi ry\",\"isPartOf\":{\"@id\":\"https:\/\/rotary.fi\/raahe\/#website\"},\"primaryImageOfPage\":{\"@id\":\"https:\/\/rotary.fi\/raahe\/vuosijuhla-2022\/#primaryimage\"},\"image\":{\"@id\":\"https:\/\/rotary.fi\/raahe\/vuosijuhla-2022\/#primaryimage\"},\"thumbnailUrl\":\"https:\/\/rotary.fi\/raahe\/wp-content\/uploads\/sites\/207\/2022\/03\/rip-puhuu-2-300x218.jpg\",\"datePublished\":\"2022-03-28T12:24:44+00:00\",\"dateModified\":\"2025-05-08T08:10:37+00:00\",\"breadcrumb\":{\"@id\":\"https:\/\/rotary.fi\/raahe\/vuosijuhla-2022\/#breadcrumb\"},\"inLanguage\":\"fi\",\"potentialAction\":[{\"@type\":\"ReadAction\",\"target\":[\"https:\/\/rotary.fi\/raahe\/vuosijuhla-2022\/\"]}]},{\"@type\":\"ImageObject\",\"inLanguage\":\"fi\",\"@id\":\"https:\/\/rotary.fi\/raahe\/vuosijuhla-2022\/#primaryimage\",\"url\":\"https:\/\/rotary.fi\/raahe\/wp-content\/uploads\/sites\/207\/2022\/03\/rip-puhuu-2.jpg\",\"contentUrl\":\"https:\/\/rotary.fi\/raahe\/wp-content\/uploads\/sites\/207\/2022\/03\/rip-puhuu-2.jpg\",\"width\":2048,\"height\":1491},{\"@type\":\"BreadcrumbList\",\"@id\":\"https:\/\/rotary.fi\/raahe\/vuosijuhla-2022\/#breadcrumb\",\"itemListElement\":[{\"@type\":\"ListItem\",\"position\":1,\"name\":\"Home\",\"item\":\"https:\/\/rotary.fi\/raahe\/\"},{\"@type\":\"ListItem\",\"position\":2,\"name\":\"Vuosijuhla 2022\"}]},{\"@type\":\"WebSite\",\"@id\":\"https:\/\/rotary.fi\/raahe\/#website\",\"url\":\"https:\/\/rotary.fi\/raahe\/\",\"name\":\"Raahen Rotaryklubi ry\",\"description\":\"Uusi Rotary klubisivusto\",\"potentialAction\":[{\"@type\":\"SearchAction\",\"target\":{\"@type\":\"EntryPoint\",\"urlTemplate\":\"https:\/\/rotary.fi\/raahe\/?s={search_term_string}\"},\"query-input\":{\"@type\":\"PropertyValueSpecification\",\"valueRequired\":true,\"valueName\":\"search_term_string\"}}],\"inLanguage\":\"fi\"}]}<\/script>\n<!-- \/ Yoast SEO plugin. -->","yoast_head_json":{"title":"Vuosijuhla 2022 - Raahen Rotaryklubi ry","robots":{"index":"index","follow":"follow","max-snippet":"max-snippet:-1","max-image-preview":"max-image-preview:large","max-video-preview":"max-video-preview:-1"},"canonical":"https:\/\/rotary.fi\/raahe\/vuosijuhla-2022\/","og_locale":"fi_FI","og_type":"article","og_title":"Vuosijuhla 2022 - Raahen Rotaryklubi ry","og_description":"Raahen Rotaryklubin ja Pietari Brahe Rotaryklubin vuosijuhla 23.03.2022 Klubiemme vuosijuhla 2022 pidettiin Hotelli ravintola Raahen Hovissa alkaenklo 17.00. Meill\u00e4 oli suuri kunnia ja harvinainen mahdollisuus saada juhlaammevieraaksi RI:n maailman presidentti SHEKHAR MEHTA ja h\u00e4nen puolisonsa RASHI. &nbsp; &nbsp; &nbsp; &nbsp; &nbsp;","og_url":"https:\/\/rotary.fi\/raahe\/vuosijuhla-2022\/","og_site_name":"Raahen Rotaryklubi ry","article_modified_time":"2025-05-08T08:10:37+00:00","og_image":[{"width":2048,"height":1491,"url":"https:\/\/rotary.fi\/raahe\/wp-content\/uploads\/sites\/207\/2022\/03\/rip-puhuu-2.jpg","type":"image\/jpeg"}],"twitter_card":"summary_large_image","twitter_misc":{"Arvioitu lukuaika":"2 minuuttia"},"schema":{"@context":"https:\/\/schema.org","@graph":[{"@type":"WebPage","@id":"https:\/\/rotary.fi\/raahe\/vuosijuhla-2022\/","url":"https:\/\/rotary.fi\/raahe\/vuosijuhla-2022\/","name":"Vuosijuhla 2022 - Raahen Rotaryklubi ry","isPartOf":{"@id":"https:\/\/rotary.fi\/raahe\/#website"},"primaryImageOfPage":{"@id":"https:\/\/rotary.fi\/raahe\/vuosijuhla-2022\/#primaryimage"},"image":{"@id":"https:\/\/rotary.fi\/raahe\/vuosijuhla-2022\/#primaryimage"},"thumbnailUrl":"https:\/\/rotary.fi\/raahe\/wp-content\/uploads\/sites\/207\/2022\/03\/rip-puhuu-2-300x218.jpg","datePublished":"2022-03-28T12:24:44+00:00","dateModified":"2025-05-08T08:10:37+00:00","breadcrumb":{"@id":"https:\/\/rotary.fi\/raahe\/vuosijuhla-2022\/#breadcrumb"},"inLanguage":"fi","potentialAction":[{"@type":"ReadAction","target":["https:\/\/rotary.fi\/raahe\/vuosijuhla-2022\/"]}]},{"@type":"ImageObject","inLanguage":"fi","@id":"https:\/\/rotary.fi\/raahe\/vuosijuhla-2022\/#primaryimage","url":"https:\/\/rotary.fi\/raahe\/wp-content\/uploads\/sites\/207\/2022\/03\/rip-puhuu-2.jpg","contentUrl":"https:\/\/rotary.fi\/raahe\/wp-content\/uploads\/sites\/207\/2022\/03\/rip-puhuu-2.jpg","width":2048,"height":1491},{"@type":"BreadcrumbList","@id":"https:\/\/rotary.fi\/raahe\/vuosijuhla-2022\/#breadcrumb","itemListElement":[{"@type":"ListItem","position":1,"name":"Home","item":"https:\/\/rotary.fi\/raahe\/"},{"@type":"ListItem","position":2,"name":"Vuosijuhla 2022"}]},{"@type":"WebSite","@id":"https:\/\/rotary.fi\/raahe\/#website","url":"https:\/\/rotary.fi\/raahe\/","name":"Raahen Rotaryklubi ry","description":"Uusi Rotary klubisivusto","potentialAction":[{"@type":"SearchAction","target":{"@type":"EntryPoint","urlTemplate":"https:\/\/rotary.fi\/raahe\/?s={search_term_string}"},"query-input":{"@type":"PropertyValueSpecification","valueRequired":true,"valueName":"search_term_string"}}],"inLanguage":"fi"}]}},"lang":"fi","translations":{"fi":2584},"pll_sync_post":[],"_links":{"self":[{"href":"https:\/\/rotary.fi\/raahe\/wp-json\/wp\/v2\/pages\/2584","targetHints":{"allow":["GET"]}}],"collection":[{"href":"https:\/\/rotary.fi\/raahe\/wp-json\/wp\/v2\/pages"}],"about":[{"href":"https:\/\/rotary.fi\/raahe\/wp-json\/wp\/v2\/types\/page"}],"author":[{"embeddable":true,"href":"https:\/\/rotary.fi\/raahe\/wp-json\/wp\/v2\/users\/450"}],"replies":[{"embeddable":true,"href":"https:\/\/rotary.fi\/raahe\/wp-json\/wp\/v2\/comments?post=2584"}],"version-history":[{"count":6,"href":"https:\/\/rotary.fi\/raahe\/wp-json\/wp\/v2\/pages\/2584\/revisions"}],"predecessor-version":[{"id":3301,"href":"https:\/\/rotary.fi\/raahe\/wp-json\/wp\/v2\/pages\/2584\/revisions\/3301"}],"wp:attachment":[{"href":"https:\/\/rotary.fi\/raahe\/wp-json\/wp\/v2\/media?parent=2584"}],"curies":[{"name":"wp","href":"https:\/\/api.w.org\/{rel}","templated":true}]}}