{"id":2500,"date":"2021-12-11T11:47:16","date_gmt":"2021-12-11T09:47:16","guid":{"rendered":"https:\/\/rotary.fi\/raahe\/?page_id=2500"},"modified":"2025-05-13T16:13:43","modified_gmt":"2025-05-13T13:13:43","slug":"esitelmat","status":"publish","type":"page","link":"https:\/\/rotary.fi\/raahe\/esitelmat\/","title":{"rendered":"Esitelm\u00e4t"},"content":{"rendered":"<p>[et_pb_section fb_built=&#8221;1&#8243; admin_label=&#8221;section&#8221; _builder_version=&#8221;4.16&#8243; collapsed=&#8221;on&#8221; global_colors_info=&#8221;{}&#8221;][et_pb_row admin_label=&#8221;row&#8221; _builder_version=&#8221;4.17.3&#8243; background_size=&#8221;initial&#8221; background_position=&#8221;top_left&#8221; background_repeat=&#8221;repeat&#8221; global_colors_info=&#8221;{}&#8221;][et_pb_column type=&#8221;4_4&#8243; _builder_version=&#8221;4.16&#8243; custom_padding=&#8221;|||&#8221; global_colors_info=&#8221;{}&#8221; custom_padding__hover=&#8221;|||&#8221;][et_pb_text admin_label=&#8221;Text&#8221; _builder_version=&#8221;4.19.0&#8243; background_size=&#8221;initial&#8221; background_position=&#8221;top_left&#8221; background_repeat=&#8221;repeat&#8221; global_colors_info=&#8221;{}&#8221;]<\/p>\n<h3>Esitelm\u00e4t<\/h3>\n<p>T\u00e4lle sivulle on ker\u00e4tty sek\u00e4 klubin j\u00e4senten ett\u00e4 ulkopuolisten esitelm\u00e4n pit\u00e4jien esitelmi\u00e4.<\/p>\n<h5><strong>Huhtikuussa 2025<\/strong><\/h5>\n<p><a href=\"https:\/\/drive.google.com\/file\/d\/1dbgiDVymyDGGKrbTGo5pE0xS1vHZO9_h\/view?usp=sharing\">Virpi Honkalan esitelm\u00e4 Antalyan piirikonferenssissa<\/a><strong><\/strong><\/p>\n<p>&nbsp;<\/p>\n<h5><strong>Marraskuussa 2024<\/strong><\/h5>\n<p><a href=\"https:\/\/drive.google.com\/file\/d\/1UHUGc4DkjMrSWu5X-GXJ9dWeuv4my2mA\/view?usp=sharing\">\u00a0Virpi Honkalan esitelm\u00e4 poliosta<\/a><\/p>\n<h5><strong>Syyskuussa 2024<\/strong><\/h5>\n<p><strong><\/strong><\/p>\n<p><a href=\"https:\/\/docs.google.com\/presentation\/d\/1r8O5pj1TITNU0hbbn-VhJ7JlMUgZ-T2tEvor-2xxKuI\/edit?usp=sharing\">Vaihto-oppilas Matias Kanasaaren esitelm\u00e4<\/a><strong><\/strong><\/p>\n<p><strong><\/strong><\/p>\n<p>Vierailu Koulutuskeskus Brahen Laboratorio-osastolla\u00a0<\/p>\n<p>Taru Heikkinen: <a href=\"https:\/\/drive.google.com\/file\/d\/1ixWts-ktSNdcp3CL2QaB6LAfuQYzd_mB\/view?usp=sharing\">&#8221;RYLA &#8211; Climate Change and the Baltic Sea&#8221;<\/a><\/p>\n<p>Arja Sarpola: <a href=\"https:\/\/drive.google.com\/file\/d\/1PiWye-p4uj7XlEJIbX5g-o26jXobX3vh\/view?usp=sharing\">&#8221;Brave_laborantti&#8221;<\/a><\/p>\n<p>Arja Sarpola: <a href=\"https:\/\/drive.google.com\/file\/d\/1pbdigm167tEvC8XuJXrwGgKF_5sP8FLQ\/view?usp=sharing\">&#8221;Brave_oneslide&#8221;<\/a><\/p>\n<h5><strong>Joulukuussa 2022<\/strong><\/h5>\n<p>Mervi Wuolteenaho-Soralahti: <a href=\"https:\/\/drive.google.com\/file\/d\/1_ODDdYQw2eUy80YA1YuLNZdUobGyAyMd\/view?usp=share_link\">&#8221;Tyrnin historiaa ja v\u00e4h\u00e4n muuta&#8221;<\/a><\/p>\n<h5><strong>Marraskuussa 2022<\/strong><\/h5>\n<p>Sari Kurttila ja Minna Siilas: <a href=\"https:\/\/drive.google.com\/file\/d\/1UM4P-Xb6ujC4A5zsw8s1AH5rEzXo9Rnb\/view?usp=share_link\">&#8221;Raahen Porvari- ja Kauppakoulu 140 v. esittely&#8221;<\/a><\/p>\n<p>Jokilaaksojen pelastuslaitos, Marko Talus:<a href=\"https:\/\/drive.google.com\/file\/d\/1ryVl8FOiivsBzJ7g37u8X9v19PrWUXEC\/view?usp=share_link\"> &#8221;Jokilaaksojen pelastuslaitoksen esittely&#8221;<\/a><\/p>\n<h5><strong>Toukokuussa 2022<\/strong><\/h5>\n<p>Eira Hurskainen: <a href=\"https:\/\/drive.google.com\/file\/d\/1uY8b_sK9bXR6eIXN-aUj-iCMb5sf3n4s\/view?usp=sharing\">&#8221;Rotaryn nuorisopalvelut&#8221;<\/a><\/p>\n<h5><strong>Huhtikuussa 2022<\/strong><\/h5>\n<p>Risto Kallio: <a href=\"https:\/\/drive.google.com\/file\/d\/1WQpjJR_wBnjij41VqqyUHekeOpHbaTj1\/view?usp=sharing\">&#8221;Risto Kallio maailmalla, vaaralliset ty\u00f6maat&#8221;<\/a><\/p>\n<h5><strong>Maaliskuussa 2022<\/strong><\/h5>\n<p>Harri Lepp\u00e4nen:<a href=\"https:\/\/drive.google.com\/file\/d\/1Im9lqVcI-hjmjskksS63gp4vmrL0PjB-\/view?usp=sharing\">&#8221;Kohti fossiilivapaata ter\u00e4ksen valmistusta&#8221;<\/a><\/p>\n<h5><strong>Helmikuussa 2022<\/strong><\/h5>\n<p>Tarmo Kokkola: <a href=\"https:\/\/drive.google.com\/file\/d\/1XFVW2X0MkhVPQlgbeYMXUCNHTlQpwJX5\/view?usp=sharing\">&#8221;Rotarytietoutta&#8221;<\/a><\/p>\n<p>Sari Nurro: <a href=\"https:\/\/drive.google.com\/file\/d\/19YYSQfqfzIe2kkM-Hd7cRDBi6PdlMPOP\/view?usp=sharing\">&#8221;Tarina Ven\u00e4j\u00e4st\u00e4&#8221;<\/a><\/p>\n<p>Markku Alasuutarin\u00a0 esitelm\u00e4 &#8221;Harrastuksena autourheilu&#8221;\u00a0 l\u00f6ytyy kohdasta J\u00e4senten projektit &gt; Autourheilu.<\/p>\n<h5><strong>Tammikuussa 2022<\/strong><\/h5>\n<p>Marja-Leena Korva: <a title=\"&quot;Ennustuksia ja trendej\u00e4 vuodelle 2022&quot;\" href=\"https:\/\/rotary.fi\/raahe\/wp-content\/uploads\/sites\/207\/2022\/01\/Ennustuksia-ja-trendeja-vuodelle-2022_2.pdf\" target=\"_blank\" rel=\"attachment noopener wp-att-2513\">&#8221;Ennustuksia ja trendej\u00e4 vuodelle 2022&#8221;<\/a><\/p>\n<p>Hanna-Leena Mattila: <a href=\"https:\/\/drive.google.com\/file\/d\/1-RmoAqWR34QQGGqPEHqmL9Vav9zZ2lq9\/view\">&#8221;Kansanedustajan ty\u00f6 korona-aikana&#8221;<\/a><\/p>\n<h5><strong>Joulukuussa 2021<\/strong><\/h5>\n<p>Risto Korva: <a href=\"https:\/\/drive.google.com\/file\/d\/1_5TfmNPkbNHDgweAhiBjRsjzCFHbfPTY\/view?usp=sharing\">&#8221;Verkon vaaroja&#8221;<\/a><\/p>\n<p>Mervi Wuolteenaho-Soralahti: <a href=\"https:\/\/drive.google.com\/file\/d\/16_q3ZBiFgdWuSMRZdupQTCK7wnv-SpF4\/view?usp=sharing\">&#8221;Oliko Bethelemin t\u00e4hti konjunktio ja kuvaako joulupallo omenaa?&#8221;<\/a><\/p>\n<p>&nbsp;<\/p>\n<p>&nbsp;<\/p>\n<p>&nbsp;<\/p>\n<p>&nbsp;<\/p>\n<p>&nbsp;<\/p>\n<p>[\/et_pb_text][\/et_pb_column][\/et_pb_row][\/et_pb_section]<\/p>\n","protected":false},"excerpt":{"rendered":"<p>Esitelm\u00e4t T\u00e4lle sivulle on ker\u00e4tty sek\u00e4 klubin j\u00e4senten ett\u00e4 ulkopuolisten esitelm\u00e4n pit\u00e4jien esitelmi\u00e4. Huhtikuussa 2025 Virpi Honkalan esitelm\u00e4 Antalyan piirikonferenssissa &nbsp; Marraskuussa 2024 \u00a0Virpi Honkalan esitelm\u00e4 poliosta Syyskuussa 2024 Vaihto-oppilas Matias Kanasaaren esitelm\u00e4 Vierailu Koulutuskeskus Brahen Laboratorio-osastolla\u00a0 Taru Heikkinen: &#8221;RYLA &#8211; Climate Change and the Baltic Sea&#8221; Arja Sarpola: &#8221;Brave_laborantti&#8221; Arja Sarpola: &#8221;Brave_oneslide&#8221; Joulukuussa 2022 [&hellip;]<\/p>\n","protected":false},"author":450,"featured_media":0,"parent":0,"menu_order":0,"comment_status":"closed","ping_status":"closed","template":"","meta":{"_acf_changed":false,"_et_pb_use_builder":"on","_et_pb_old_content":"T\u00e4lle sivulle on ker\u00e4tty sek\u00e4 klubin j\u00e4senien ett\u00e4 ulkopuolisten esitelm\u00e4n pit\u00e4jien esitelmi\u00e4.\r\n\r\n<strong>Joulukuussa 2021<\/strong>\r\n\r\nMervi Wuolteenaho-Soralahti: <a href=\"https:\/\/drive.google.com\/file\/d\/16_q3ZBiFgdWuSMRZdupQTCK7wnv-SpF4\/view?usp=sharing\">\"Oliko Bethelemin t\u00e4hti konjunktio ja kuvaako joulupallo omenaa?\"<\/a>\r\n\r\nRisto Korva: <a href=\"https:\/\/drive.google.com\/file\/d\/1_5TfmNPkbNHDgweAhiBjRsjzCFHbfPTY\/view?usp=sharing\">\"Verkon vaaroja\"<\/a>","_et_gb_content_width":"","footnotes":""},"class_list":["post-2500","page","type-page","status-publish","hentry"],"acf":[],"yoast_head":"<!-- This site is optimized with the Yoast SEO plugin v27.4 - https:\/\/yoast.com\/product\/yoast-seo-wordpress\/ -->\n<title>Esitelm\u00e4t - Raahen Rotaryklubi ry<\/title>\n<meta name=\"robots\" content=\"index, follow, max-snippet:-1, max-image-preview:large, max-video-preview:-1\" \/>\n<link rel=\"canonical\" href=\"https:\/\/rotary.fi\/raahe\/esitelmat\/\" \/>\n<meta property=\"og:locale\" content=\"fi_FI\" \/>\n<meta property=\"og:type\" content=\"article\" \/>\n<meta property=\"og:title\" content=\"Esitelm\u00e4t - Raahen Rotaryklubi ry\" \/>\n<meta property=\"og:description\" content=\"Esitelm\u00e4t T\u00e4lle sivulle on ker\u00e4tty sek\u00e4 klubin j\u00e4senten ett\u00e4 ulkopuolisten esitelm\u00e4n pit\u00e4jien esitelmi\u00e4. Huhtikuussa 2025 Virpi Honkalan esitelm\u00e4 Antalyan piirikonferenssissa &nbsp; Marraskuussa 2024 \u00a0Virpi Honkalan esitelm\u00e4 poliosta Syyskuussa 2024 Vaihto-oppilas Matias Kanasaaren esitelm\u00e4 Vierailu Koulutuskeskus Brahen Laboratorio-osastolla\u00a0 Taru Heikkinen: &quot;RYLA - Climate Change and the Baltic Sea&quot; Arja Sarpola: &quot;Brave_laborantti&quot; Arja Sarpola: &quot;Brave_oneslide&quot; Joulukuussa 2022 [&hellip;]\" \/>\n<meta property=\"og:url\" content=\"https:\/\/rotary.fi\/raahe\/esitelmat\/\" \/>\n<meta property=\"og:site_name\" content=\"Raahen Rotaryklubi ry\" \/>\n<meta property=\"article:modified_time\" content=\"2025-05-13T13:13:43+00:00\" \/>\n<meta name=\"twitter:card\" content=\"summary_large_image\" \/>\n<meta name=\"twitter:label1\" content=\"Arvioitu lukuaika\" \/>\n\t<meta name=\"twitter:data1\" content=\"1 minuutti\" \/>\n<script type=\"application\/ld+json\" class=\"yoast-schema-graph\">{\"@context\":\"https:\\\/\\\/schema.org\",\"@graph\":[{\"@type\":\"WebPage\",\"@id\":\"https:\\\/\\\/rotary.fi\\\/raahe\\\/esitelmat\\\/\",\"url\":\"https:\\\/\\\/rotary.fi\\\/raahe\\\/esitelmat\\\/\",\"name\":\"Esitelm\u00e4t - Raahen Rotaryklubi ry\",\"isPartOf\":{\"@id\":\"https:\\\/\\\/rotary.fi\\\/raahe\\\/#website\"},\"datePublished\":\"2021-12-11T09:47:16+00:00\",\"dateModified\":\"2025-05-13T13:13:43+00:00\",\"breadcrumb\":{\"@id\":\"https:\\\/\\\/rotary.fi\\\/raahe\\\/esitelmat\\\/#breadcrumb\"},\"inLanguage\":\"fi\",\"potentialAction\":[{\"@type\":\"ReadAction\",\"target\":[\"https:\\\/\\\/rotary.fi\\\/raahe\\\/esitelmat\\\/\"]}]},{\"@type\":\"BreadcrumbList\",\"@id\":\"https:\\\/\\\/rotary.fi\\\/raahe\\\/esitelmat\\\/#breadcrumb\",\"itemListElement\":[{\"@type\":\"ListItem\",\"position\":1,\"name\":\"Home\",\"item\":\"https:\\\/\\\/rotary.fi\\\/raahe\\\/\"},{\"@type\":\"ListItem\",\"position\":2,\"name\":\"Esitelm\u00e4t\"}]},{\"@type\":\"WebSite\",\"@id\":\"https:\\\/\\\/rotary.fi\\\/raahe\\\/#website\",\"url\":\"https:\\\/\\\/rotary.fi\\\/raahe\\\/\",\"name\":\"Raahen Rotaryklubi ry\",\"description\":\"Uusi Rotary klubisivusto\",\"potentialAction\":[{\"@type\":\"SearchAction\",\"target\":{\"@type\":\"EntryPoint\",\"urlTemplate\":\"https:\\\/\\\/rotary.fi\\\/raahe\\\/?s={search_term_string}\"},\"query-input\":{\"@type\":\"PropertyValueSpecification\",\"valueRequired\":true,\"valueName\":\"search_term_string\"}}],\"inLanguage\":\"fi\"}]}<\/script>\n<!-- \/ Yoast SEO plugin. -->","yoast_head_json":{"title":"Esitelm\u00e4t - Raahen Rotaryklubi ry","robots":{"index":"index","follow":"follow","max-snippet":"max-snippet:-1","max-image-preview":"max-image-preview:large","max-video-preview":"max-video-preview:-1"},"canonical":"https:\/\/rotary.fi\/raahe\/esitelmat\/","og_locale":"fi_FI","og_type":"article","og_title":"Esitelm\u00e4t - Raahen Rotaryklubi ry","og_description":"Esitelm\u00e4t T\u00e4lle sivulle on ker\u00e4tty sek\u00e4 klubin j\u00e4senten ett\u00e4 ulkopuolisten esitelm\u00e4n pit\u00e4jien esitelmi\u00e4. Huhtikuussa 2025 Virpi Honkalan esitelm\u00e4 Antalyan piirikonferenssissa &nbsp; Marraskuussa 2024 \u00a0Virpi Honkalan esitelm\u00e4 poliosta Syyskuussa 2024 Vaihto-oppilas Matias Kanasaaren esitelm\u00e4 Vierailu Koulutuskeskus Brahen Laboratorio-osastolla\u00a0 Taru Heikkinen: \"RYLA - Climate Change and the Baltic Sea\" Arja Sarpola: \"Brave_laborantti\" Arja Sarpola: \"Brave_oneslide\" Joulukuussa 2022 [&hellip;]","og_url":"https:\/\/rotary.fi\/raahe\/esitelmat\/","og_site_name":"Raahen Rotaryklubi ry","article_modified_time":"2025-05-13T13:13:43+00:00","twitter_card":"summary_large_image","twitter_misc":{"Arvioitu lukuaika":"1 minuutti"},"schema":{"@context":"https:\/\/schema.org","@graph":[{"@type":"WebPage","@id":"https:\/\/rotary.fi\/raahe\/esitelmat\/","url":"https:\/\/rotary.fi\/raahe\/esitelmat\/","name":"Esitelm\u00e4t - Raahen Rotaryklubi ry","isPartOf":{"@id":"https:\/\/rotary.fi\/raahe\/#website"},"datePublished":"2021-12-11T09:47:16+00:00","dateModified":"2025-05-13T13:13:43+00:00","breadcrumb":{"@id":"https:\/\/rotary.fi\/raahe\/esitelmat\/#breadcrumb"},"inLanguage":"fi","potentialAction":[{"@type":"ReadAction","target":["https:\/\/rotary.fi\/raahe\/esitelmat\/"]}]},{"@type":"BreadcrumbList","@id":"https:\/\/rotary.fi\/raahe\/esitelmat\/#breadcrumb","itemListElement":[{"@type":"ListItem","position":1,"name":"Home","item":"https:\/\/rotary.fi\/raahe\/"},{"@type":"ListItem","position":2,"name":"Esitelm\u00e4t"}]},{"@type":"WebSite","@id":"https:\/\/rotary.fi\/raahe\/#website","url":"https:\/\/rotary.fi\/raahe\/","name":"Raahen Rotaryklubi ry","description":"Uusi Rotary klubisivusto","potentialAction":[{"@type":"SearchAction","target":{"@type":"EntryPoint","urlTemplate":"https:\/\/rotary.fi\/raahe\/?s={search_term_string}"},"query-input":{"@type":"PropertyValueSpecification","valueRequired":true,"valueName":"search_term_string"}}],"inLanguage":"fi"}]}},"lang":"fi","translations":{"fi":2500},"pll_sync_post":[],"_links":{"self":[{"href":"https:\/\/rotary.fi\/raahe\/wp-json\/wp\/v2\/pages\/2500","targetHints":{"allow":["GET"]}}],"collection":[{"href":"https:\/\/rotary.fi\/raahe\/wp-json\/wp\/v2\/pages"}],"about":[{"href":"https:\/\/rotary.fi\/raahe\/wp-json\/wp\/v2\/types\/page"}],"author":[{"embeddable":true,"href":"https:\/\/rotary.fi\/raahe\/wp-json\/wp\/v2\/users\/450"}],"replies":[{"embeddable":true,"href":"https:\/\/rotary.fi\/raahe\/wp-json\/wp\/v2\/comments?post=2500"}],"version-history":[{"count":9,"href":"https:\/\/rotary.fi\/raahe\/wp-json\/wp\/v2\/pages\/2500\/revisions"}],"predecessor-version":[{"id":3306,"href":"https:\/\/rotary.fi\/raahe\/wp-json\/wp\/v2\/pages\/2500\/revisions\/3306"}],"wp:attachment":[{"href":"https:\/\/rotary.fi\/raahe\/wp-json\/wp\/v2\/media?parent=2500"}],"curies":[{"name":"wp","href":"https:\/\/api.w.org\/{rel}","templated":true}]}}