{"id":2346,"date":"2021-08-12T10:57:24","date_gmt":"2021-08-12T07:57:24","guid":{"rendered":"https:\/\/rotary.fi\/raahe\/?page_id=2346"},"modified":"2025-11-07T09:46:22","modified_gmt":"2025-11-07T07:46:22","slug":"klubin-vuosiohjelma","status":"publish","type":"page","link":"https:\/\/rotary.fi\/raahe\/klubin-vuosiohjelma\/","title":{"rendered":"Klubin vuosiohjelma"},"content":{"rendered":"<p>[et_pb_section fb_built=&#8221;1&#8243; admin_label=&#8221;section&#8221; _builder_version=&#8221;4.16&#8243; global_colors_info=&#8221;{}&#8221;][et_pb_row admin_label=&#8221;row&#8221; _builder_version=&#8221;4.16&#8243; background_size=&#8221;initial&#8221; background_position=&#8221;top_left&#8221; background_repeat=&#8221;repeat&#8221; min_height=&#8221;1894px&#8221; global_colors_info=&#8221;{}&#8221;][et_pb_column type=&#8221;4_4&#8243; _builder_version=&#8221;4.16&#8243; custom_padding=&#8221;|||&#8221; global_colors_info=&#8221;{}&#8221; custom_padding__hover=&#8221;|||&#8221;][et_pb_text admin_label=&#8221;Text&#8221; _builder_version=&#8221;4.16&#8243; background_size=&#8221;initial&#8221; background_position=&#8221;top_left&#8221; background_repeat=&#8221;repeat&#8221; global_colors_info=&#8221;{}&#8221;]<\/p>\n<p style=\"text-align: left\"><strong>TOIMINTASUUNNITELMA KAUDELLE 2025-2026 <\/strong><strong>RAAHEN ROTARYKLUBI\u00a0<\/strong><\/p>\n<p>KES\u00c4-HEIN\u00c4KUU<\/p>\n<p>la 28.6. Pekan p\u00e4iv\u00e4t IC, avec<br \/>la 12.7. Raahen Merip\u00e4iv\u00e4t, IC, avec<\/p>\n<p>ELOKUU<\/p>\n<p>to 7.8. Kuvern\u00f6\u00f6rin vierailu IC, Ruiskuhuone, aamukokous, klo 8.00, hallitus<br \/>la 16.8. Veneretki maahanmuuttajille ja heid\u00e4n perheilleen IC, avec<\/p>\n<p>ti 26.8. Rantaroskaprojekti IC, klo 17.00<\/p>\n<p>\u00a0SYYSKUU<\/p>\n<p>to 4.9. Marjatalkoot, klo 17.00, IC, avec\u00a0<br \/>ti 9.9. Syysretki Simo Joensuun kodalle Hummastiin klo 17.00 IC, avec<br \/>to 18.9. Tanja Nyman, Rynkeby-esitelm\u00e4, Hallitus<br \/>ti 30.9. Raahen Seudun lehtitalo vierailu IC, avec klo 17.30<\/p>\n<p>LOKAKUU<\/p>\n<p>to 2.10. Rantaroskaprojekti, IC, avec klo 17.30<br \/>ti 7.10. Koulutuskuntayhtym\u00e4 Brahe vierailu IC, avec, lounas 11.00, esittely 11.30<br \/>to 16.10. Syyskokous Marja-Leena Korva, hallitus<br \/>pe 24.10. Poliop\u00e4iv\u00e4, IC Syysloma, ei kokousta, polioker\u00e4ys<\/p>\n<p>MARRASKUU<\/p>\n<p>ti 4.11. Mediakeskus Lybecker, IC, avec, lounas 11.00 ja esittely 11.30<br \/>ti 18.11. Palveluopasprojektin aloituspalaveri IC, klo 11.45<br \/>to 27.11. Rotarys\u00e4\u00e4ti\u00f6esitelm\u00e4, Virpi Honkala, IC, hallitus<\/p>\n<p>JOULUKUU<\/p>\n<p>ti 2.12. Raahen Taitopaja klo 18.00 IC<br \/>la 6.12. Itsen\u00e4isyysp\u00e4iv\u00e4n lippuvartio<br \/>ke 10.12. Puurojuhla, klo 18.00, IC, avec Saloisten seurakuntakodilla<\/p>\n<p>TAMMIKUU<\/p>\n<p>Ti 13.1. Uusi Prisma klo 18.00 IC, avec<br \/>to 22.1. POHDE terveiset, Matti Honkala IC<\/p>\n<p>to 29.1. Hanna-Leena Mattila esitelm\u00e4, Hallitus<\/p>\n<p>HELMIKUU<\/p>\n<p>to 5.2. Minna Hukkanen, esitelm\u00e4 teko\u00e4lyst\u00e4\u00a0<br \/>to 12.2. Kirsti M\u00e4kinen-Reijasalo, esitelm\u00e4, Hallitus<br \/>pe 20.2. Vuosijuhla, IC, avec, vastuuvuoro Raahen Rotaryklubi<\/p>\n<p>MAALISKUU<\/p>\n<p>ti 10.3. Raahen Vesi Oy, klo 18.00, IC<br \/>to 19.3. Jaana ja Kari Kanasaari, esitelm\u00e4<br \/>to 26.3. Klubineuvottelu, tuleva kausi, Hallitus<br \/>la-su 21.-22.3. PELS-koulutus ja piirikonferenssi Oulussa<\/p>\n<p>HUHTIKUU<\/p>\n<p>to 9.4. Yritysvierailu\/esitelm\u00e4<br \/>to 16.4. Esitelm\u00e4 IC, Hallitus<br \/>ma 27.4. Kansallinen veteraanip\u00e4iv\u00e4, lippuvartio<\/p>\n<p>TOUKOKUU<\/p>\n<p>ti 5.5. Ulkokuntosali IC, klo 17.30<br \/>to 7.5. Kev\u00e4tkokous, tulevan kauden suunnittelu, Pasi Pulli, Hallitus<br \/>su 17.5. Kaatuneitten muistop\u00e4iv\u00e4, lippuvartio<br \/>ti 26.5. S\u00e4rk\u00e4n perennataimisto klo 17.30, IC, avec<\/p>\n<p>KES\u00c4KUU<\/p>\n<p>ma 1.6.\u00a0 Liikennepuisto, IC<br \/>ti 16.6. Nuijanvaihto, Ruiskuhuoneen Pruuta klo 18.00, IC avec<\/p>\n<p>[\/et_pb_text][\/et_pb_column][\/et_pb_row][\/et_pb_section]<\/p>\n","protected":false},"excerpt":{"rendered":"<p>TOIMINTASUUNNITELMA KAUDELLE 2025-2026 RAAHEN ROTARYKLUBI\u00a0 KES\u00c4-HEIN\u00c4KUU la 28.6. Pekan p\u00e4iv\u00e4t IC, avecla 12.7. Raahen Merip\u00e4iv\u00e4t, IC, avec ELOKUU to 7.8. Kuvern\u00f6\u00f6rin vierailu IC, Ruiskuhuone, aamukokous, klo 8.00, hallitusla 16.8. Veneretki maahanmuuttajille ja heid\u00e4n perheilleen IC, avec ti 26.8. Rantaroskaprojekti IC, klo 17.00 \u00a0SYYSKUU to 4.9. Marjatalkoot, klo 17.00, IC, avec\u00a0ti 9.9. Syysretki Simo Joensuun kodalle [&hellip;]<\/p>\n","protected":false},"author":450,"featured_media":0,"parent":0,"menu_order":0,"comment_status":"closed","ping_status":"closed","template":"","meta":{"_acf_changed":false,"_et_pb_use_builder":"on","_et_pb_old_content":"<p style=\"text-align: left\"><strong>TOIMINTASUUNNITELMA KAUDELLE 2023-2024<\/strong>\u00a0<strong>RAAHEN ROTARYKLUBI\u00a0<\/strong><\/p>\r\nHEIN\u00c4KUU\r\nla 1.7. Pekanp\u00e4ivien avajaiset, klo 16.30, IC, avec\r\nla 15.7. Raahen Merip\u00e4iv\u00e4t, klo 12.00, IC, avec\r\nla 29.7. Raahen Rantajatsit, IC, avec\r\n\r\nELOKUU\r\nto 3.8. Ruiskuhuone, aamukokous, klo 8.00, IC\r\nti 8.8. Rantaroskaprojekti, klo 17.30, IC\r\nla 12.8. Kuvern\u00f6\u00f6rin k\u00e4\u00e4tyjen vaihto, Oulu\r\nti 22.8. Energialaitos -vierailu, klo 17.30, IC\r\nto 31.8. Vaihto-oppilas Ana Carolinan esitelm\u00e4\r\n\r\nSYYSKUU\r\nla 2.9. Raahen Pimi\u00e4t, IC, avec\r\npe 8.9. Kuvern\u00f6\u00f6ri Petri Ker\u00e4sen vierailu ja\r\npe 8.9. Raahen Rotaryklubi 75 vuotta, IC, avec (erillinen kutsu)\r\n14.-15.9. Rotaryforum Manchester\r\nto 21.9. Tyrnitalkoot Kivel\u00e4, klo 17.00, IC, avec\r\n\r\nLOKAKUU\r\nto 5.10. Rantaroskaprojekti, IC, avec\r\nto 12.10 Syyskokous, hallitus\r\n14.-15.10. Piirikokous Luosto\r\nti 24.10. Poliop\u00e4iv\u00e4, IC\r\n\r\nMARRASKUU\r\nto 2.11. Rotarys\u00e4\u00e4ti\u00f6esitelm\u00e4, Virpi Honkala, klo 17.30\r\nto 9.11. Esitelm\u00e4, Sampo Puoskari, hallitus\r\nti 14.11. Makasiinimuseo \/ konservointi, klo 17.30, IC\r\nti 21.11. Piiriapurahaprojektin esitelm\u00e4, IC\r\nti 28.11. Palveluopasprojektin kick-off, IC\r\n\r\nJOULUKUU\r\nke 6.12. Itsen\u00e4isyysp\u00e4iv\u00e4n lippuvartio\r\nto 7.12. Vaihto-oppilaan ilta, klo 17.30, IC\r\nto 14.12. Puurojuhla, klo 18.00, IC, avec, vetovastuu PBRK\r\n\r\nTAMMIKUU\r\nto 11 .1. Klubineuvottelu, hallitus\r\nto 18.1. Terapiapalvelu Kaps\u00e4kki, Anne M\u00e4enp\u00e4\u00e4, IC, avec\r\nto 25.1. Esitelm\u00e4, Hanna-Leena Mattila\r\n\r\nHELMIKUU\r\nto 1.2. Esitelm\u00e4, Jouko Selk\u00e4l\u00e4\r\nto 8.2. Raahen poliisiasema, IC\r\npe 16.2. Vuosijuhla, IC, avec, vastuuvuoro Raahen Rotaryklubi\r\nto 29.2. Esitelm\u00e4, Risto Kallio, hallitus\r\n\r\nMAALISKUU\r\nti 12.3. Raahen satama, klo 17.30, IC\r\nto 14.3. Esitelm\u00e4, Minna Siilas\r\nto 21.3. Vaihto-oppilasperheiden kutsuilta, IC\r\n\r\nHUHTIKUU\r\nto 4.4. Esitelm\u00e4 Esa Ylisirni\u00f6, hallitus\r\nto 11.4. Raahen kaupungin henkil\u00f6st\u00f6p\u00e4\u00e4llikk\u00f6 Seppo Sarlin\r\nto 18.4. Ilmajoogaesittely, Nina Tirkkonen, IC\r\n\r\nTOUKOKUU\r\n3.-5.5. Piirikonferenssi , Oulu, Hotelli Lasaretti\r\nti 14.5. Kuusiluodon mets\u00e4polku, Saloinen, klo 17.30, IC,avec\r\nto 16.5. Kev\u00e4tkokous, tulevan kauden suunnittelu, Marja-Leena Korva\r\nto 23.5. Mediakeskus Lybecker, klo 17.30, IC\r\nti 28.5. Rantaroskaprojekti, IC, avec\r\n24.-29.5. Singaporen konventio\r\n\r\nKES\u00c4KUU\r\nti 4.6. Reserviupseerikerho, klo 17.30, IC\r\nto 6.6. Liikennepuisto\r\nto 13.6. Kes\u00e4aamun kahvihetki, Pruuta klo 8.00\r\nti 18.6. Nuijanvaihto, IC Ruiskuhuoneen Pruuta","_et_gb_content_width":"","footnotes":""},"class_list":["post-2346","page","type-page","status-publish","hentry"],"acf":[],"yoast_head":"<!-- This site is optimized with the Yoast SEO plugin v27.0 - https:\/\/yoast.com\/product\/yoast-seo-wordpress\/ -->\n<title>Klubin vuosiohjelma - Raahen Rotaryklubi ry<\/title>\n<meta name=\"robots\" content=\"index, follow, max-snippet:-1, max-image-preview:large, max-video-preview:-1\" \/>\n<link rel=\"canonical\" href=\"https:\/\/rotary.fi\/raahe\/klubin-vuosiohjelma\/\" \/>\n<meta property=\"og:locale\" content=\"fi_FI\" \/>\n<meta property=\"og:type\" content=\"article\" \/>\n<meta property=\"og:title\" content=\"Klubin vuosiohjelma - Raahen Rotaryklubi ry\" \/>\n<meta property=\"og:description\" content=\"TOIMINTASUUNNITELMA KAUDELLE 2025-2026 RAAHEN ROTARYKLUBI\u00a0 KES\u00c4-HEIN\u00c4KUU la 28.6. Pekan p\u00e4iv\u00e4t IC, avecla 12.7. Raahen Merip\u00e4iv\u00e4t, IC, avec ELOKUU to 7.8. Kuvern\u00f6\u00f6rin vierailu IC, Ruiskuhuone, aamukokous, klo 8.00, hallitusla 16.8. Veneretki maahanmuuttajille ja heid\u00e4n perheilleen IC, avec ti 26.8. Rantaroskaprojekti IC, klo 17.00 \u00a0SYYSKUU to 4.9. Marjatalkoot, klo 17.00, IC, avec\u00a0ti 9.9. Syysretki Simo Joensuun kodalle [&hellip;]\" \/>\n<meta property=\"og:url\" content=\"https:\/\/rotary.fi\/raahe\/klubin-vuosiohjelma\/\" \/>\n<meta property=\"og:site_name\" content=\"Raahen Rotaryklubi ry\" \/>\n<meta property=\"article:modified_time\" content=\"2025-11-07T07:46:22+00:00\" \/>\n<meta name=\"twitter:card\" content=\"summary_large_image\" \/>\n<meta name=\"twitter:label1\" content=\"Arvioitu lukuaika\" \/>\n\t<meta name=\"twitter:data1\" content=\"2 minuuttia\" \/>\n<script type=\"application\/ld+json\" class=\"yoast-schema-graph\">{\"@context\":\"https:\/\/schema.org\",\"@graph\":[{\"@type\":\"WebPage\",\"@id\":\"https:\/\/rotary.fi\/raahe\/klubin-vuosiohjelma\/\",\"url\":\"https:\/\/rotary.fi\/raahe\/klubin-vuosiohjelma\/\",\"name\":\"Klubin vuosiohjelma - Raahen Rotaryklubi ry\",\"isPartOf\":{\"@id\":\"https:\/\/rotary.fi\/raahe\/#website\"},\"datePublished\":\"2021-08-12T07:57:24+00:00\",\"dateModified\":\"2025-11-07T07:46:22+00:00\",\"breadcrumb\":{\"@id\":\"https:\/\/rotary.fi\/raahe\/klubin-vuosiohjelma\/#breadcrumb\"},\"inLanguage\":\"fi\",\"potentialAction\":[{\"@type\":\"ReadAction\",\"target\":[\"https:\/\/rotary.fi\/raahe\/klubin-vuosiohjelma\/\"]}]},{\"@type\":\"BreadcrumbList\",\"@id\":\"https:\/\/rotary.fi\/raahe\/klubin-vuosiohjelma\/#breadcrumb\",\"itemListElement\":[{\"@type\":\"ListItem\",\"position\":1,\"name\":\"Home\",\"item\":\"https:\/\/rotary.fi\/raahe\/\"},{\"@type\":\"ListItem\",\"position\":2,\"name\":\"Klubin vuosiohjelma\"}]},{\"@type\":\"WebSite\",\"@id\":\"https:\/\/rotary.fi\/raahe\/#website\",\"url\":\"https:\/\/rotary.fi\/raahe\/\",\"name\":\"Raahen Rotaryklubi ry\",\"description\":\"Uusi Rotary klubisivusto\",\"potentialAction\":[{\"@type\":\"SearchAction\",\"target\":{\"@type\":\"EntryPoint\",\"urlTemplate\":\"https:\/\/rotary.fi\/raahe\/?s={search_term_string}\"},\"query-input\":{\"@type\":\"PropertyValueSpecification\",\"valueRequired\":true,\"valueName\":\"search_term_string\"}}],\"inLanguage\":\"fi\"}]}<\/script>\n<!-- \/ Yoast SEO plugin. -->","yoast_head_json":{"title":"Klubin vuosiohjelma - Raahen Rotaryklubi ry","robots":{"index":"index","follow":"follow","max-snippet":"max-snippet:-1","max-image-preview":"max-image-preview:large","max-video-preview":"max-video-preview:-1"},"canonical":"https:\/\/rotary.fi\/raahe\/klubin-vuosiohjelma\/","og_locale":"fi_FI","og_type":"article","og_title":"Klubin vuosiohjelma - Raahen Rotaryklubi ry","og_description":"TOIMINTASUUNNITELMA KAUDELLE 2025-2026 RAAHEN ROTARYKLUBI\u00a0 KES\u00c4-HEIN\u00c4KUU la 28.6. Pekan p\u00e4iv\u00e4t IC, avecla 12.7. Raahen Merip\u00e4iv\u00e4t, IC, avec ELOKUU to 7.8. Kuvern\u00f6\u00f6rin vierailu IC, Ruiskuhuone, aamukokous, klo 8.00, hallitusla 16.8. Veneretki maahanmuuttajille ja heid\u00e4n perheilleen IC, avec ti 26.8. Rantaroskaprojekti IC, klo 17.00 \u00a0SYYSKUU to 4.9. Marjatalkoot, klo 17.00, IC, avec\u00a0ti 9.9. Syysretki Simo Joensuun kodalle [&hellip;]","og_url":"https:\/\/rotary.fi\/raahe\/klubin-vuosiohjelma\/","og_site_name":"Raahen Rotaryklubi ry","article_modified_time":"2025-11-07T07:46:22+00:00","twitter_card":"summary_large_image","twitter_misc":{"Arvioitu lukuaika":"2 minuuttia"},"schema":{"@context":"https:\/\/schema.org","@graph":[{"@type":"WebPage","@id":"https:\/\/rotary.fi\/raahe\/klubin-vuosiohjelma\/","url":"https:\/\/rotary.fi\/raahe\/klubin-vuosiohjelma\/","name":"Klubin vuosiohjelma - Raahen Rotaryklubi ry","isPartOf":{"@id":"https:\/\/rotary.fi\/raahe\/#website"},"datePublished":"2021-08-12T07:57:24+00:00","dateModified":"2025-11-07T07:46:22+00:00","breadcrumb":{"@id":"https:\/\/rotary.fi\/raahe\/klubin-vuosiohjelma\/#breadcrumb"},"inLanguage":"fi","potentialAction":[{"@type":"ReadAction","target":["https:\/\/rotary.fi\/raahe\/klubin-vuosiohjelma\/"]}]},{"@type":"BreadcrumbList","@id":"https:\/\/rotary.fi\/raahe\/klubin-vuosiohjelma\/#breadcrumb","itemListElement":[{"@type":"ListItem","position":1,"name":"Home","item":"https:\/\/rotary.fi\/raahe\/"},{"@type":"ListItem","position":2,"name":"Klubin vuosiohjelma"}]},{"@type":"WebSite","@id":"https:\/\/rotary.fi\/raahe\/#website","url":"https:\/\/rotary.fi\/raahe\/","name":"Raahen Rotaryklubi ry","description":"Uusi Rotary klubisivusto","potentialAction":[{"@type":"SearchAction","target":{"@type":"EntryPoint","urlTemplate":"https:\/\/rotary.fi\/raahe\/?s={search_term_string}"},"query-input":{"@type":"PropertyValueSpecification","valueRequired":true,"valueName":"search_term_string"}}],"inLanguage":"fi"}]}},"lang":"fi","translations":{"fi":2346},"pll_sync_post":[],"_links":{"self":[{"href":"https:\/\/rotary.fi\/raahe\/wp-json\/wp\/v2\/pages\/2346","targetHints":{"allow":["GET"]}}],"collection":[{"href":"https:\/\/rotary.fi\/raahe\/wp-json\/wp\/v2\/pages"}],"about":[{"href":"https:\/\/rotary.fi\/raahe\/wp-json\/wp\/v2\/types\/page"}],"author":[{"embeddable":true,"href":"https:\/\/rotary.fi\/raahe\/wp-json\/wp\/v2\/users\/450"}],"replies":[{"embeddable":true,"href":"https:\/\/rotary.fi\/raahe\/wp-json\/wp\/v2\/comments?post=2346"}],"version-history":[{"count":9,"href":"https:\/\/rotary.fi\/raahe\/wp-json\/wp\/v2\/pages\/2346\/revisions"}],"predecessor-version":[{"id":3450,"href":"https:\/\/rotary.fi\/raahe\/wp-json\/wp\/v2\/pages\/2346\/revisions\/3450"}],"wp:attachment":[{"href":"https:\/\/rotary.fi\/raahe\/wp-json\/wp\/v2\/media?parent=2346"}],"curies":[{"name":"wp","href":"https:\/\/api.w.org\/{rel}","templated":true}]}}