{"id":138,"date":"2018-08-10T14:01:44","date_gmt":"2018-08-10T11:01:44","guid":{"rendered":"https:\/\/rotary.fi\/klubi2\/?page_id=138"},"modified":"2025-11-07T11:41:09","modified_gmt":"2025-11-07T09:41:09","slug":"vuositeema","status":"publish","type":"page","link":"https:\/\/rotary.fi\/raahe\/keita-olemme\/vuositeema\/","title":{"rendered":"Rotaryn vuositeema"},"content":{"rendered":"<p>Rotary Internationalin (RI) vuositeema 2025 &#8211; 2026 on Unite for Good eli Yhteenliity hyv\u00e4n puolesta.<\/p>\n<p>Teema kutsuu Rotaryn j\u00e4seni\u00e4 olemaan yhten\u00e4isyyden voima maailmassa, joka jakautuu yh\u00e4 enemm\u00e4n politiikan, maantieteen ja ideologian mukaan. Palveluprojektien kautta Rotary tuo yhteen kaikenlaisia \u200b\u200bihmisi\u00e4 \u2013 rodusta, uskonnosta ja ammatista riippumatta \u2013 yhteisess\u00e4 teht\u00e4v\u00e4ss\u00e4 tehd\u00e4 hyv\u00e4\u00e4 yhteis\u00f6iss\u00e4\u00e4n.<\/p>\n<p>Rotaryvuonna 2025\u20142026 RI:n presidenttin\u00e4 on Francesco Arezzo, Rotary Club of Ragusa, Italy.\u00a0Arezzo on yksityisvastaanotolla ty\u00f6skentelev\u00e4 hammasl\u00e4\u00e4ketieteen erikoisl\u00e4\u00e4k\u00e4ri. H\u00e4n toimii aktiivisesti alan j\u00e4rjest\u00f6iss\u00e4 Italiassa ja kansainv\u00e4lisesti.<\/p>\n<p><img loading=\"lazy\" decoding=\"async\" class=\"alignnone  wp-image-3460\" src=\"https:\/\/rotary.fi\/raahe\/wp-content\/uploads\/sites\/207\/2025\/11\/logo-pm2526-bc-social-rotary-white-1080x1080-en-us-300x300.png\" alt=\"\" width=\"153\" height=\"153\" \/>\u00a0 \u00a0 \u00a0 \u00a0\u00a0 \u00a0 \u00a0 \u00a0 \u00a0 \u00a0 \u00a0 \u00a0 <img loading=\"lazy\" decoding=\"async\" class=\"alignnone  wp-image-3456\" src=\"https:\/\/rotary.fi\/raahe\/wp-content\/uploads\/sites\/207\/2025\/11\/leadership-arezzo-20250730-us-030-edit-534x400-1-225x300.jpg\" alt=\"\" width=\"242\" height=\"322\" srcset=\"https:\/\/rotary.fi\/raahe\/wp-content\/uploads\/sites\/207\/2025\/11\/leadership-arezzo-20250730-us-030-edit-534x400-1-225x300.jpg 225w, https:\/\/rotary.fi\/raahe\/wp-content\/uploads\/sites\/207\/2025\/11\/leadership-arezzo-20250730-us-030-edit-534x400-1.jpg 400w\" sizes=\"(max-width: 242px) 100vw, 242px\" \/><\/p>\n","protected":false},"excerpt":{"rendered":"<p>Rotary Internationalin (RI) vuositeema 2025 &#8211; 2026 on Unite for Good eli Yhteenliity hyv\u00e4n puolesta. Teema kutsuu Rotaryn j\u00e4seni\u00e4 olemaan yhten\u00e4isyyden voima maailmassa, joka jakautuu yh\u00e4 enemm\u00e4n politiikan, maantieteen ja ideologian mukaan. Palveluprojektien kautta Rotary tuo yhteen kaikenlaisia \u200b\u200bihmisi\u00e4 \u2013 rodusta, uskonnosta ja ammatista riippumatta \u2013 yhteisess\u00e4 teht\u00e4v\u00e4ss\u00e4 tehd\u00e4 hyv\u00e4\u00e4 yhteis\u00f6iss\u00e4\u00e4n. Rotaryvuonna 2025\u20142026 RI:n presidenttin\u00e4 [&hellip;]<\/p>\n","protected":false},"author":1,"featured_media":0,"parent":129,"menu_order":0,"comment_status":"closed","ping_status":"closed","template":"","meta":{"_acf_changed":false,"_et_pb_use_builder":"off","_et_pb_old_content":"","_et_gb_content_width":"","footnotes":""},"class_list":["post-138","page","type-page","status-publish","hentry"],"acf":[],"yoast_head":"<!-- This site is optimized with the Yoast SEO plugin v27.0 - https:\/\/yoast.com\/product\/yoast-seo-wordpress\/ -->\n<title>Rotaryn vuositeema - Raahen Rotaryklubi ry<\/title>\n<meta name=\"robots\" content=\"index, follow, max-snippet:-1, max-image-preview:large, max-video-preview:-1\" \/>\n<link rel=\"canonical\" href=\"https:\/\/rotary.fi\/raahe\/keita-olemme\/vuositeema\/\" \/>\n<meta property=\"og:locale\" content=\"fi_FI\" \/>\n<meta property=\"og:type\" content=\"article\" \/>\n<meta property=\"og:title\" content=\"Rotaryn vuositeema - Raahen Rotaryklubi ry\" \/>\n<meta property=\"og:description\" content=\"Rotary Internationalin (RI) vuositeema 2025 &#8211; 2026 on Unite for Good eli Yhteenliity hyv\u00e4n puolesta. Teema kutsuu Rotaryn j\u00e4seni\u00e4 olemaan yhten\u00e4isyyden voima maailmassa, joka jakautuu yh\u00e4 enemm\u00e4n politiikan, maantieteen ja ideologian mukaan. Palveluprojektien kautta Rotary tuo yhteen kaikenlaisia \u200b\u200bihmisi\u00e4 \u2013 rodusta, uskonnosta ja ammatista riippumatta \u2013 yhteisess\u00e4 teht\u00e4v\u00e4ss\u00e4 tehd\u00e4 hyv\u00e4\u00e4 yhteis\u00f6iss\u00e4\u00e4n. Rotaryvuonna 2025\u20142026 RI:n presidenttin\u00e4 [&hellip;]\" \/>\n<meta property=\"og:url\" content=\"https:\/\/rotary.fi\/raahe\/keita-olemme\/vuositeema\/\" \/>\n<meta property=\"og:site_name\" content=\"Raahen Rotaryklubi ry\" \/>\n<meta property=\"article:modified_time\" content=\"2025-11-07T09:41:09+00:00\" \/>\n<meta property=\"og:image\" content=\"https:\/\/rotary.fi\/raahe\/wp-content\/uploads\/sites\/207\/2025\/11\/logo-pm2526-bc-social-rotary-white-1080x1080-en-us.png\" \/>\n\t<meta property=\"og:image:width\" content=\"1080\" \/>\n\t<meta property=\"og:image:height\" content=\"1080\" \/>\n\t<meta property=\"og:image:type\" content=\"image\/png\" \/>\n<meta name=\"twitter:card\" content=\"summary_large_image\" \/>\n<meta name=\"twitter:label1\" content=\"Arvioitu lukuaika\" \/>\n\t<meta name=\"twitter:data1\" content=\"1 minuutti\" \/>\n<script type=\"application\/ld+json\" class=\"yoast-schema-graph\">{\"@context\":\"https:\/\/schema.org\",\"@graph\":[{\"@type\":\"WebPage\",\"@id\":\"https:\/\/rotary.fi\/raahe\/keita-olemme\/vuositeema\/\",\"url\":\"https:\/\/rotary.fi\/raahe\/keita-olemme\/vuositeema\/\",\"name\":\"Rotaryn vuositeema - Raahen Rotaryklubi ry\",\"isPartOf\":{\"@id\":\"https:\/\/rotary.fi\/raahe\/#website\"},\"primaryImageOfPage\":{\"@id\":\"https:\/\/rotary.fi\/raahe\/keita-olemme\/vuositeema\/#primaryimage\"},\"image\":{\"@id\":\"https:\/\/rotary.fi\/raahe\/keita-olemme\/vuositeema\/#primaryimage\"},\"thumbnailUrl\":\"https:\/\/rotary.fi\/raahe\/wp-content\/uploads\/sites\/207\/2025\/11\/logo-pm2526-bc-social-rotary-white-1080x1080-en-us-300x300.png\",\"datePublished\":\"2018-08-10T11:01:44+00:00\",\"dateModified\":\"2025-11-07T09:41:09+00:00\",\"breadcrumb\":{\"@id\":\"https:\/\/rotary.fi\/raahe\/keita-olemme\/vuositeema\/#breadcrumb\"},\"inLanguage\":\"fi\",\"potentialAction\":[{\"@type\":\"ReadAction\",\"target\":[\"https:\/\/rotary.fi\/raahe\/keita-olemme\/vuositeema\/\"]}]},{\"@type\":\"ImageObject\",\"inLanguage\":\"fi\",\"@id\":\"https:\/\/rotary.fi\/raahe\/keita-olemme\/vuositeema\/#primaryimage\",\"url\":\"https:\/\/rotary.fi\/raahe\/wp-content\/uploads\/sites\/207\/2025\/11\/logo-pm2526-bc-social-rotary-white-1080x1080-en-us.png\",\"contentUrl\":\"https:\/\/rotary.fi\/raahe\/wp-content\/uploads\/sites\/207\/2025\/11\/logo-pm2526-bc-social-rotary-white-1080x1080-en-us.png\",\"width\":1080,\"height\":1080},{\"@type\":\"BreadcrumbList\",\"@id\":\"https:\/\/rotary.fi\/raahe\/keita-olemme\/vuositeema\/#breadcrumb\",\"itemListElement\":[{\"@type\":\"ListItem\",\"position\":1,\"name\":\"Home\",\"item\":\"https:\/\/rotary.fi\/raahe\/\"},{\"@type\":\"ListItem\",\"position\":2,\"name\":\"Keit\u00e4 olemme\",\"item\":\"https:\/\/rotary.fi\/raahe\/keita-olemme\/\"},{\"@type\":\"ListItem\",\"position\":3,\"name\":\"Rotaryn vuositeema\"}]},{\"@type\":\"WebSite\",\"@id\":\"https:\/\/rotary.fi\/raahe\/#website\",\"url\":\"https:\/\/rotary.fi\/raahe\/\",\"name\":\"Raahen Rotaryklubi ry\",\"description\":\"Uusi Rotary klubisivusto\",\"potentialAction\":[{\"@type\":\"SearchAction\",\"target\":{\"@type\":\"EntryPoint\",\"urlTemplate\":\"https:\/\/rotary.fi\/raahe\/?s={search_term_string}\"},\"query-input\":{\"@type\":\"PropertyValueSpecification\",\"valueRequired\":true,\"valueName\":\"search_term_string\"}}],\"inLanguage\":\"fi\"}]}<\/script>\n<!-- \/ Yoast SEO plugin. -->","yoast_head_json":{"title":"Rotaryn vuositeema - Raahen Rotaryklubi ry","robots":{"index":"index","follow":"follow","max-snippet":"max-snippet:-1","max-image-preview":"max-image-preview:large","max-video-preview":"max-video-preview:-1"},"canonical":"https:\/\/rotary.fi\/raahe\/keita-olemme\/vuositeema\/","og_locale":"fi_FI","og_type":"article","og_title":"Rotaryn vuositeema - Raahen Rotaryklubi ry","og_description":"Rotary Internationalin (RI) vuositeema 2025 &#8211; 2026 on Unite for Good eli Yhteenliity hyv\u00e4n puolesta. Teema kutsuu Rotaryn j\u00e4seni\u00e4 olemaan yhten\u00e4isyyden voima maailmassa, joka jakautuu yh\u00e4 enemm\u00e4n politiikan, maantieteen ja ideologian mukaan. Palveluprojektien kautta Rotary tuo yhteen kaikenlaisia \u200b\u200bihmisi\u00e4 \u2013 rodusta, uskonnosta ja ammatista riippumatta \u2013 yhteisess\u00e4 teht\u00e4v\u00e4ss\u00e4 tehd\u00e4 hyv\u00e4\u00e4 yhteis\u00f6iss\u00e4\u00e4n. Rotaryvuonna 2025\u20142026 RI:n presidenttin\u00e4 [&hellip;]","og_url":"https:\/\/rotary.fi\/raahe\/keita-olemme\/vuositeema\/","og_site_name":"Raahen Rotaryklubi ry","article_modified_time":"2025-11-07T09:41:09+00:00","og_image":[{"width":1080,"height":1080,"url":"https:\/\/rotary.fi\/raahe\/wp-content\/uploads\/sites\/207\/2025\/11\/logo-pm2526-bc-social-rotary-white-1080x1080-en-us.png","type":"image\/png"}],"twitter_card":"summary_large_image","twitter_misc":{"Arvioitu lukuaika":"1 minuutti"},"schema":{"@context":"https:\/\/schema.org","@graph":[{"@type":"WebPage","@id":"https:\/\/rotary.fi\/raahe\/keita-olemme\/vuositeema\/","url":"https:\/\/rotary.fi\/raahe\/keita-olemme\/vuositeema\/","name":"Rotaryn vuositeema - Raahen Rotaryklubi ry","isPartOf":{"@id":"https:\/\/rotary.fi\/raahe\/#website"},"primaryImageOfPage":{"@id":"https:\/\/rotary.fi\/raahe\/keita-olemme\/vuositeema\/#primaryimage"},"image":{"@id":"https:\/\/rotary.fi\/raahe\/keita-olemme\/vuositeema\/#primaryimage"},"thumbnailUrl":"https:\/\/rotary.fi\/raahe\/wp-content\/uploads\/sites\/207\/2025\/11\/logo-pm2526-bc-social-rotary-white-1080x1080-en-us-300x300.png","datePublished":"2018-08-10T11:01:44+00:00","dateModified":"2025-11-07T09:41:09+00:00","breadcrumb":{"@id":"https:\/\/rotary.fi\/raahe\/keita-olemme\/vuositeema\/#breadcrumb"},"inLanguage":"fi","potentialAction":[{"@type":"ReadAction","target":["https:\/\/rotary.fi\/raahe\/keita-olemme\/vuositeema\/"]}]},{"@type":"ImageObject","inLanguage":"fi","@id":"https:\/\/rotary.fi\/raahe\/keita-olemme\/vuositeema\/#primaryimage","url":"https:\/\/rotary.fi\/raahe\/wp-content\/uploads\/sites\/207\/2025\/11\/logo-pm2526-bc-social-rotary-white-1080x1080-en-us.png","contentUrl":"https:\/\/rotary.fi\/raahe\/wp-content\/uploads\/sites\/207\/2025\/11\/logo-pm2526-bc-social-rotary-white-1080x1080-en-us.png","width":1080,"height":1080},{"@type":"BreadcrumbList","@id":"https:\/\/rotary.fi\/raahe\/keita-olemme\/vuositeema\/#breadcrumb","itemListElement":[{"@type":"ListItem","position":1,"name":"Home","item":"https:\/\/rotary.fi\/raahe\/"},{"@type":"ListItem","position":2,"name":"Keit\u00e4 olemme","item":"https:\/\/rotary.fi\/raahe\/keita-olemme\/"},{"@type":"ListItem","position":3,"name":"Rotaryn vuositeema"}]},{"@type":"WebSite","@id":"https:\/\/rotary.fi\/raahe\/#website","url":"https:\/\/rotary.fi\/raahe\/","name":"Raahen Rotaryklubi ry","description":"Uusi Rotary klubisivusto","potentialAction":[{"@type":"SearchAction","target":{"@type":"EntryPoint","urlTemplate":"https:\/\/rotary.fi\/raahe\/?s={search_term_string}"},"query-input":{"@type":"PropertyValueSpecification","valueRequired":true,"valueName":"search_term_string"}}],"inLanguage":"fi"}]}},"lang":"fi","translations":{"fi":138},"pll_sync_post":[],"_links":{"self":[{"href":"https:\/\/rotary.fi\/raahe\/wp-json\/wp\/v2\/pages\/138","targetHints":{"allow":["GET"]}}],"collection":[{"href":"https:\/\/rotary.fi\/raahe\/wp-json\/wp\/v2\/pages"}],"about":[{"href":"https:\/\/rotary.fi\/raahe\/wp-json\/wp\/v2\/types\/page"}],"author":[{"embeddable":true,"href":"https:\/\/rotary.fi\/raahe\/wp-json\/wp\/v2\/users\/1"}],"replies":[{"embeddable":true,"href":"https:\/\/rotary.fi\/raahe\/wp-json\/wp\/v2\/comments?post=138"}],"version-history":[{"count":11,"href":"https:\/\/rotary.fi\/raahe\/wp-json\/wp\/v2\/pages\/138\/revisions"}],"predecessor-version":[{"id":3461,"href":"https:\/\/rotary.fi\/raahe\/wp-json\/wp\/v2\/pages\/138\/revisions\/3461"}],"up":[{"embeddable":true,"href":"https:\/\/rotary.fi\/raahe\/wp-json\/wp\/v2\/pages\/129"}],"wp:attachment":[{"href":"https:\/\/rotary.fi\/raahe\/wp-json\/wp\/v2\/media?parent=138"}],"curies":[{"name":"wp","href":"https:\/\/api.w.org\/{rel}","templated":true}]}}