{"id":129,"date":"2018-08-10T13:41:39","date_gmt":"2018-08-10T10:41:39","guid":{"rendered":"https:\/\/rotary.fi\/klubi2\/?page_id=129"},"modified":"2023-01-16T13:40:14","modified_gmt":"2023-01-16T11:40:14","slug":"keita-olemme","status":"publish","type":"page","link":"https:\/\/rotary.fi\/raahe\/keita-olemme\/","title":{"rendered":"Keit\u00e4 olemme"},"content":{"rendered":"<p>[et_pb_section fb_built=&#8221;1&#8243; _builder_version=&#8221;4.16&#8243; global_colors_info=&#8221;{}&#8221;][et_pb_row _builder_version=&#8221;4.17.4&#8243; global_colors_info=&#8221;{}&#8221;][et_pb_column type=&#8221;4_4&#8243; _builder_version=&#8221;4.16&#8243; global_colors_info=&#8221;{}&#8221;][et_pb_slider show_pagination=&#8221;off&#8221; admin_label=&#8221;Etusivun karuselli (\u00c4L\u00c4 POISTA)&#8221; _builder_version=&#8221;4.17.4&#8243; custom_margin=&#8221;0px||0px|&#8221; locked=&#8221;off&#8221; global_colors_info=&#8221;{}&#8221; button_text_size__hover_enabled=&#8221;off&#8221; button_text_size__hover=&#8221;null&#8221; button_one_text_size__hover_enabled=&#8221;off&#8221; button_one_text_size__hover=&#8221;null&#8221; button_two_text_size__hover_enabled=&#8221;off&#8221; button_two_text_size__hover=&#8221;null&#8221; button_text_color__hover_enabled=&#8221;off&#8221; button_text_color__hover=&#8221;null&#8221; button_one_text_color__hover_enabled=&#8221;off&#8221; button_one_text_color__hover=&#8221;null&#8221; button_two_text_color__hover_enabled=&#8221;off&#8221; button_two_text_color__hover=&#8221;null&#8221; button_border_width__hover_enabled=&#8221;off&#8221; button_border_width__hover=&#8221;null&#8221; button_one_border_width__hover_enabled=&#8221;off&#8221; button_one_border_width__hover=&#8221;null&#8221; button_two_border_width__hover_enabled=&#8221;off&#8221; button_two_border_width__hover=&#8221;null&#8221; button_border_color__hover_enabled=&#8221;off&#8221; button_border_color__hover=&#8221;null&#8221; button_one_border_color__hover_enabled=&#8221;off&#8221; button_one_border_color__hover=&#8221;null&#8221; button_two_border_color__hover_enabled=&#8221;off&#8221; button_two_border_color__hover=&#8221;null&#8221; button_border_radius__hover_enabled=&#8221;off&#8221; button_border_radius__hover=&#8221;null&#8221; button_one_border_radius__hover_enabled=&#8221;off&#8221; button_one_border_radius__hover=&#8221;null&#8221; button_two_border_radius__hover_enabled=&#8221;off&#8221; button_two_border_radius__hover=&#8221;null&#8221; button_letter_spacing__hover_enabled=&#8221;off&#8221; button_letter_spacing__hover=&#8221;null&#8221; button_one_letter_spacing__hover_enabled=&#8221;off&#8221; button_one_letter_spacing__hover=&#8221;null&#8221; button_two_letter_spacing__hover_enabled=&#8221;off&#8221; button_two_letter_spacing__hover=&#8221;null&#8221; button_bg_color__hover_enabled=&#8221;off&#8221; button_bg_color__hover=&#8221;null&#8221; button_one_bg_color__hover_enabled=&#8221;off&#8221; button_one_bg_color__hover=&#8221;null&#8221; button_two_bg_color__hover_enabled=&#8221;off&#8221; button_two_bg_color__hover=&#8221;null&#8221;][et_pb_slide heading=&#8221;Keit\u00e4 olemme&#8221; button_text=&#8221;Lue lis\u00e4\u00e4&#8221; button_link=&#8221;https:\/\/rotary.fi\/raahe\/keita-olemme\/&#8221; use_bg_overlay=&#8221;off&#8221; use_text_overlay=&#8221;on&#8221; text_overlay_color=&#8221;rgba(0,0,0,0.3)&#8221; admin_title=&#8221;Keit\u00e4 olemme (esimerkkitekstill\u00e4)&#8221; _builder_version=&#8221;4.16&#8243; background_image=&#8221;https:\/\/rotary.fi\/raahe\/wp-content\/uploads\/sites\/207\/2020\/12\/raahelaiset_kallassa.jpg&#8221; background_enable_image=&#8221;on&#8221; button_on_hover=&#8221;on&#8221; locked=&#8221;off&#8221; global_colors_info=&#8221;{}&#8221; sticky_transition=&#8221;on&#8221;]<\/p>\n<p class=\"p1\"><span class=\"s1\">\u00a0Raahen Rotaryklubi<\/span><span class=\"s2\"> on\u00a0 eritt\u00e4in aktiivinen<\/span><span class=\"s1\"> klubi, jolla on merkitt\u00e4vi\u00e4 projekteja alueellaan esim. julkaisemme Raahen Palveluopasta ja kansainv\u00e4lisesti olemme aktiivisia\u00a0 nuorisovaihdossa.\u00a0 \u00a0R<\/span><span class=\"s2\">otaryn kuusi palveluv\u00e4yl\u00e4\u00e4 kanavoituvat paikallisiksi ja kansainv\u00e4lisiksi toiminnoiksi esitelmiss\u00e4, yritysvierailuissa, tapahtumissa ja hyv\u00e4n tekemisess\u00e4.<\/span><\/p>\n<p class=\"p1\"><span class=\"s1\">J\u00e4senemme Virpi Honkala oli Rotary International Boardin j\u00e4sen vuosina 2020-2022.\u00a0 <\/span>Raahen Rotaryklubin kansainv\u00e4linen toiminta alkoi jo 1950-luvulla. Ensimm\u00e4isten vuosikymmenten j\u00e4lkeen toiminta on laajentunut vilkkaaksi ja jatkuvaksi nuoriso- ja kummilapsitoiminnan ja yst\u00e4vyysvaihtojen monipuolisiksi aktiviteeteiksi. Merkitt\u00e4vin kansainv\u00e4linen hanke on ollut osallistuminen polion vastaiseen kampanjaan useiden vuosien ajan. Rotarys\u00e4\u00e4ti\u00f6n kautta on my\u00f6s osallistuttu moniin kansainv\u00e4lisiin humanitaarisiin hankkeisiin.\u00a0<\/p>\n<p>[\/et_pb_slide][\/et_pb_slider][\/et_pb_column][\/et_pb_row][\/et_pb_section]<\/p>\n","protected":false},"excerpt":{"rendered":"<p>\u00a0Raahen Rotaryklubi on\u00a0 eritt\u00e4in aktiivinen klubi, jolla on merkitt\u00e4vi\u00e4 projekteja alueellaan esim. julkaisemme Raahen Palveluopasta ja kansainv\u00e4lisesti olemme aktiivisia\u00a0 nuorisovaihdossa.\u00a0 \u00a0Rotaryn kuusi palveluv\u00e4yl\u00e4\u00e4 kanavoituvat paikallisiksi ja kansainv\u00e4lisiksi toiminnoiksi esitelmiss\u00e4, yritysvierailuissa, tapahtumissa ja hyv\u00e4n tekemisess\u00e4. J\u00e4senemme Virpi Honkala oli Rotary International Boardin j\u00e4sen vuosina 2020-2022.\u00a0 Raahen Rotaryklubin kansainv\u00e4linen toiminta alkoi jo 1950-luvulla. Ensimm\u00e4isten vuosikymmenten j\u00e4lkeen toiminta [&hellip;]<\/p>\n","protected":false},"author":1,"featured_media":0,"parent":0,"menu_order":0,"comment_status":"closed","ping_status":"closed","template":"","meta":{"_acf_changed":false,"_et_pb_use_builder":"on","_et_pb_old_content":"","_et_gb_content_width":"","footnotes":""},"class_list":["post-129","page","type-page","status-publish","hentry"],"acf":[],"yoast_head":"<!-- This site is optimized with the Yoast SEO plugin v27.0 - https:\/\/yoast.com\/product\/yoast-seo-wordpress\/ -->\n<title>Keit\u00e4 olemme - Raahen Rotaryklubi ry<\/title>\n<meta name=\"robots\" content=\"index, follow, max-snippet:-1, max-image-preview:large, max-video-preview:-1\" \/>\n<link rel=\"canonical\" href=\"https:\/\/rotary.fi\/raahe\/keita-olemme\/\" \/>\n<meta property=\"og:locale\" content=\"fi_FI\" \/>\n<meta property=\"og:type\" content=\"article\" \/>\n<meta property=\"og:title\" content=\"Keit\u00e4 olemme - Raahen Rotaryklubi ry\" \/>\n<meta property=\"og:description\" content=\"\u00a0Raahen Rotaryklubi on\u00a0 eritt\u00e4in aktiivinen klubi, jolla on merkitt\u00e4vi\u00e4 projekteja alueellaan esim. julkaisemme Raahen Palveluopasta ja kansainv\u00e4lisesti olemme aktiivisia\u00a0 nuorisovaihdossa.\u00a0 \u00a0Rotaryn kuusi palveluv\u00e4yl\u00e4\u00e4 kanavoituvat paikallisiksi ja kansainv\u00e4lisiksi toiminnoiksi esitelmiss\u00e4, yritysvierailuissa, tapahtumissa ja hyv\u00e4n tekemisess\u00e4. J\u00e4senemme Virpi Honkala oli Rotary International Boardin j\u00e4sen vuosina 2020-2022.\u00a0 Raahen Rotaryklubin kansainv\u00e4linen toiminta alkoi jo 1950-luvulla. Ensimm\u00e4isten vuosikymmenten j\u00e4lkeen toiminta [&hellip;]\" \/>\n<meta property=\"og:url\" content=\"https:\/\/rotary.fi\/raahe\/keita-olemme\/\" \/>\n<meta property=\"og:site_name\" content=\"Raahen Rotaryklubi ry\" \/>\n<meta property=\"article:modified_time\" content=\"2023-01-16T11:40:14+00:00\" \/>\n<meta name=\"twitter:card\" content=\"summary_large_image\" \/>\n<meta name=\"twitter:label1\" content=\"Arvioitu lukuaika\" \/>\n\t<meta name=\"twitter:data1\" content=\"1 minuutti\" \/>\n<script type=\"application\/ld+json\" class=\"yoast-schema-graph\">{\"@context\":\"https:\/\/schema.org\",\"@graph\":[{\"@type\":\"WebPage\",\"@id\":\"https:\/\/rotary.fi\/raahe\/keita-olemme\/\",\"url\":\"https:\/\/rotary.fi\/raahe\/keita-olemme\/\",\"name\":\"Keit\u00e4 olemme - Raahen Rotaryklubi ry\",\"isPartOf\":{\"@id\":\"https:\/\/rotary.fi\/raahe\/#website\"},\"datePublished\":\"2018-08-10T10:41:39+00:00\",\"dateModified\":\"2023-01-16T11:40:14+00:00\",\"breadcrumb\":{\"@id\":\"https:\/\/rotary.fi\/raahe\/keita-olemme\/#breadcrumb\"},\"inLanguage\":\"fi\",\"potentialAction\":[{\"@type\":\"ReadAction\",\"target\":[\"https:\/\/rotary.fi\/raahe\/keita-olemme\/\"]}]},{\"@type\":\"BreadcrumbList\",\"@id\":\"https:\/\/rotary.fi\/raahe\/keita-olemme\/#breadcrumb\",\"itemListElement\":[{\"@type\":\"ListItem\",\"position\":1,\"name\":\"Home\",\"item\":\"https:\/\/rotary.fi\/raahe\/\"},{\"@type\":\"ListItem\",\"position\":2,\"name\":\"Keit\u00e4 olemme\"}]},{\"@type\":\"WebSite\",\"@id\":\"https:\/\/rotary.fi\/raahe\/#website\",\"url\":\"https:\/\/rotary.fi\/raahe\/\",\"name\":\"Raahen Rotaryklubi ry\",\"description\":\"Uusi Rotary klubisivusto\",\"potentialAction\":[{\"@type\":\"SearchAction\",\"target\":{\"@type\":\"EntryPoint\",\"urlTemplate\":\"https:\/\/rotary.fi\/raahe\/?s={search_term_string}\"},\"query-input\":{\"@type\":\"PropertyValueSpecification\",\"valueRequired\":true,\"valueName\":\"search_term_string\"}}],\"inLanguage\":\"fi\"}]}<\/script>\n<!-- \/ Yoast SEO plugin. -->","yoast_head_json":{"title":"Keit\u00e4 olemme - Raahen Rotaryklubi ry","robots":{"index":"index","follow":"follow","max-snippet":"max-snippet:-1","max-image-preview":"max-image-preview:large","max-video-preview":"max-video-preview:-1"},"canonical":"https:\/\/rotary.fi\/raahe\/keita-olemme\/","og_locale":"fi_FI","og_type":"article","og_title":"Keit\u00e4 olemme - Raahen Rotaryklubi ry","og_description":"\u00a0Raahen Rotaryklubi on\u00a0 eritt\u00e4in aktiivinen klubi, jolla on merkitt\u00e4vi\u00e4 projekteja alueellaan esim. julkaisemme Raahen Palveluopasta ja kansainv\u00e4lisesti olemme aktiivisia\u00a0 nuorisovaihdossa.\u00a0 \u00a0Rotaryn kuusi palveluv\u00e4yl\u00e4\u00e4 kanavoituvat paikallisiksi ja kansainv\u00e4lisiksi toiminnoiksi esitelmiss\u00e4, yritysvierailuissa, tapahtumissa ja hyv\u00e4n tekemisess\u00e4. J\u00e4senemme Virpi Honkala oli Rotary International Boardin j\u00e4sen vuosina 2020-2022.\u00a0 Raahen Rotaryklubin kansainv\u00e4linen toiminta alkoi jo 1950-luvulla. Ensimm\u00e4isten vuosikymmenten j\u00e4lkeen toiminta [&hellip;]","og_url":"https:\/\/rotary.fi\/raahe\/keita-olemme\/","og_site_name":"Raahen Rotaryklubi ry","article_modified_time":"2023-01-16T11:40:14+00:00","twitter_card":"summary_large_image","twitter_misc":{"Arvioitu lukuaika":"1 minuutti"},"schema":{"@context":"https:\/\/schema.org","@graph":[{"@type":"WebPage","@id":"https:\/\/rotary.fi\/raahe\/keita-olemme\/","url":"https:\/\/rotary.fi\/raahe\/keita-olemme\/","name":"Keit\u00e4 olemme - Raahen Rotaryklubi ry","isPartOf":{"@id":"https:\/\/rotary.fi\/raahe\/#website"},"datePublished":"2018-08-10T10:41:39+00:00","dateModified":"2023-01-16T11:40:14+00:00","breadcrumb":{"@id":"https:\/\/rotary.fi\/raahe\/keita-olemme\/#breadcrumb"},"inLanguage":"fi","potentialAction":[{"@type":"ReadAction","target":["https:\/\/rotary.fi\/raahe\/keita-olemme\/"]}]},{"@type":"BreadcrumbList","@id":"https:\/\/rotary.fi\/raahe\/keita-olemme\/#breadcrumb","itemListElement":[{"@type":"ListItem","position":1,"name":"Home","item":"https:\/\/rotary.fi\/raahe\/"},{"@type":"ListItem","position":2,"name":"Keit\u00e4 olemme"}]},{"@type":"WebSite","@id":"https:\/\/rotary.fi\/raahe\/#website","url":"https:\/\/rotary.fi\/raahe\/","name":"Raahen Rotaryklubi ry","description":"Uusi Rotary klubisivusto","potentialAction":[{"@type":"SearchAction","target":{"@type":"EntryPoint","urlTemplate":"https:\/\/rotary.fi\/raahe\/?s={search_term_string}"},"query-input":{"@type":"PropertyValueSpecification","valueRequired":true,"valueName":"search_term_string"}}],"inLanguage":"fi"}]}},"lang":"fi","translations":{"fi":129},"pll_sync_post":[],"_links":{"self":[{"href":"https:\/\/rotary.fi\/raahe\/wp-json\/wp\/v2\/pages\/129","targetHints":{"allow":["GET"]}}],"collection":[{"href":"https:\/\/rotary.fi\/raahe\/wp-json\/wp\/v2\/pages"}],"about":[{"href":"https:\/\/rotary.fi\/raahe\/wp-json\/wp\/v2\/types\/page"}],"author":[{"embeddable":true,"href":"https:\/\/rotary.fi\/raahe\/wp-json\/wp\/v2\/users\/1"}],"replies":[{"embeddable":true,"href":"https:\/\/rotary.fi\/raahe\/wp-json\/wp\/v2\/comments?post=129"}],"version-history":[{"count":10,"href":"https:\/\/rotary.fi\/raahe\/wp-json\/wp\/v2\/pages\/129\/revisions"}],"predecessor-version":[{"id":2806,"href":"https:\/\/rotary.fi\/raahe\/wp-json\/wp\/v2\/pages\/129\/revisions\/2806"}],"wp:attachment":[{"href":"https:\/\/rotary.fi\/raahe\/wp-json\/wp\/v2\/media?parent=129"}],"curies":[{"name":"wp","href":"https:\/\/api.w.org\/{rel}","templated":true}]}}