{"id":1682,"date":"2019-06-23T19:50:01","date_gmt":"2019-06-23T16:50:01","guid":{"rendered":"https:\/\/rotary.fi\/petajavesi\/?page_id=1682"},"modified":"2021-08-12T10:27:10","modified_gmt":"2021-08-12T07:27:10","slug":"2019-2020","status":"publish","type":"page","link":"https:\/\/rotary.fi\/petajavesi\/klubi-mediassa\/2019-2020\/","title":{"rendered":"2019-2020"},"content":{"rendered":"<p>[et_pb_section fb_built=&#8221;1&#8243; module_class=&#8221;jumbotron-page&#8221; _builder_version=&#8221;3.22&#8243; background_image=&#8221;https:\/\/rotary.fi\/petajavesi\/wp-content\/uploads\/sites\/150\/2018\/10\/rotary_klubit_alasivu_paakuva_12.jpg&#8221;][et_pb_row _builder_version=&#8221;3.25&#8243; background_size=&#8221;initial&#8221; background_position=&#8221;top_left&#8221; background_repeat=&#8221;repeat&#8221;][et_pb_column type=&#8221;4_4&#8243; _builder_version=&#8221;3.25&#8243; custom_padding=&#8221;|||&#8221; custom_padding__hover=&#8221;|||&#8221;][et_pb_text admin_label=&#8221;P\u00e4\u00e4otsikko&#8221; _builder_version=&#8221;4.4.8&#8243; text_orientation=&#8221;center&#8221; background_layout=&#8221;dark&#8221; z_index_tablet=&#8221;500&#8243;]<\/p>\n<h1>Klubi mediassa<\/h1>\n<p>[\/et_pb_text][\/et_pb_column][\/et_pb_row][\/et_pb_section][et_pb_section fb_built=&#8221;1&#8243; specialty=&#8221;on&#8221; module_class_2=&#8221;sivupalkki&#8221; _builder_version=&#8221;3.22&#8243; inner_max_width=&#8221;none&#8221;][et_pb_column type=&#8221;2_3&#8243; specialty_columns=&#8221;2&#8243; _builder_version=&#8221;3.25&#8243; custom_padding=&#8221;|||&#8221; custom_padding__hover=&#8221;|||&#8221;][et_pb_row_inner admin_label=&#8221;Rivi&#8221; _builder_version=&#8221;3.25&#8243;][et_pb_column_inner saved_specialty_column_type=&#8221;2_3&#8243; _builder_version=&#8221;3.25&#8243; custom_padding=&#8221;|||&#8221; custom_padding__hover=&#8221;|||&#8221;][et_pb_text admin_label=&#8221;Otsikko&#8221; _builder_version=&#8221;3.27.4&#8243; text_orientation=&#8221;center&#8221; z_index_tablet=&#8221;500&#8243;]<\/p>\n<h1>2019-2020<\/h1>\n<p>[\/et_pb_text][et_pb_text admin_label=&#8221;Teksti&#8221; _builder_version=&#8221;4.9.10&#8243; hover_enabled=&#8221;0&#8243; z_index_tablet=&#8221;500&#8243; sticky_enabled=&#8221;0&#8243;]<\/p>\n<p>Pet\u00e4j\u00e4veden Joulu 2019: Tervetuloa mukaan perheeseen!<\/p>\n<p><a href=\"https:\/\/rotary.fi\/petajavesi\/wp-content\/uploads\/sites\/150\/2020\/08\/tervetuloa-uusi.jpg\"><img loading=\"lazy\" decoding=\"async\" class=\"aligncenter wp-image-1847 size-medium\" src=\"https:\/\/rotary.fi\/petajavesi\/wp-content\/uploads\/sites\/150\/2020\/08\/tervetuloa-uusi-225x300.jpg\" alt=\"\" width=\"225\" height=\"300\" \/><\/a><\/p>\n<p>Pet\u00e4j\u00e4veden Joulu 2019: Abbylle ei peruna aina maistu, Abby Kuo Taiwanista, Suomessa 2019-2020<\/p>\n<p><a href=\"https:\/\/rotary.fi\/petajavesi\/wp-content\/uploads\/sites\/150\/2020\/08\/abby-uusi.jpg\"><img loading=\"lazy\" decoding=\"async\" class=\"aligncenter wp-image-1846 size-medium\" src=\"https:\/\/rotary.fi\/petajavesi\/wp-content\/uploads\/sites\/150\/2020\/08\/abby-uusi-146x300.jpg\" alt=\"\" width=\"146\" height=\"300\" \/><\/a><\/p>\n<p>&nbsp;<\/p>\n<p>Pet\u00e4j\u00e4veden Joulu 2019: Matkani vaihto-oppilaana Italiaan, Taika Paunonen kes\u00e4vaihdossa 2019<\/p>\n<p><a href=\"https:\/\/rotary.fi\/petajavesi\/wp-content\/uploads\/sites\/150\/2020\/08\/taiga-italia-uusi.jpg\"><img loading=\"lazy\" decoding=\"async\" class=\"aligncenter wp-image-1845 size-medium\" src=\"https:\/\/rotary.fi\/petajavesi\/wp-content\/uploads\/sites\/150\/2020\/08\/taiga-italia-uusi-102x300.jpg\" alt=\"\" width=\"102\" height=\"300\" \/><\/a><\/p>\n<p>Pet\u00e4j\u00e4veden Joulu 2019: Kes\u00e4ni unkarilaisin maustein, Venla Timperi kes\u00e4vaihdossa Unkarissa 2019<\/p>\n<p><a href=\"https:\/\/rotary.fi\/petajavesi\/wp-content\/uploads\/sites\/150\/2020\/08\/venla-unkari-uusi.jpg\"><img loading=\"lazy\" decoding=\"async\" class=\"aligncenter wp-image-1844 size-medium\" src=\"https:\/\/rotary.fi\/petajavesi\/wp-content\/uploads\/sites\/150\/2020\/08\/venla-unkari-uusi-97x300.jpg\" alt=\"\" width=\"97\" height=\"300\" \/><\/a><\/p>\n<p>Pet\u00e4j\u00e4vesilehti 15.7.2020: Aamumaan leikkipuisto avattiin ja siunattiin k\u00e4ytt\u00f6\u00f6n.<\/p>\n<p><a href=\"https:\/\/rotary.fi\/petajavesi\/wp-content\/uploads\/sites\/150\/2020\/08\/aamumaa.jpg\"><img loading=\"lazy\" decoding=\"async\" class=\"aligncenter wp-image-1852 size-medium\" src=\"https:\/\/rotary.fi\/petajavesi\/wp-content\/uploads\/sites\/150\/2020\/08\/aamumaa-300x168.jpg\" alt=\"\" width=\"300\" height=\"168\" \/><\/a><\/p>\n<p>Pet\u00e4j\u00e4veden Joulu 2020: Pienikin voi saada aikaan suuria asioita<\/p>\n<p>&nbsp;<\/p>\n<p><a href=\"https:\/\/rotary.fi\/petajavesi\/wp-content\/uploads\/sites\/150\/2021\/08\/petajaveden-joulu-2020-esa.jpg\"><img loading=\"lazy\" decoding=\"async\" class=\"aligncenter wp-image-1869 size-medium\" src=\"https:\/\/rotary.fi\/petajavesi\/wp-content\/uploads\/sites\/150\/2021\/08\/petajaveden-joulu-2020-esa-300x219.jpg\" alt=\"\" width=\"300\" height=\"219\" \/><\/a><\/p>\n<p>&nbsp;<\/p>\n<p>Pet\u00e4j\u00e4veden Joulu 2020: Hei! Ni h\u0103o! Marianna Manninen vuosivaihdossa Taiwanissa 2019-2020<\/p>\n<p><a href=\"https:\/\/rotary.fi\/petajavesi\/wp-content\/uploads\/sites\/150\/2021\/08\/petajaveden-joulu-2020-marianna.jpg\"><img loading=\"lazy\" decoding=\"async\" class=\"aligncenter wp-image-1870 size-medium\" src=\"https:\/\/rotary.fi\/petajavesi\/wp-content\/uploads\/sites\/150\/2021\/08\/petajaveden-joulu-2020-marianna-209x300.jpg\" alt=\"\" width=\"209\" height=\"300\" \/><\/a><\/p>\n<p>[\/et_pb_text][\/et_pb_column_inner][\/et_pb_row_inner][\/et_pb_column][et_pb_column type=&#8221;1_3&#8243; _builder_version=&#8221;3.25&#8243; custom_padding=&#8221;|||&#8221; custom_padding__hover=&#8221;|||&#8221;][et_pb_sidebar area=&#8221;sidebar-1&#8243; module_class=&#8221;sivupalkki_sisalto&#8221; _builder_version=&#8221;3.4.1&#8243; locked=&#8221;on&#8221;]<br \/>\n[\/et_pb_sidebar][\/et_pb_column][\/et_pb_section]<\/p>\n","protected":false},"excerpt":{"rendered":"<p>Klubi mediassa 2019-2020 Pet\u00e4j\u00e4veden Joulu 2019: Tervetuloa mukaan perheeseen! Pet\u00e4j\u00e4veden Joulu 2019: Abbylle ei peruna aina maistu, Abby Kuo Taiwanista, Suomessa 2019-2020 &nbsp; Pet\u00e4j\u00e4veden Joulu 2019: Matkani vaihto-oppilaana Italiaan, Taika Paunonen kes\u00e4vaihdossa 2019 Pet\u00e4j\u00e4veden Joulu 2019: Kes\u00e4ni unkarilaisin maustein, Venla Timperi kes\u00e4vaihdossa Unkarissa 2019 Pet\u00e4j\u00e4vesilehti 15.7.2020: Aamumaan leikkipuisto avattiin ja siunattiin k\u00e4ytt\u00f6\u00f6n. Pet\u00e4j\u00e4veden Joulu 2020: [&hellip;]<\/p>\n","protected":false},"author":213,"featured_media":0,"parent":1580,"menu_order":0,"comment_status":"closed","ping_status":"closed","template":"","meta":{"_acf_changed":false,"_et_pb_use_builder":"on","_et_pb_old_content":"","_et_gb_content_width":"","footnotes":""},"class_list":["post-1682","page","type-page","status-publish","hentry"],"acf":[],"yoast_head":"<!-- This site is optimized with the Yoast SEO plugin v27.4 - https:\/\/yoast.com\/product\/yoast-seo-wordpress\/ -->\n<title>2019-2020 - Pet\u00e4j\u00e4veden Rotaryklubi Ry<\/title>\n<meta name=\"robots\" content=\"index, follow, max-snippet:-1, max-image-preview:large, max-video-preview:-1\" \/>\n<link rel=\"canonical\" href=\"https:\/\/rotary.fi\/petajavesi\/klubi-mediassa\/2019-2020\/\" \/>\n<meta property=\"og:locale\" content=\"fi_FI\" \/>\n<meta property=\"og:type\" content=\"article\" \/>\n<meta property=\"og:title\" content=\"2019-2020 - Pet\u00e4j\u00e4veden Rotaryklubi Ry\" \/>\n<meta property=\"og:description\" content=\"Klubi mediassa 2019-2020 Pet\u00e4j\u00e4veden Joulu 2019: Tervetuloa mukaan perheeseen! Pet\u00e4j\u00e4veden Joulu 2019: Abbylle ei peruna aina maistu, Abby Kuo Taiwanista, Suomessa 2019-2020 &nbsp; Pet\u00e4j\u00e4veden Joulu 2019: Matkani vaihto-oppilaana Italiaan, Taika Paunonen kes\u00e4vaihdossa 2019 Pet\u00e4j\u00e4veden Joulu 2019: Kes\u00e4ni unkarilaisin maustein, Venla Timperi kes\u00e4vaihdossa Unkarissa 2019 Pet\u00e4j\u00e4vesilehti 15.7.2020: Aamumaan leikkipuisto avattiin ja siunattiin k\u00e4ytt\u00f6\u00f6n. Pet\u00e4j\u00e4veden Joulu 2020: [&hellip;]\" \/>\n<meta property=\"og:url\" content=\"https:\/\/rotary.fi\/petajavesi\/klubi-mediassa\/2019-2020\/\" \/>\n<meta property=\"og:site_name\" content=\"Pet\u00e4j\u00e4veden Rotaryklubi Ry\" \/>\n<meta property=\"article:modified_time\" content=\"2021-08-12T07:27:10+00:00\" \/>\n<meta property=\"og:image\" content=\"https:\/\/rotary.fi\/petajavesi\/wp-content\/uploads\/sites\/150\/2020\/08\/tervetuloa-uusi-225x300.jpg\" \/>\n<meta name=\"twitter:card\" content=\"summary_large_image\" \/>\n<script type=\"application\/ld+json\" class=\"yoast-schema-graph\">{\"@context\":\"https:\\\/\\\/schema.org\",\"@graph\":[{\"@type\":\"WebPage\",\"@id\":\"https:\\\/\\\/rotary.fi\\\/petajavesi\\\/klubi-mediassa\\\/2019-2020\\\/\",\"url\":\"https:\\\/\\\/rotary.fi\\\/petajavesi\\\/klubi-mediassa\\\/2019-2020\\\/\",\"name\":\"2019-2020 - Pet\u00e4j\u00e4veden Rotaryklubi Ry\",\"isPartOf\":{\"@id\":\"https:\\\/\\\/rotary.fi\\\/petajavesi\\\/#website\"},\"primaryImageOfPage\":{\"@id\":\"https:\\\/\\\/rotary.fi\\\/petajavesi\\\/klubi-mediassa\\\/2019-2020\\\/#primaryimage\"},\"image\":{\"@id\":\"https:\\\/\\\/rotary.fi\\\/petajavesi\\\/klubi-mediassa\\\/2019-2020\\\/#primaryimage\"},\"thumbnailUrl\":\"https:\\\/\\\/rotary.fi\\\/petajavesi\\\/wp-content\\\/uploads\\\/sites\\\/150\\\/2020\\\/08\\\/tervetuloa-uusi-225x300.jpg\",\"datePublished\":\"2019-06-23T16:50:01+00:00\",\"dateModified\":\"2021-08-12T07:27:10+00:00\",\"breadcrumb\":{\"@id\":\"https:\\\/\\\/rotary.fi\\\/petajavesi\\\/klubi-mediassa\\\/2019-2020\\\/#breadcrumb\"},\"inLanguage\":\"fi\",\"potentialAction\":[{\"@type\":\"ReadAction\",\"target\":[\"https:\\\/\\\/rotary.fi\\\/petajavesi\\\/klubi-mediassa\\\/2019-2020\\\/\"]}]},{\"@type\":\"ImageObject\",\"inLanguage\":\"fi\",\"@id\":\"https:\\\/\\\/rotary.fi\\\/petajavesi\\\/klubi-mediassa\\\/2019-2020\\\/#primaryimage\",\"url\":\"https:\\\/\\\/rotary.fi\\\/petajavesi\\\/wp-content\\\/uploads\\\/sites\\\/150\\\/2020\\\/08\\\/tervetuloa-uusi.jpg\",\"contentUrl\":\"https:\\\/\\\/rotary.fi\\\/petajavesi\\\/wp-content\\\/uploads\\\/sites\\\/150\\\/2020\\\/08\\\/tervetuloa-uusi.jpg\",\"width\":1048,\"height\":1397},{\"@type\":\"BreadcrumbList\",\"@id\":\"https:\\\/\\\/rotary.fi\\\/petajavesi\\\/klubi-mediassa\\\/2019-2020\\\/#breadcrumb\",\"itemListElement\":[{\"@type\":\"ListItem\",\"position\":1,\"name\":\"Home\",\"item\":\"https:\\\/\\\/rotary.fi\\\/petajavesi\\\/\"},{\"@type\":\"ListItem\",\"position\":2,\"name\":\"Klubi mediassa\",\"item\":\"https:\\\/\\\/rotary.fi\\\/petajavesi\\\/klubi-mediassa\\\/\"},{\"@type\":\"ListItem\",\"position\":3,\"name\":\"2019-2020\"}]},{\"@type\":\"WebSite\",\"@id\":\"https:\\\/\\\/rotary.fi\\\/petajavesi\\\/#website\",\"url\":\"https:\\\/\\\/rotary.fi\\\/petajavesi\\\/\",\"name\":\"Pet\u00e4j\u00e4veden Rotaryklubi Ry\",\"description\":\"Uusi Rotary klubisivusto\",\"potentialAction\":[{\"@type\":\"SearchAction\",\"target\":{\"@type\":\"EntryPoint\",\"urlTemplate\":\"https:\\\/\\\/rotary.fi\\\/petajavesi\\\/?s={search_term_string}\"},\"query-input\":{\"@type\":\"PropertyValueSpecification\",\"valueRequired\":true,\"valueName\":\"search_term_string\"}}],\"inLanguage\":\"fi\"}]}<\/script>\n<!-- \/ Yoast SEO plugin. -->","yoast_head_json":{"title":"2019-2020 - Pet\u00e4j\u00e4veden Rotaryklubi Ry","robots":{"index":"index","follow":"follow","max-snippet":"max-snippet:-1","max-image-preview":"max-image-preview:large","max-video-preview":"max-video-preview:-1"},"canonical":"https:\/\/rotary.fi\/petajavesi\/klubi-mediassa\/2019-2020\/","og_locale":"fi_FI","og_type":"article","og_title":"2019-2020 - Pet\u00e4j\u00e4veden Rotaryklubi Ry","og_description":"Klubi mediassa 2019-2020 Pet\u00e4j\u00e4veden Joulu 2019: Tervetuloa mukaan perheeseen! Pet\u00e4j\u00e4veden Joulu 2019: Abbylle ei peruna aina maistu, Abby Kuo Taiwanista, Suomessa 2019-2020 &nbsp; Pet\u00e4j\u00e4veden Joulu 2019: Matkani vaihto-oppilaana Italiaan, Taika Paunonen kes\u00e4vaihdossa 2019 Pet\u00e4j\u00e4veden Joulu 2019: Kes\u00e4ni unkarilaisin maustein, Venla Timperi kes\u00e4vaihdossa Unkarissa 2019 Pet\u00e4j\u00e4vesilehti 15.7.2020: Aamumaan leikkipuisto avattiin ja siunattiin k\u00e4ytt\u00f6\u00f6n. Pet\u00e4j\u00e4veden Joulu 2020: [&hellip;]","og_url":"https:\/\/rotary.fi\/petajavesi\/klubi-mediassa\/2019-2020\/","og_site_name":"Pet\u00e4j\u00e4veden Rotaryklubi Ry","article_modified_time":"2021-08-12T07:27:10+00:00","og_image":[{"url":"https:\/\/rotary.fi\/petajavesi\/wp-content\/uploads\/sites\/150\/2020\/08\/tervetuloa-uusi-225x300.jpg","type":"","width":"","height":""}],"twitter_card":"summary_large_image","schema":{"@context":"https:\/\/schema.org","@graph":[{"@type":"WebPage","@id":"https:\/\/rotary.fi\/petajavesi\/klubi-mediassa\/2019-2020\/","url":"https:\/\/rotary.fi\/petajavesi\/klubi-mediassa\/2019-2020\/","name":"2019-2020 - Pet\u00e4j\u00e4veden Rotaryklubi Ry","isPartOf":{"@id":"https:\/\/rotary.fi\/petajavesi\/#website"},"primaryImageOfPage":{"@id":"https:\/\/rotary.fi\/petajavesi\/klubi-mediassa\/2019-2020\/#primaryimage"},"image":{"@id":"https:\/\/rotary.fi\/petajavesi\/klubi-mediassa\/2019-2020\/#primaryimage"},"thumbnailUrl":"https:\/\/rotary.fi\/petajavesi\/wp-content\/uploads\/sites\/150\/2020\/08\/tervetuloa-uusi-225x300.jpg","datePublished":"2019-06-23T16:50:01+00:00","dateModified":"2021-08-12T07:27:10+00:00","breadcrumb":{"@id":"https:\/\/rotary.fi\/petajavesi\/klubi-mediassa\/2019-2020\/#breadcrumb"},"inLanguage":"fi","potentialAction":[{"@type":"ReadAction","target":["https:\/\/rotary.fi\/petajavesi\/klubi-mediassa\/2019-2020\/"]}]},{"@type":"ImageObject","inLanguage":"fi","@id":"https:\/\/rotary.fi\/petajavesi\/klubi-mediassa\/2019-2020\/#primaryimage","url":"https:\/\/rotary.fi\/petajavesi\/wp-content\/uploads\/sites\/150\/2020\/08\/tervetuloa-uusi.jpg","contentUrl":"https:\/\/rotary.fi\/petajavesi\/wp-content\/uploads\/sites\/150\/2020\/08\/tervetuloa-uusi.jpg","width":1048,"height":1397},{"@type":"BreadcrumbList","@id":"https:\/\/rotary.fi\/petajavesi\/klubi-mediassa\/2019-2020\/#breadcrumb","itemListElement":[{"@type":"ListItem","position":1,"name":"Home","item":"https:\/\/rotary.fi\/petajavesi\/"},{"@type":"ListItem","position":2,"name":"Klubi mediassa","item":"https:\/\/rotary.fi\/petajavesi\/klubi-mediassa\/"},{"@type":"ListItem","position":3,"name":"2019-2020"}]},{"@type":"WebSite","@id":"https:\/\/rotary.fi\/petajavesi\/#website","url":"https:\/\/rotary.fi\/petajavesi\/","name":"Pet\u00e4j\u00e4veden Rotaryklubi Ry","description":"Uusi Rotary klubisivusto","potentialAction":[{"@type":"SearchAction","target":{"@type":"EntryPoint","urlTemplate":"https:\/\/rotary.fi\/petajavesi\/?s={search_term_string}"},"query-input":{"@type":"PropertyValueSpecification","valueRequired":true,"valueName":"search_term_string"}}],"inLanguage":"fi"}]}},"lang":"fi","translations":{"fi":1682},"pll_sync_post":[],"_links":{"self":[{"href":"https:\/\/rotary.fi\/petajavesi\/wp-json\/wp\/v2\/pages\/1682","targetHints":{"allow":["GET"]}}],"collection":[{"href":"https:\/\/rotary.fi\/petajavesi\/wp-json\/wp\/v2\/pages"}],"about":[{"href":"https:\/\/rotary.fi\/petajavesi\/wp-json\/wp\/v2\/types\/page"}],"author":[{"embeddable":true,"href":"https:\/\/rotary.fi\/petajavesi\/wp-json\/wp\/v2\/users\/213"}],"replies":[{"embeddable":true,"href":"https:\/\/rotary.fi\/petajavesi\/wp-json\/wp\/v2\/comments?post=1682"}],"version-history":[{"count":11,"href":"https:\/\/rotary.fi\/petajavesi\/wp-json\/wp\/v2\/pages\/1682\/revisions"}],"predecessor-version":[{"id":1875,"href":"https:\/\/rotary.fi\/petajavesi\/wp-json\/wp\/v2\/pages\/1682\/revisions\/1875"}],"up":[{"embeddable":true,"href":"https:\/\/rotary.fi\/petajavesi\/wp-json\/wp\/v2\/pages\/1580"}],"wp:attachment":[{"href":"https:\/\/rotary.fi\/petajavesi\/wp-json\/wp\/v2\/media?parent=1682"}],"curies":[{"name":"wp","href":"https:\/\/api.w.org\/{rel}","templated":true}]}}