{"id":1584,"date":"2019-06-23T17:29:12","date_gmt":"2019-06-23T14:29:12","guid":{"rendered":"https:\/\/rotary.fi\/petajavesi\/?page_id=1584"},"modified":"2019-06-23T17:41:20","modified_gmt":"2019-06-23T14:41:20","slug":"klubi-mediassa-2005-2006","status":"publish","type":"page","link":"https:\/\/rotary.fi\/petajavesi\/klubi-mediassa\/klubi-mediassa-2005-2006\/","title":{"rendered":"2005-2006"},"content":{"rendered":"<p>[et_pb_section bb_built=&#8221;1&#8243; module_class=&#8221;jumbotron-page&#8221; _builder_version=&#8221;3.17.2&#8243; background_image=&#8221;https:\/\/rotary.fi\/petajavesi\/wp-content\/uploads\/sites\/150\/2018\/10\/rotary_klubit_alasivu_paakuva_12.jpg&#8221; next_background_color=&#8221;#ffffff&#8221; inner_width=&#8221;auto&#8221; inner_max_width=&#8221;none&#8221;][et_pb_row _builder_version=&#8221;3.0.48&#8243; background_size=&#8221;initial&#8221; background_position=&#8221;top_left&#8221; background_repeat=&#8221;repeat&#8221; width=&#8221;80%&#8221; max_width=&#8221;1080px&#8221;][et_pb_column type=&#8221;4_4&#8243;][et_pb_text admin_label=&#8221;P\u00e4\u00e4otsikko&#8221; _builder_version=&#8221;3.22.7&#8243; text_orientation=&#8221;center&#8221; background_layout=&#8221;dark&#8221; text_text_shadow_horizontal_length=&#8221;text_text_shadow_style,%91object Object%93&#8243; text_text_shadow_vertical_length=&#8221;text_text_shadow_style,%91object Object%93&#8243; text_text_shadow_blur_strength=&#8221;text_text_shadow_style,%91object Object%93&#8243; link_text_shadow_horizontal_length=&#8221;link_text_shadow_style,%91object Object%93&#8243; link_text_shadow_vertical_length=&#8221;link_text_shadow_style,%91object Object%93&#8243; link_text_shadow_blur_strength=&#8221;link_text_shadow_style,%91object Object%93&#8243; ul_text_shadow_horizontal_length=&#8221;ul_text_shadow_style,%91object Object%93&#8243; ul_text_shadow_vertical_length=&#8221;ul_text_shadow_style,%91object Object%93&#8243; ul_text_shadow_blur_strength=&#8221;ul_text_shadow_style,%91object Object%93&#8243; ol_text_shadow_horizontal_length=&#8221;ol_text_shadow_style,%91object Object%93&#8243; ol_text_shadow_vertical_length=&#8221;ol_text_shadow_style,%91object Object%93&#8243; ol_text_shadow_blur_strength=&#8221;ol_text_shadow_style,%91object Object%93&#8243; quote_text_shadow_horizontal_length=&#8221;quote_text_shadow_style,%91object Object%93&#8243; quote_text_shadow_vertical_length=&#8221;quote_text_shadow_style,%91object Object%93&#8243; quote_text_shadow_blur_strength=&#8221;quote_text_shadow_style,%91object Object%93&#8243; header_text_shadow_horizontal_length=&#8221;header_text_shadow_style,%91object Object%93&#8243; header_text_shadow_vertical_length=&#8221;header_text_shadow_style,%91object Object%93&#8243; header_text_shadow_blur_strength=&#8221;header_text_shadow_style,%91object Object%93&#8243; header_2_text_shadow_horizontal_length=&#8221;header_2_text_shadow_style,%91object Object%93&#8243; header_2_text_shadow_vertical_length=&#8221;header_2_text_shadow_style,%91object Object%93&#8243; header_2_text_shadow_blur_strength=&#8221;header_2_text_shadow_style,%91object Object%93&#8243; header_3_text_shadow_horizontal_length=&#8221;header_3_text_shadow_style,%91object Object%93&#8243; header_3_text_shadow_vertical_length=&#8221;header_3_text_shadow_style,%91object Object%93&#8243; header_3_text_shadow_blur_strength=&#8221;header_3_text_shadow_style,%91object Object%93&#8243; header_4_text_shadow_horizontal_length=&#8221;header_4_text_shadow_style,%91object Object%93&#8243; header_4_text_shadow_vertical_length=&#8221;header_4_text_shadow_style,%91object Object%93&#8243; header_4_text_shadow_blur_strength=&#8221;header_4_text_shadow_style,%91object Object%93&#8243; header_5_text_shadow_horizontal_length=&#8221;header_5_text_shadow_style,%91object Object%93&#8243; header_5_text_shadow_vertical_length=&#8221;header_5_text_shadow_style,%91object Object%93&#8243; header_5_text_shadow_blur_strength=&#8221;header_5_text_shadow_style,%91object Object%93&#8243; header_6_text_shadow_horizontal_length=&#8221;header_6_text_shadow_style,%91object Object%93&#8243; header_6_text_shadow_vertical_length=&#8221;header_6_text_shadow_style,%91object Object%93&#8243; header_6_text_shadow_blur_strength=&#8221;header_6_text_shadow_style,%91object Object%93&#8243; z_index_tablet=&#8221;500&#8243;]<\/p>\n<h1>Klubi mediassa<\/h1>\n<p>[\/et_pb_text][\/et_pb_column][\/et_pb_row][\/et_pb_section][et_pb_section bb_built=&#8221;1&#8243; specialty=&#8221;on&#8221; module_class_2=&#8221;sivupalkki&#8221; _builder_version=&#8221;3.4.1&#8243; prev_background_color=&#8221;#000000&#8243; inner_width=&#8221;auto&#8221; inner_max_width=&#8221;none&#8221;][et_pb_column type=&#8221;2_3&#8243; specialty_columns=&#8221;2&#8243;][et_pb_row_inner admin_label=&#8221;Rivi&#8221; _builder_version=&#8221;3.0.47&#8243;][et_pb_column_inner type=&#8221;4_4&#8243; saved_specialty_column_type=&#8221;2_3&#8243;][et_pb_text admin_label=&#8221;Otsikko&#8221; _builder_version=&#8221;3.22.7&#8243; text_orientation=&#8221;center&#8221; text_text_shadow_horizontal_length=&#8221;text_text_shadow_style,%91object Object%93&#8243; text_text_shadow_vertical_length=&#8221;text_text_shadow_style,%91object Object%93&#8243; text_text_shadow_blur_strength=&#8221;text_text_shadow_style,%91object Object%93&#8243; link_text_shadow_horizontal_length=&#8221;link_text_shadow_style,%91object Object%93&#8243; link_text_shadow_vertical_length=&#8221;link_text_shadow_style,%91object Object%93&#8243; link_text_shadow_blur_strength=&#8221;link_text_shadow_style,%91object Object%93&#8243; ul_text_shadow_horizontal_length=&#8221;ul_text_shadow_style,%91object Object%93&#8243; ul_text_shadow_vertical_length=&#8221;ul_text_shadow_style,%91object Object%93&#8243; ul_text_shadow_blur_strength=&#8221;ul_text_shadow_style,%91object Object%93&#8243; ol_text_shadow_horizontal_length=&#8221;ol_text_shadow_style,%91object Object%93&#8243; ol_text_shadow_vertical_length=&#8221;ol_text_shadow_style,%91object Object%93&#8243; ol_text_shadow_blur_strength=&#8221;ol_text_shadow_style,%91object Object%93&#8243; quote_text_shadow_horizontal_length=&#8221;quote_text_shadow_style,%91object Object%93&#8243; quote_text_shadow_vertical_length=&#8221;quote_text_shadow_style,%91object Object%93&#8243; quote_text_shadow_blur_strength=&#8221;quote_text_shadow_style,%91object Object%93&#8243; header_text_shadow_horizontal_length=&#8221;header_text_shadow_style,%91object Object%93&#8243; header_text_shadow_vertical_length=&#8221;header_text_shadow_style,%91object Object%93&#8243; header_text_shadow_blur_strength=&#8221;header_text_shadow_style,%91object Object%93&#8243; header_2_text_shadow_horizontal_length=&#8221;header_2_text_shadow_style,%91object Object%93&#8243; header_2_text_shadow_vertical_length=&#8221;header_2_text_shadow_style,%91object Object%93&#8243; header_2_text_shadow_blur_strength=&#8221;header_2_text_shadow_style,%91object Object%93&#8243; header_3_text_shadow_horizontal_length=&#8221;header_3_text_shadow_style,%91object Object%93&#8243; header_3_text_shadow_vertical_length=&#8221;header_3_text_shadow_style,%91object Object%93&#8243; header_3_text_shadow_blur_strength=&#8221;header_3_text_shadow_style,%91object Object%93&#8243; header_4_text_shadow_horizontal_length=&#8221;header_4_text_shadow_style,%91object Object%93&#8243; header_4_text_shadow_vertical_length=&#8221;header_4_text_shadow_style,%91object Object%93&#8243; header_4_text_shadow_blur_strength=&#8221;header_4_text_shadow_style,%91object Object%93&#8243; header_5_text_shadow_horizontal_length=&#8221;header_5_text_shadow_style,%91object Object%93&#8243; header_5_text_shadow_vertical_length=&#8221;header_5_text_shadow_style,%91object Object%93&#8243; header_5_text_shadow_blur_strength=&#8221;header_5_text_shadow_style,%91object Object%93&#8243; header_6_text_shadow_horizontal_length=&#8221;header_6_text_shadow_style,%91object Object%93&#8243; header_6_text_shadow_vertical_length=&#8221;header_6_text_shadow_style,%91object Object%93&#8243; header_6_text_shadow_blur_strength=&#8221;header_6_text_shadow_style,%91object Object%93&#8243; z_index_tablet=&#8221;500&#8243;]<\/p>\n<h1>2005-2006<\/h1>\n<p>[\/et_pb_text][et_pb_text _builder_version=&#8221;3.22.7&#8243; text_text_shadow_horizontal_length=&#8221;text_text_shadow_style,%91object Object%93&#8243; text_text_shadow_vertical_length=&#8221;text_text_shadow_style,%91object Object%93&#8243; text_text_shadow_blur_strength=&#8221;text_text_shadow_style,%91object Object%93&#8243; link_text_shadow_horizontal_length=&#8221;link_text_shadow_style,%91object Object%93&#8243; link_text_shadow_vertical_length=&#8221;link_text_shadow_style,%91object Object%93&#8243; link_text_shadow_blur_strength=&#8221;link_text_shadow_style,%91object Object%93&#8243; ul_text_shadow_horizontal_length=&#8221;ul_text_shadow_style,%91object Object%93&#8243; ul_text_shadow_vertical_length=&#8221;ul_text_shadow_style,%91object Object%93&#8243; ul_text_shadow_blur_strength=&#8221;ul_text_shadow_style,%91object Object%93&#8243; ol_text_shadow_horizontal_length=&#8221;ol_text_shadow_style,%91object Object%93&#8243; ol_text_shadow_vertical_length=&#8221;ol_text_shadow_style,%91object Object%93&#8243; ol_text_shadow_blur_strength=&#8221;ol_text_shadow_style,%91object Object%93&#8243; quote_text_shadow_horizontal_length=&#8221;quote_text_shadow_style,%91object Object%93&#8243; quote_text_shadow_vertical_length=&#8221;quote_text_shadow_style,%91object Object%93&#8243; quote_text_shadow_blur_strength=&#8221;quote_text_shadow_style,%91object Object%93&#8243; header_text_shadow_horizontal_length=&#8221;header_text_shadow_style,%91object Object%93&#8243; header_text_shadow_vertical_length=&#8221;header_text_shadow_style,%91object Object%93&#8243; header_text_shadow_blur_strength=&#8221;header_text_shadow_style,%91object Object%93&#8243; header_2_text_shadow_horizontal_length=&#8221;header_2_text_shadow_style,%91object Object%93&#8243; header_2_text_shadow_vertical_length=&#8221;header_2_text_shadow_style,%91object Object%93&#8243; header_2_text_shadow_blur_strength=&#8221;header_2_text_shadow_style,%91object Object%93&#8243; header_3_text_shadow_horizontal_length=&#8221;header_3_text_shadow_style,%91object Object%93&#8243; header_3_text_shadow_vertical_length=&#8221;header_3_text_shadow_style,%91object Object%93&#8243; header_3_text_shadow_blur_strength=&#8221;header_3_text_shadow_style,%91object Object%93&#8243; header_4_text_shadow_horizontal_length=&#8221;header_4_text_shadow_style,%91object Object%93&#8243; header_4_text_shadow_vertical_length=&#8221;header_4_text_shadow_style,%91object Object%93&#8243; header_4_text_shadow_blur_strength=&#8221;header_4_text_shadow_style,%91object Object%93&#8243; header_5_text_shadow_horizontal_length=&#8221;header_5_text_shadow_style,%91object Object%93&#8243; header_5_text_shadow_vertical_length=&#8221;header_5_text_shadow_style,%91object Object%93&#8243; header_5_text_shadow_blur_strength=&#8221;header_5_text_shadow_style,%91object Object%93&#8243; header_6_text_shadow_horizontal_length=&#8221;header_6_text_shadow_style,%91object Object%93&#8243; header_6_text_shadow_vertical_length=&#8221;header_6_text_shadow_style,%91object Object%93&#8243; header_6_text_shadow_blur_strength=&#8221;header_6_text_shadow_style,%91object Object%93&#8243; z_index_tablet=&#8221;500&#8243;]<\/p>\n<p>Pet\u00e4j\u00e4vesi-lehti 1.6.2005: Kaksoset maailmalle Rotary vaihto-oppilaina, Sini ja Reija Karvonen<\/p>\n<p><a href=\"https:\/\/rotary.fi\/petajavesi\/wp-content\/uploads\/sites\/150\/2019\/06\/petajavesi-lehti1-6-2005-1.jpeg\"><img loading=\"lazy\" decoding=\"async\" class=\"wp-image-1626 size-medium aligncenter\" src=\"https:\/\/rotary.fi\/petajavesi\/wp-content\/uploads\/sites\/150\/2019\/06\/petajavesi-lehti1-6-2005-1-300x218.jpeg\" alt=\"\" width=\"300\" height=\"218\" srcset=\"https:\/\/rotary.fi\/petajavesi\/wp-content\/uploads\/sites\/150\/2019\/06\/petajavesi-lehti1-6-2005-1-300x218.jpeg 300w, https:\/\/rotary.fi\/petajavesi\/wp-content\/uploads\/sites\/150\/2019\/06\/petajavesi-lehti1-6-2005-1-768x559.jpeg 768w, https:\/\/rotary.fi\/petajavesi\/wp-content\/uploads\/sites\/150\/2019\/06\/petajavesi-lehti1-6-2005-1-1024x745.jpeg 1024w, https:\/\/rotary.fi\/petajavesi\/wp-content\/uploads\/sites\/150\/2019\/06\/petajavesi-lehti1-6-2005-1-1080x785.jpeg 1080w, https:\/\/rotary.fi\/petajavesi\/wp-content\/uploads\/sites\/150\/2019\/06\/petajavesi-lehti1-6-2005-1.jpeg 1100w\" sizes=\"(max-width: 300px) 100vw, 300px\" \/><\/a><\/p>\n<p>Pet\u00e4j\u00e4veden Joulu 2006: Vaihto-oppilasvuosi kasvattaa, Sini Karvonen Australia 2005-2006<\/p>\n<p><a href=\"https:\/\/rotary.fi\/petajavesi\/wp-content\/uploads\/sites\/150\/2019\/06\/petajavedenjoulu2006-1.jpeg\"><img loading=\"lazy\" decoding=\"async\" class=\"aligncenter wp-image-1589 size-medium\" src=\"https:\/\/rotary.fi\/petajavesi\/wp-content\/uploads\/sites\/150\/2019\/06\/petajavedenjoulu2006-1-300x202.jpeg\" alt=\"\" width=\"300\" height=\"202\" srcset=\"https:\/\/rotary.fi\/petajavesi\/wp-content\/uploads\/sites\/150\/2019\/06\/petajavedenjoulu2006-1-300x202.jpeg 300w, https:\/\/rotary.fi\/petajavesi\/wp-content\/uploads\/sites\/150\/2019\/06\/petajavedenjoulu2006-1-768x518.jpeg 768w, https:\/\/rotary.fi\/petajavesi\/wp-content\/uploads\/sites\/150\/2019\/06\/petajavedenjoulu2006-1-1024x691.jpeg 1024w, https:\/\/rotary.fi\/petajavesi\/wp-content\/uploads\/sites\/150\/2019\/06\/petajavedenjoulu2006-1-1080x728.jpeg 1080w, https:\/\/rotary.fi\/petajavesi\/wp-content\/uploads\/sites\/150\/2019\/06\/petajavedenjoulu2006-1.jpeg 1186w\" sizes=\"(max-width: 300px) 100vw, 300px\" \/><\/a><\/p>\n<p>Pet\u00e4j\u00e4veden Joulu 2006: Vaihto-oppilasvuosi kasvattaa, Reija Karvonen Japani 2005-2006<\/p>\n<p><a href=\"https:\/\/rotary.fi\/petajavesi\/wp-content\/uploads\/sites\/150\/2019\/06\/petajavedenjoulu2006-2.jpeg\"><img loading=\"lazy\" decoding=\"async\" class=\"aligncenter wp-image-1590 size-medium\" src=\"https:\/\/rotary.fi\/petajavesi\/wp-content\/uploads\/sites\/150\/2019\/06\/petajavedenjoulu2006-2-300x208.jpeg\" alt=\"\" width=\"300\" height=\"208\" srcset=\"https:\/\/rotary.fi\/petajavesi\/wp-content\/uploads\/sites\/150\/2019\/06\/petajavedenjoulu2006-2-300x208.jpeg 300w, https:\/\/rotary.fi\/petajavesi\/wp-content\/uploads\/sites\/150\/2019\/06\/petajavedenjoulu2006-2-768x532.jpeg 768w, https:\/\/rotary.fi\/petajavesi\/wp-content\/uploads\/sites\/150\/2019\/06\/petajavedenjoulu2006-2-1024x709.jpeg 1024w, https:\/\/rotary.fi\/petajavesi\/wp-content\/uploads\/sites\/150\/2019\/06\/petajavedenjoulu2006-2-1080x748.jpeg 1080w, https:\/\/rotary.fi\/petajavesi\/wp-content\/uploads\/sites\/150\/2019\/06\/petajavedenjoulu2006-2.jpeg 1155w\" sizes=\"(max-width: 300px) 100vw, 300px\" \/><\/a><\/p>\n<p>[\/et_pb_text][\/et_pb_column_inner][\/et_pb_row_inner][\/et_pb_column][et_pb_column type=&#8221;1_3&#8243;][et_pb_sidebar area=&#8221;sidebar-1&#8243; module_class=&#8221;sivupalkki_sisalto&#8221; _builder_version=&#8221;3.4.1&#8243; locked=&#8221;on&#8221;]<\/p>\n<p>[\/et_pb_sidebar][\/et_pb_column][\/et_pb_section]<\/p>\n","protected":false},"excerpt":{"rendered":"<p>Klubi mediassa 2005-2006 Pet\u00e4j\u00e4vesi-lehti 1.6.2005: Kaksoset maailmalle Rotary vaihto-oppilaina, Sini ja Reija KarvonenPet\u00e4j\u00e4veden Joulu 2006: Vaihto-oppilasvuosi kasvattaa, Sini Karvonen Australia 2005-2006Pet\u00e4j\u00e4veden Joulu 2006: Vaihto-oppilasvuosi kasvattaa, Reija Karvonen Japani 2005-2006<\/p>\n","protected":false},"author":213,"featured_media":0,"parent":1580,"menu_order":0,"comment_status":"closed","ping_status":"closed","template":"","meta":{"_acf_changed":false,"_et_pb_use_builder":"on","_et_pb_old_content":"","_et_gb_content_width":"","footnotes":""},"class_list":["post-1584","page","type-page","status-publish","hentry"],"acf":[],"yoast_head":"<!-- This site is optimized with the Yoast SEO plugin v27.4 - https:\/\/yoast.com\/product\/yoast-seo-wordpress\/ -->\n<title>2005-2006 - Pet\u00e4j\u00e4veden Rotaryklubi Ry<\/title>\n<meta name=\"robots\" content=\"index, follow, max-snippet:-1, max-image-preview:large, max-video-preview:-1\" \/>\n<link rel=\"canonical\" href=\"https:\/\/rotary.fi\/petajavesi\/klubi-mediassa\/klubi-mediassa-2005-2006\/\" \/>\n<meta property=\"og:locale\" content=\"fi_FI\" \/>\n<meta property=\"og:type\" content=\"article\" \/>\n<meta property=\"og:title\" content=\"2005-2006 - Pet\u00e4j\u00e4veden Rotaryklubi Ry\" \/>\n<meta property=\"og:description\" content=\"Klubi mediassa 2005-2006 Pet\u00e4j\u00e4vesi-lehti 1.6.2005: Kaksoset maailmalle Rotary vaihto-oppilaina, Sini ja Reija KarvonenPet\u00e4j\u00e4veden Joulu 2006: Vaihto-oppilasvuosi kasvattaa, Sini Karvonen Australia 2005-2006Pet\u00e4j\u00e4veden Joulu 2006: Vaihto-oppilasvuosi kasvattaa, Reija Karvonen Japani 2005-2006\" \/>\n<meta property=\"og:url\" content=\"https:\/\/rotary.fi\/petajavesi\/klubi-mediassa\/klubi-mediassa-2005-2006\/\" \/>\n<meta property=\"og:site_name\" content=\"Pet\u00e4j\u00e4veden Rotaryklubi Ry\" \/>\n<meta property=\"article:modified_time\" content=\"2019-06-23T14:41:20+00:00\" \/>\n<meta property=\"og:image\" content=\"https:\/\/rotary.fi\/petajavesi\/wp-content\/uploads\/sites\/150\/2019\/06\/petajavesi-lehti1-6-2005-1-300x218.jpeg\" \/>\n<meta name=\"twitter:card\" content=\"summary_large_image\" \/>\n<meta name=\"twitter:label1\" content=\"Arvioitu lukuaika\" \/>\n\t<meta name=\"twitter:data1\" content=\"7 minuuttia\" \/>\n<script type=\"application\/ld+json\" class=\"yoast-schema-graph\">{\"@context\":\"https:\\\/\\\/schema.org\",\"@graph\":[{\"@type\":\"WebPage\",\"@id\":\"https:\\\/\\\/rotary.fi\\\/petajavesi\\\/klubi-mediassa\\\/klubi-mediassa-2005-2006\\\/\",\"url\":\"https:\\\/\\\/rotary.fi\\\/petajavesi\\\/klubi-mediassa\\\/klubi-mediassa-2005-2006\\\/\",\"name\":\"2005-2006 - Pet\u00e4j\u00e4veden Rotaryklubi Ry\",\"isPartOf\":{\"@id\":\"https:\\\/\\\/rotary.fi\\\/petajavesi\\\/#website\"},\"primaryImageOfPage\":{\"@id\":\"https:\\\/\\\/rotary.fi\\\/petajavesi\\\/klubi-mediassa\\\/klubi-mediassa-2005-2006\\\/#primaryimage\"},\"image\":{\"@id\":\"https:\\\/\\\/rotary.fi\\\/petajavesi\\\/klubi-mediassa\\\/klubi-mediassa-2005-2006\\\/#primaryimage\"},\"thumbnailUrl\":\"https:\\\/\\\/rotary.fi\\\/petajavesi\\\/wp-content\\\/uploads\\\/sites\\\/150\\\/2019\\\/06\\\/petajavesi-lehti1-6-2005-1-300x218.jpeg\",\"datePublished\":\"2019-06-23T14:29:12+00:00\",\"dateModified\":\"2019-06-23T14:41:20+00:00\",\"breadcrumb\":{\"@id\":\"https:\\\/\\\/rotary.fi\\\/petajavesi\\\/klubi-mediassa\\\/klubi-mediassa-2005-2006\\\/#breadcrumb\"},\"inLanguage\":\"fi\",\"potentialAction\":[{\"@type\":\"ReadAction\",\"target\":[\"https:\\\/\\\/rotary.fi\\\/petajavesi\\\/klubi-mediassa\\\/klubi-mediassa-2005-2006\\\/\"]}]},{\"@type\":\"ImageObject\",\"inLanguage\":\"fi\",\"@id\":\"https:\\\/\\\/rotary.fi\\\/petajavesi\\\/klubi-mediassa\\\/klubi-mediassa-2005-2006\\\/#primaryimage\",\"url\":\"https:\\\/\\\/rotary.fi\\\/petajavesi\\\/wp-content\\\/uploads\\\/sites\\\/150\\\/2019\\\/06\\\/petajavesi-lehti1-6-2005-1-300x218.jpeg\",\"contentUrl\":\"https:\\\/\\\/rotary.fi\\\/petajavesi\\\/wp-content\\\/uploads\\\/sites\\\/150\\\/2019\\\/06\\\/petajavesi-lehti1-6-2005-1-300x218.jpeg\"},{\"@type\":\"BreadcrumbList\",\"@id\":\"https:\\\/\\\/rotary.fi\\\/petajavesi\\\/klubi-mediassa\\\/klubi-mediassa-2005-2006\\\/#breadcrumb\",\"itemListElement\":[{\"@type\":\"ListItem\",\"position\":1,\"name\":\"Home\",\"item\":\"https:\\\/\\\/rotary.fi\\\/petajavesi\\\/\"},{\"@type\":\"ListItem\",\"position\":2,\"name\":\"Klubi mediassa\",\"item\":\"https:\\\/\\\/rotary.fi\\\/petajavesi\\\/klubi-mediassa\\\/\"},{\"@type\":\"ListItem\",\"position\":3,\"name\":\"2005-2006\"}]},{\"@type\":\"WebSite\",\"@id\":\"https:\\\/\\\/rotary.fi\\\/petajavesi\\\/#website\",\"url\":\"https:\\\/\\\/rotary.fi\\\/petajavesi\\\/\",\"name\":\"Pet\u00e4j\u00e4veden Rotaryklubi Ry\",\"description\":\"Uusi Rotary klubisivusto\",\"potentialAction\":[{\"@type\":\"SearchAction\",\"target\":{\"@type\":\"EntryPoint\",\"urlTemplate\":\"https:\\\/\\\/rotary.fi\\\/petajavesi\\\/?s={search_term_string}\"},\"query-input\":{\"@type\":\"PropertyValueSpecification\",\"valueRequired\":true,\"valueName\":\"search_term_string\"}}],\"inLanguage\":\"fi\"}]}<\/script>\n<!-- \/ Yoast SEO plugin. -->","yoast_head_json":{"title":"2005-2006 - Pet\u00e4j\u00e4veden Rotaryklubi Ry","robots":{"index":"index","follow":"follow","max-snippet":"max-snippet:-1","max-image-preview":"max-image-preview:large","max-video-preview":"max-video-preview:-1"},"canonical":"https:\/\/rotary.fi\/petajavesi\/klubi-mediassa\/klubi-mediassa-2005-2006\/","og_locale":"fi_FI","og_type":"article","og_title":"2005-2006 - Pet\u00e4j\u00e4veden Rotaryklubi Ry","og_description":"Klubi mediassa 2005-2006 Pet\u00e4j\u00e4vesi-lehti 1.6.2005: Kaksoset maailmalle Rotary vaihto-oppilaina, Sini ja Reija KarvonenPet\u00e4j\u00e4veden Joulu 2006: Vaihto-oppilasvuosi kasvattaa, Sini Karvonen Australia 2005-2006Pet\u00e4j\u00e4veden Joulu 2006: Vaihto-oppilasvuosi kasvattaa, Reija Karvonen Japani 2005-2006","og_url":"https:\/\/rotary.fi\/petajavesi\/klubi-mediassa\/klubi-mediassa-2005-2006\/","og_site_name":"Pet\u00e4j\u00e4veden Rotaryklubi Ry","article_modified_time":"2019-06-23T14:41:20+00:00","og_image":[{"url":"https:\/\/rotary.fi\/petajavesi\/wp-content\/uploads\/sites\/150\/2019\/06\/petajavesi-lehti1-6-2005-1-300x218.jpeg","type":"","width":"","height":""}],"twitter_card":"summary_large_image","twitter_misc":{"Arvioitu lukuaika":"7 minuuttia"},"schema":{"@context":"https:\/\/schema.org","@graph":[{"@type":"WebPage","@id":"https:\/\/rotary.fi\/petajavesi\/klubi-mediassa\/klubi-mediassa-2005-2006\/","url":"https:\/\/rotary.fi\/petajavesi\/klubi-mediassa\/klubi-mediassa-2005-2006\/","name":"2005-2006 - Pet\u00e4j\u00e4veden Rotaryklubi Ry","isPartOf":{"@id":"https:\/\/rotary.fi\/petajavesi\/#website"},"primaryImageOfPage":{"@id":"https:\/\/rotary.fi\/petajavesi\/klubi-mediassa\/klubi-mediassa-2005-2006\/#primaryimage"},"image":{"@id":"https:\/\/rotary.fi\/petajavesi\/klubi-mediassa\/klubi-mediassa-2005-2006\/#primaryimage"},"thumbnailUrl":"https:\/\/rotary.fi\/petajavesi\/wp-content\/uploads\/sites\/150\/2019\/06\/petajavesi-lehti1-6-2005-1-300x218.jpeg","datePublished":"2019-06-23T14:29:12+00:00","dateModified":"2019-06-23T14:41:20+00:00","breadcrumb":{"@id":"https:\/\/rotary.fi\/petajavesi\/klubi-mediassa\/klubi-mediassa-2005-2006\/#breadcrumb"},"inLanguage":"fi","potentialAction":[{"@type":"ReadAction","target":["https:\/\/rotary.fi\/petajavesi\/klubi-mediassa\/klubi-mediassa-2005-2006\/"]}]},{"@type":"ImageObject","inLanguage":"fi","@id":"https:\/\/rotary.fi\/petajavesi\/klubi-mediassa\/klubi-mediassa-2005-2006\/#primaryimage","url":"https:\/\/rotary.fi\/petajavesi\/wp-content\/uploads\/sites\/150\/2019\/06\/petajavesi-lehti1-6-2005-1-300x218.jpeg","contentUrl":"https:\/\/rotary.fi\/petajavesi\/wp-content\/uploads\/sites\/150\/2019\/06\/petajavesi-lehti1-6-2005-1-300x218.jpeg"},{"@type":"BreadcrumbList","@id":"https:\/\/rotary.fi\/petajavesi\/klubi-mediassa\/klubi-mediassa-2005-2006\/#breadcrumb","itemListElement":[{"@type":"ListItem","position":1,"name":"Home","item":"https:\/\/rotary.fi\/petajavesi\/"},{"@type":"ListItem","position":2,"name":"Klubi mediassa","item":"https:\/\/rotary.fi\/petajavesi\/klubi-mediassa\/"},{"@type":"ListItem","position":3,"name":"2005-2006"}]},{"@type":"WebSite","@id":"https:\/\/rotary.fi\/petajavesi\/#website","url":"https:\/\/rotary.fi\/petajavesi\/","name":"Pet\u00e4j\u00e4veden Rotaryklubi Ry","description":"Uusi Rotary klubisivusto","potentialAction":[{"@type":"SearchAction","target":{"@type":"EntryPoint","urlTemplate":"https:\/\/rotary.fi\/petajavesi\/?s={search_term_string}"},"query-input":{"@type":"PropertyValueSpecification","valueRequired":true,"valueName":"search_term_string"}}],"inLanguage":"fi"}]}},"lang":"fi","translations":{"fi":1584},"pll_sync_post":[],"_links":{"self":[{"href":"https:\/\/rotary.fi\/petajavesi\/wp-json\/wp\/v2\/pages\/1584","targetHints":{"allow":["GET"]}}],"collection":[{"href":"https:\/\/rotary.fi\/petajavesi\/wp-json\/wp\/v2\/pages"}],"about":[{"href":"https:\/\/rotary.fi\/petajavesi\/wp-json\/wp\/v2\/types\/page"}],"author":[{"embeddable":true,"href":"https:\/\/rotary.fi\/petajavesi\/wp-json\/wp\/v2\/users\/213"}],"replies":[{"embeddable":true,"href":"https:\/\/rotary.fi\/petajavesi\/wp-json\/wp\/v2\/comments?post=1584"}],"version-history":[{"count":3,"href":"https:\/\/rotary.fi\/petajavesi\/wp-json\/wp\/v2\/pages\/1584\/revisions"}],"predecessor-version":[{"id":1663,"href":"https:\/\/rotary.fi\/petajavesi\/wp-json\/wp\/v2\/pages\/1584\/revisions\/1663"}],"up":[{"embeddable":true,"href":"https:\/\/rotary.fi\/petajavesi\/wp-json\/wp\/v2\/pages\/1580"}],"wp:attachment":[{"href":"https:\/\/rotary.fi\/petajavesi\/wp-json\/wp\/v2\/media?parent=1584"}],"curies":[{"name":"wp","href":"https:\/\/api.w.org\/{rel}","templated":true}]}}