{"id":138,"date":"2018-08-10T14:01:44","date_gmt":"2018-08-10T11:01:44","guid":{"rendered":"https:\/\/rotary.fi\/klubi2\/?page_id=138"},"modified":"2022-09-05T13:59:49","modified_gmt":"2022-09-05T10:59:49","slug":"vuositeema","status":"publish","type":"page","link":"https:\/\/rotary.fi\/parkano\/keita-olemme\/vuositeema\/","title":{"rendered":"Vuositeema"},"content":{"rendered":"<p>[et_pb_section fb_built=&#8221;1&#8243; module_class=&#8221;jumbotron-page&#8221; _builder_version=&#8221;4.16&#8243; background_image=&#8221;https:\/\/rotary.fi\/parkano\/wp-content\/uploads\/sites\/153\/2018\/08\/rotary_klubit_alasivu_paakuva_7.jpg&#8221; global_colors_info=&#8221;{}&#8221;][et_pb_row _builder_version=&#8221;4.16&#8243; background_size=&#8221;initial&#8221; background_position=&#8221;top_left&#8221; background_repeat=&#8221;repeat&#8221; global_colors_info=&#8221;{}&#8221;][et_pb_column type=&#8221;4_4&#8243; _builder_version=&#8221;4.16&#8243; custom_padding=&#8221;|||&#8221; global_colors_info=&#8221;{}&#8221; custom_padding__hover=&#8221;|||&#8221;][et_pb_text admin_label=&#8221;P\u00e4\u00e4otsikko&#8221; _builder_version=&#8221;4.16&#8243; text_orientation=&#8221;center&#8221; background_layout=&#8221;dark&#8221; global_colors_info=&#8221;{}&#8221;]<\/p>\n<h1>Vuositeema<\/h1>\n<p>&nbsp;<\/p>\n<p>[\/et_pb_text][\/et_pb_column][\/et_pb_row][\/et_pb_section][et_pb_section fb_built=&#8221;1&#8243; specialty=&#8221;on&#8221; module_class_2=&#8221;sivupalkki&#8221; _builder_version=&#8221;4.16&#8243; global_colors_info=&#8221;{}&#8221;][et_pb_column type=&#8221;2_3&#8243; specialty_columns=&#8221;2&#8243; _builder_version=&#8221;4.16&#8243; custom_padding=&#8221;|||&#8221; global_colors_info=&#8221;{}&#8221; custom_padding__hover=&#8221;|||&#8221;][et_pb_row_inner _builder_version=&#8221;4.18.0&#8243; _module_preset=&#8221;default&#8221; hover_enabled=&#8221;0&#8243; global_colors_info=&#8221;{}&#8221; sticky_enabled=&#8221;0&#8243;][et_pb_column_inner saved_specialty_column_type=&#8221;2_3&#8243; _builder_version=&#8221;4.16&#8243; _module_preset=&#8221;default&#8221; global_colors_info=&#8221;{}&#8221;][et_pb_image src=&#8221;https:\/\/rotary.fi\/parkano\/wp-content\/uploads\/sites\/153\/2022\/09\/rotaryteema2022-23-1.png&#8221; title_text=&#8221;rotaryteema2022-23 (1)&#8221; _builder_version=&#8221;4.18.0&#8243; _module_preset=&#8221;default&#8221; hover_enabled=&#8221;0&#8243; global_colors_info=&#8221;{}&#8221; sticky_enabled=&#8221;0&#8243;][\/et_pb_image][\/et_pb_column_inner][\/et_pb_row_inner][et_pb_row_inner admin_label=&#8221;Rivi&#8221; _builder_version=&#8221;4.16&#8243; global_colors_info=&#8221;{}&#8221;][et_pb_column_inner saved_specialty_column_type=&#8221;2_3&#8243; _builder_version=&#8221;4.16&#8243; custom_padding=&#8221;|||&#8221; global_colors_info=&#8221;{}&#8221; custom_padding__hover=&#8221;|||&#8221;][et_pb_text admin_label=&#8221;Rotary Internationalin vuositeema &#8211; Otsikko&#8221; _builder_version=&#8221;4.16&#8243; text_orientation=&#8221;center&#8221; global_colors_info=&#8221;{}&#8221;]<\/p>\n<h1 style=\"text-align: left\">Rotary Internationalin vuositeema<\/h1>\n<p>[\/et_pb_text][et_pb_text _builder_version=&#8221;4.18.0&#8243; hover_enabled=&#8221;0&#8243; global_colors_info=&#8221;{}&#8221; sticky_enabled=&#8221;0&#8243;]<\/p>\n<p><a href=\"https:\/\/my.rotary.org\/en\/news-media\/office-president\/ri-president\" target=\"_blank\" rel=\"noopener noreferrer\">Rotary Internationalin presidentti<\/a><span>\u00a0Jennifer Jones on valinnut presidenttivuotensa 2022\u20132023 teemaksi:\u00a0<\/span><em>\u201dImagine Rotary\u201d<\/em><span>.\u00a0Jones kuvittelee Rotaryn, jossa j\u00e4senet toimivat tehd\u00e4kseen unelmistaan \u200b\u200btotta ja he saavat kaiken irti klubikokemuksistaan. H\u00e4n kehottaa j\u00e4seni\u00e4 olemaan enemm\u00e4n tekemisiss\u00e4 kesken\u00e4\u00e4n ja k\u00e4ytt\u00e4m\u00e4\u00e4n n\u00e4it\u00e4 yhteyksi\u00e4 kumppanuuksien rakentamiseen, jotka muuttavat maailmaa.<\/span><\/p>\n<p>[\/et_pb_text][\/et_pb_column_inner][\/et_pb_row_inner][\/et_pb_column][et_pb_column type=&#8221;1_3&#8243; _builder_version=&#8221;4.16&#8243; custom_padding=&#8221;|||&#8221; global_colors_info=&#8221;{}&#8221; custom_padding__hover=&#8221;|||&#8221;][et_pb_sidebar area=&#8221;sidebar-1&#8243; module_class=&#8221;sivupalkki_sisalto&#8221; _builder_version=&#8221;4.16&#8243; locked=&#8221;on&#8221; global_colors_info=&#8221;{}&#8221;][\/et_pb_sidebar][\/et_pb_column][\/et_pb_section]<\/p>\n","protected":false},"excerpt":{"rendered":"<p>Vuositeema &nbsp; Rotary Internationalin vuositeemaRotary Internationalin presidentti\u00a0Jennifer Jones on valinnut presidenttivuotensa 2022\u20132023 teemaksi:\u00a0\u201dImagine Rotary\u201d.\u00a0Jones kuvittelee Rotaryn, jossa j\u00e4senet toimivat tehd\u00e4kseen unelmistaan \u200b\u200btotta ja he saavat kaiken irti klubikokemuksistaan. H\u00e4n kehottaa j\u00e4seni\u00e4 olemaan enemm\u00e4n tekemisiss\u00e4 kesken\u00e4\u00e4n ja k\u00e4ytt\u00e4m\u00e4\u00e4n n\u00e4it\u00e4 yhteyksi\u00e4 kumppanuuksien rakentamiseen, jotka muuttavat maailmaa.<\/p>\n","protected":false},"author":1,"featured_media":0,"parent":129,"menu_order":0,"comment_status":"closed","ping_status":"closed","template":"","meta":{"_acf_changed":false,"_et_pb_use_builder":"on","_et_pb_old_content":"","_et_gb_content_width":"","footnotes":""},"class_list":["post-138","page","type-page","status-publish","hentry"],"acf":[],"yoast_head":"<!-- This site is optimized with the Yoast SEO plugin v27.4 - https:\/\/yoast.com\/product\/yoast-seo-wordpress\/ -->\n<title>Vuositeema - Parkanon Rotaryklubi<\/title>\n<meta name=\"robots\" content=\"index, follow, max-snippet:-1, max-image-preview:large, max-video-preview:-1\" \/>\n<link rel=\"canonical\" href=\"https:\/\/rotary.fi\/parkano\/keita-olemme\/vuositeema\/\" \/>\n<meta property=\"og:locale\" content=\"fi_FI\" \/>\n<meta property=\"og:type\" content=\"article\" \/>\n<meta property=\"og:title\" content=\"Vuositeema - Parkanon Rotaryklubi\" \/>\n<meta property=\"og:description\" content=\"Vuositeema &nbsp; Rotary Internationalin vuositeemaRotary Internationalin presidentti\u00a0Jennifer Jones on valinnut presidenttivuotensa 2022\u20132023 teemaksi:\u00a0\u201dImagine Rotary\u201d.\u00a0Jones kuvittelee Rotaryn, jossa j\u00e4senet toimivat tehd\u00e4kseen unelmistaan \u200b\u200btotta ja he saavat kaiken irti klubikokemuksistaan. H\u00e4n kehottaa j\u00e4seni\u00e4 olemaan enemm\u00e4n tekemisiss\u00e4 kesken\u00e4\u00e4n ja k\u00e4ytt\u00e4m\u00e4\u00e4n n\u00e4it\u00e4 yhteyksi\u00e4 kumppanuuksien rakentamiseen, jotka muuttavat maailmaa.\" \/>\n<meta property=\"og:url\" content=\"https:\/\/rotary.fi\/parkano\/keita-olemme\/vuositeema\/\" \/>\n<meta property=\"og:site_name\" content=\"Parkanon Rotaryklubi\" \/>\n<meta property=\"article:modified_time\" content=\"2022-09-05T10:59:49+00:00\" \/>\n<meta name=\"twitter:card\" content=\"summary_large_image\" \/>\n<meta name=\"twitter:label1\" content=\"Arvioitu lukuaika\" \/>\n\t<meta name=\"twitter:data1\" content=\"2 minuuttia\" \/>\n<script type=\"application\/ld+json\" class=\"yoast-schema-graph\">{\"@context\":\"https:\\\/\\\/schema.org\",\"@graph\":[{\"@type\":\"WebPage\",\"@id\":\"https:\\\/\\\/rotary.fi\\\/parkano\\\/keita-olemme\\\/vuositeema\\\/\",\"url\":\"https:\\\/\\\/rotary.fi\\\/parkano\\\/keita-olemme\\\/vuositeema\\\/\",\"name\":\"Vuositeema - Parkanon Rotaryklubi\",\"isPartOf\":{\"@id\":\"https:\\\/\\\/rotary.fi\\\/parkano\\\/#website\"},\"datePublished\":\"2018-08-10T11:01:44+00:00\",\"dateModified\":\"2022-09-05T10:59:49+00:00\",\"breadcrumb\":{\"@id\":\"https:\\\/\\\/rotary.fi\\\/parkano\\\/keita-olemme\\\/vuositeema\\\/#breadcrumb\"},\"inLanguage\":\"fi\",\"potentialAction\":[{\"@type\":\"ReadAction\",\"target\":[\"https:\\\/\\\/rotary.fi\\\/parkano\\\/keita-olemme\\\/vuositeema\\\/\"]}]},{\"@type\":\"BreadcrumbList\",\"@id\":\"https:\\\/\\\/rotary.fi\\\/parkano\\\/keita-olemme\\\/vuositeema\\\/#breadcrumb\",\"itemListElement\":[{\"@type\":\"ListItem\",\"position\":1,\"name\":\"Home\",\"item\":\"https:\\\/\\\/rotary.fi\\\/parkano\\\/\"},{\"@type\":\"ListItem\",\"position\":2,\"name\":\"Keit\u00e4 olemme\",\"item\":\"https:\\\/\\\/rotary.fi\\\/parkano\\\/keita-olemme\\\/\"},{\"@type\":\"ListItem\",\"position\":3,\"name\":\"Vuositeema\"}]},{\"@type\":\"WebSite\",\"@id\":\"https:\\\/\\\/rotary.fi\\\/parkano\\\/#website\",\"url\":\"https:\\\/\\\/rotary.fi\\\/parkano\\\/\",\"name\":\"Parkanon Rotaryklubi\",\"description\":\"Uusi Rotary klubisivusto\",\"potentialAction\":[{\"@type\":\"SearchAction\",\"target\":{\"@type\":\"EntryPoint\",\"urlTemplate\":\"https:\\\/\\\/rotary.fi\\\/parkano\\\/?s={search_term_string}\"},\"query-input\":{\"@type\":\"PropertyValueSpecification\",\"valueRequired\":true,\"valueName\":\"search_term_string\"}}],\"inLanguage\":\"fi\"}]}<\/script>\n<!-- \/ Yoast SEO plugin. -->","yoast_head_json":{"title":"Vuositeema - Parkanon Rotaryklubi","robots":{"index":"index","follow":"follow","max-snippet":"max-snippet:-1","max-image-preview":"max-image-preview:large","max-video-preview":"max-video-preview:-1"},"canonical":"https:\/\/rotary.fi\/parkano\/keita-olemme\/vuositeema\/","og_locale":"fi_FI","og_type":"article","og_title":"Vuositeema - Parkanon Rotaryklubi","og_description":"Vuositeema &nbsp; Rotary Internationalin vuositeemaRotary Internationalin presidentti\u00a0Jennifer Jones on valinnut presidenttivuotensa 2022\u20132023 teemaksi:\u00a0\u201dImagine Rotary\u201d.\u00a0Jones kuvittelee Rotaryn, jossa j\u00e4senet toimivat tehd\u00e4kseen unelmistaan \u200b\u200btotta ja he saavat kaiken irti klubikokemuksistaan. H\u00e4n kehottaa j\u00e4seni\u00e4 olemaan enemm\u00e4n tekemisiss\u00e4 kesken\u00e4\u00e4n ja k\u00e4ytt\u00e4m\u00e4\u00e4n n\u00e4it\u00e4 yhteyksi\u00e4 kumppanuuksien rakentamiseen, jotka muuttavat maailmaa.","og_url":"https:\/\/rotary.fi\/parkano\/keita-olemme\/vuositeema\/","og_site_name":"Parkanon Rotaryklubi","article_modified_time":"2022-09-05T10:59:49+00:00","twitter_card":"summary_large_image","twitter_misc":{"Arvioitu lukuaika":"2 minuuttia"},"schema":{"@context":"https:\/\/schema.org","@graph":[{"@type":"WebPage","@id":"https:\/\/rotary.fi\/parkano\/keita-olemme\/vuositeema\/","url":"https:\/\/rotary.fi\/parkano\/keita-olemme\/vuositeema\/","name":"Vuositeema - Parkanon Rotaryklubi","isPartOf":{"@id":"https:\/\/rotary.fi\/parkano\/#website"},"datePublished":"2018-08-10T11:01:44+00:00","dateModified":"2022-09-05T10:59:49+00:00","breadcrumb":{"@id":"https:\/\/rotary.fi\/parkano\/keita-olemme\/vuositeema\/#breadcrumb"},"inLanguage":"fi","potentialAction":[{"@type":"ReadAction","target":["https:\/\/rotary.fi\/parkano\/keita-olemme\/vuositeema\/"]}]},{"@type":"BreadcrumbList","@id":"https:\/\/rotary.fi\/parkano\/keita-olemme\/vuositeema\/#breadcrumb","itemListElement":[{"@type":"ListItem","position":1,"name":"Home","item":"https:\/\/rotary.fi\/parkano\/"},{"@type":"ListItem","position":2,"name":"Keit\u00e4 olemme","item":"https:\/\/rotary.fi\/parkano\/keita-olemme\/"},{"@type":"ListItem","position":3,"name":"Vuositeema"}]},{"@type":"WebSite","@id":"https:\/\/rotary.fi\/parkano\/#website","url":"https:\/\/rotary.fi\/parkano\/","name":"Parkanon Rotaryklubi","description":"Uusi Rotary klubisivusto","potentialAction":[{"@type":"SearchAction","target":{"@type":"EntryPoint","urlTemplate":"https:\/\/rotary.fi\/parkano\/?s={search_term_string}"},"query-input":{"@type":"PropertyValueSpecification","valueRequired":true,"valueName":"search_term_string"}}],"inLanguage":"fi"}]}},"lang":"fi","translations":{"fi":138},"pll_sync_post":[],"_links":{"self":[{"href":"https:\/\/rotary.fi\/parkano\/wp-json\/wp\/v2\/pages\/138","targetHints":{"allow":["GET"]}}],"collection":[{"href":"https:\/\/rotary.fi\/parkano\/wp-json\/wp\/v2\/pages"}],"about":[{"href":"https:\/\/rotary.fi\/parkano\/wp-json\/wp\/v2\/types\/page"}],"author":[{"embeddable":true,"href":"https:\/\/rotary.fi\/parkano\/wp-json\/wp\/v2\/users\/1"}],"replies":[{"embeddable":true,"href":"https:\/\/rotary.fi\/parkano\/wp-json\/wp\/v2\/comments?post=138"}],"version-history":[{"count":10,"href":"https:\/\/rotary.fi\/parkano\/wp-json\/wp\/v2\/pages\/138\/revisions"}],"predecessor-version":[{"id":1828,"href":"https:\/\/rotary.fi\/parkano\/wp-json\/wp\/v2\/pages\/138\/revisions\/1828"}],"up":[{"embeddable":true,"href":"https:\/\/rotary.fi\/parkano\/wp-json\/wp\/v2\/pages\/129"}],"wp:attachment":[{"href":"https:\/\/rotary.fi\/parkano\/wp-json\/wp\/v2\/media?parent=138"}],"curies":[{"name":"wp","href":"https:\/\/api.w.org\/{rel}","templated":true}]}}