{"id":160,"date":"2018-08-13T09:49:16","date_gmt":"2018-08-13T06:49:16","guid":{"rendered":"https:\/\/rotary.fi\/oulujokirotaryklubi\/?page_id=160"},"modified":"2020-02-22T12:20:43","modified_gmt":"2020-02-22T10:20:43","slug":"yhteiset-projektit","status":"publish","type":"page","link":"https:\/\/rotary.fi\/oulujokirotaryklubi\/mita-teemme\/yhteiset-projektit\/","title":{"rendered":"Yhteiset projektit"},"content":{"rendered":"<p>Malesia yhteisty\u00f6projektin mietteit\u00e4.\u00a0 Tapio Myllykosken p\u00f6yt\u00e4kirjasta&#8230;&#8230;&#8230;&#8230;<\/p>\n<p>Mr. Ravi esitteli Malesian kouluj\u00e4rjestelm\u00e4\u00e4 ja kertoi, ett\u00e4 h\u00e4nen edustamassaan Perakin koulupiiriss\u00e4 on 146 koulua. Kuten Suomessa, my\u00f6s Malesiassa lapset aloittavat ensin esikoulun 5-6 \u2013vuotiaina ja jatkavat peruskoulussa 7 \u2013vuotiaasta l\u00e4htien.<\/p>\n<p>Petri Karjalainen esitteli Suomalaisen opetusmetodin mukaista koulutusprojektia, joka on jo k\u00e4ynnistetty muutamissa Perakin alueen maalaiskouluissa. Petri l\u00e4hett\u00e4\u00e4 esityksens\u00e4 Paavolle, joka jakaa sen s\u00e4hk\u00f6postissa kaikille klubilaisille.<\/p>\n<p>Lopuksi keskusteltiin toimintatavoista, joilla klubimme voisi osallistua mainitun koulutusprojektin varojenkeruuseen. Petri esitti kaksi eri vaihtoehtoa:<\/p>\n<p>1) klubin omaa varojen keruuta, jotka lahjoitetaan projektille Penangin rotaryklubin kautta<\/p>\n<p>2) oman varojenkeruun lis\u00e4ksi kysy\u00e4 rotarypiirin 1400 ja sen DDF \u2013rahaston (District Designated Fund) mukaan ottamista hankkeeseen.<\/p>\n<p>Petri suositteli ehdottomasti j\u00e4lkimm\u00e4ist\u00e4 vaihtoehtoa. Sen hyv\u00e4 puoli olisi my\u00f6s siin\u00e4, ett\u00e4 tuon rahaston kautta lahjoitetut varat Rotary Foundation voi jopa kaksinkertaistaa oman rahastonsa avulla.<\/p>\n<p>Sovittiin, ett\u00e4 tulevana presidenttin\u00e4 Riitta on yhteydess\u00e4 piirikuvern\u00f6\u00f6ri Jorma Winteriin kysy\u00e4kseen piirin DDF:n rahatilanteesta ja halukkuudesta osallistua hankkeeseen.<\/p>\n<p><img loading=\"lazy\" decoding=\"async\" class=\"alignnone size-full wp-image-1624\" src=\"https:\/\/rotary.fi\/oulujokirotaryklubi\/wp-content\/uploads\/sites\/186\/2020\/02\/image422.jpg\" alt=\"\" width=\"189\" height=\"153\" \/><\/p>\n","protected":false},"excerpt":{"rendered":"<p>Malesia yhteisty\u00f6projektin mietteit\u00e4.\u00a0 Tapio Myllykosken p\u00f6yt\u00e4kirjasta&#8230;&#8230;&#8230;&#8230; Mr. Ravi esitteli Malesian kouluj\u00e4rjestelm\u00e4\u00e4 ja kertoi, ett\u00e4 h\u00e4nen edustamassaan Perakin koulupiiriss\u00e4 on 146 koulua. Kuten Suomessa, my\u00f6s Malesiassa lapset aloittavat ensin esikoulun 5-6 \u2013vuotiaina ja jatkavat peruskoulussa 7 \u2013vuotiaasta l\u00e4htien. Petri Karjalainen esitteli Suomalaisen opetusmetodin mukaista koulutusprojektia, joka on jo k\u00e4ynnistetty muutamissa Perakin alueen maalaiskouluissa. Petri l\u00e4hett\u00e4\u00e4 esityksens\u00e4 [&hellip;]<\/p>\n","protected":false},"author":1,"featured_media":0,"parent":77,"menu_order":0,"comment_status":"closed","ping_status":"closed","template":"","meta":{"_acf_changed":false,"_et_pb_use_builder":"off","_et_pb_old_content":"","_et_gb_content_width":"","footnotes":""},"class_list":["post-160","page","type-page","status-publish","hentry"],"acf":[],"yoast_head":"<!-- This site is optimized with the Yoast SEO plugin v27.0 - https:\/\/yoast.com\/product\/yoast-seo-wordpress\/ -->\n<title>Yhteiset projektit - Oulujoki Rotaryklubi ry<\/title>\n<meta name=\"robots\" content=\"index, follow, max-snippet:-1, max-image-preview:large, max-video-preview:-1\" \/>\n<link rel=\"canonical\" href=\"https:\/\/rotary.fi\/oulujokirotaryklubi\/mita-teemme\/yhteiset-projektit\/\" \/>\n<meta property=\"og:locale\" content=\"fi_FI\" \/>\n<meta property=\"og:type\" content=\"article\" \/>\n<meta property=\"og:title\" content=\"Yhteiset projektit - Oulujoki Rotaryklubi ry\" \/>\n<meta property=\"og:description\" content=\"Malesia yhteisty\u00f6projektin mietteit\u00e4.\u00a0 Tapio Myllykosken p\u00f6yt\u00e4kirjasta&#8230;&#8230;&#8230;&#8230; Mr. Ravi esitteli Malesian kouluj\u00e4rjestelm\u00e4\u00e4 ja kertoi, ett\u00e4 h\u00e4nen edustamassaan Perakin koulupiiriss\u00e4 on 146 koulua. Kuten Suomessa, my\u00f6s Malesiassa lapset aloittavat ensin esikoulun 5-6 \u2013vuotiaina ja jatkavat peruskoulussa 7 \u2013vuotiaasta l\u00e4htien. Petri Karjalainen esitteli Suomalaisen opetusmetodin mukaista koulutusprojektia, joka on jo k\u00e4ynnistetty muutamissa Perakin alueen maalaiskouluissa. Petri l\u00e4hett\u00e4\u00e4 esityksens\u00e4 [&hellip;]\" \/>\n<meta property=\"og:url\" content=\"https:\/\/rotary.fi\/oulujokirotaryklubi\/mita-teemme\/yhteiset-projektit\/\" \/>\n<meta property=\"og:site_name\" content=\"Oulujoki Rotaryklubi ry\" \/>\n<meta property=\"article:modified_time\" content=\"2020-02-22T10:20:43+00:00\" \/>\n<meta property=\"og:image\" content=\"https:\/\/rotary.fi\/oulujokirotaryklubi\/wp-content\/uploads\/sites\/186\/2020\/02\/image422.jpg\" \/>\n<meta name=\"twitter:card\" content=\"summary_large_image\" \/>\n<meta name=\"twitter:label1\" content=\"Arvioitu lukuaika\" \/>\n\t<meta name=\"twitter:data1\" content=\"1 minuutti\" \/>\n<script type=\"application\/ld+json\" class=\"yoast-schema-graph\">{\"@context\":\"https:\/\/schema.org\",\"@graph\":[{\"@type\":\"WebPage\",\"@id\":\"https:\/\/rotary.fi\/oulujokirotaryklubi\/mita-teemme\/yhteiset-projektit\/\",\"url\":\"https:\/\/rotary.fi\/oulujokirotaryklubi\/mita-teemme\/yhteiset-projektit\/\",\"name\":\"Yhteiset projektit - Oulujoki Rotaryklubi ry\",\"isPartOf\":{\"@id\":\"https:\/\/rotary.fi\/oulujokirotaryklubi\/#website\"},\"primaryImageOfPage\":{\"@id\":\"https:\/\/rotary.fi\/oulujokirotaryklubi\/mita-teemme\/yhteiset-projektit\/#primaryimage\"},\"image\":{\"@id\":\"https:\/\/rotary.fi\/oulujokirotaryklubi\/mita-teemme\/yhteiset-projektit\/#primaryimage\"},\"thumbnailUrl\":\"https:\/\/rotary.fi\/oulujokirotaryklubi\/wp-content\/uploads\/sites\/186\/2020\/02\/image422.jpg\",\"datePublished\":\"2018-08-13T06:49:16+00:00\",\"dateModified\":\"2020-02-22T10:20:43+00:00\",\"breadcrumb\":{\"@id\":\"https:\/\/rotary.fi\/oulujokirotaryklubi\/mita-teemme\/yhteiset-projektit\/#breadcrumb\"},\"inLanguage\":\"fi\",\"potentialAction\":[{\"@type\":\"ReadAction\",\"target\":[\"https:\/\/rotary.fi\/oulujokirotaryklubi\/mita-teemme\/yhteiset-projektit\/\"]}]},{\"@type\":\"ImageObject\",\"inLanguage\":\"fi\",\"@id\":\"https:\/\/rotary.fi\/oulujokirotaryklubi\/mita-teemme\/yhteiset-projektit\/#primaryimage\",\"url\":\"https:\/\/rotary.fi\/oulujokirotaryklubi\/wp-content\/uploads\/sites\/186\/2020\/02\/image422.jpg\",\"contentUrl\":\"https:\/\/rotary.fi\/oulujokirotaryklubi\/wp-content\/uploads\/sites\/186\/2020\/02\/image422.jpg\",\"width\":189,\"height\":153},{\"@type\":\"BreadcrumbList\",\"@id\":\"https:\/\/rotary.fi\/oulujokirotaryklubi\/mita-teemme\/yhteiset-projektit\/#breadcrumb\",\"itemListElement\":[{\"@type\":\"ListItem\",\"position\":1,\"name\":\"Home\",\"item\":\"https:\/\/rotary.fi\/oulujokirotaryklubi\/\"},{\"@type\":\"ListItem\",\"position\":2,\"name\":\"Mit\u00e4 teemme\",\"item\":\"https:\/\/rotary.fi\/oulujokirotaryklubi\/mita-teemme\/\"},{\"@type\":\"ListItem\",\"position\":3,\"name\":\"Yhteiset projektit\"}]},{\"@type\":\"WebSite\",\"@id\":\"https:\/\/rotary.fi\/oulujokirotaryklubi\/#website\",\"url\":\"https:\/\/rotary.fi\/oulujokirotaryklubi\/\",\"name\":\"Oulujoki Rotaryklubi ry\",\"description\":\"Uusi Rotary klubisivusto\",\"potentialAction\":[{\"@type\":\"SearchAction\",\"target\":{\"@type\":\"EntryPoint\",\"urlTemplate\":\"https:\/\/rotary.fi\/oulujokirotaryklubi\/?s={search_term_string}\"},\"query-input\":{\"@type\":\"PropertyValueSpecification\",\"valueRequired\":true,\"valueName\":\"search_term_string\"}}],\"inLanguage\":\"fi\"}]}<\/script>\n<!-- \/ Yoast SEO plugin. -->","yoast_head_json":{"title":"Yhteiset projektit - Oulujoki Rotaryklubi ry","robots":{"index":"index","follow":"follow","max-snippet":"max-snippet:-1","max-image-preview":"max-image-preview:large","max-video-preview":"max-video-preview:-1"},"canonical":"https:\/\/rotary.fi\/oulujokirotaryklubi\/mita-teemme\/yhteiset-projektit\/","og_locale":"fi_FI","og_type":"article","og_title":"Yhteiset projektit - Oulujoki Rotaryklubi ry","og_description":"Malesia yhteisty\u00f6projektin mietteit\u00e4.\u00a0 Tapio Myllykosken p\u00f6yt\u00e4kirjasta&#8230;&#8230;&#8230;&#8230; Mr. Ravi esitteli Malesian kouluj\u00e4rjestelm\u00e4\u00e4 ja kertoi, ett\u00e4 h\u00e4nen edustamassaan Perakin koulupiiriss\u00e4 on 146 koulua. Kuten Suomessa, my\u00f6s Malesiassa lapset aloittavat ensin esikoulun 5-6 \u2013vuotiaina ja jatkavat peruskoulussa 7 \u2013vuotiaasta l\u00e4htien. Petri Karjalainen esitteli Suomalaisen opetusmetodin mukaista koulutusprojektia, joka on jo k\u00e4ynnistetty muutamissa Perakin alueen maalaiskouluissa. Petri l\u00e4hett\u00e4\u00e4 esityksens\u00e4 [&hellip;]","og_url":"https:\/\/rotary.fi\/oulujokirotaryklubi\/mita-teemme\/yhteiset-projektit\/","og_site_name":"Oulujoki Rotaryklubi ry","article_modified_time":"2020-02-22T10:20:43+00:00","og_image":[{"url":"https:\/\/rotary.fi\/oulujokirotaryklubi\/wp-content\/uploads\/sites\/186\/2020\/02\/image422.jpg","type":"","width":"","height":""}],"twitter_card":"summary_large_image","twitter_misc":{"Arvioitu lukuaika":"1 minuutti"},"schema":{"@context":"https:\/\/schema.org","@graph":[{"@type":"WebPage","@id":"https:\/\/rotary.fi\/oulujokirotaryklubi\/mita-teemme\/yhteiset-projektit\/","url":"https:\/\/rotary.fi\/oulujokirotaryklubi\/mita-teemme\/yhteiset-projektit\/","name":"Yhteiset projektit - Oulujoki Rotaryklubi ry","isPartOf":{"@id":"https:\/\/rotary.fi\/oulujokirotaryklubi\/#website"},"primaryImageOfPage":{"@id":"https:\/\/rotary.fi\/oulujokirotaryklubi\/mita-teemme\/yhteiset-projektit\/#primaryimage"},"image":{"@id":"https:\/\/rotary.fi\/oulujokirotaryklubi\/mita-teemme\/yhteiset-projektit\/#primaryimage"},"thumbnailUrl":"https:\/\/rotary.fi\/oulujokirotaryklubi\/wp-content\/uploads\/sites\/186\/2020\/02\/image422.jpg","datePublished":"2018-08-13T06:49:16+00:00","dateModified":"2020-02-22T10:20:43+00:00","breadcrumb":{"@id":"https:\/\/rotary.fi\/oulujokirotaryklubi\/mita-teemme\/yhteiset-projektit\/#breadcrumb"},"inLanguage":"fi","potentialAction":[{"@type":"ReadAction","target":["https:\/\/rotary.fi\/oulujokirotaryklubi\/mita-teemme\/yhteiset-projektit\/"]}]},{"@type":"ImageObject","inLanguage":"fi","@id":"https:\/\/rotary.fi\/oulujokirotaryklubi\/mita-teemme\/yhteiset-projektit\/#primaryimage","url":"https:\/\/rotary.fi\/oulujokirotaryklubi\/wp-content\/uploads\/sites\/186\/2020\/02\/image422.jpg","contentUrl":"https:\/\/rotary.fi\/oulujokirotaryklubi\/wp-content\/uploads\/sites\/186\/2020\/02\/image422.jpg","width":189,"height":153},{"@type":"BreadcrumbList","@id":"https:\/\/rotary.fi\/oulujokirotaryklubi\/mita-teemme\/yhteiset-projektit\/#breadcrumb","itemListElement":[{"@type":"ListItem","position":1,"name":"Home","item":"https:\/\/rotary.fi\/oulujokirotaryklubi\/"},{"@type":"ListItem","position":2,"name":"Mit\u00e4 teemme","item":"https:\/\/rotary.fi\/oulujokirotaryklubi\/mita-teemme\/"},{"@type":"ListItem","position":3,"name":"Yhteiset projektit"}]},{"@type":"WebSite","@id":"https:\/\/rotary.fi\/oulujokirotaryklubi\/#website","url":"https:\/\/rotary.fi\/oulujokirotaryklubi\/","name":"Oulujoki Rotaryklubi ry","description":"Uusi Rotary klubisivusto","potentialAction":[{"@type":"SearchAction","target":{"@type":"EntryPoint","urlTemplate":"https:\/\/rotary.fi\/oulujokirotaryklubi\/?s={search_term_string}"},"query-input":{"@type":"PropertyValueSpecification","valueRequired":true,"valueName":"search_term_string"}}],"inLanguage":"fi"}]}},"lang":"fi","translations":{"fi":160},"pll_sync_post":[],"_links":{"self":[{"href":"https:\/\/rotary.fi\/oulujokirotaryklubi\/wp-json\/wp\/v2\/pages\/160","targetHints":{"allow":["GET"]}}],"collection":[{"href":"https:\/\/rotary.fi\/oulujokirotaryklubi\/wp-json\/wp\/v2\/pages"}],"about":[{"href":"https:\/\/rotary.fi\/oulujokirotaryklubi\/wp-json\/wp\/v2\/types\/page"}],"author":[{"embeddable":true,"href":"https:\/\/rotary.fi\/oulujokirotaryklubi\/wp-json\/wp\/v2\/users\/1"}],"replies":[{"embeddable":true,"href":"https:\/\/rotary.fi\/oulujokirotaryklubi\/wp-json\/wp\/v2\/comments?post=160"}],"version-history":[{"count":11,"href":"https:\/\/rotary.fi\/oulujokirotaryklubi\/wp-json\/wp\/v2\/pages\/160\/revisions"}],"predecessor-version":[{"id":1684,"href":"https:\/\/rotary.fi\/oulujokirotaryklubi\/wp-json\/wp\/v2\/pages\/160\/revisions\/1684"}],"up":[{"embeddable":true,"href":"https:\/\/rotary.fi\/oulujokirotaryklubi\/wp-json\/wp\/v2\/pages\/77"}],"wp:attachment":[{"href":"https:\/\/rotary.fi\/oulujokirotaryklubi\/wp-json\/wp\/v2\/media?parent=160"}],"curies":[{"name":"wp","href":"https:\/\/api.w.org\/{rel}","templated":true}]}}