{"id":160,"date":"2018-08-13T09:49:16","date_gmt":"2018-08-13T06:49:16","guid":{"rendered":"https:\/\/rotary.fi\/oulucity\/?page_id=160"},"modified":"2024-12-11T00:18:24","modified_gmt":"2024-12-10T22:18:24","slug":"yhteiset-projektit","status":"publish","type":"page","link":"https:\/\/rotary.fi\/oulucity\/mita-teemme\/yhteiset-projektit\/","title":{"rendered":"Yhteiset projektit"},"content":{"rendered":"<p>[et_pb_section fb_built=&#8221;1&#8243; module_class=&#8221;jumbotron-page&#8221; _builder_version=&#8221;4.16&#8243; background_image=&#8221;https:\/\/rotary.fi\/oulucity\/wp-content\/uploads\/sites\/73\/2018\/10\/rotary_klubit_alasivu_paakuva_15.jpg&#8221; global_colors_info=&#8221;{}&#8221;][et_pb_row _builder_version=&#8221;4.16&#8243; background_size=&#8221;initial&#8221; background_position=&#8221;top_left&#8221; background_repeat=&#8221;repeat&#8221; global_colors_info=&#8221;{}&#8221;][et_pb_column type=&#8221;4_4&#8243; _builder_version=&#8221;4.16&#8243; custom_padding=&#8221;|||&#8221; global_colors_info=&#8221;{}&#8221; custom_padding__hover=&#8221;|||&#8221;][et_pb_text admin_label=&#8221;P\u00e4\u00e4otsikko&#8221; _builder_version=&#8221;4.16&#8243; text_orientation=&#8221;center&#8221; background_layout=&#8221;dark&#8221; global_colors_info=&#8221;{}&#8221;]<\/p>\n<h1>Yhteiset projektit<\/h1>\n<p>[\/et_pb_text][\/et_pb_column][\/et_pb_row][\/et_pb_section][et_pb_section fb_built=&#8221;1&#8243; specialty=&#8221;on&#8221; module_class_2=&#8221;sivupalkki&#8221; _builder_version=&#8221;4.16&#8243; global_colors_info=&#8221;{}&#8221;][et_pb_column type=&#8221;2_3&#8243; specialty_columns=&#8221;2&#8243; _builder_version=&#8221;4.16&#8243; custom_padding=&#8221;|||&#8221; global_colors_info=&#8221;{}&#8221; custom_padding__hover=&#8221;|||&#8221;][et_pb_row_inner _builder_version=&#8221;4.16&#8243; global_colors_info=&#8221;{}&#8221;][et_pb_column_inner saved_specialty_column_type=&#8221;2_3&#8243; _builder_version=&#8221;4.16&#8243; global_colors_info=&#8221;{}&#8221;][et_pb_text _builder_version=&#8221;4.27.0&#8243; hover_enabled=&#8221;0&#8243; global_colors_info=&#8221;{}&#8221; sticky_enabled=&#8221;0&#8243;]<\/p>\n<p style=\"text-align: left\"><strong>Sairauksien torjunta<\/strong><\/p>\n<div class=\"et_pb_row et_pb_row_2\" style=\"text-align: left\">\n<div class=\"et_pb_column_inner et_pb_column_4_4 et_pb_column_2  et_pb_css_mix_blend_mode_passthrough et-last-child\">\n<div class=\"et_pb_module et_pb_text et_pb_text_5  et_pb_text_align_left et_pb_bg_layout_light\">\n<div class=\"et_pb_text_inner\">\n<p><em>Rotaryn p\u00e4\u00e4m\u00e4\u00e4r\u00e4n\u00e4 on ollut vuodesta 1985 h\u00e4vitt\u00e4\u00e4 polio maailmasta. Yhdess\u00e4 yhteisty\u00f6kumppaneidemme kanssa tekem\u00e4mme rokotusty\u00f6n ansiosta tauti on jo melkein h\u00e4vitetty. Jatkamme niin kauan, ett\u00e4 polio on siirretty historiaan.<\/em><\/p>\n<\/div>\n<\/div>\n<\/div>\n<\/div>\n<div class=\"et_pb_row et_pb_row_3\">\n<div class=\"et_pb_column_inner et_pb_column_1_2 et_pb_column_3  et_pb_css_mix_blend_mode_passthrough\">\n<div class=\"et_pb_module et_pb_text et_pb_text_6  et_pb_text_align_left et_pb_bg_layout_light\">\n<div class=\"et_pb_text_inner\">\n<p style=\"text-align: left\">Rotary on p\u00e4\u00e4tt\u00e4nyt h\u00e4vitt\u00e4\u00e4 polion koko maailmasta. End Polio Now -kampanjamme k\u00e4ynnistyi vuonna 1985, ja se on historiamme pitk\u00e4kestoisin ja merkitt\u00e4vin. Teemme yhteisty\u00f6t\u00e4 WHO:n, Unicefin, Bill and Melinda Gates Foundationin, Yhdysvaltojen Center for Disease Control and Preventionin (CDC) ja lukuisten valtioiden hallitusten kanssa. Olemme rokottaneet jo yli 2,5 miljardia lasta 122 maassa ja onnistuneet v\u00e4hent\u00e4m\u00e4\u00e4n taudin esiintymist\u00e4 99,9 prosentilla.<\/p>\n<p><a href=\"https:\/\/rotary.fi\/mita-teemme\/rotaryn-karkiteemat\/sairauksien-torjunta\/\">T\u00e4st\u00e4 linkist\u00e4 lis\u00e4tietoa<\/a><\/p>\n<\/div>\n<\/div>\n<\/div>\n<\/div>\n<p>[\/et_pb_text][\/et_pb_column_inner][\/et_pb_row_inner][\/et_pb_column][et_pb_column type=&#8221;1_3&#8243; _builder_version=&#8221;4.16&#8243; custom_padding=&#8221;|||&#8221; global_colors_info=&#8221;{}&#8221; custom_padding__hover=&#8221;|||&#8221;][et_pb_sidebar area=&#8221;sidebar-1&#8243; module_class=&#8221;sivupalkki_sisalto&#8221; _builder_version=&#8221;4.16&#8243; locked=&#8221;on&#8221; global_colors_info=&#8221;{}&#8221;]<br \/>\n[\/et_pb_sidebar][\/et_pb_column][\/et_pb_section]<\/p>\n","protected":false},"excerpt":{"rendered":"<p>Yhteiset projektit Sairauksien torjunta Rotaryn p\u00e4\u00e4m\u00e4\u00e4r\u00e4n\u00e4 on ollut vuodesta 1985 h\u00e4vitt\u00e4\u00e4 polio maailmasta. Yhdess\u00e4 yhteisty\u00f6kumppaneidemme kanssa tekem\u00e4mme rokotusty\u00f6n ansiosta tauti on jo melkein h\u00e4vitetty. Jatkamme niin kauan, ett\u00e4 polio on siirretty historiaan. Rotary on p\u00e4\u00e4tt\u00e4nyt h\u00e4vitt\u00e4\u00e4 polion koko maailmasta. End Polio Now -kampanjamme k\u00e4ynnistyi vuonna 1985, ja se on historiamme pitk\u00e4kestoisin ja merkitt\u00e4vin. Teemme yhteisty\u00f6t\u00e4 [&hellip;]<\/p>\n","protected":false},"author":1,"featured_media":0,"parent":77,"menu_order":0,"comment_status":"closed","ping_status":"closed","template":"","meta":{"_acf_changed":false,"_et_pb_use_builder":"on","_et_pb_old_content":"","_et_gb_content_width":"","footnotes":""},"class_list":["post-160","page","type-page","status-publish","hentry"],"acf":[],"yoast_head":"<!-- This site is optimized with the Yoast SEO plugin v27.0 - https:\/\/yoast.com\/product\/yoast-seo-wordpress\/ -->\n<title>Yhteiset projektit - Oulu City Rotaryklubi<\/title>\n<meta name=\"robots\" content=\"index, follow, max-snippet:-1, max-image-preview:large, max-video-preview:-1\" \/>\n<link rel=\"canonical\" href=\"https:\/\/rotary.fi\/oulucity\/mita-teemme\/yhteiset-projektit\/\" \/>\n<meta property=\"og:locale\" content=\"fi_FI\" \/>\n<meta property=\"og:type\" content=\"article\" \/>\n<meta property=\"og:title\" content=\"Yhteiset projektit - Oulu City Rotaryklubi\" \/>\n<meta property=\"og:description\" content=\"Yhteiset projektit Sairauksien torjunta Rotaryn p\u00e4\u00e4m\u00e4\u00e4r\u00e4n\u00e4 on ollut vuodesta 1985 h\u00e4vitt\u00e4\u00e4 polio maailmasta. Yhdess\u00e4 yhteisty\u00f6kumppaneidemme kanssa tekem\u00e4mme rokotusty\u00f6n ansiosta tauti on jo melkein h\u00e4vitetty. Jatkamme niin kauan, ett\u00e4 polio on siirretty historiaan. Rotary on p\u00e4\u00e4tt\u00e4nyt h\u00e4vitt\u00e4\u00e4 polion koko maailmasta. End Polio Now -kampanjamme k\u00e4ynnistyi vuonna 1985, ja se on historiamme pitk\u00e4kestoisin ja merkitt\u00e4vin. Teemme yhteisty\u00f6t\u00e4 [&hellip;]\" \/>\n<meta property=\"og:url\" content=\"https:\/\/rotary.fi\/oulucity\/mita-teemme\/yhteiset-projektit\/\" \/>\n<meta property=\"og:site_name\" content=\"Oulu City Rotaryklubi\" \/>\n<meta property=\"article:modified_time\" content=\"2024-12-10T22:18:24+00:00\" \/>\n<meta name=\"twitter:card\" content=\"summary_large_image\" \/>\n<meta name=\"twitter:label1\" content=\"Arvioitu lukuaika\" \/>\n\t<meta name=\"twitter:data1\" content=\"2 minuuttia\" \/>\n<script type=\"application\/ld+json\" class=\"yoast-schema-graph\">{\"@context\":\"https:\/\/schema.org\",\"@graph\":[{\"@type\":\"WebPage\",\"@id\":\"https:\/\/rotary.fi\/oulucity\/mita-teemme\/yhteiset-projektit\/\",\"url\":\"https:\/\/rotary.fi\/oulucity\/mita-teemme\/yhteiset-projektit\/\",\"name\":\"Yhteiset projektit - Oulu City Rotaryklubi\",\"isPartOf\":{\"@id\":\"https:\/\/rotary.fi\/oulucity\/#website\"},\"datePublished\":\"2018-08-13T06:49:16+00:00\",\"dateModified\":\"2024-12-10T22:18:24+00:00\",\"breadcrumb\":{\"@id\":\"https:\/\/rotary.fi\/oulucity\/mita-teemme\/yhteiset-projektit\/#breadcrumb\"},\"inLanguage\":\"fi\",\"potentialAction\":[{\"@type\":\"ReadAction\",\"target\":[\"https:\/\/rotary.fi\/oulucity\/mita-teemme\/yhteiset-projektit\/\"]}]},{\"@type\":\"BreadcrumbList\",\"@id\":\"https:\/\/rotary.fi\/oulucity\/mita-teemme\/yhteiset-projektit\/#breadcrumb\",\"itemListElement\":[{\"@type\":\"ListItem\",\"position\":1,\"name\":\"Home\",\"item\":\"https:\/\/rotary.fi\/oulucity\/\"},{\"@type\":\"ListItem\",\"position\":2,\"name\":\"Mit\u00e4 teemme\",\"item\":\"https:\/\/rotary.fi\/oulucity\/mita-teemme\/\"},{\"@type\":\"ListItem\",\"position\":3,\"name\":\"Yhteiset projektit\"}]},{\"@type\":\"WebSite\",\"@id\":\"https:\/\/rotary.fi\/oulucity\/#website\",\"url\":\"https:\/\/rotary.fi\/oulucity\/\",\"name\":\"Oulu City Rotaryklubi\",\"description\":\"Uusi Rotary klubisivusto\",\"potentialAction\":[{\"@type\":\"SearchAction\",\"target\":{\"@type\":\"EntryPoint\",\"urlTemplate\":\"https:\/\/rotary.fi\/oulucity\/?s={search_term_string}\"},\"query-input\":{\"@type\":\"PropertyValueSpecification\",\"valueRequired\":true,\"valueName\":\"search_term_string\"}}],\"inLanguage\":\"fi\"}]}<\/script>\n<!-- \/ Yoast SEO plugin. -->","yoast_head_json":{"title":"Yhteiset projektit - Oulu City Rotaryklubi","robots":{"index":"index","follow":"follow","max-snippet":"max-snippet:-1","max-image-preview":"max-image-preview:large","max-video-preview":"max-video-preview:-1"},"canonical":"https:\/\/rotary.fi\/oulucity\/mita-teemme\/yhteiset-projektit\/","og_locale":"fi_FI","og_type":"article","og_title":"Yhteiset projektit - Oulu City Rotaryklubi","og_description":"Yhteiset projektit Sairauksien torjunta Rotaryn p\u00e4\u00e4m\u00e4\u00e4r\u00e4n\u00e4 on ollut vuodesta 1985 h\u00e4vitt\u00e4\u00e4 polio maailmasta. Yhdess\u00e4 yhteisty\u00f6kumppaneidemme kanssa tekem\u00e4mme rokotusty\u00f6n ansiosta tauti on jo melkein h\u00e4vitetty. Jatkamme niin kauan, ett\u00e4 polio on siirretty historiaan. Rotary on p\u00e4\u00e4tt\u00e4nyt h\u00e4vitt\u00e4\u00e4 polion koko maailmasta. End Polio Now -kampanjamme k\u00e4ynnistyi vuonna 1985, ja se on historiamme pitk\u00e4kestoisin ja merkitt\u00e4vin. Teemme yhteisty\u00f6t\u00e4 [&hellip;]","og_url":"https:\/\/rotary.fi\/oulucity\/mita-teemme\/yhteiset-projektit\/","og_site_name":"Oulu City Rotaryklubi","article_modified_time":"2024-12-10T22:18:24+00:00","twitter_card":"summary_large_image","twitter_misc":{"Arvioitu lukuaika":"2 minuuttia"},"schema":{"@context":"https:\/\/schema.org","@graph":[{"@type":"WebPage","@id":"https:\/\/rotary.fi\/oulucity\/mita-teemme\/yhteiset-projektit\/","url":"https:\/\/rotary.fi\/oulucity\/mita-teemme\/yhteiset-projektit\/","name":"Yhteiset projektit - Oulu City Rotaryklubi","isPartOf":{"@id":"https:\/\/rotary.fi\/oulucity\/#website"},"datePublished":"2018-08-13T06:49:16+00:00","dateModified":"2024-12-10T22:18:24+00:00","breadcrumb":{"@id":"https:\/\/rotary.fi\/oulucity\/mita-teemme\/yhteiset-projektit\/#breadcrumb"},"inLanguage":"fi","potentialAction":[{"@type":"ReadAction","target":["https:\/\/rotary.fi\/oulucity\/mita-teemme\/yhteiset-projektit\/"]}]},{"@type":"BreadcrumbList","@id":"https:\/\/rotary.fi\/oulucity\/mita-teemme\/yhteiset-projektit\/#breadcrumb","itemListElement":[{"@type":"ListItem","position":1,"name":"Home","item":"https:\/\/rotary.fi\/oulucity\/"},{"@type":"ListItem","position":2,"name":"Mit\u00e4 teemme","item":"https:\/\/rotary.fi\/oulucity\/mita-teemme\/"},{"@type":"ListItem","position":3,"name":"Yhteiset projektit"}]},{"@type":"WebSite","@id":"https:\/\/rotary.fi\/oulucity\/#website","url":"https:\/\/rotary.fi\/oulucity\/","name":"Oulu City Rotaryklubi","description":"Uusi Rotary klubisivusto","potentialAction":[{"@type":"SearchAction","target":{"@type":"EntryPoint","urlTemplate":"https:\/\/rotary.fi\/oulucity\/?s={search_term_string}"},"query-input":{"@type":"PropertyValueSpecification","valueRequired":true,"valueName":"search_term_string"}}],"inLanguage":"fi"}]}},"lang":"fi","translations":{"fi":160},"pll_sync_post":[],"_links":{"self":[{"href":"https:\/\/rotary.fi\/oulucity\/wp-json\/wp\/v2\/pages\/160","targetHints":{"allow":["GET"]}}],"collection":[{"href":"https:\/\/rotary.fi\/oulucity\/wp-json\/wp\/v2\/pages"}],"about":[{"href":"https:\/\/rotary.fi\/oulucity\/wp-json\/wp\/v2\/types\/page"}],"author":[{"embeddable":true,"href":"https:\/\/rotary.fi\/oulucity\/wp-json\/wp\/v2\/users\/1"}],"replies":[{"embeddable":true,"href":"https:\/\/rotary.fi\/oulucity\/wp-json\/wp\/v2\/comments?post=160"}],"version-history":[{"count":9,"href":"https:\/\/rotary.fi\/oulucity\/wp-json\/wp\/v2\/pages\/160\/revisions"}],"predecessor-version":[{"id":2366,"href":"https:\/\/rotary.fi\/oulucity\/wp-json\/wp\/v2\/pages\/160\/revisions\/2366"}],"up":[{"embeddable":true,"href":"https:\/\/rotary.fi\/oulucity\/wp-json\/wp\/v2\/pages\/77"}],"wp:attachment":[{"href":"https:\/\/rotary.fi\/oulucity\/wp-json\/wp\/v2\/media?parent=160"}],"curies":[{"name":"wp","href":"https:\/\/api.w.org\/{rel}","templated":true}]}}