{"id":94,"date":"2018-08-09T15:14:30","date_gmt":"2018-08-09T12:14:30","guid":{"rendered":"https:\/\/rotary.fi\/klubi2\/?page_id=94"},"modified":"2021-03-30T12:01:50","modified_gmt":"2021-03-30T09:01:50","slug":"ajankohtaista","status":"publish","type":"page","link":"https:\/\/rotary.fi\/orimattila\/ajankohtaista\/","title":{"rendered":"Ajankohtaista"},"content":{"rendered":"<p>[et_pb_section fb_built=&#8221;1&#8243; module_class=&#8221;jumbotron-page&#8221; _builder_version=&#8221;4.4.8&#8243; background_image=&#8221;https:\/\/rotary.fi\/orimattila\/wp-content\/uploads\/sites\/213\/2021\/03\/clock.jpg&#8221; hover_enabled=&#8221;0&#8243; title_text=&#8221;clock&#8221;][et_pb_row _builder_version=&#8221;3.25&#8243; background_size=&#8221;initial&#8221; background_position=&#8221;top_left&#8221; background_repeat=&#8221;repeat&#8221;][et_pb_column type=&#8221;4_4&#8243; _builder_version=&#8221;3.25&#8243; custom_padding=&#8221;|||&#8221; custom_padding__hover=&#8221;|||&#8221;][et_pb_text admin_label=&#8221;P\u00e4\u00e4otsikko&#8221; _builder_version=&#8221;3.27.4&#8243; text_orientation=&#8221;center&#8221; background_layout=&#8221;dark&#8221;]<\/p>\n<h1>Ajankohtaista<\/h1>\n<p>[\/et_pb_text][\/et_pb_column][\/et_pb_row][\/et_pb_section][et_pb_section fb_built=&#8221;1&#8243; specialty=&#8221;on&#8221; module_class_2=&#8221;sivupalkki&#8221; _builder_version=&#8221;3.22&#8243; locked=&#8221;on&#8221;][et_pb_column type=&#8221;2_3&#8243; specialty_columns=&#8221;2&#8243; _builder_version=&#8221;3.25&#8243; custom_padding=&#8221;|||&#8221; custom_padding__hover=&#8221;|||&#8221;][et_pb_row_inner admin_label=&#8221;Rivi&#8221; _builder_version=&#8221;3.25&#8243; locked=&#8221;on&#8221;][et_pb_column_inner saved_specialty_column_type=&#8221;2_3&#8243; _builder_version=&#8221;3.25&#8243; custom_padding=&#8221;|||&#8221; custom_padding__hover=&#8221;|||&#8221;][et_pb_text admin_label=&#8221;Otsikko&#8221; _builder_version=&#8221;3.27.4&#8243; text_orientation=&#8221;center&#8221;]<\/p>\n<h1>Ajankohtaista<\/h1>\n<p>[\/et_pb_text][et_pb_code admin_label=&#8221;Ajankohtaisten listaus&#8221; module_class=&#8221;kaikki_ajankohtaiset&#8221; _builder_version=&#8221;3.17.6&#8243;]<ul class=\"display-posts-listing\"><li class=\"listing-item\"><a class=\"title\" href=\"https:\/\/rotary.fi\/orimattila\/ajankohtaiset\/maailman-poliopaiva-24-10\/\">Maailman Poliop\u00e4iv\u00e4 24.10.<\/a> <span class=\"date\">24.10. 2025<\/span><\/li><li class=\"listing-item\"><a class=\"title\" href=\"https:\/\/rotary.fi\/orimattila\/ajankohtaiset\/klubin-vierailu-urho-kekkosen-arkistolle\/\">Klubin vierailu Urho Kekkosen arkistolle<\/a> <span class=\"date\">26.9. 2025<\/span><\/li><li class=\"listing-item\"><a class=\"title\" href=\"https:\/\/rotary.fi\/orimattila\/ajankohtaiset\/haku-rotary-nuorisovaihtoihin-2026-on-nyt-kaynnissa\/\">Haku Rotary-nuorisovaihtoihin 2026 on nyt k\u00e4ynniss\u00e4!<\/a> <span class=\"date\">10.9. 2025<\/span><\/li><li class=\"listing-item\"><a class=\"title\" href=\"https:\/\/rotary.fi\/orimattila\/ajankohtaiset\/kuutamoilta-villa-rauhala\/\">Presidentin kuutamoilta Fellmannin kes\u00e4huvilassa Lahdessa<\/a> <span class=\"date\">26.8. 2025<\/span><\/li><li class=\"listing-item\"><a class=\"title\" href=\"https:\/\/rotary.fi\/orimattila\/ajankohtaiset\/rotaryvuosi-vaihtuu-ja-ratas-pyorahtaa\/\">Rotaryvuosi vaihtuu ja &#8221;ratas py\u00f6r\u00e4ht\u00e4\u00e4&#8221;<\/a> <span class=\"date\">27.6. 2025<\/span><\/li><li class=\"listing-item\"><a class=\"title\" href=\"https:\/\/rotary.fi\/orimattila\/ajankohtaiset\/kuvataiteilija-jukka-lehtinen\/\">Kuvataiteilija Jukka Lehtinen ja taideteoksen synty<\/a> <span class=\"date\">17.5. 2025<\/span><\/li><li class=\"listing-item\"><a class=\"title\" href=\"https:\/\/rotary.fi\/orimattila\/ajankohtaiset\/vuosijuhla2025\/\">Orimattilan Rotaryklubin vuosijuhla 2025<\/a> <span class=\"date\">8.4. 2025<\/span><\/li><li class=\"listing-item\"><a class=\"title\" href=\"https:\/\/rotary.fi\/orimattila\/ajankohtaiset\/vierailu-mantsalan-rotaryklubissa\/\">Intercity-vierailu M\u00e4nts\u00e4l\u00e4n rotaryklubilla<\/a> <span class=\"date\">6.3. 2025<\/span><\/li><li class=\"listing-item\"><a class=\"title\" href=\"https:\/\/rotary.fi\/orimattila\/ajankohtaiset\/joulun-sana-2024\/\">Orimattilan Rotaryklubi toivottaa rauhallista joulua ja onnellista uutta vuotta<\/a> <span class=\"date\">22.12. 2024<\/span><\/li><li class=\"listing-item\"><a class=\"title\" href=\"https:\/\/rotary.fi\/orimattila\/ajankohtaiset\/kuvernoorin-vierailun-ja-kunniajasen\/\">Kuvern\u00f6\u00f6rin vierailun huipensi uusi kunniaj\u00e4senemme<\/a> <span class=\"date\">28.11. 2024<\/span><\/li><li class=\"listing-item\"><a class=\"title\" href=\"https:\/\/rotary.fi\/orimattila\/ajankohtaiset\/rauno-saarnio-olan-srk\/\">Rauno Saarnio kertoi kuulumisia Orimattilan seurakunnasta<\/a> <span class=\"date\">31.10. 2024<\/span><\/li><li class=\"listing-item\"><a class=\"title\" href=\"https:\/\/rotary.fi\/orimattila\/ajankohtaiset\/kunnanjohtaja-esa-ukkola-vieraana\/\">Kunnanjohtaja Esa Ukkola vieraana<\/a> <span class=\"date\">8.10. 2024<\/span><\/li><li class=\"listing-item\"><a class=\"title\" href=\"https:\/\/rotary.fi\/orimattila\/ajankohtaiset\/vierailu-rumpumestari-arto-hamalaisen-valotalossa\/\">Vierailu rumpumestari Arto H\u00e4m\u00e4l\u00e4isen Valotalossa<\/a> <span class=\"date\">6.9. 2024<\/span><\/li><li class=\"listing-item\"><a class=\"title\" href=\"https:\/\/rotary.fi\/orimattila\/ajankohtaiset\/nuorisovaihdon-tietoisku-2024\/\">Nuorisovaihdon tietoisku Erkko-lukiossa 4.9.2024<\/a> <span class=\"date\">4.9. 2024<\/span><\/li><li class=\"listing-item\"><a class=\"title\" href=\"https:\/\/rotary.fi\/orimattila\/ajankohtaiset\/uusi-jasenemme-karita-alen\/\">Uusi j\u00e4senemme Karita Al\u00e9n esitelm\u00f6i ProAgrian yrityspalveluista<\/a> <span class=\"date\">26.8. 2024<\/span><\/li><li class=\"listing-item\"><a class=\"title\" href=\"https:\/\/rotary.fi\/orimattila\/ajankohtaiset\/harri-vehola-suuret-infraprojektit\/\">Harri Vehola kertoi suurista infraprojekteista<\/a> <span class=\"date\">17.6. 2024<\/span><\/li><li class=\"listing-item\"><a class=\"title\" href=\"https:\/\/rotary.fi\/orimattila\/ajankohtaiset\/vesirepun-luovutus-vuorenmaen-koululle\/\">Vesirepun luovutus Vuorenm\u00e4en koululle<\/a> <span class=\"date\">31.5. 2024<\/span><\/li><li class=\"listing-item\"><a class=\"title\" href=\"https:\/\/rotary.fi\/orimattila\/ajankohtaiset\/joni-niemi-palkittiin-phf-tunnustuksella\/\">Joni Niemi palkittiin PHF-tunnustuksella<\/a> <span class=\"date\">31.5. 2024<\/span><\/li><li class=\"listing-item\"><a class=\"title\" href=\"https:\/\/rotary.fi\/orimattila\/ajankohtaiset\/fabianin-laksiaisesitelma\/\">Fabianin l\u00e4ksi\u00e4isesitelm\u00e4, NVA:ta muistettiin<\/a> <span class=\"date\">31.5. 2024<\/span><\/li><li class=\"listing-item\"><a class=\"title\" href=\"https:\/\/rotary.fi\/orimattila\/ajankohtaiset\/vierailu-orimattilna-pullomuseossa\/\">Vierailu Orimattilan pullomuseossa<\/a> <span class=\"date\">26.4. 2024<\/span><\/li><li class=\"listing-item\"><a class=\"title\" href=\"https:\/\/rotary.fi\/orimattila\/ajankohtaiset\/paivi-suikkaselle-phf\/\">Past President P\u00e4ivi Suikkanen palkittiin PHF-tunnustuksella<\/a> <span class=\"date\">19.4. 2024<\/span><\/li><li class=\"listing-item\"><a class=\"title\" href=\"https:\/\/rotary.fi\/orimattila\/ajankohtaiset\/orimattilan-rotaryklubin-vuosijuhla-2024\/\">Orimattilan Rotaryklubin vuosijuhla 6.4.2024<\/a> <span class=\"date\">8.4. 2024<\/span><\/li><li class=\"listing-item\"><a class=\"title\" href=\"https:\/\/rotary.fi\/orimattila\/ajankohtaiset\/mantsalan-rotaryklubin-vierailu-2024\/\">M\u00e4nts\u00e4l\u00e4n Rotaryklubin vierailu 25.1.2024<\/a> <span class=\"date\">26.1. 2024<\/span><\/li><li class=\"listing-item\"><a class=\"title\" href=\"https:\/\/rotary.fi\/orimattila\/ajankohtaiset\/myyntipaallikko-marko-marttinen-vierailulla-9-11-2023\/\">Myyntip\u00e4\u00e4llikk\u00f6 Marko Marttinen vierailulla 9.11.2023<\/a> <span class=\"date\">14.12. 2023<\/span><\/li><li class=\"listing-item\"><a class=\"title\" href=\"https:\/\/rotary.fi\/orimattila\/ajankohtaiset\/pikkujoulut-kehraamolla-1-12\/\">Pikkujoulut Kehr\u00e4\u00e4m\u00f6ll\u00e4 1.12.<\/a> <span class=\"date\">4.12. 2023<\/span><\/li><li class=\"listing-item\"><a class=\"title\" href=\"https:\/\/rotary.fi\/orimattila\/ajankohtaiset\/kuvernoorin-vierailu-2023\/\">Kuvern\u00f6\u00f6ri Simo Hautalan vierailu<\/a> <span class=\"date\">1.11. 2023<\/span><\/li><li class=\"listing-item\"><a class=\"title\" href=\"https:\/\/rotary.fi\/orimattila\/ajankohtaiset\/presidentin-kuutamoilta-2023\/\">Presidentin kuutamoilta ja vesirepun lahjoitus Myrskyl\u00e4ss\u00e4<\/a> <span class=\"date\">2.9. 2023<\/span><\/li><li class=\"listing-item\"><a class=\"title\" href=\"https:\/\/rotary.fi\/orimattila\/ajankohtaiset\/elokuun-markkinat-2023\/\">Orimattilan Elokuun markkinat 13.8.2023<\/a> <span class=\"date\">15.8. 2023<\/span><\/li><li class=\"listing-item\"><a class=\"title\" href=\"https:\/\/rotary.fi\/orimattila\/presidentin_uutiset\/rotary\/\">Rotary?<\/a> <span class=\"date\">21.7. 2023<\/span><\/li><li class=\"listing-item\"><a class=\"title\" href=\"https:\/\/rotary.fi\/orimattila\/ajankohtaiset\/aki-peltolan-intian-terveiset\/\">Ex-vaihto-oppilas Aki Peltolan Intian-terveiset<\/a> <span class=\"date\">9.6. 2023<\/span><\/li><li class=\"listing-item\"><a class=\"title\" href=\"https:\/\/rotary.fi\/orimattila\/ajankohtaiset\/ainoa-winery-vierailu\/\">Vierailu Ainoa Wineryss\u00e4 25.5.<\/a> <span class=\"date\">27.5. 2023<\/span><\/li><li class=\"listing-item\"><a class=\"title\" href=\"https:\/\/rotary.fi\/orimattila\/ajankohtaiset\/pets-ja-piirikonferenssi\/\">PETS ja Piirikonferenssi<\/a> <span class=\"date\">20.4. 2023<\/span><\/li><li class=\"listing-item\"><a class=\"title\" href=\"https:\/\/rotary.fi\/orimattila\/ajankohtaiset\/54-vuosijuhlat\/\">54. vuosijuhlat<\/a> <span class=\"date\">4.4. 2023<\/span><\/li><li class=\"listing-item\"><a class=\"title\" href=\"https:\/\/rotary.fi\/orimattila\/ajankohtaiset\/vesireppulahjoitus\/\">Lahjoitimme vesireppuja Orimattilan koulutoimelle<\/a> <span class=\"date\">10.3. 2023<\/span><\/li><li class=\"listing-item\"><a class=\"title\" href=\"https:\/\/rotary.fi\/orimattila\/ajankohtaiset\/rotaryjarjesto-118-vuotta\/\">Rotaryj\u00e4rjest\u00f6 118 vuotta<\/a> <span class=\"date\">23.2. 2023<\/span><\/li><li class=\"listing-item\"><a class=\"title\" href=\"https:\/\/rotary.fi\/orimattila\/ajankohtaiset\/vierailu-bb-neulomotiella\/\">Vierailu B&amp;B Neulomotiell\u00e4 26.1.2023<\/a> <span class=\"date\">27.1. 2023<\/span><\/li><li class=\"listing-item\"><a class=\"title\" href=\"https:\/\/rotary.fi\/orimattila\/ajankohtaiset\/joulunsana\/\">Onnellista Joulua ja Rauhallista Uutta Vuotta!<\/a> <span class=\"date\">19.12. 2022<\/span><\/li><li class=\"listing-item\"><a class=\"title\" href=\"https:\/\/rotary.fi\/orimattila\/ajankohtaiset\/itsenaisyyspaiva-2022\/\">Itsen\u00e4isyysp\u00e4iv\u00e4 6.12.2022 &#8211; Suomi 105<\/a> <span class=\"date\">7.12. 2022<\/span><\/li><li class=\"listing-item\"><a class=\"title\" href=\"https:\/\/rotary.fi\/orimattila\/ajankohtaiset\/kuvernoorin-vierailu\/\">Kuvern\u00f6\u00f6ri Esa M\u00e4kisen klubivierailu 20.10.<\/a> <span class=\"date\">21.10. 2022<\/span><\/li><li class=\"listing-item\"><a class=\"title\" href=\"https:\/\/rotary.fi\/orimattila\/ajankohtaiset\/elomarkkinoilla2022\/\">ShelterBox ja rotarytoimintaa esill\u00e4 Elomarkkinoilla<\/a> <span class=\"date\">15.8. 2022<\/span><\/li><li class=\"listing-item\"><a class=\"title\" href=\"https:\/\/rotary.fi\/orimattila\/ajankohtaiset\/unelmien-rotaryvuosi-2022-23\/\">Hyv\u00e4\u00e4 elokuuta ja alkanutta &#8221;unelmien&#8221; Rotaryvuotta 2022-23!<\/a> <span class=\"date\">1.8. 2022<\/span><\/li><li class=\"listing-item\"><a class=\"title\" href=\"https:\/\/rotary.fi\/orimattila\/ajankohtaiset\/lahjoitus-nuorisovaltuustolle-2022\/\">Orimattilan Rotaryklubi tukee nuorten toimintaa<\/a> <span class=\"date\">10.5. 2022<\/span><\/li><li class=\"listing-item\"><a class=\"title\" href=\"https:\/\/rotary.fi\/orimattila\/ajankohtaiset\/orimattilan-rotaryklubi-lahjoitti-shelterboxin-ukrainaan\/\">Orimattilan Rotaryklubi lahjoitti ShelterBoxin Ukrainan sodan pakolaisille<\/a> <span class=\"date\">29.4. 2022<\/span><\/li><li class=\"listing-item\"><a class=\"title\" href=\"https:\/\/rotary.fi\/orimattila\/ajankohtaiset\/huhtikuun-teema-aidin-ja-lapsen-terveys\/\">Huhtikuun teema: \u00c4idin ja lapsen terveys<\/a> <span class=\"date\">21.4. 2022<\/span><\/li><li class=\"listing-item\"><a class=\"title\" href=\"https:\/\/rotary.fi\/orimattila\/ajankohtaiset\/maaliskuun-teema-vesi-sanitaatio-ja-hygienia\/\">Maaliskuun teema: vesi, sanitaatio ja hygienia<\/a> <span class=\"date\">11.3. 2022<\/span><\/li><li class=\"listing-item\"><a class=\"title\" href=\"https:\/\/rotary.fi\/orimattila\/ajankohtaiset\/helmikuu-rauhantutkimuksen-konfliktien-ehkaisyn-ja-sovittelun-kuukausi\/\">Helmikuu: Rauhantutkimuksen, konfliktien ehk\u00e4isyn ja sovittelun kuukausi<\/a> <span class=\"date\">2.2. 2022<\/span><\/li><li class=\"listing-item\"><a class=\"title\" href=\"https:\/\/rotary.fi\/orimattila\/ajankohtaiset\/hyvaa-uutta-vuotta\/\">Hyv\u00e4\u00e4 Uutta Vuotta!<\/a> <span class=\"date\">3.1. 2022<\/span><\/li><li class=\"listing-item\"><a class=\"title\" href=\"https:\/\/rotary.fi\/orimattila\/ajankohtaiset\/joulukuu-sairauksien-ehkaisyn-ja-hoidon-kuukausi\/\">Joulukuu: Sairauksien ehk\u00e4isyn ja hoidon kuukausi<\/a> <span class=\"date\">5.12. 2021<\/span><\/li><li class=\"listing-item\"><a class=\"title\" href=\"https:\/\/rotary.fi\/orimattila\/ajankohtaiset\/marraskuu-rotarysaation-kuukausi\/\">Marraskuu: Rotarys\u00e4\u00e4ti\u00f6n kuukausi<\/a> <span class=\"date\">1.11. 2021<\/span><\/li><li class=\"listing-item\"><a class=\"title\" href=\"https:\/\/rotary.fi\/orimattila\/ajankohtaiset\/vuositeema-2021-22\/\">Vuositeema 2021-22: Palvele &#8211; muutat maailmaa<\/a> <span class=\"date\">13.10. 2021<\/span><\/li><li class=\"listing-item\"><a class=\"title\" href=\"https:\/\/rotary.fi\/orimattila\/ajankohtaiset\/klubin-uudet-sivut-julkistettu\/\">Klubin uudet sivut julkistettu<\/a> <span class=\"date\">4.5. 2021<\/span><\/li><li class=\"listing-item\"><a class=\"title\" href=\"https:\/\/rotary.fi\/orimattila\/ajankohtaiset\/klubin-uudet-sivut-tyon-alla\/\">Klubin uudet sivut ty\u00f6n alla<\/a> <span class=\"date\">8.4. 2021<\/span><\/li><\/ul>[\/et_pb_code][\/et_pb_column_inner][\/et_pb_row_inner][\/et_pb_column][et_pb_column type=&#8221;1_3&#8243; _builder_version=&#8221;3.25&#8243; custom_padding=&#8221;|||&#8221; custom_padding__hover=&#8221;|||&#8221;][et_pb_sidebar area=&#8221;sidebar-1&#8243; module_class=&#8221;sivupalkki_sisalto&#8221; _builder_version=&#8221;3.4.1&#8243;][\/et_pb_sidebar][\/et_pb_column][\/et_pb_section]<\/p>\n","protected":false},"excerpt":{"rendered":"<p>[et_pb_section fb_built=&#8221;1&#8243; module_class=&#8221;jumbotron-page&#8221; _builder_version=&#8221;4.4.8&#8243; background_image=&#8221;https:\/\/rotary.fi\/orimattila\/wp-content\/uploads\/sites\/213\/2021\/03\/clock.jpg&#8221; hover_enabled=&#8221;0&#8243; title_text=&#8221;clock&#8221;][et_pb_row _builder_version=&#8221;3.25&#8243; background_size=&#8221;initial&#8221; background_position=&#8221;top_left&#8221; background_repeat=&#8221;repeat&#8221;][et_pb_column type=&#8221;4_4&#8243; _builder_version=&#8221;3.25&#8243; custom_padding=&#8221;|||&#8221; custom_padding__hover=&#8221;|||&#8221;][et_pb_text admin_label=&#8221;P\u00e4\u00e4otsikko&#8221; _builder_version=&#8221;3.27.4&#8243; text_orientation=&#8221;center&#8221; background_layout=&#8221;dark&#8221;] Ajankohtaista [\/et_pb_text][\/et_pb_column][\/et_pb_row][\/et_pb_section][et_pb_section fb_built=&#8221;1&#8243; specialty=&#8221;on&#8221; module_class_2=&#8221;sivupalkki&#8221; _builder_version=&#8221;3.22&#8243; locked=&#8221;on&#8221;][et_pb_column type=&#8221;2_3&#8243; specialty_columns=&#8221;2&#8243; _builder_version=&#8221;3.25&#8243; custom_padding=&#8221;|||&#8221; custom_padding__hover=&#8221;|||&#8221;][et_pb_row_inner admin_label=&#8221;Rivi&#8221; _builder_version=&#8221;3.25&#8243; locked=&#8221;on&#8221;][et_pb_column_inner saved_specialty_column_type=&#8221;2_3&#8243; _builder_version=&#8221;3.25&#8243; custom_padding=&#8221;|||&#8221; custom_padding__hover=&#8221;|||&#8221;][et_pb_text admin_label=&#8221;Otsikko&#8221; _builder_version=&#8221;3.27.4&#8243; text_orientation=&#8221;center&#8221;] Ajankohtaista [\/et_pb_text][et_pb_code admin_label=&#8221;Ajankohtaisten listaus&#8221; module_class=&#8221;kaikki_ajankohtaiset&#8221; _builder_version=&#8221;3.17.6&#8243;][\/et_pb_code][\/et_pb_column_inner][\/et_pb_row_inner][\/et_pb_column][et_pb_column type=&#8221;1_3&#8243; _builder_version=&#8221;3.25&#8243; custom_padding=&#8221;|||&#8221; custom_padding__hover=&#8221;|||&#8221;][et_pb_sidebar area=&#8221;sidebar-1&#8243; module_class=&#8221;sivupalkki_sisalto&#8221; _builder_version=&#8221;3.4.1&#8243;][\/et_pb_sidebar][\/et_pb_column][\/et_pb_section]<\/p>\n","protected":false},"author":1,"featured_media":0,"parent":0,"menu_order":0,"comment_status":"closed","ping_status":"closed","template":"","meta":{"_acf_changed":false,"_et_pb_use_builder":"on","_et_pb_old_content":"","_et_gb_content_width":"","footnotes":""},"class_list":["post-94","page","type-page","status-publish","hentry"],"acf":[],"yoast_head":"<!-- This site is optimized with the Yoast SEO plugin v27.4 - https:\/\/yoast.com\/product\/yoast-seo-wordpress\/ -->\n<title>Ajankohtaista - Orimattilan Rotaryklubi<\/title>\n<meta name=\"robots\" content=\"index, follow, max-snippet:-1, max-image-preview:large, max-video-preview:-1\" \/>\n<link rel=\"canonical\" href=\"https:\/\/rotary.fi\/orimattila\/ajankohtaista\/\" \/>\n<meta property=\"og:locale\" content=\"fi_FI\" \/>\n<meta property=\"og:type\" content=\"article\" \/>\n<meta property=\"og:title\" content=\"Ajankohtaista - Orimattilan Rotaryklubi\" \/>\n<meta property=\"og:description\" content=\"[et_pb_section fb_built=&#8221;1&#8243; module_class=&#8221;jumbotron-page&#8221; _builder_version=&#8221;4.4.8&#8243; background_image=&#8221;https:\/\/rotary.fi\/orimattila\/wp-content\/uploads\/sites\/213\/2021\/03\/clock.jpg&#8221; hover_enabled=&#8221;0&#8243; title_text=&#8221;clock&#8221;][et_pb_row _builder_version=&#8221;3.25&#8243; background_size=&#8221;initial&#8221; background_position=&#8221;top_left&#8221; background_repeat=&#8221;repeat&#8221;][et_pb_column type=&#8221;4_4&#8243; _builder_version=&#8221;3.25&#8243; custom_padding=&#8221;|||&#8221; custom_padding__hover=&#8221;|||&#8221;][et_pb_text admin_label=&#8221;P\u00e4\u00e4otsikko&#8221; _builder_version=&#8221;3.27.4&#8243; text_orientation=&#8221;center&#8221; background_layout=&#8221;dark&#8221;] Ajankohtaista [\/et_pb_text][\/et_pb_column][\/et_pb_row][\/et_pb_section][et_pb_section fb_built=&#8221;1&#8243; specialty=&#8221;on&#8221; module_class_2=&#8221;sivupalkki&#8221; _builder_version=&#8221;3.22&#8243; locked=&#8221;on&#8221;][et_pb_column type=&#8221;2_3&#8243; specialty_columns=&#8221;2&#8243; _builder_version=&#8221;3.25&#8243; custom_padding=&#8221;|||&#8221; custom_padding__hover=&#8221;|||&#8221;][et_pb_row_inner admin_label=&#8221;Rivi&#8221; _builder_version=&#8221;3.25&#8243; locked=&#8221;on&#8221;][et_pb_column_inner saved_specialty_column_type=&#8221;2_3&#8243; _builder_version=&#8221;3.25&#8243; custom_padding=&#8221;|||&#8221; custom_padding__hover=&#8221;|||&#8221;][et_pb_text admin_label=&#8221;Otsikko&#8221; _builder_version=&#8221;3.27.4&#8243; text_orientation=&#8221;center&#8221;] Ajankohtaista [\/et_pb_text][et_pb_code admin_label=&#8221;Ajankohtaisten listaus&#8221; module_class=&#8221;kaikki_ajankohtaiset&#8221; _builder_version=&#8221;3.17.6&#8243;][\/et_pb_code][\/et_pb_column_inner][\/et_pb_row_inner][\/et_pb_column][et_pb_column type=&#8221;1_3&#8243; _builder_version=&#8221;3.25&#8243; custom_padding=&#8221;|||&#8221; custom_padding__hover=&#8221;|||&#8221;][et_pb_sidebar area=&#8221;sidebar-1&#8243; module_class=&#8221;sivupalkki_sisalto&#8221; _builder_version=&#8221;3.4.1&#8243;][\/et_pb_sidebar][\/et_pb_column][\/et_pb_section]\" \/>\n<meta property=\"og:url\" content=\"https:\/\/rotary.fi\/orimattila\/ajankohtaista\/\" \/>\n<meta property=\"og:site_name\" content=\"Orimattilan Rotaryklubi\" \/>\n<meta property=\"article:modified_time\" content=\"2021-03-30T09:01:50+00:00\" \/>\n<meta name=\"twitter:card\" content=\"summary_large_image\" \/>\n<meta name=\"twitter:label1\" content=\"Arvioitu lukuaika\" \/>\n\t<meta name=\"twitter:data1\" content=\"1 minuutti\" \/>\n<script type=\"application\/ld+json\" class=\"yoast-schema-graph\">{\"@context\":\"https:\\\/\\\/schema.org\",\"@graph\":[{\"@type\":\"WebPage\",\"@id\":\"https:\\\/\\\/rotary.fi\\\/orimattila\\\/ajankohtaista\\\/\",\"url\":\"https:\\\/\\\/rotary.fi\\\/orimattila\\\/ajankohtaista\\\/\",\"name\":\"Ajankohtaista - Orimattilan Rotaryklubi\",\"isPartOf\":{\"@id\":\"https:\\\/\\\/rotary.fi\\\/orimattila\\\/#website\"},\"datePublished\":\"2018-08-09T12:14:30+00:00\",\"dateModified\":\"2021-03-30T09:01:50+00:00\",\"breadcrumb\":{\"@id\":\"https:\\\/\\\/rotary.fi\\\/orimattila\\\/ajankohtaista\\\/#breadcrumb\"},\"inLanguage\":\"fi\",\"potentialAction\":[{\"@type\":\"ReadAction\",\"target\":[\"https:\\\/\\\/rotary.fi\\\/orimattila\\\/ajankohtaista\\\/\"]}]},{\"@type\":\"BreadcrumbList\",\"@id\":\"https:\\\/\\\/rotary.fi\\\/orimattila\\\/ajankohtaista\\\/#breadcrumb\",\"itemListElement\":[{\"@type\":\"ListItem\",\"position\":1,\"name\":\"Home\",\"item\":\"https:\\\/\\\/rotary.fi\\\/orimattila\\\/\"},{\"@type\":\"ListItem\",\"position\":2,\"name\":\"Ajankohtaista\"}]},{\"@type\":\"WebSite\",\"@id\":\"https:\\\/\\\/rotary.fi\\\/orimattila\\\/#website\",\"url\":\"https:\\\/\\\/rotary.fi\\\/orimattila\\\/\",\"name\":\"Orimattilan Rotaryklubi\",\"description\":\"Uusi Rotary klubisivusto\",\"potentialAction\":[{\"@type\":\"SearchAction\",\"target\":{\"@type\":\"EntryPoint\",\"urlTemplate\":\"https:\\\/\\\/rotary.fi\\\/orimattila\\\/?s={search_term_string}\"},\"query-input\":{\"@type\":\"PropertyValueSpecification\",\"valueRequired\":true,\"valueName\":\"search_term_string\"}}],\"inLanguage\":\"fi\"}]}<\/script>\n<!-- \/ Yoast SEO plugin. -->","yoast_head_json":{"title":"Ajankohtaista - Orimattilan Rotaryklubi","robots":{"index":"index","follow":"follow","max-snippet":"max-snippet:-1","max-image-preview":"max-image-preview:large","max-video-preview":"max-video-preview:-1"},"canonical":"https:\/\/rotary.fi\/orimattila\/ajankohtaista\/","og_locale":"fi_FI","og_type":"article","og_title":"Ajankohtaista - Orimattilan Rotaryklubi","og_description":"[et_pb_section fb_built=&#8221;1&#8243; module_class=&#8221;jumbotron-page&#8221; _builder_version=&#8221;4.4.8&#8243; background_image=&#8221;https:\/\/rotary.fi\/orimattila\/wp-content\/uploads\/sites\/213\/2021\/03\/clock.jpg&#8221; hover_enabled=&#8221;0&#8243; title_text=&#8221;clock&#8221;][et_pb_row _builder_version=&#8221;3.25&#8243; background_size=&#8221;initial&#8221; background_position=&#8221;top_left&#8221; background_repeat=&#8221;repeat&#8221;][et_pb_column type=&#8221;4_4&#8243; _builder_version=&#8221;3.25&#8243; custom_padding=&#8221;|||&#8221; custom_padding__hover=&#8221;|||&#8221;][et_pb_text admin_label=&#8221;P\u00e4\u00e4otsikko&#8221; _builder_version=&#8221;3.27.4&#8243; text_orientation=&#8221;center&#8221; background_layout=&#8221;dark&#8221;] Ajankohtaista [\/et_pb_text][\/et_pb_column][\/et_pb_row][\/et_pb_section][et_pb_section fb_built=&#8221;1&#8243; specialty=&#8221;on&#8221; module_class_2=&#8221;sivupalkki&#8221; _builder_version=&#8221;3.22&#8243; locked=&#8221;on&#8221;][et_pb_column type=&#8221;2_3&#8243; specialty_columns=&#8221;2&#8243; _builder_version=&#8221;3.25&#8243; custom_padding=&#8221;|||&#8221; custom_padding__hover=&#8221;|||&#8221;][et_pb_row_inner admin_label=&#8221;Rivi&#8221; _builder_version=&#8221;3.25&#8243; locked=&#8221;on&#8221;][et_pb_column_inner saved_specialty_column_type=&#8221;2_3&#8243; _builder_version=&#8221;3.25&#8243; custom_padding=&#8221;|||&#8221; custom_padding__hover=&#8221;|||&#8221;][et_pb_text admin_label=&#8221;Otsikko&#8221; _builder_version=&#8221;3.27.4&#8243; text_orientation=&#8221;center&#8221;] Ajankohtaista [\/et_pb_text][et_pb_code admin_label=&#8221;Ajankohtaisten listaus&#8221; module_class=&#8221;kaikki_ajankohtaiset&#8221; _builder_version=&#8221;3.17.6&#8243;][\/et_pb_code][\/et_pb_column_inner][\/et_pb_row_inner][\/et_pb_column][et_pb_column type=&#8221;1_3&#8243; _builder_version=&#8221;3.25&#8243; custom_padding=&#8221;|||&#8221; custom_padding__hover=&#8221;|||&#8221;][et_pb_sidebar area=&#8221;sidebar-1&#8243; module_class=&#8221;sivupalkki_sisalto&#8221; _builder_version=&#8221;3.4.1&#8243;][\/et_pb_sidebar][\/et_pb_column][\/et_pb_section]","og_url":"https:\/\/rotary.fi\/orimattila\/ajankohtaista\/","og_site_name":"Orimattilan Rotaryklubi","article_modified_time":"2021-03-30T09:01:50+00:00","twitter_card":"summary_large_image","twitter_misc":{"Arvioitu lukuaika":"1 minuutti"},"schema":{"@context":"https:\/\/schema.org","@graph":[{"@type":"WebPage","@id":"https:\/\/rotary.fi\/orimattila\/ajankohtaista\/","url":"https:\/\/rotary.fi\/orimattila\/ajankohtaista\/","name":"Ajankohtaista - Orimattilan Rotaryklubi","isPartOf":{"@id":"https:\/\/rotary.fi\/orimattila\/#website"},"datePublished":"2018-08-09T12:14:30+00:00","dateModified":"2021-03-30T09:01:50+00:00","breadcrumb":{"@id":"https:\/\/rotary.fi\/orimattila\/ajankohtaista\/#breadcrumb"},"inLanguage":"fi","potentialAction":[{"@type":"ReadAction","target":["https:\/\/rotary.fi\/orimattila\/ajankohtaista\/"]}]},{"@type":"BreadcrumbList","@id":"https:\/\/rotary.fi\/orimattila\/ajankohtaista\/#breadcrumb","itemListElement":[{"@type":"ListItem","position":1,"name":"Home","item":"https:\/\/rotary.fi\/orimattila\/"},{"@type":"ListItem","position":2,"name":"Ajankohtaista"}]},{"@type":"WebSite","@id":"https:\/\/rotary.fi\/orimattila\/#website","url":"https:\/\/rotary.fi\/orimattila\/","name":"Orimattilan Rotaryklubi","description":"Uusi Rotary klubisivusto","potentialAction":[{"@type":"SearchAction","target":{"@type":"EntryPoint","urlTemplate":"https:\/\/rotary.fi\/orimattila\/?s={search_term_string}"},"query-input":{"@type":"PropertyValueSpecification","valueRequired":true,"valueName":"search_term_string"}}],"inLanguage":"fi"}]}},"lang":"fi","translations":{"fi":94},"pll_sync_post":[],"_links":{"self":[{"href":"https:\/\/rotary.fi\/orimattila\/wp-json\/wp\/v2\/pages\/94","targetHints":{"allow":["GET"]}}],"collection":[{"href":"https:\/\/rotary.fi\/orimattila\/wp-json\/wp\/v2\/pages"}],"about":[{"href":"https:\/\/rotary.fi\/orimattila\/wp-json\/wp\/v2\/types\/page"}],"author":[{"embeddable":true,"href":"https:\/\/rotary.fi\/orimattila\/wp-json\/wp\/v2\/users\/1"}],"replies":[{"embeddable":true,"href":"https:\/\/rotary.fi\/orimattila\/wp-json\/wp\/v2\/comments?post=94"}],"version-history":[{"count":8,"href":"https:\/\/rotary.fi\/orimattila\/wp-json\/wp\/v2\/pages\/94\/revisions"}],"predecessor-version":[{"id":1613,"href":"https:\/\/rotary.fi\/orimattila\/wp-json\/wp\/v2\/pages\/94\/revisions\/1613"}],"wp:attachment":[{"href":"https:\/\/rotary.fi\/orimattila\/wp-json\/wp\/v2\/media?parent=94"}],"curies":[{"name":"wp","href":"https:\/\/api.w.org\/{rel}","templated":true}]}}