{"id":129,"date":"2018-08-10T13:41:39","date_gmt":"2018-08-10T10:41:39","guid":{"rendered":"https:\/\/rotary.fi\/klubi2\/?page_id=129"},"modified":"2019-04-15T21:57:34","modified_gmt":"2019-04-15T18:57:34","slug":"keita-olemme","status":"publish","type":"page","link":"https:\/\/rotary.fi\/nurmijarvi\/keita-olemme\/","title":{"rendered":"Keit\u00e4 olemme"},"content":{"rendered":"<p>[et_pb_section fb_built=&#8221;1&#8243; module_class=&#8221;jumbotron-page&#8221; _builder_version=&#8221;3.21&#8243; background_image=&#8221;https:\/\/rotary.fi\/nurmijarvi\/wp-content\/uploads\/sites\/120\/2019\/04\/rotaryvuosijuhla-2758.jpg&#8221; background_position=&#8221;top_center&#8221;][et_pb_row _builder_version=&#8221;3.0.48&#8243; background_size=&#8221;initial&#8221; background_position=&#8221;top_left&#8221; background_repeat=&#8221;repeat&#8221;][et_pb_column type=&#8221;4_4&#8243; _builder_version=&#8221;3.0.47&#8243;][et_pb_text admin_label=&#8221;P\u00e4\u00e4otsikko&#8221; _builder_version=&#8221;3.17&#8243; text_orientation=&#8221;center&#8221; background_layout=&#8221;dark&#8221;]<\/p>\n<h1>Keit\u00e4 olemme<\/h1>\n<p>[\/et_pb_text][\/et_pb_column][\/et_pb_row][\/et_pb_section][et_pb_section fb_built=&#8221;1&#8243; specialty=&#8221;on&#8221; module_class_2=&#8221;sivupalkki&#8221; _builder_version=&#8221;3.4.1&#8243;][et_pb_column type=&#8221;2_3&#8243; specialty_columns=&#8221;2&#8243; _builder_version=&#8221;3.0.47&#8243;][et_pb_row_inner admin_label=&#8221;Rivi&#8221; _builder_version=&#8221;3.0.47&#8243;][et_pb_column_inner type=&#8221;4_4&#8243; saved_specialty_column_type=&#8221;2_3&#8243; _builder_version=&#8221;3.0.47&#8243;][et_pb_text admin_label=&#8221;Otsikko&#8221; _builder_version=&#8221;3.4.1&#8243; text_orientation=&#8221;center&#8221;]<\/p>\n<h1>Keit\u00e4 olemme<\/h1>\n<p>[\/et_pb_text][et_pb_text _builder_version=&#8221;3.21&#8243;]<\/p>\n<p><span style=\"font-size: 16px\">Nurmij\u00e4rven Rotaryklubi on vanhempi Nurmij\u00e4rven kahdesta klubista.\u00a0 Kokoonnumme nykyisin joka toinen keskiviikko p\u00e4iv\u00e4lliskoukseen klo 17.30-19.00 Ketolan Strutsitilalla tapaamaan toisiamme, kuulemaan kiinnostavia esitelmi\u00e4 ja edist\u00e4m\u00e4\u00e4n hyv\u00e4\u00e4 omalla paikkakunnallamme. K\u00e4ymme my\u00f6s vierailuilla ja tutustumisk\u00e4ynneill\u00e4 erilaisissa kohteissa. Tuemme kansainv\u00e4lisen Rotaryn humanitaarisia pr<\/span><span style=\"font-size: 16px\">ojekteja, osallistumme nuorisovaihtoon ja edist\u00e4mme nurmij\u00e4rv<\/span><span style=\"font-size: 16px\">el\u00e4ist\u00e4 hyvinvointia.<\/span><\/p>\n<p>\u00a0<\/p>\n<p><img loading=\"lazy\" decoding=\"async\" class=\"wp-image-1678 aligncenter\" src=\"https:\/\/rotary.fi\/nurmijarvi\/wp-content\/uploads\/sites\/120\/2019\/04\/vaakuna-948x1024.jpg\" alt=\"\" width=\"303\" height=\"327\" srcset=\"https:\/\/rotary.fi\/nurmijarvi\/wp-content\/uploads\/sites\/120\/2019\/04\/vaakuna-948x1024.jpg 948w, https:\/\/rotary.fi\/nurmijarvi\/wp-content\/uploads\/sites\/120\/2019\/04\/vaakuna-278x300.jpg 278w, https:\/\/rotary.fi\/nurmijarvi\/wp-content\/uploads\/sites\/120\/2019\/04\/vaakuna-768x829.jpg 768w, https:\/\/rotary.fi\/nurmijarvi\/wp-content\/uploads\/sites\/120\/2019\/04\/vaakuna-1080x1166.jpg 1080w, https:\/\/rotary.fi\/nurmijarvi\/wp-content\/uploads\/sites\/120\/2019\/04\/vaakuna.jpg 1643w\" sizes=\"(max-width: 303px) 100vw, 303px\" \/><\/p>\n<p>Klubimme on perustettu\u00a0 vuonna 1971. Kummiklubimme on Espoon Rotaryklubi. Klubissamme on 27 j\u00e4sent\u00e4.<strong> <a href=\"https:\/\/rotary.fi\/nurmijarvi\/keita-olemme\/olemme-osa-piiria-1420\/\">Olemme osa piiri\u00e4 1420.\u00a0<\/a><\/strong><\/p>\n<p><strong>Nurmij\u00e4rven Rotaryklubi toimii tiiviiss\u00e4 yhteisty\u00f6ss\u00e4 Nurmij\u00e4rven <a href=\"http:\/\/d142.innerwheel.fi\/klubit\/iw-nurmijarvi\/\" target=\"_blank\" rel=\"noopener noreferrer\">Inner Wheel -klubin<\/a> kanssa.<\/strong><\/p>\n<p>\u00a0<\/p>\n<h4>Harrastus, jolla on tarkoitus<\/h4>\n<p>Nuorisovaihto on nykysin t\u00e4rkein toimintamutomme. J\u00e4rjest\u00e4mme nuoria Rotaryn kansainv\u00e4liseen nuorisovaihtoon ja otamme vastaan muista maista tulevia Rotaryklubien l\u00e4hett\u00e4mi\u00e4 vaihto-oppilaita vuosittain. Nuorisovaihto on parasta ruohonjuuritason kansainv\u00e4listymis- ja rauhankasvatusta.<\/p>\n<p>Pyrimme tekem\u00e4\u00e4n hyv\u00e4 l\u00e4hiymp\u00e4rist\u00f6ss\u00e4mme erilaisten hankkeiden ja talkoiden avulla. Moottoritien siivous ja Vantaanjoen raivaus- ja siivoustalkoot ovat olleet viimevuosien hankkeitamme. Olemme tukenee my\u00f6s Krannilan asukasyhdistyksen leikkipuistohanketta Nurmij\u00e4rven kirkolla.\u00a0<\/p>\n<p>Arvostamme ja tuemme kansainv\u00e4lisen Rotary Internationalin ponnisteluja ja ty\u00f6t\u00e4, muun muassa polion h\u00e4vitt\u00e4miseksi maapallolta. Pelk\u00e4st\u00e4\u00e4n t\u00e4h\u00e4n ty\u00f6h\u00f6n Rotary on suunnannut runsaasti vapaaehtoisvoimaa sek\u00e4 yli 1,2 miljardia US-dollaria.<\/p>\n<p>\u00a0<\/p>\n<h4>Vaikuttava kansainv\u00e4linen verkosto<\/h4>\n<p>Rotary on suuri kansainv\u00e4linen palvelu- ja hyv\u00e4ntekev\u00e4isyysj\u00e4rjest\u00f6. Rotaryyn kuuluu 1,2 miljoona j\u00e4sent\u00e4 35 000 klubissa yli 200 maassa.\u00a0<\/p>\n<p>Suomi on jaettu kuuteen Rotarypiiriin, joista yhteen kuuluvat my\u00f6s Viron klubit. Suomessa ja Virossa on yhteens\u00e4 300 klubia, joissa runsaat 10 000 rotaria.<\/p>\n<p>Rotary on perustettu Chicagossa 23.2.1905. Rotary Internationalin kotipaikka on Evanston, USA:n osavaltiossa Illinoisissa.<\/p>\n<p>Tunnuslauseemme on:<\/p>\n<p><strong>Palvelu itsekkyyden edelle (Service Above Self).<\/strong><\/p>\n<p><img loading=\"lazy\" decoding=\"async\" class=\"size-medium wp-image-1597 aligncenter\" style=\"font-size: 16px\" src=\"https:\/\/rotary.fi\/nurmijarvi\/wp-content\/uploads\/sites\/120\/2019\/04\/serviceaa-300x150.png\" alt=\"\" width=\"300\" height=\"150\" srcset=\"https:\/\/rotary.fi\/nurmijarvi\/wp-content\/uploads\/sites\/120\/2019\/04\/serviceaa-300x150.png 300w, https:\/\/rotary.fi\/nurmijarvi\/wp-content\/uploads\/sites\/120\/2019\/04\/serviceaa.png 318w\" sizes=\"(max-width: 300px) 100vw, 300px\" \/><\/p>\n<p>[\/et_pb_text][\/et_pb_column_inner][\/et_pb_row_inner][\/et_pb_column][et_pb_column type=&#8221;1_3&#8243; _builder_version=&#8221;3.0.47&#8243;][et_pb_sidebar area=&#8221;sidebar-1&#8243; module_class=&#8221;sivupalkki_sisalto&#8221; _builder_version=&#8221;3.4.1&#8243; locked=&#8221;on&#8221;]<br \/>\n[\/et_pb_sidebar][\/et_pb_column][\/et_pb_section]<\/p>\n","protected":false},"excerpt":{"rendered":"<p>Keit\u00e4 olemme Keit\u00e4 olemme Nurmij\u00e4rven Rotaryklubi on vanhempi Nurmij\u00e4rven kahdesta klubista.\u00a0 Kokoonnumme nykyisin joka toinen keskiviikko p\u00e4iv\u00e4lliskoukseen klo 17.30-19.00 Ketolan Strutsitilalla tapaamaan toisiamme, kuulemaan kiinnostavia esitelmi\u00e4 ja edist\u00e4m\u00e4\u00e4n hyv\u00e4\u00e4 omalla paikkakunnallamme. K\u00e4ymme my\u00f6s vierailuilla ja tutustumisk\u00e4ynneill\u00e4 erilaisissa kohteissa. Tuemme kansainv\u00e4lisen Rotaryn humanitaarisia projekteja, osallistumme nuorisovaihtoon ja edist\u00e4mme nurmij\u00e4rvel\u00e4ist\u00e4 hyvinvointia.\u00a0Klubimme on perustettu\u00a0 vuonna 1971. Kummiklubimme on [&hellip;]<\/p>\n","protected":false},"author":1,"featured_media":0,"parent":0,"menu_order":0,"comment_status":"closed","ping_status":"closed","template":"","meta":{"_acf_changed":false,"_et_pb_use_builder":"on","_et_pb_old_content":"","_et_gb_content_width":"","footnotes":""},"class_list":["post-129","page","type-page","status-publish","hentry"],"acf":[],"yoast_head":"<!-- This site is optimized with the Yoast SEO plugin v27.0 - https:\/\/yoast.com\/product\/yoast-seo-wordpress\/ -->\n<title>Keit\u00e4 olemme - Nurmij\u00e4rven Rotaryklubi<\/title>\n<meta name=\"robots\" content=\"index, follow, max-snippet:-1, max-image-preview:large, max-video-preview:-1\" \/>\n<link rel=\"canonical\" href=\"https:\/\/rotary.fi\/nurmijarvi\/keita-olemme\/\" \/>\n<meta property=\"og:locale\" content=\"fi_FI\" \/>\n<meta property=\"og:type\" content=\"article\" \/>\n<meta property=\"og:title\" content=\"Keit\u00e4 olemme - Nurmij\u00e4rven Rotaryklubi\" \/>\n<meta property=\"og:description\" content=\"Keit\u00e4 olemme Keit\u00e4 olemme Nurmij\u00e4rven Rotaryklubi on vanhempi Nurmij\u00e4rven kahdesta klubista.\u00a0 Kokoonnumme nykyisin joka toinen keskiviikko p\u00e4iv\u00e4lliskoukseen klo 17.30-19.00 Ketolan Strutsitilalla tapaamaan toisiamme, kuulemaan kiinnostavia esitelmi\u00e4 ja edist\u00e4m\u00e4\u00e4n hyv\u00e4\u00e4 omalla paikkakunnallamme. K\u00e4ymme my\u00f6s vierailuilla ja tutustumisk\u00e4ynneill\u00e4 erilaisissa kohteissa. Tuemme kansainv\u00e4lisen Rotaryn humanitaarisia projekteja, osallistumme nuorisovaihtoon ja edist\u00e4mme nurmij\u00e4rvel\u00e4ist\u00e4 hyvinvointia.\u00a0Klubimme on perustettu\u00a0 vuonna 1971. Kummiklubimme on [&hellip;]\" \/>\n<meta property=\"og:url\" content=\"https:\/\/rotary.fi\/nurmijarvi\/keita-olemme\/\" \/>\n<meta property=\"og:site_name\" content=\"Nurmij\u00e4rven Rotaryklubi\" \/>\n<meta property=\"article:modified_time\" content=\"2019-04-15T18:57:34+00:00\" \/>\n<meta property=\"og:image\" content=\"https:\/\/rotary.fi\/nurmijarvi\/wp-content\/uploads\/sites\/120\/2019\/04\/vaakuna-948x1024.jpg\" \/>\n<meta name=\"twitter:card\" content=\"summary_large_image\" \/>\n<meta name=\"twitter:label1\" content=\"Arvioitu lukuaika\" \/>\n\t<meta name=\"twitter:data1\" content=\"2 minuuttia\" \/>\n<script type=\"application\/ld+json\" class=\"yoast-schema-graph\">{\"@context\":\"https:\/\/schema.org\",\"@graph\":[{\"@type\":\"WebPage\",\"@id\":\"https:\/\/rotary.fi\/nurmijarvi\/keita-olemme\/\",\"url\":\"https:\/\/rotary.fi\/nurmijarvi\/keita-olemme\/\",\"name\":\"Keit\u00e4 olemme - Nurmij\u00e4rven Rotaryklubi\",\"isPartOf\":{\"@id\":\"https:\/\/rotary.fi\/nurmijarvi\/#website\"},\"primaryImageOfPage\":{\"@id\":\"https:\/\/rotary.fi\/nurmijarvi\/keita-olemme\/#primaryimage\"},\"image\":{\"@id\":\"https:\/\/rotary.fi\/nurmijarvi\/keita-olemme\/#primaryimage\"},\"thumbnailUrl\":\"https:\/\/rotary.fi\/nurmijarvi\/wp-content\/uploads\/sites\/120\/2019\/04\/vaakuna-948x1024.jpg\",\"datePublished\":\"2018-08-10T10:41:39+00:00\",\"dateModified\":\"2019-04-15T18:57:34+00:00\",\"breadcrumb\":{\"@id\":\"https:\/\/rotary.fi\/nurmijarvi\/keita-olemme\/#breadcrumb\"},\"inLanguage\":\"fi\",\"potentialAction\":[{\"@type\":\"ReadAction\",\"target\":[\"https:\/\/rotary.fi\/nurmijarvi\/keita-olemme\/\"]}]},{\"@type\":\"ImageObject\",\"inLanguage\":\"fi\",\"@id\":\"https:\/\/rotary.fi\/nurmijarvi\/keita-olemme\/#primaryimage\",\"url\":\"https:\/\/rotary.fi\/nurmijarvi\/wp-content\/uploads\/sites\/120\/2019\/04\/vaakuna.jpg\",\"contentUrl\":\"https:\/\/rotary.fi\/nurmijarvi\/wp-content\/uploads\/sites\/120\/2019\/04\/vaakuna.jpg\",\"width\":1643,\"height\":1774},{\"@type\":\"BreadcrumbList\",\"@id\":\"https:\/\/rotary.fi\/nurmijarvi\/keita-olemme\/#breadcrumb\",\"itemListElement\":[{\"@type\":\"ListItem\",\"position\":1,\"name\":\"Home\",\"item\":\"https:\/\/rotary.fi\/nurmijarvi\/\"},{\"@type\":\"ListItem\",\"position\":2,\"name\":\"Keit\u00e4 olemme\"}]},{\"@type\":\"WebSite\",\"@id\":\"https:\/\/rotary.fi\/nurmijarvi\/#website\",\"url\":\"https:\/\/rotary.fi\/nurmijarvi\/\",\"name\":\"Nurmij\u00e4rven Rotaryklubi\",\"description\":\"Uusi Rotary klubisivusto\",\"potentialAction\":[{\"@type\":\"SearchAction\",\"target\":{\"@type\":\"EntryPoint\",\"urlTemplate\":\"https:\/\/rotary.fi\/nurmijarvi\/?s={search_term_string}\"},\"query-input\":{\"@type\":\"PropertyValueSpecification\",\"valueRequired\":true,\"valueName\":\"search_term_string\"}}],\"inLanguage\":\"fi\"}]}<\/script>\n<!-- \/ Yoast SEO plugin. -->","yoast_head_json":{"title":"Keit\u00e4 olemme - Nurmij\u00e4rven Rotaryklubi","robots":{"index":"index","follow":"follow","max-snippet":"max-snippet:-1","max-image-preview":"max-image-preview:large","max-video-preview":"max-video-preview:-1"},"canonical":"https:\/\/rotary.fi\/nurmijarvi\/keita-olemme\/","og_locale":"fi_FI","og_type":"article","og_title":"Keit\u00e4 olemme - Nurmij\u00e4rven Rotaryklubi","og_description":"Keit\u00e4 olemme Keit\u00e4 olemme Nurmij\u00e4rven Rotaryklubi on vanhempi Nurmij\u00e4rven kahdesta klubista.\u00a0 Kokoonnumme nykyisin joka toinen keskiviikko p\u00e4iv\u00e4lliskoukseen klo 17.30-19.00 Ketolan Strutsitilalla tapaamaan toisiamme, kuulemaan kiinnostavia esitelmi\u00e4 ja edist\u00e4m\u00e4\u00e4n hyv\u00e4\u00e4 omalla paikkakunnallamme. K\u00e4ymme my\u00f6s vierailuilla ja tutustumisk\u00e4ynneill\u00e4 erilaisissa kohteissa. Tuemme kansainv\u00e4lisen Rotaryn humanitaarisia projekteja, osallistumme nuorisovaihtoon ja edist\u00e4mme nurmij\u00e4rvel\u00e4ist\u00e4 hyvinvointia.\u00a0Klubimme on perustettu\u00a0 vuonna 1971. Kummiklubimme on [&hellip;]","og_url":"https:\/\/rotary.fi\/nurmijarvi\/keita-olemme\/","og_site_name":"Nurmij\u00e4rven Rotaryklubi","article_modified_time":"2019-04-15T18:57:34+00:00","og_image":[{"url":"https:\/\/rotary.fi\/nurmijarvi\/wp-content\/uploads\/sites\/120\/2019\/04\/vaakuna-948x1024.jpg","type":"","width":"","height":""}],"twitter_card":"summary_large_image","twitter_misc":{"Arvioitu lukuaika":"2 minuuttia"},"schema":{"@context":"https:\/\/schema.org","@graph":[{"@type":"WebPage","@id":"https:\/\/rotary.fi\/nurmijarvi\/keita-olemme\/","url":"https:\/\/rotary.fi\/nurmijarvi\/keita-olemme\/","name":"Keit\u00e4 olemme - Nurmij\u00e4rven Rotaryklubi","isPartOf":{"@id":"https:\/\/rotary.fi\/nurmijarvi\/#website"},"primaryImageOfPage":{"@id":"https:\/\/rotary.fi\/nurmijarvi\/keita-olemme\/#primaryimage"},"image":{"@id":"https:\/\/rotary.fi\/nurmijarvi\/keita-olemme\/#primaryimage"},"thumbnailUrl":"https:\/\/rotary.fi\/nurmijarvi\/wp-content\/uploads\/sites\/120\/2019\/04\/vaakuna-948x1024.jpg","datePublished":"2018-08-10T10:41:39+00:00","dateModified":"2019-04-15T18:57:34+00:00","breadcrumb":{"@id":"https:\/\/rotary.fi\/nurmijarvi\/keita-olemme\/#breadcrumb"},"inLanguage":"fi","potentialAction":[{"@type":"ReadAction","target":["https:\/\/rotary.fi\/nurmijarvi\/keita-olemme\/"]}]},{"@type":"ImageObject","inLanguage":"fi","@id":"https:\/\/rotary.fi\/nurmijarvi\/keita-olemme\/#primaryimage","url":"https:\/\/rotary.fi\/nurmijarvi\/wp-content\/uploads\/sites\/120\/2019\/04\/vaakuna.jpg","contentUrl":"https:\/\/rotary.fi\/nurmijarvi\/wp-content\/uploads\/sites\/120\/2019\/04\/vaakuna.jpg","width":1643,"height":1774},{"@type":"BreadcrumbList","@id":"https:\/\/rotary.fi\/nurmijarvi\/keita-olemme\/#breadcrumb","itemListElement":[{"@type":"ListItem","position":1,"name":"Home","item":"https:\/\/rotary.fi\/nurmijarvi\/"},{"@type":"ListItem","position":2,"name":"Keit\u00e4 olemme"}]},{"@type":"WebSite","@id":"https:\/\/rotary.fi\/nurmijarvi\/#website","url":"https:\/\/rotary.fi\/nurmijarvi\/","name":"Nurmij\u00e4rven Rotaryklubi","description":"Uusi Rotary klubisivusto","potentialAction":[{"@type":"SearchAction","target":{"@type":"EntryPoint","urlTemplate":"https:\/\/rotary.fi\/nurmijarvi\/?s={search_term_string}"},"query-input":{"@type":"PropertyValueSpecification","valueRequired":true,"valueName":"search_term_string"}}],"inLanguage":"fi"}]}},"lang":"fi","translations":{"fi":129},"pll_sync_post":[],"_links":{"self":[{"href":"https:\/\/rotary.fi\/nurmijarvi\/wp-json\/wp\/v2\/pages\/129","targetHints":{"allow":["GET"]}}],"collection":[{"href":"https:\/\/rotary.fi\/nurmijarvi\/wp-json\/wp\/v2\/pages"}],"about":[{"href":"https:\/\/rotary.fi\/nurmijarvi\/wp-json\/wp\/v2\/types\/page"}],"author":[{"embeddable":true,"href":"https:\/\/rotary.fi\/nurmijarvi\/wp-json\/wp\/v2\/users\/1"}],"replies":[{"embeddable":true,"href":"https:\/\/rotary.fi\/nurmijarvi\/wp-json\/wp\/v2\/comments?post=129"}],"version-history":[{"count":26,"href":"https:\/\/rotary.fi\/nurmijarvi\/wp-json\/wp\/v2\/pages\/129\/revisions"}],"predecessor-version":[{"id":1879,"href":"https:\/\/rotary.fi\/nurmijarvi\/wp-json\/wp\/v2\/pages\/129\/revisions\/1879"}],"wp:attachment":[{"href":"https:\/\/rotary.fi\/nurmijarvi\/wp-json\/wp\/v2\/media?parent=129"}],"curies":[{"name":"wp","href":"https:\/\/api.w.org\/{rel}","templated":true}]}}