{"id":94,"date":"2025-06-23T11:00:30","date_gmt":"2025-06-23T08:00:30","guid":{"rendered":"https:\/\/rotary.fi\/klubi2\/?page_id=94"},"modified":"2025-06-24T11:19:29","modified_gmt":"2025-06-24T08:19:29","slug":"ajankohtaista","status":"publish","type":"page","link":"https:\/\/rotary.fi\/nousiaistenrotaryklubi\/ajankohtaista\/","title":{"rendered":"Ajankohtaista"},"content":{"rendered":"<p>[et_pb_section bb_built=&#8221;1&#8243; _builder_version=&#8221;3.4.1&#8243; background_image=&#8221;https:\/\/rotary.fi\/wp-content\/uploads\/2018\/02\/paakuva-sisasivu1.jpg&#8221; next_background_color=&#8221;#ffffff&#8221; module_class=&#8221;jumbotron-page&#8221;][et_pb_row][et_pb_column type=&#8221;4_4&#8243;][et_pb_text admin_label=&#8221;P\u00e4\u00e4otsikko&#8221; _builder_version=&#8221;3.4.1&#8243; text_orientation=&#8221;center&#8221; background_layout=&#8221;dark&#8221;]<\/p>\n<h1>Ajankohtaista<\/h1>\n<p>[\/et_pb_text][\/et_pb_column][\/et_pb_row][\/et_pb_section][et_pb_section bb_built=&#8221;1&#8243; specialty=&#8221;on&#8221; prev_background_color=&#8221;#000000&#8243; _builder_version=&#8221;3.4.1&#8243; module_class_2=&#8221;sivupalkki&#8221; locked=&#8221;on&#8221;][et_pb_column type=&#8221;2_3&#8243; specialty_columns=&#8221;2&#8243;][et_pb_row_inner admin_label=&#8221;Rivi&#8221; locked=&#8221;on&#8221; parent_locked=&#8221;on&#8221;][et_pb_column_inner type=&#8221;4_4&#8243; saved_specialty_column_type=&#8221;2_3&#8243;][et_pb_text admin_label=&#8221;Otsikko&#8221; _builder_version=&#8221;3.4.1&#8243; text_orientation=&#8221;center&#8221; parent_locked=&#8221;on&#8221;]<\/p>\n<h1>Ajankohtaista<\/h1>\n<p>[\/et_pb_text][et_pb_code admin_label=&#8221;Ajankohtaisten listaus&#8221; _builder_version=&#8221;3.17.6&#8243; module_class=&#8221;kaikki_ajankohtaiset&#8221; parent_locked=&#8221;on&#8221;]<ul class=\"display-posts-listing\"><li class=\"listing-item\"><a class=\"title\" href=\"https:\/\/rotary.fi\/nousiaistenrotaryklubi\/ajankohtaiset\/klubin-vuosijuhla-21-3-2026\/\">Klubin vuosijuhla 21.3.2026<\/a> <span class=\"date\">23.3. 2026<\/span><\/li><li class=\"listing-item\"><a class=\"title\" href=\"https:\/\/rotary.fi\/nousiaistenrotaryklubi\/ajankohtaiset\/pauli-aalto-setalan-esitelma-itameren-tila-ja-turvalllisuus-16-3-2026\/\">Pauli Aalto-Set\u00e4l\u00e4n esitelm\u00e4: It\u00e4meren tila ja turvalllisuus 16.3.2026<\/a> <span class=\"date\">23.3. 2026<\/span><\/li><li class=\"listing-item\"><a class=\"title\" href=\"https:\/\/rotary.fi\/nousiaistenrotaryklubi\/ajankohtaiset\/askaisten-pulkkamaen-avajaiset-laskiaissunnuntaina-15-2-2026\/\">Askaisten pulkkam\u00e4en avajaiset laskiaissunnuntaina 15.2.2026<\/a> <span class=\"date\">24.2. 2026<\/span><\/li><li class=\"listing-item\"><a class=\"title\" href=\"https:\/\/rotary.fi\/nousiaistenrotaryklubi\/ajankohtaiset\/klubi-rakentaa-pulkkamakea-askaisiin\/\">Klubi rakentaa pulkkam\u00e4ke\u00e4 Askaisiin<\/a> <span class=\"date\">5.10. 2025<\/span><\/li><li class=\"listing-item\"><a class=\"title\" href=\"https:\/\/rotary.fi\/nousiaistenrotaryklubi\/ajankohtaiset\/vaihtokokous-18-6-2025\/\">Vaihtokokous 18.6.2025<\/a> <span class=\"date\">23.6. 2025<\/span><\/li><li class=\"listing-item\"><a class=\"title\" href=\"https:\/\/rotary.fi\/nousiaistenrotaryklubi\/ajankohtaiset\/vierailu-eduskuntaan-29-4-2025\/\">Vierailu eduskuntaan 29.4.2025<\/a> <span class=\"date\">4.5. 2025<\/span><\/li><li class=\"listing-item\"><a class=\"title\" href=\"https:\/\/rotary.fi\/nousiaistenrotaryklubi\/ajankohtaiset\/jukka-ehdon-esitelma-2-4-2025-tekoaly-isanta-vai-renki\/\">Jukka Ehdon esitelm\u00e4 2.4.2025: Teko\u00e4ly &#8211; is\u00e4nt\u00e4 vai renki?<\/a> <span class=\"date\">4.4. 2025<\/span><\/li><li class=\"listing-item\"><a class=\"title\" href=\"https:\/\/rotary.fi\/nousiaistenrotaryklubi\/ajankohtaiset\/talvisodan-paattymisesta-85-vuotta\/\">Talvisodan p\u00e4\u00e4ttymisest\u00e4 85 vuotta<\/a> <span class=\"date\">13.3. 2025<\/span><\/li><li class=\"listing-item\"><a class=\"title\" href=\"https:\/\/rotary.fi\/nousiaistenrotaryklubi\/ajankohtaiset\/turun-kaunpungiteatterissa-21-9-2024\/\">Turun kaunpungiteatterissa 21.9.2024<\/a> <span class=\"date\">22.9. 2024<\/span><\/li><li class=\"listing-item\"><a class=\"title\" href=\"https:\/\/rotary.fi\/nousiaistenrotaryklubi\/ajankohtaiset\/vierailu-turun-yliopiston-kasvitieteellisessa-puutarhassa-4-9-2024\/\">Vierailu Turun yliopiston kasvitieteelliseen puutarhaan 4.9.2024<\/a> <span class=\"date\">8.9. 2024<\/span><\/li><li class=\"listing-item\"><a class=\"title\" href=\"https:\/\/rotary.fi\/nousiaistenrotaryklubi\/ajankohtaiset\/klubi-piikkion-rotaryklubin-vieraana-29-8-2024\/\">Klubi Piikki\u00f6n Rotaryklubin vieraana 29.8.2024<\/a> <span class=\"date\">8.9. 2024<\/span><\/li><li class=\"listing-item\"><a class=\"title\" href=\"https:\/\/rotary.fi\/nousiaistenrotaryklubi\/ajankohtaiset\/klubi-maalasi-nousiaisten-seurakunnan-kanttorilan\/\">Klubi maalasi Nousiaisten seurakunnan kanttorilan<\/a> <span class=\"date\">9.6. 2024<\/span><\/li><li class=\"listing-item\"><a class=\"title\" href=\"https:\/\/rotary.fi\/nousiaistenrotaryklubi\/ajankohtaiset\/linturetki-lemun-oukkulanlahdelle-8-5-2024\/\">Linturetki Lemun Oukkulanlahdelle 8.5.2024<\/a> <span class=\"date\">14.5. 2024<\/span><\/li><li class=\"listing-item\"><a class=\"title\" href=\"https:\/\/rotary.fi\/nousiaistenrotaryklubi\/ajankohtaiset\/klubi-on-julkaissut-lehden-65-vuotisjuhlavuotenaan\/\">Klubi on julkaissut lehden 65-vuotisjuhlavuotenaan<\/a> <span class=\"date\">25.4. 2024<\/span><\/li><li class=\"listing-item\"><a class=\"title\" href=\"https:\/\/rotary.fi\/nousiaistenrotaryklubi\/ajankohtaiset\/klubi-tekee-lehden-65-vuotisjuhlavuotenaan\/\">Klubi tekee lehden 65-vuotisjuhlavuotenaan<\/a> <span class=\"date\">1.3. 2024<\/span><\/li><li class=\"listing-item\"><a class=\"title\" href=\"https:\/\/rotary.fi\/nousiaistenrotaryklubi\/ajankohtaiset\/klubi-rakensi-laavun-nousiaisten-kunnalle\/\">Klubi rakensi laavun Nousiaisten kunnalle<\/a> <span class=\"date\">25.10. 2023<\/span><\/li><li class=\"listing-item\"><a class=\"title\" href=\"https:\/\/rotary.fi\/nousiaistenrotaryklubi\/ajankohtaiset\/klubin-entisen-vaihto-oppilaan-vierailu-30-8-2023\/\">Klubin entisen vaihto-oppilaan vierailu 30.8.2023<\/a> <span class=\"date\">31.8. 2023<\/span><\/li><li class=\"listing-item\"><a class=\"title\" href=\"https:\/\/rotary.fi\/nousiaistenrotaryklubi\/ajankohtaiset\/hyvantekevaisyyskonsertin-tositekopion-luovutus\/\">Hyv\u00e4ntekev\u00e4isyyskonsertin tositekopion luovutus 22.3.2023<\/a> <span class=\"date\">23.3. 2023<\/span><\/li><li class=\"listing-item\"><a class=\"title\" href=\"https:\/\/rotary.fi\/nousiaistenrotaryklubi\/ajankohtaiset\/hyvantekevaisyyskonsertti-ukrainan-lasten-hyvaksi-4-3-2023\/\">Hyv\u00e4ntekev\u00e4isyyskonsertti Ukrainan lasten hyv\u00e4ksi 4.3.2023<\/a> <span class=\"date\">15.3. 2023<\/span><\/li><li class=\"listing-item\"><a class=\"title\" href=\"https:\/\/rotary.fi\/nousiaistenrotaryklubi\/ajankohtaiset\/jari-jarvela-esitelmoi-ukrainan-avustustoiminnasta-8-2-2023\/\">Jari J\u00e4rvel\u00e4 esitelm\u00f6i Ukrainan avustustoiminnasta 8.2.2023<\/a> <span class=\"date\">15.2. 2023<\/span><\/li><li class=\"listing-item\"><a class=\"title\" href=\"https:\/\/rotary.fi\/nousiaistenrotaryklubi\/ajankohtaiset\/vaihto-oppilaat-esittaytyivat-viikkokokouksessa-14-12-2022\/\">Vaihto-oppilaat esitt\u00e4ytyiv\u00e4t viikkokokouksessa 14.12.2022<\/a> <span class=\"date\">19.12. 2022<\/span><\/li><li class=\"listing-item\"><a class=\"title\" href=\"https:\/\/rotary.fi\/nousiaistenrotaryklubi\/ajankohtaiset\/avustus-ukrainan-pakolaisille\/\">Avustus Ukrainan pakolaisille<\/a> <span class=\"date\">2.4. 2022<\/span><\/li><li class=\"listing-item\"><a class=\"title\" href=\"https:\/\/rotary.fi\/nousiaistenrotaryklubi\/ajankohtaiset\/vaihtokokous-30-6-2021\/\">Vaihtokokous 30.6.2021<\/a> <span class=\"date\">4.7. 2021<\/span><\/li><li class=\"listing-item\"><a class=\"title\" href=\"https:\/\/rotary.fi\/nousiaistenrotaryklubi\/ajankohtaiset\/nousiaisten-rotaryklubi-luovutti-kodan-maskun-kunnalle\/\">Nousiaisten Rotaryklubi luovutti kodan Maskun kunnalle<\/a> <span class=\"date\">4.7. 2021<\/span><\/li><li class=\"listing-item\"><a class=\"title\" href=\"https:\/\/rotary.fi\/nousiaistenrotaryklubi\/ajankohtaiset\/nousiaisten-rotaryklubi-rakentaa-kotaa-lemun-paivakodille\/\">Nousiaisten Rotaryklubi rakentaa kotaa Lemun p\u00e4iv\u00e4kodille<\/a> <span class=\"date\">17.5. 2021<\/span><\/li><li class=\"listing-item\"><a class=\"title\" href=\"https:\/\/rotary.fi\/nousiaistenrotaryklubi\/ajankohtaiset\/nousiaisten-rotaryklubi-lahjoitti-vesireput-kouluille\/\">Nousiaisten Rotaryklubi lahjoitti vesireput kouluille<\/a> <span class=\"date\">9.5. 2021<\/span><\/li><li class=\"listing-item\"><a class=\"title\" href=\"https:\/\/rotary.fi\/nousiaistenrotaryklubi\/ajankohtaiset\/syksyn-viimeinen-kokous-pidetaan-rotarypuistossa-9-12-2020\/\">Syksyn viimeinen kokous pidet\u00e4\u00e4n Rotarypuistossa 9.12.2020<\/a> <span class=\"date\">7.12. 2020<\/span><\/li><li class=\"listing-item\"><a class=\"title\" href=\"https:\/\/rotary.fi\/nousiaistenrotaryklubi\/ajankohtaiset\/teatteri-2-12-2020\/\">Teatteri 2.12.2020<\/a> <span class=\"date\">9.11. 2020<\/span><\/li><li class=\"listing-item\"><a class=\"title\" href=\"https:\/\/rotary.fi\/nousiaistenrotaryklubi\/ajankohtaiset\/peurajahti-urjalassa-14-11-2020\/\">Peurajahti Urjalassa 14.11.2020<\/a> <span class=\"date\">9.11. 2020<\/span><\/li><li class=\"listing-item\"><a class=\"title\" href=\"https:\/\/rotary.fi\/nousiaistenrotaryklubi\/ajankohtaiset\/piirikuvernoorin-vierailu-11-11-2020\/\">Piirikuvern\u00f6\u00f6rin vierailu 11.11.2020<\/a> <span class=\"date\">9.11. 2020<\/span><\/li><li class=\"listing-item\"><a class=\"title\" href=\"https:\/\/rotary.fi\/nousiaistenrotaryklubi\/ajankohtaiset\/vaihtokokous-24-6-2020\/\">Vaihtokokous 24.6.2020<\/a> <span class=\"date\">25.6. 2020<\/span><\/li><li class=\"listing-item\"><a class=\"title\" href=\"https:\/\/rotary.fi\/nousiaistenrotaryklubi\/ajankohtaiset\/seuraava-klubikokous-pidetaan-3-6\/\">Seuraava klubikokous pidet\u00e4\u00e4n 3.6.<\/a> <span class=\"date\">13.5. 2020<\/span><\/li><li class=\"listing-item\"><a class=\"title\" href=\"https:\/\/rotary.fi\/nousiaistenrotaryklubi\/ajankohtaiset\/koronavirustilanteen-takia-tauko-klubikokouksissa-jatkuu\/\">Koronatilanteen takia tauko klubikokouksissa jatkuu<\/a> <span class=\"date\">15.4. 2020<\/span><\/li><li class=\"listing-item\"><a class=\"title\" href=\"https:\/\/rotary.fi\/nousiaistenrotaryklubi\/ajankohtaiset\/koronavirustilanteen-takia-viikkokokoukset-peruutettu\/\">Koronavirustilanteen takia viikkokokoukset peruttu<\/a> <span class=\"date\">15.3. 2020<\/span><\/li><li class=\"listing-item\"><a class=\"title\" href=\"https:\/\/rotary.fi\/nousiaistenrotaryklubi\/ajankohtaiset\/vaihto-oppilaan-vierailu-24-10-2019\/\">Vaihto-oppilaan vierailu 24.10.2019<\/a> <span class=\"date\">12.11. 2019<\/span><\/li><li class=\"listing-item\"><a class=\"title\" href=\"https:\/\/rotary.fi\/nousiaistenrotaryklubi\/ajankohtaiset\/vaihtokokous-26-6-2019\/\">Vaihtokokous 26.6.2019<\/a> <span class=\"date\">9.10. 2019<\/span><\/li><\/ul>[\/et_pb_code][\/et_pb_column_inner][\/et_pb_row_inner][\/et_pb_column][et_pb_column type=&#8221;1_3&#8243;][et_pb_sidebar _builder_version=&#8221;3.4.1&#8243; area=&#8221;sidebar-1&#8243; module_class=&#8221;sivupalkki_sisalto&#8221; parent_locked=&#8221;on&#8221; \/][\/et_pb_column][\/et_pb_section]<\/p>\n","protected":false},"excerpt":{"rendered":"<p>[et_pb_section bb_built=&#8221;1&#8243; _builder_version=&#8221;3.4.1&#8243; background_image=&#8221;https:\/\/rotary.fi\/wp-content\/uploads\/2018\/02\/paakuva-sisasivu1.jpg&#8221; next_background_color=&#8221;#ffffff&#8221; module_class=&#8221;jumbotron-page&#8221;][et_pb_row][et_pb_column type=&#8221;4_4&#8243;][et_pb_text admin_label=&#8221;P\u00e4\u00e4otsikko&#8221; _builder_version=&#8221;3.4.1&#8243; text_orientation=&#8221;center&#8221; background_layout=&#8221;dark&#8221;] Ajankohtaista [\/et_pb_text][\/et_pb_column][\/et_pb_row][\/et_pb_section][et_pb_section bb_built=&#8221;1&#8243; specialty=&#8221;on&#8221; prev_background_color=&#8221;#000000&#8243; _builder_version=&#8221;3.4.1&#8243; module_class_2=&#8221;sivupalkki&#8221; locked=&#8221;on&#8221;][et_pb_column type=&#8221;2_3&#8243; specialty_columns=&#8221;2&#8243;][et_pb_row_inner admin_label=&#8221;Rivi&#8221; locked=&#8221;on&#8221; parent_locked=&#8221;on&#8221;][et_pb_column_inner type=&#8221;4_4&#8243; saved_specialty_column_type=&#8221;2_3&#8243;][et_pb_text admin_label=&#8221;Otsikko&#8221; _builder_version=&#8221;3.4.1&#8243; text_orientation=&#8221;center&#8221; parent_locked=&#8221;on&#8221;] Ajankohtaista [\/et_pb_text][et_pb_code admin_label=&#8221;Ajankohtaisten listaus&#8221; _builder_version=&#8221;3.17.6&#8243; module_class=&#8221;kaikki_ajankohtaiset&#8221; parent_locked=&#8221;on&#8221;][\/et_pb_code][\/et_pb_column_inner][\/et_pb_row_inner][\/et_pb_column][et_pb_column type=&#8221;1_3&#8243;][et_pb_sidebar _builder_version=&#8221;3.4.1&#8243; area=&#8221;sidebar-1&#8243; module_class=&#8221;sivupalkki_sisalto&#8221; parent_locked=&#8221;on&#8221; \/][\/et_pb_column][\/et_pb_section]<\/p>\n","protected":false},"author":1,"featured_media":0,"parent":0,"menu_order":0,"comment_status":"closed","ping_status":"closed","template":"","meta":{"_acf_changed":false,"_et_pb_use_builder":"on","_et_pb_old_content":"","_et_gb_content_width":"","footnotes":""},"class_list":["post-94","page","type-page","status-publish","hentry"],"acf":[],"yoast_head":"<!-- This site is optimized with the Yoast SEO plugin v27.0 - https:\/\/yoast.com\/product\/yoast-seo-wordpress\/ -->\n<title>Ajankohtaista - Nousiaisten Rotaryklubi<\/title>\n<meta name=\"robots\" content=\"index, follow, max-snippet:-1, max-image-preview:large, max-video-preview:-1\" \/>\n<link rel=\"canonical\" href=\"https:\/\/rotary.fi\/nousiaistenrotaryklubi\/ajankohtaista\/\" \/>\n<meta property=\"og:locale\" content=\"fi_FI\" \/>\n<meta property=\"og:type\" content=\"article\" \/>\n<meta property=\"og:title\" content=\"Ajankohtaista - Nousiaisten Rotaryklubi\" \/>\n<meta property=\"og:description\" content=\"[et_pb_section bb_built=&#8221;1&#8243; _builder_version=&#8221;3.4.1&#8243; background_image=&#8221;https:\/\/rotary.fi\/wp-content\/uploads\/2018\/02\/paakuva-sisasivu1.jpg&#8221; next_background_color=&#8221;#ffffff&#8221; module_class=&#8221;jumbotron-page&#8221;][et_pb_row][et_pb_column type=&#8221;4_4&#8243;][et_pb_text admin_label=&#8221;P\u00e4\u00e4otsikko&#8221; _builder_version=&#8221;3.4.1&#8243; text_orientation=&#8221;center&#8221; background_layout=&#8221;dark&#8221;] Ajankohtaista [\/et_pb_text][\/et_pb_column][\/et_pb_row][\/et_pb_section][et_pb_section bb_built=&#8221;1&#8243; specialty=&#8221;on&#8221; prev_background_color=&#8221;#000000&#8243; _builder_version=&#8221;3.4.1&#8243; module_class_2=&#8221;sivupalkki&#8221; locked=&#8221;on&#8221;][et_pb_column type=&#8221;2_3&#8243; specialty_columns=&#8221;2&#8243;][et_pb_row_inner admin_label=&#8221;Rivi&#8221; locked=&#8221;on&#8221; parent_locked=&#8221;on&#8221;][et_pb_column_inner type=&#8221;4_4&#8243; saved_specialty_column_type=&#8221;2_3&#8243;][et_pb_text admin_label=&#8221;Otsikko&#8221; _builder_version=&#8221;3.4.1&#8243; text_orientation=&#8221;center&#8221; parent_locked=&#8221;on&#8221;] Ajankohtaista [\/et_pb_text][et_pb_code admin_label=&#8221;Ajankohtaisten listaus&#8221; _builder_version=&#8221;3.17.6&#8243; module_class=&#8221;kaikki_ajankohtaiset&#8221; parent_locked=&#8221;on&#8221;][\/et_pb_code][\/et_pb_column_inner][\/et_pb_row_inner][\/et_pb_column][et_pb_column type=&#8221;1_3&#8243;][et_pb_sidebar _builder_version=&#8221;3.4.1&#8243; area=&#8221;sidebar-1&#8243; module_class=&#8221;sivupalkki_sisalto&#8221; parent_locked=&#8221;on&#8221; \/][\/et_pb_column][\/et_pb_section]\" \/>\n<meta property=\"og:url\" content=\"https:\/\/rotary.fi\/nousiaistenrotaryklubi\/ajankohtaista\/\" \/>\n<meta property=\"og:site_name\" content=\"Nousiaisten Rotaryklubi\" \/>\n<meta property=\"article:modified_time\" content=\"2025-06-24T08:19:29+00:00\" \/>\n<meta name=\"twitter:card\" content=\"summary_large_image\" \/>\n<meta name=\"twitter:label1\" content=\"Arvioitu lukuaika\" \/>\n\t<meta name=\"twitter:data1\" content=\"1 minuutti\" \/>\n<script type=\"application\/ld+json\" class=\"yoast-schema-graph\">{\"@context\":\"https:\/\/schema.org\",\"@graph\":[{\"@type\":\"WebPage\",\"@id\":\"https:\/\/rotary.fi\/nousiaistenrotaryklubi\/ajankohtaista\/\",\"url\":\"https:\/\/rotary.fi\/nousiaistenrotaryklubi\/ajankohtaista\/\",\"name\":\"Ajankohtaista - Nousiaisten Rotaryklubi\",\"isPartOf\":{\"@id\":\"https:\/\/rotary.fi\/nousiaistenrotaryklubi\/#website\"},\"datePublished\":\"2025-06-23T08:00:30+00:00\",\"dateModified\":\"2025-06-24T08:19:29+00:00\",\"breadcrumb\":{\"@id\":\"https:\/\/rotary.fi\/nousiaistenrotaryklubi\/ajankohtaista\/#breadcrumb\"},\"inLanguage\":\"fi\",\"potentialAction\":[{\"@type\":\"ReadAction\",\"target\":[\"https:\/\/rotary.fi\/nousiaistenrotaryklubi\/ajankohtaista\/\"]}]},{\"@type\":\"BreadcrumbList\",\"@id\":\"https:\/\/rotary.fi\/nousiaistenrotaryklubi\/ajankohtaista\/#breadcrumb\",\"itemListElement\":[{\"@type\":\"ListItem\",\"position\":1,\"name\":\"Home\",\"item\":\"https:\/\/rotary.fi\/nousiaistenrotaryklubi\/\"},{\"@type\":\"ListItem\",\"position\":2,\"name\":\"Ajankohtaista\"}]},{\"@type\":\"WebSite\",\"@id\":\"https:\/\/rotary.fi\/nousiaistenrotaryklubi\/#website\",\"url\":\"https:\/\/rotary.fi\/nousiaistenrotaryklubi\/\",\"name\":\"Nousiaisten Rotaryklubi\",\"description\":\"Uusi Rotary klubisivusto\",\"potentialAction\":[{\"@type\":\"SearchAction\",\"target\":{\"@type\":\"EntryPoint\",\"urlTemplate\":\"https:\/\/rotary.fi\/nousiaistenrotaryklubi\/?s={search_term_string}\"},\"query-input\":{\"@type\":\"PropertyValueSpecification\",\"valueRequired\":true,\"valueName\":\"search_term_string\"}}],\"inLanguage\":\"fi\"}]}<\/script>\n<!-- \/ Yoast SEO plugin. -->","yoast_head_json":{"title":"Ajankohtaista - Nousiaisten Rotaryklubi","robots":{"index":"index","follow":"follow","max-snippet":"max-snippet:-1","max-image-preview":"max-image-preview:large","max-video-preview":"max-video-preview:-1"},"canonical":"https:\/\/rotary.fi\/nousiaistenrotaryklubi\/ajankohtaista\/","og_locale":"fi_FI","og_type":"article","og_title":"Ajankohtaista - Nousiaisten Rotaryklubi","og_description":"[et_pb_section bb_built=&#8221;1&#8243; _builder_version=&#8221;3.4.1&#8243; background_image=&#8221;https:\/\/rotary.fi\/wp-content\/uploads\/2018\/02\/paakuva-sisasivu1.jpg&#8221; next_background_color=&#8221;#ffffff&#8221; module_class=&#8221;jumbotron-page&#8221;][et_pb_row][et_pb_column type=&#8221;4_4&#8243;][et_pb_text admin_label=&#8221;P\u00e4\u00e4otsikko&#8221; _builder_version=&#8221;3.4.1&#8243; text_orientation=&#8221;center&#8221; background_layout=&#8221;dark&#8221;] Ajankohtaista [\/et_pb_text][\/et_pb_column][\/et_pb_row][\/et_pb_section][et_pb_section bb_built=&#8221;1&#8243; specialty=&#8221;on&#8221; prev_background_color=&#8221;#000000&#8243; _builder_version=&#8221;3.4.1&#8243; module_class_2=&#8221;sivupalkki&#8221; locked=&#8221;on&#8221;][et_pb_column type=&#8221;2_3&#8243; specialty_columns=&#8221;2&#8243;][et_pb_row_inner admin_label=&#8221;Rivi&#8221; locked=&#8221;on&#8221; parent_locked=&#8221;on&#8221;][et_pb_column_inner type=&#8221;4_4&#8243; saved_specialty_column_type=&#8221;2_3&#8243;][et_pb_text admin_label=&#8221;Otsikko&#8221; _builder_version=&#8221;3.4.1&#8243; text_orientation=&#8221;center&#8221; parent_locked=&#8221;on&#8221;] Ajankohtaista [\/et_pb_text][et_pb_code admin_label=&#8221;Ajankohtaisten listaus&#8221; _builder_version=&#8221;3.17.6&#8243; module_class=&#8221;kaikki_ajankohtaiset&#8221; parent_locked=&#8221;on&#8221;][\/et_pb_code][\/et_pb_column_inner][\/et_pb_row_inner][\/et_pb_column][et_pb_column type=&#8221;1_3&#8243;][et_pb_sidebar _builder_version=&#8221;3.4.1&#8243; area=&#8221;sidebar-1&#8243; module_class=&#8221;sivupalkki_sisalto&#8221; parent_locked=&#8221;on&#8221; \/][\/et_pb_column][\/et_pb_section]","og_url":"https:\/\/rotary.fi\/nousiaistenrotaryklubi\/ajankohtaista\/","og_site_name":"Nousiaisten Rotaryklubi","article_modified_time":"2025-06-24T08:19:29+00:00","twitter_card":"summary_large_image","twitter_misc":{"Arvioitu lukuaika":"1 minuutti"},"schema":{"@context":"https:\/\/schema.org","@graph":[{"@type":"WebPage","@id":"https:\/\/rotary.fi\/nousiaistenrotaryklubi\/ajankohtaista\/","url":"https:\/\/rotary.fi\/nousiaistenrotaryklubi\/ajankohtaista\/","name":"Ajankohtaista - Nousiaisten Rotaryklubi","isPartOf":{"@id":"https:\/\/rotary.fi\/nousiaistenrotaryklubi\/#website"},"datePublished":"2025-06-23T08:00:30+00:00","dateModified":"2025-06-24T08:19:29+00:00","breadcrumb":{"@id":"https:\/\/rotary.fi\/nousiaistenrotaryklubi\/ajankohtaista\/#breadcrumb"},"inLanguage":"fi","potentialAction":[{"@type":"ReadAction","target":["https:\/\/rotary.fi\/nousiaistenrotaryklubi\/ajankohtaista\/"]}]},{"@type":"BreadcrumbList","@id":"https:\/\/rotary.fi\/nousiaistenrotaryklubi\/ajankohtaista\/#breadcrumb","itemListElement":[{"@type":"ListItem","position":1,"name":"Home","item":"https:\/\/rotary.fi\/nousiaistenrotaryklubi\/"},{"@type":"ListItem","position":2,"name":"Ajankohtaista"}]},{"@type":"WebSite","@id":"https:\/\/rotary.fi\/nousiaistenrotaryklubi\/#website","url":"https:\/\/rotary.fi\/nousiaistenrotaryklubi\/","name":"Nousiaisten Rotaryklubi","description":"Uusi Rotary klubisivusto","potentialAction":[{"@type":"SearchAction","target":{"@type":"EntryPoint","urlTemplate":"https:\/\/rotary.fi\/nousiaistenrotaryklubi\/?s={search_term_string}"},"query-input":{"@type":"PropertyValueSpecification","valueRequired":true,"valueName":"search_term_string"}}],"inLanguage":"fi"}]}},"lang":"fi","translations":{"fi":94},"pll_sync_post":[],"_links":{"self":[{"href":"https:\/\/rotary.fi\/nousiaistenrotaryklubi\/wp-json\/wp\/v2\/pages\/94","targetHints":{"allow":["GET"]}}],"collection":[{"href":"https:\/\/rotary.fi\/nousiaistenrotaryklubi\/wp-json\/wp\/v2\/pages"}],"about":[{"href":"https:\/\/rotary.fi\/nousiaistenrotaryklubi\/wp-json\/wp\/v2\/types\/page"}],"author":[{"embeddable":true,"href":"https:\/\/rotary.fi\/nousiaistenrotaryklubi\/wp-json\/wp\/v2\/users\/1"}],"replies":[{"embeddable":true,"href":"https:\/\/rotary.fi\/nousiaistenrotaryklubi\/wp-json\/wp\/v2\/comments?post=94"}],"version-history":[{"count":6,"href":"https:\/\/rotary.fi\/nousiaistenrotaryklubi\/wp-json\/wp\/v2\/pages\/94\/revisions"}],"predecessor-version":[{"id":1332,"href":"https:\/\/rotary.fi\/nousiaistenrotaryklubi\/wp-json\/wp\/v2\/pages\/94\/revisions\/1332"}],"wp:attachment":[{"href":"https:\/\/rotary.fi\/nousiaistenrotaryklubi\/wp-json\/wp\/v2\/media?parent=94"}],"curies":[{"name":"wp","href":"https:\/\/api.w.org\/{rel}","templated":true}]}}