{"id":129,"date":"2018-08-10T13:41:39","date_gmt":"2018-08-10T10:41:39","guid":{"rendered":"https:\/\/rotary.fi\/klubi2\/?page_id=129"},"modified":"2025-03-14T20:30:02","modified_gmt":"2025-03-14T18:30:02","slug":"keita-olemme","status":"publish","type":"page","link":"https:\/\/rotary.fi\/munkkiniemi\/keita-olemme\/","title":{"rendered":"Keit\u00e4 olemme"},"content":{"rendered":"<p>[et_pb_section fb_built=&#8221;1&#8243; module_class=&#8221;jumbotron-page&#8221; _builder_version=&#8221;4.16&#8243; background_image=&#8221;https:\/\/rotary.fi\/munkkiniemi\/wp-content\/uploads\/sites\/131\/2020\/11\/museo_4.jpg&#8221; global_colors_info=&#8221;{}&#8221;][et_pb_row _builder_version=&#8221;4.16&#8243; background_size=&#8221;initial&#8221; background_position=&#8221;top_left&#8221; background_repeat=&#8221;repeat&#8221; global_colors_info=&#8221;{}&#8221;][et_pb_column type=&#8221;4_4&#8243; _builder_version=&#8221;4.16&#8243; custom_padding=&#8221;|||&#8221; global_colors_info=&#8221;{}&#8221; custom_padding__hover=&#8221;|||&#8221;][et_pb_text admin_label=&#8221;P\u00e4\u00e4otsikko&#8221; _builder_version=&#8221;4.16&#8243; text_orientation=&#8221;center&#8221; background_layout=&#8221;dark&#8221; global_colors_info=&#8221;{}&#8221;]<\/p>\n<h1>Keit\u00e4 olemme<\/h1>\n<p>[\/et_pb_text][\/et_pb_column][\/et_pb_row][\/et_pb_section][et_pb_section fb_built=&#8221;1&#8243; specialty=&#8221;on&#8221; module_class_2=&#8221;sivupalkki&#8221; _builder_version=&#8221;4.16&#8243; global_colors_info=&#8221;{}&#8221;][et_pb_column type=&#8221;2_3&#8243; specialty_columns=&#8221;2&#8243; _builder_version=&#8221;4.16&#8243; custom_padding=&#8221;|||&#8221; global_colors_info=&#8221;{}&#8221; custom_padding__hover=&#8221;|||&#8221;][et_pb_row_inner admin_label=&#8221;Rivi&#8221; _builder_version=&#8221;4.16&#8243; global_colors_info=&#8221;{}&#8221;][et_pb_column_inner saved_specialty_column_type=&#8221;2_3&#8243; _builder_version=&#8221;4.16&#8243; custom_padding=&#8221;|||&#8221; global_colors_info=&#8221;{}&#8221; custom_padding__hover=&#8221;|||&#8221;][et_pb_text admin_label=&#8221;Otsikko&#8221; _builder_version=&#8221;4.16&#8243; text_orientation=&#8221;center&#8221; global_colors_info=&#8221;{}&#8221;]<\/p>\n<h1>Keit\u00e4 olemme<\/h1>\n<p>[\/et_pb_text][et_pb_text _builder_version=&#8221;4.16&#8243; global_colors_info=&#8221;{}&#8221; custom_padding=&#8221;28px|||||&#8221;]<\/p>\n<p><span style=\"font-size: 16px\">. Munkkiniemen rotaryklubi on helsinkil\u00e4inen rotaryklubi. Se on<\/span><\/p>\n<p><span style=\"font-size: 16px\"><\/span><\/p>\n<p>&#8211; Hyv\u00e4ntekev\u00e4isyytt\u00e4 ja yhteiskunnallista palvelua toimien sek\u00e4 paikallisesti ett\u00e4 osana isoa rotaryliikkeen verkostoa<\/p>\n<p>&#8211; Yhdess\u00e4olon tuottamista j\u00e4senille laaja-alaisten ja korkeatasoisten alustusten ja keskustelujen merkeiss\u00e4 klubikokouksissa.<\/p>\n<p>Rotary on ep\u00e4poliittinen ja uskontoihin sitoutumaton j\u00e4rjest\u00f6. Se on arvopohjainen kansainv\u00e4linen palvelu- ja hyv\u00e4ntekev\u00e4isyysj\u00e4rjest\u00f6, joka toimii kaikill a mantereilla ja l\u00e4hes kaikissa kulttuureissa. Eri kulttuureja yhdist\u00e4v\u00e4n\u00e4 sill\u00e4 on yksi aatteellinen ydinarvo: palvelu.<\/p>\n<p>&#8211; Palvelu itsekkyyden edelle &#8211; Service Above Self<\/p>\n<p>&#8211; Eniten hy\u00f6tyy se, joka palvelee parhaiten &#8211; One Profits Most Who Serves Best<\/p>\n<p>Munkkiniemen rotaryklubi on 50-vuotias klubi. Nykyisi\u00e4 palveluteht\u00e4vi\u00e4 ovat<\/p>\n<p>&#8211; polioker\u00e4ykseen osallistuminen<\/p>\n<p>&#8211; vuosittainen nuorisovaihto<\/p>\n<p>&#8211; musiikkitoiminta sek\u00e4<\/p>\n<p>&#8211; ymp\u00e4rist\u00f6n hyv\u00e4ksi toimiminen.<\/p>\n<p>&nbsp;<\/p>\n<h4>Miksi rotariksi?<\/h4>\n<p>\u00a0Onhan monia muitakin tapoja osallistua hyv\u00e4ntekev\u00e4isyyteen?<\/p>\n<p>Rotarina olemme osa maailmanlaajuista j\u00e4rjest\u00f6\u00e4, joka pystyy nopeasti vaikuttamaan. Esimerkiksi Ven\u00e4j\u00e4n hy\u00f6k\u00e4tty\u00e4 Ukrainaan apua saatiin l\u00e4htem\u00e4\u00e4n heti sodan sytytty\u00e4 mm. rotarien Disaster Response Fundin kautta: my\u00f6s Ukrainassa on rotareita.<\/p>\n<p>Haluamme tukea nuorisoa. J\u00e4rjest\u00e4mme nuoria Rotaryn kansainv\u00e4liseen nuorisovaihtoon. Meid\u00e4n mielest\u00e4mme nuorisovaihto on mit\u00e4 parhainta ruohonjuuritason kansainv\u00e4listymis- ja rauhankasvatusta.<\/p>\n<p>Yhdess\u00e4 paikallisen musiikkiopiston kanssa j\u00e4rjest\u00e4mme konsertteja ja ker\u00e4\u00e4mme samalla tukea valittuun kohteeseen.<\/p>\n<p>Pid\u00e4mme arvossa kansainv\u00e4lisen Rotary Internationalin ponnisteluja ja j\u00e4rjest\u00f6n arvokasta ty\u00f6t\u00e4 muun muassa polion h\u00e4vitt\u00e4miseksi maapallolta. Pelk\u00e4st\u00e4\u00e4n t\u00e4h\u00e4n ty\u00f6h\u00f6n Rotary on suunnannut runsaasti vapaaehtoisvoimaa sek\u00e4 yli 1,2 miljardia US-dollaria. \u00a0Joka vuosi syntyy noin sata miljoonaa lasta, jotka tarvitsevat rokotteen.<\/p>\n<p>Ymp\u00e4rist\u00f6n ja It\u00e4meren tila sek\u00e4 erityisesti Laajalahden tila ovat huolen aiheitamme. Klubillamme on vastuu ns. vesirepun promovoinnista piirimme alueella. Vesirepussa on v\u00e4lineet l\u00e4hivesist\u00f6jen tutkimiseen. Rotaryklubit voivat ostaa niit\u00e4 kouluille ja ne ovat kouluille ilmaisia.<\/p>\n<p>\u00a0Vesirepun avulla autamme koululaisia ymm\u00e4rt\u00e4m\u00e4\u00e4n, miten tietoa ker\u00e4t\u00e4\u00e4n, miten paikallinen tiedon analyysi tapahtuu ja ker\u00e4tty tieto p\u00e4\u00e4tyy osaksi kokonaisvaltaista analyysi\u00e4 ja toimenpiteit\u00e4. Aina silloin t\u00e4ll\u00f6in, noin 10 vuoden v\u00e4lein Tanskan salmista tuleva suolapulssi nopeuttaa It\u00e4meren suuren altaan puhdistumista, mutta rannoilla vaikutus voi olla p\u00e4invastainen.<\/p>\n<p>It\u00e4meren puhdistaminen kest\u00e4\u00e4 viel\u00e4 kauan. Autamme tiedonkeruussa, kommunikaation ja tietoisuuden lis\u00e4\u00e4misess\u00e4. T\u00e4rke\u00e4 perusty\u00f6 tapahtuu paikallisella tasolla klubien tukemana.\u00a0<\/p>\n<p>&nbsp;<\/p>\n<h4>Vaikuttava kansainv\u00e4linen verkosto<\/h4>\n<p>Rotary on Chicagossa 23.2.1905 perustettu kansainv\u00e4linen palvelu- ja hyv\u00e4ntekev\u00e4isyysorganisaatio. Rotary Internationalin kotipaikka on Evanston, USA:n osavaltiossa Illinoisissa. Tunnuslauseemme on Palvelu itsekkyyden edelle (Service Above Self).<\/p>\n<p>Rotaryyn kuuluu 1,2 miljoona j\u00e4sent\u00e4 35 000 klubissa yli 200 maassa. Rotary on merkitt\u00e4v\u00e4 kansainv\u00e4linen palvelu- ja hyv\u00e4ntekev\u00e4isyysj\u00e4rjest\u00f6. Suomi on jaettu kuuteen rotarypiiriin, joista yhteen kuuluvat my\u00f6s Viron klubit. Suomessa ja Virossa on yhteens\u00e4 300 klubia, joissa runsaat 10\u00a0000 rotaria.<\/p>\n<p>[\/et_pb_text][\/et_pb_column_inner][\/et_pb_row_inner][\/et_pb_column][et_pb_column type=&#8221;1_3&#8243; _builder_version=&#8221;4.16&#8243; custom_padding=&#8221;|||&#8221; global_colors_info=&#8221;{}&#8221; custom_padding__hover=&#8221;|||&#8221;][et_pb_sidebar area=&#8221;sidebar-1&#8243; module_class=&#8221;sivupalkki_sisalto&#8221; _builder_version=&#8221;4.16&#8243; locked=&#8221;on&#8221; global_colors_info=&#8221;{}&#8221;]<\/p>\n<p>[\/et_pb_sidebar][\/et_pb_column][\/et_pb_section]<\/p>\n","protected":false},"excerpt":{"rendered":"<p>Keit\u00e4 olemme Keit\u00e4 olemme . Munkkiniemen rotaryklubi on helsinkil\u00e4inen rotaryklubi. Se on &#8211; Hyv\u00e4ntekev\u00e4isyytt\u00e4 ja yhteiskunnallista palvelua toimien sek\u00e4 paikallisesti ett\u00e4 osana isoa rotaryliikkeen verkostoa &#8211; Yhdess\u00e4olon tuottamista j\u00e4senille laaja-alaisten ja korkeatasoisten alustusten ja keskustelujen merkeiss\u00e4 klubikokouksissa. Rotary on ep\u00e4poliittinen ja uskontoihin sitoutumaton j\u00e4rjest\u00f6. Se on arvopohjainen kansainv\u00e4linen palvelu- ja hyv\u00e4ntekev\u00e4isyysj\u00e4rjest\u00f6, joka toimii kaikill a [&hellip;]<\/p>\n","protected":false},"author":1,"featured_media":0,"parent":0,"menu_order":0,"comment_status":"closed","ping_status":"closed","template":"","meta":{"_acf_changed":false,"_et_pb_use_builder":"on","_et_pb_old_content":"","_et_gb_content_width":"","footnotes":""},"class_list":["post-129","page","type-page","status-publish","hentry"],"acf":[],"yoast_head":"<!-- This site is optimized with the Yoast SEO plugin v27.0 - https:\/\/yoast.com\/product\/yoast-seo-wordpress\/ -->\n<title>Keit\u00e4 olemme - Munkkiniemen Rotaryklubi - Munksn\u00e4s Rotaryklubb<\/title>\n<meta name=\"robots\" content=\"index, follow, max-snippet:-1, max-image-preview:large, max-video-preview:-1\" \/>\n<link rel=\"canonical\" href=\"https:\/\/rotary.fi\/munkkiniemi\/keita-olemme\/\" \/>\n<meta property=\"og:locale\" content=\"fi_FI\" \/>\n<meta property=\"og:type\" content=\"article\" \/>\n<meta property=\"og:title\" content=\"Keit\u00e4 olemme - Munkkiniemen Rotaryklubi - Munksn\u00e4s Rotaryklubb\" \/>\n<meta property=\"og:description\" content=\"Keit\u00e4 olemme Keit\u00e4 olemme . Munkkiniemen rotaryklubi on helsinkil\u00e4inen rotaryklubi. Se on - Hyv\u00e4ntekev\u00e4isyytt\u00e4 ja yhteiskunnallista palvelua toimien sek\u00e4 paikallisesti ett\u00e4 osana isoa rotaryliikkeen verkostoa - Yhdess\u00e4olon tuottamista j\u00e4senille laaja-alaisten ja korkeatasoisten alustusten ja keskustelujen merkeiss\u00e4 klubikokouksissa. Rotary on ep\u00e4poliittinen ja uskontoihin sitoutumaton j\u00e4rjest\u00f6. Se on arvopohjainen kansainv\u00e4linen palvelu- ja hyv\u00e4ntekev\u00e4isyysj\u00e4rjest\u00f6, joka toimii kaikill a [&hellip;]\" \/>\n<meta property=\"og:url\" content=\"https:\/\/rotary.fi\/munkkiniemi\/keita-olemme\/\" \/>\n<meta property=\"og:site_name\" content=\"Munkkiniemen Rotaryklubi - Munksn\u00e4s Rotaryklubb\" \/>\n<meta property=\"article:modified_time\" content=\"2025-03-14T18:30:02+00:00\" \/>\n<meta name=\"twitter:card\" content=\"summary_large_image\" \/>\n<meta name=\"twitter:label1\" content=\"Arvioitu lukuaika\" \/>\n\t<meta name=\"twitter:data1\" content=\"3 minuuttia\" \/>\n<script type=\"application\/ld+json\" class=\"yoast-schema-graph\">{\"@context\":\"https:\/\/schema.org\",\"@graph\":[{\"@type\":\"WebPage\",\"@id\":\"https:\/\/rotary.fi\/munkkiniemi\/keita-olemme\/\",\"url\":\"https:\/\/rotary.fi\/munkkiniemi\/keita-olemme\/\",\"name\":\"Keit\u00e4 olemme - Munkkiniemen Rotaryklubi - Munksn\u00e4s Rotaryklubb\",\"isPartOf\":{\"@id\":\"https:\/\/rotary.fi\/munkkiniemi\/#website\"},\"datePublished\":\"2018-08-10T10:41:39+00:00\",\"dateModified\":\"2025-03-14T18:30:02+00:00\",\"breadcrumb\":{\"@id\":\"https:\/\/rotary.fi\/munkkiniemi\/keita-olemme\/#breadcrumb\"},\"inLanguage\":\"fi\",\"potentialAction\":[{\"@type\":\"ReadAction\",\"target\":[\"https:\/\/rotary.fi\/munkkiniemi\/keita-olemme\/\"]}]},{\"@type\":\"BreadcrumbList\",\"@id\":\"https:\/\/rotary.fi\/munkkiniemi\/keita-olemme\/#breadcrumb\",\"itemListElement\":[{\"@type\":\"ListItem\",\"position\":1,\"name\":\"Home\",\"item\":\"https:\/\/rotary.fi\/munkkiniemi\/\"},{\"@type\":\"ListItem\",\"position\":2,\"name\":\"Keit\u00e4 olemme\"}]},{\"@type\":\"WebSite\",\"@id\":\"https:\/\/rotary.fi\/munkkiniemi\/#website\",\"url\":\"https:\/\/rotary.fi\/munkkiniemi\/\",\"name\":\"Munkkiniemen Rotaryklubi - Munksn\u00e4s Rotaryklubb\",\"description\":\"Uusi Rotary klubisivusto\",\"potentialAction\":[{\"@type\":\"SearchAction\",\"target\":{\"@type\":\"EntryPoint\",\"urlTemplate\":\"https:\/\/rotary.fi\/munkkiniemi\/?s={search_term_string}\"},\"query-input\":{\"@type\":\"PropertyValueSpecification\",\"valueRequired\":true,\"valueName\":\"search_term_string\"}}],\"inLanguage\":\"fi\"}]}<\/script>\n<!-- \/ Yoast SEO plugin. -->","yoast_head_json":{"title":"Keit\u00e4 olemme - Munkkiniemen Rotaryklubi - Munksn\u00e4s Rotaryklubb","robots":{"index":"index","follow":"follow","max-snippet":"max-snippet:-1","max-image-preview":"max-image-preview:large","max-video-preview":"max-video-preview:-1"},"canonical":"https:\/\/rotary.fi\/munkkiniemi\/keita-olemme\/","og_locale":"fi_FI","og_type":"article","og_title":"Keit\u00e4 olemme - Munkkiniemen Rotaryklubi - Munksn\u00e4s Rotaryklubb","og_description":"Keit\u00e4 olemme Keit\u00e4 olemme . Munkkiniemen rotaryklubi on helsinkil\u00e4inen rotaryklubi. Se on - Hyv\u00e4ntekev\u00e4isyytt\u00e4 ja yhteiskunnallista palvelua toimien sek\u00e4 paikallisesti ett\u00e4 osana isoa rotaryliikkeen verkostoa - Yhdess\u00e4olon tuottamista j\u00e4senille laaja-alaisten ja korkeatasoisten alustusten ja keskustelujen merkeiss\u00e4 klubikokouksissa. Rotary on ep\u00e4poliittinen ja uskontoihin sitoutumaton j\u00e4rjest\u00f6. Se on arvopohjainen kansainv\u00e4linen palvelu- ja hyv\u00e4ntekev\u00e4isyysj\u00e4rjest\u00f6, joka toimii kaikill a [&hellip;]","og_url":"https:\/\/rotary.fi\/munkkiniemi\/keita-olemme\/","og_site_name":"Munkkiniemen Rotaryklubi - Munksn\u00e4s Rotaryklubb","article_modified_time":"2025-03-14T18:30:02+00:00","twitter_card":"summary_large_image","twitter_misc":{"Arvioitu lukuaika":"3 minuuttia"},"schema":{"@context":"https:\/\/schema.org","@graph":[{"@type":"WebPage","@id":"https:\/\/rotary.fi\/munkkiniemi\/keita-olemme\/","url":"https:\/\/rotary.fi\/munkkiniemi\/keita-olemme\/","name":"Keit\u00e4 olemme - Munkkiniemen Rotaryklubi - Munksn\u00e4s Rotaryklubb","isPartOf":{"@id":"https:\/\/rotary.fi\/munkkiniemi\/#website"},"datePublished":"2018-08-10T10:41:39+00:00","dateModified":"2025-03-14T18:30:02+00:00","breadcrumb":{"@id":"https:\/\/rotary.fi\/munkkiniemi\/keita-olemme\/#breadcrumb"},"inLanguage":"fi","potentialAction":[{"@type":"ReadAction","target":["https:\/\/rotary.fi\/munkkiniemi\/keita-olemme\/"]}]},{"@type":"BreadcrumbList","@id":"https:\/\/rotary.fi\/munkkiniemi\/keita-olemme\/#breadcrumb","itemListElement":[{"@type":"ListItem","position":1,"name":"Home","item":"https:\/\/rotary.fi\/munkkiniemi\/"},{"@type":"ListItem","position":2,"name":"Keit\u00e4 olemme"}]},{"@type":"WebSite","@id":"https:\/\/rotary.fi\/munkkiniemi\/#website","url":"https:\/\/rotary.fi\/munkkiniemi\/","name":"Munkkiniemen Rotaryklubi - Munksn\u00e4s Rotaryklubb","description":"Uusi Rotary klubisivusto","potentialAction":[{"@type":"SearchAction","target":{"@type":"EntryPoint","urlTemplate":"https:\/\/rotary.fi\/munkkiniemi\/?s={search_term_string}"},"query-input":{"@type":"PropertyValueSpecification","valueRequired":true,"valueName":"search_term_string"}}],"inLanguage":"fi"}]}},"lang":"fi","translations":{"fi":129},"pll_sync_post":[],"_links":{"self":[{"href":"https:\/\/rotary.fi\/munkkiniemi\/wp-json\/wp\/v2\/pages\/129","targetHints":{"allow":["GET"]}}],"collection":[{"href":"https:\/\/rotary.fi\/munkkiniemi\/wp-json\/wp\/v2\/pages"}],"about":[{"href":"https:\/\/rotary.fi\/munkkiniemi\/wp-json\/wp\/v2\/types\/page"}],"author":[{"embeddable":true,"href":"https:\/\/rotary.fi\/munkkiniemi\/wp-json\/wp\/v2\/users\/1"}],"replies":[{"embeddable":true,"href":"https:\/\/rotary.fi\/munkkiniemi\/wp-json\/wp\/v2\/comments?post=129"}],"version-history":[{"count":10,"href":"https:\/\/rotary.fi\/munkkiniemi\/wp-json\/wp\/v2\/pages\/129\/revisions"}],"predecessor-version":[{"id":2146,"href":"https:\/\/rotary.fi\/munkkiniemi\/wp-json\/wp\/v2\/pages\/129\/revisions\/2146"}],"wp:attachment":[{"href":"https:\/\/rotary.fi\/munkkiniemi\/wp-json\/wp\/v2\/media?parent=129"}],"curies":[{"name":"wp","href":"https:\/\/api.w.org\/{rel}","templated":true}]}}