{"id":160,"date":"2018-08-13T09:49:16","date_gmt":"2018-08-13T06:49:16","guid":{"rendered":"https:\/\/rotary.fi\/mikkeli\/?page_id=160"},"modified":"2025-10-01T16:37:38","modified_gmt":"2025-10-01T13:37:38","slug":"projektit","status":"publish","type":"page","link":"https:\/\/rotary.fi\/mikkeli\/toiminta\/projektit\/","title":{"rendered":"Projektit"},"content":{"rendered":"\n[et_pb_section fb_built=&#8221;1&#8243; module_class=&#8221;jumbotron-page&#8221; _builder_version=&#8221;4.16&#8243; background_image=&#8221;https:\/\/rotary.fi\/mikkeli\/wp-content\/uploads\/sites\/217\/2018\/10\/rotary_klubit_alasivu_paakuva_15.jpg&#8221; global_colors_info=&#8221;{}&#8221;][et_pb_row _builder_version=&#8221;4.17.4&#8243; background_size=&#8221;initial&#8221; background_position=&#8221;top_left&#8221; background_repeat=&#8221;repeat&#8221; global_colors_info=&#8221;{}&#8221;][et_pb_column type=&#8221;4_4&#8243; _builder_version=&#8221;4.16&#8243; custom_padding=&#8221;|||&#8221; global_colors_info=&#8221;{}&#8221; custom_padding__hover=&#8221;|||&#8221;][et_pb_text admin_label=&#8221;P\u00e4\u00e4otsikko&#8221; _builder_version=&#8221;4.17.4&#8243; text_orientation=&#8221;center&#8221; background_layout=&#8221;dark&#8221; global_colors_info=&#8221;{}&#8221;]<h1>Projektit<\/h1>[\/et_pb_text][\/et_pb_column][\/et_pb_row][\/et_pb_section][et_pb_section fb_built=&#8221;1&#8243; specialty=&#8221;on&#8221; module_class_2=&#8221;sivupalkki&#8221; _builder_version=&#8221;4.16&#8243; global_colors_info=&#8221;{}&#8221;][et_pb_column type=&#8221;2_3&#8243; specialty_columns=&#8221;2&#8243; _builder_version=&#8221;4.16&#8243; custom_padding=&#8221;|||&#8221; global_colors_info=&#8221;{}&#8221; custom_padding__hover=&#8221;|||&#8221;][et_pb_row_inner admin_label=&#8221;Rivi&#8221; _builder_version=&#8221;4.16&#8243; global_colors_info=&#8221;{}&#8221;][et_pb_column_inner saved_specialty_column_type=&#8221;2_3&#8243; _builder_version=&#8221;4.16&#8243; custom_padding=&#8221;|||&#8221; global_colors_info=&#8221;{}&#8221; custom_padding__hover=&#8221;|||&#8221;][et_pb_text admin_label=&#8221;Otsikko&#8221; _builder_version=&#8221;4.17.3&#8243; text_orientation=&#8221;center&#8221; global_colors_info=&#8221;{}&#8221;]<h1>Projektit<\/h1>[\/et_pb_text][et_pb_code _builder_version=&#8221;4.27.4&#8243; _module_preset=&#8221;default&#8221; global_colors_info=&#8221;{}&#8221;]<ul class=\"display-posts-listing\"><li class=\"listing-item\"><a class=\"title\" href=\"https:\/\/rotary.fi\/mikkeli\/project\/vesiprojekti-2025-2028\/\">Vesiprojekti 2025-2028<\/a> <span class=\"date\">18.9. 2025<\/span><\/li><\/ul>[\/et_pb_code][et_pb_text _builder_version=&#8221;4.27.4&#8243; global_colors_info=&#8221;{}&#8221;]<p>&nbsp;<\/p>\n<p><strong>\u00a0 \u00a0Vesiprojekti 2025 &#8211; 2028<\/strong><\/p>\n<p><img loading=\"lazy\" decoding=\"async\" src=\"https:\/\/rotary.fi\/mikkeli\/wp-content\/uploads\/sites\/217\/2025\/09\/img-2649-300x225.jpg\" width=\"422\" height=\"316\" alt=\"\" class=\"wp-image-2050 alignnone size-medium\" \/><\/p>\n<p>Mikkelin Rotaryklubit yhdess\u00e4 Mikkelin koulutoimen kanssa toteuttavat kolmivuotisen Vesiprojekti 2025 &#8211; 2028.\u00a0 Projektin tukee koulujen ymp\u00e4rist\u00f6kasvatusta, monialaista opetusta ja oppilaiden kokemusper\u00e4ist\u00e4 oppimista.<\/p>\n<p>Projektiin osallistuu yli 1000 oppilasta Mikkelin yl\u00e4- ja yhten\u00e4iskoulujen\u00a0 7. &#8211; 9. -luokilta.<\/p>\n<p>Projektin osa-alueet:<\/p>\n<p>1. LUENNOT, joissa kerrotaan puhtaan makean veden tilanteesta globaalisti ja Suomessa, uppopuiden merkityksest\u00e4 veden puhdistajina ja diversiteetin lis\u00e4\u00e4jin\u00e4, mikromuovista vesist\u00f6iss\u00e4mme, siit\u00e4 miten oppilas itse voi vaikuttaa omilla valinnoillaan veden puhtauteen ja puhtaan makean veden riitt\u00e4vyyteen sek\u00e4 j\u00e4tevesien puhdistamisesta.<\/p>\n<p>Asiantuntijoina: kehitysp\u00e4\u00e4llikk\u00f6 Kari-Matti Vuori (Syke), projektip\u00e4\u00e4llikk\u00f6 Pauliina Kuukka ja projekti-insin\u00f6\u00f6ri Aki Mykk\u00e4nen (Xamk) sek\u00e4 vesilaitoksen johtaja Jarkko Laitinen ja vesihuoltop\u00e4\u00e4llikk\u00f6 Reijo Turkki (Mikkelin vesilaitos)<\/p>\n<p>2. VEDEN LAADUN JA POHJAEL\u00c4INTEN TUTKIMINEN<\/p>\n<p>Oppilaat tutkivat koulujen l\u00e4hivesien laatua, Rotaryn lahjoittamia Vesireppuja (<a href=\"http:\/\/www.vesireppu.com\">www.vesireppu.com<\/a>) hy\u00f6dynt\u00e4en, ja pohjael\u00e4imi\u00e4 sek\u00e4 tunnistavat rantakasveja.<\/p>\n<p>3. KUUSTEN UPOTUS<\/p>\n<p>Oppilaat osallistuvat kuusten upotuksiin kuolujensa l\u00e4hij\u00e4rviin.<\/p>\n<p>4. RAPORTOINTI<\/p>\n<p>Oppilaiden tekemien veden laadun tutkimusten tulokset raportoidaan Suomen ymp\u00e4rist\u00f6keskukseen. Oppilaat tekev\u00e4t ryhm\u00e4ty\u00f6t kokemastaan ja oppimastaan.\u00a0 Ryhm\u00e4ty\u00f6t esitet\u00e4\u00e4n Rotaryklubien yhteisess\u00e4 kokouksessa.<\/p>\n<p>Yhteity\u00f6kumppanit:\u00a0<\/p>\n<p>Mikkelin kaupunki, Suomen ymp\u00e4rist\u00f6keskus, Xamk:n tutkimuslaboratorio, Esedun mets\u00e4koulu, Mikkelin vesilaitos, Urpolan Luontokeskus, Anttolan ja Ristiinan VPK:t ja kuusten upotusalueiden osakaskunnat<\/p>\n<p>Sponsorit:<\/p>\n<p>\u00a0Rotarys\u00e4\u00e4ti\u00f6, L\u00e4hiTapiola Savo-Karjala,\u00a0 Suur-Savon S\u00e4hk\u00f6 oy, Suur-Savon OP, Casemet Oy, ESE-Energia Oy, Safety Awareness Finland Oy, K-Rauta Ristiina<\/p>\n<p>LIS\u00c4\u00c4 VESPROJEKTI 2025-2028 YLL\u00c4 OLEVASTA LINKIST\u00c4<\/p>\n<p>&nbsp;<\/p>\n<p>&nbsp;<\/p>\n<p><strong><\/strong><\/p>\n<p><strong>Puhdasvesi -projekti<\/strong><\/p>\n<p><img loading=\"lazy\" decoding=\"async\" class=\"wp-image-1696 alignnone size-full\" src=\"https:\/\/rotary.fi\/mikkeli\/wp-content\/uploads\/sites\/217\/2022\/01\/puhdasvesi-naytteen-otto.jpg\" alt=\"\" width=\"424\" height=\"318\" srcset=\"https:\/\/rotary.fi\/mikkeli\/wp-content\/uploads\/sites\/217\/2022\/01\/puhdasvesi-naytteen-otto.jpg 424w, https:\/\/rotary.fi\/mikkeli\/wp-content\/uploads\/sites\/217\/2022\/01\/puhdasvesi-naytteen-otto-300x225.jpg 300w\" sizes=\"(max-width: 424px) 100vw, 424px\" \/><\/p>\n<p>Yliopisto LUT, J\u00e4rvimaailma Oy Saimaarium, Carlson Oy, Palvelutukku It\u00e4-Suomi, Mikkelin Vesilaitos ja Rotarys\u00e4\u00e4ti\u00f6.<\/p>\n<p>Projektissa klubimme on mahdollistanut 3 X 45 minuutin luentosarjan, jossa luennoitsijat kertoivat oppilaille veden merkityksest\u00e4, sen nykytilasta, milt\u00e4 tulevaisuus n\u00e4ytt\u00e4\u00e4 puhtaan veden riitt\u00e4vyyden suhteen ja miten haasteet kohdataan.<\/p>\n<p>Projektin tutkimuksellisessa osiossa Urheilupuiston 9D -luokan oppilaat tekiv\u00e4t vesitutkimuksen Mikkelin l\u00e4hivesist\u00e4 klubimme lahjoittamia Vesireppuja ( www.vesireppu.com) hy\u00f6dynt\u00e4en. Tarkemmat tutkimuksia l\u00e4hilampien ja Saimaan l\u00e4hivesist\u00e4 oppilaat tekiv\u00e4t Lappeenrannan yliopiston Mikkelin Vihre\u00e4n kemian laboratoriossa yliopisto-opettajan johdolla.<\/p>\n<p>Oppilaat laativat tutkimuksestaan PowerPoint esityksen, jonka luokan oppilaat k\u00e4viv\u00e4t esittelem\u00e4ss\u00e4 syyskuun lopulla 2021 klubimme viikkokokouksessa.<\/p>\n<p><strong>J\u00e4rven Joulu<\/strong><\/p>\n<p><img loading=\"lazy\" decoding=\"async\" class=\"alignnone wp-image-1851 size-medium\" src=\"https:\/\/rotary.fi\/mikkeli\/wp-content\/uploads\/sites\/217\/2022\/06\/21-jarven-joulu-270322-p3270028-kopio-300x238.jpg\" alt=\"\" width=\"455\" height=\"361\" \/><\/p>\n<p>Klubimme osallistuu Mikkeli Naisvuori Rotaryklubin , Ristiinaan Rotaryklubin ja Lappeenranta Saimaa Rotaryklubin sek\u00e4 J\u00e4rvimaailma Oy Saimaariumin kanssa Ymp\u00e4rist\u00f6 ja Tiedekasvatuksen Tuki ry:n J\u00e4rven Joulu hankkeeseen, jossa kotitalouksista pois heitettyj\u00e4 joulukuusia upotetaan Saimaaseen turoiksi ja biopuhdistamoiksi. Turot ovat ikiaikainen tapa houkutella kaloja pyydyksiin. Tutkimus on hiljattain osoittanut, ett\u00e4 uppopuilla voidaan my\u00f6s tehostaa vesien luontaista puhdistumista sek\u00e4 kala- ett\u00e4 raputuotantoa. Ilmasto- ja luontobonuksena on, ett\u00e4 uppopuu muodostaa pitk\u00e4kestoisen hiilivaraston ja elinymp\u00e4rist\u00f6n monimuotoiselle eli\u00f6st\u00f6lle.<\/p>\n<p style=\"padding-left: 80px\"><a href=\"https:\/\/rotary.fi\/mikkeli\/toiminta\/projektit\/jarven-joulu\/\"><strong>Lue lis\u00e4\u00e4 J\u00e4rven Joulusta<\/strong><\/a><\/p>\n<p><strong>Lahjakortteja Ukrainan pakolaisille<\/strong><\/p>\n<p><img loading=\"lazy\" decoding=\"async\" class=\"wp-image-1853 alignnone size-medium\" src=\"https:\/\/rotary.fi\/mikkeli\/wp-content\/uploads\/sites\/217\/2022\/06\/img-20220421-155839-2-300x225.jpg\" alt=\"\" width=\"456\" height=\"342\" \/><\/p>\n<p>Ukrainan sodan takia yli 5,5 miljoonaa ukrainalaista on joutunut pakenemaan sotaa muihin Euroopan maihin. Mikkelin Rotaryklubi yhdess\u00e4 Mikkeli Naisvuoren Rotaryklubin ja Rotarypiiri 1430:n kanssa toteuttivat hankkeen, jossa lahjoitettiin lahjakortteja Mikkelin alueelle saapuneille Ukrainan pakolaisille. Lahjakorteilla voi hankkia elintarvikkeita ja hygienia tuotteita mikkelil\u00e4isist\u00e4 elintarvikekaupoista. Mikkelin ortodoksinen kirkko toimitti lahjakortit apua tarvitseville.<\/p>\n<p><strong>Jalka jalattomalle -projekti<\/strong><\/p>\n<p><img loading=\"lazy\" decoding=\"async\" class=\"wp-image-1854 alignnone size-medium\" src=\"https:\/\/rotary.fi\/mikkeli\/wp-content\/uploads\/sites\/217\/2022\/06\/jalka-jalattomalle-300x169.png\" alt=\"\" width=\"456\" height=\"257\" \/><\/p>\n<p>Klubimme osallistuu Rotarypiirin D1430 Jalka jalattomalle -projektiin, jossa annetaan proteeseja henkil\u00f6ille , erityisesti naisille ja lapsille, jotka ovat menett\u00e4neet jalkansa joko kokonaan tai osittain sairauksien tai tapaturmien vuoksi ja kuuluvat taloudellisesti heikommassa asemassa kuuluviin perheisiin. Hanke antaa edunsaajille mahdollisuuden el\u00e4\u00e4 ihmisarvoista el\u00e4m\u00e4\u00e4 ja olla omavarainen. hankkeen tavoitteena on my\u00f6s tarjota tulkikelpoisille edunsaajille ammattitaitokoulutusta ja toimeentulomahdollisuuksia, jotta he voivat s\u00e4ilytt\u00e4\u00e4 itsen\u00e4isyytens\u00e4.<\/p>\n<p>Hanke toteutetaan Intian Kolkatassa yhteisty\u00f6ss\u00e4 paikallisen lahjoituksilla toimivan, ilmaisia terveyspalveluja tarjoavan Mahavir Seva Sadanin ja Rotarys\u00e4\u00e4ti\u00f6n kanssa.<\/p>\n<p><strong>Saimaa projekti<\/strong><\/p>\n<p><img loading=\"lazy\" decoding=\"async\" class=\"wp-image-1635 alignnone size-medium\" src=\"https:\/\/rotary.fi\/mikkeli\/wp-content\/uploads\/sites\/217\/2022\/01\/006-joutsenemo-ja-poikaset-aterialla-250716-2p3a5557-edit-kopio-2-300x182.jpg\" alt=\"\" width=\"458\" height=\"278\" \/><\/p>\n<p>Klubimme osallistuu Rotarypiiri D1430 Saimaa projektiin, joka on rotareiden 2019 k\u00e4ynnist\u00e4m\u00e4 yhteinen ymp\u00e4rist\u00f6hanke puhtaamman ja paremman Saimaan hyv\u00e4ksi. Saimaan vesist\u00f6 on Euroopan suurin makean veden allas, jonka puhtauden ja alkuper\u00e4isyyden haluamme yhteisty\u00f6kumppaniemme kanssa s\u00e4ilytt\u00e4\u00e4 tuleville polville.<\/p>\n<p><strong>End Polio Now<\/strong><\/p>\n<p><img loading=\"lazy\" decoding=\"async\" class=\"wp-image-1693 alignnone size-medium\" src=\"https:\/\/rotary.fi\/mikkeli\/wp-content\/uploads\/sites\/217\/2022\/01\/home-causes-diseasew-720-300x300.jpg\" alt=\"\" width=\"465\" height=\"465\" \/><\/p>\n<p>Klubimme osallistuu Rotarys\u00e4\u00e4ti\u00f6lle tekemiens\u00e4 lahjoitusten kautta S\u00e4\u00e4ti\u00f6n kansainv\u00e4lisiin projekteihin, joista keskeisin on End Polio Now.<\/p>\n<p>Rotarit aloittivat 1985 ty\u00f6n Polio-sairauden poistamiseksi maailmasta. Vuonna 1985 polioon sairastui maailmassa yli 350000 lasta vuosittain, nyt en\u00e4\u00e4 muutamia kymmeni\u00e4 lapsia Pakistanissa ja Afganistanissa. Rotarien mukana Polio -projektissa ovat mm. Bill ja Melinda Gatesin s\u00e4\u00e4ti\u00f6, Maailman terveysj\u00e4rjest\u00f6 WHO, EU, YK ja useat valtiot mm. USA Kanada ja Suomi. Rotarit ja yhteisty\u00f6kumppanit ovat sitoutuneet lopulliseen polion h\u00e4vitt\u00e4miseen. Klubimme on tukenut Polion h\u00e4vitt\u00e4miskampanjaa Rotarys\u00e4\u00e4ti\u00f6n kautta vuosittain lahjoituksin.<\/p>[\/et_pb_text][\/et_pb_column_inner][\/et_pb_row_inner][\/et_pb_column][et_pb_column type=&#8221;1_3&#8243; _builder_version=&#8221;4.16&#8243; custom_padding=&#8221;|||&#8221; global_colors_info=&#8221;{}&#8221; custom_padding__hover=&#8221;|||&#8221;][et_pb_sidebar area=&#8221;sidebar-1&#8243; module_class=&#8221;sivupalkki_sisalto&#8221; _builder_version=&#8221;4.16&#8243; locked=&#8221;on&#8221; global_colors_info=&#8221;{}&#8221;]\r[\/et_pb_sidebar][\/et_pb_column][\/et_pb_section]\n","protected":false},"excerpt":{"rendered":"<p>Mikkelin Rotaryklubit (Mikkelin RK, Mikkeli-Naisvuoren RK, Ristiinan RK) yhdess\u00e4 Mikkelin koulutoimen kanssa toteuttavat kolmivuotisen Vesiprojekti 2025 -2028. Projektilla tuetaan koulujen ymp\u00e4rist\u00f6kasvatusta, monialaista opetusta ja oppilaitten kokemusper\u00e4ist\u00e4 oppimista. Tavoitteena on lis\u00e4t\u00e4 oppilaiden puhtaan makean veden tiet\u00e4myst\u00e4 ja vastuullistaa nuoret huolehtimaan ymp\u00e4rist\u00f6st\u00e4. Projektiin osallistuu kolmen vuoden aikana yli 1000 Mikkelin yl\u00e4- ja yhten\u00e4iskoulujen 7. -9. luokkien oppilasta. [&hellip;]<\/p>\n","protected":false},"author":1,"featured_media":0,"parent":156,"menu_order":0,"comment_status":"closed","ping_status":"closed","template":"","meta":{"_acf_changed":false,"_et_pb_use_builder":"on","_et_pb_old_content":"","_et_gb_content_width":"","footnotes":""},"class_list":["post-160","page","type-page","status-publish","hentry"],"acf":[],"yoast_head":"<!-- This site is optimized with the Yoast SEO plugin v27.0 - https:\/\/yoast.com\/product\/yoast-seo-wordpress\/ -->\n<title>Projektit - Mikkelin Rotaryklubi<\/title>\n<meta name=\"robots\" content=\"index, follow, max-snippet:-1, max-image-preview:large, max-video-preview:-1\" \/>\n<link rel=\"canonical\" href=\"https:\/\/rotary.fi\/mikkeli\/toiminta\/projektit\/\" \/>\n<meta property=\"og:locale\" content=\"fi_FI\" \/>\n<meta property=\"og:type\" content=\"article\" \/>\n<meta property=\"og:title\" content=\"Projektit - Mikkelin Rotaryklubi\" \/>\n<meta property=\"og:description\" content=\"Mikkelin Rotaryklubit (Mikkelin RK, Mikkeli-Naisvuoren RK, Ristiinan RK) yhdess\u00e4 Mikkelin koulutoimen kanssa toteuttavat kolmivuotisen Vesiprojekti 2025 -2028. Projektilla tuetaan koulujen ymp\u00e4rist\u00f6kasvatusta, monialaista opetusta ja oppilaitten kokemusper\u00e4ist\u00e4 oppimista. Tavoitteena on lis\u00e4t\u00e4 oppilaiden puhtaan makean veden tiet\u00e4myst\u00e4 ja vastuullistaa nuoret huolehtimaan ymp\u00e4rist\u00f6st\u00e4. Projektiin osallistuu kolmen vuoden aikana yli 1000 Mikkelin yl\u00e4- ja yhten\u00e4iskoulujen 7. -9. luokkien oppilasta. [&hellip;]\" \/>\n<meta property=\"og:url\" content=\"https:\/\/rotary.fi\/mikkeli\/toiminta\/projektit\/\" \/>\n<meta property=\"og:site_name\" content=\"Mikkelin Rotaryklubi\" \/>\n<meta property=\"article:modified_time\" content=\"2025-10-01T13:37:38+00:00\" \/>\n<meta property=\"og:image\" content=\"https:\/\/rotary.fi\/mikkeli\/wp-content\/uploads\/sites\/217\/2025\/09\/img-2649.jpg\" \/>\n\t<meta property=\"og:image:width\" content=\"2048\" \/>\n\t<meta property=\"og:image:height\" content=\"1536\" \/>\n\t<meta property=\"og:image:type\" content=\"image\/jpeg\" \/>\n<meta name=\"twitter:card\" content=\"summary_large_image\" \/>\n<meta name=\"twitter:label1\" content=\"Arvioitu lukuaika\" \/>\n\t<meta name=\"twitter:data1\" content=\"6 minuuttia\" \/>\n<script type=\"application\/ld+json\" class=\"yoast-schema-graph\">{\"@context\":\"https:\/\/schema.org\",\"@graph\":[{\"@type\":\"WebPage\",\"@id\":\"https:\/\/rotary.fi\/mikkeli\/toiminta\/projektit\/\",\"url\":\"https:\/\/rotary.fi\/mikkeli\/toiminta\/projektit\/\",\"name\":\"Projektit - Mikkelin Rotaryklubi\",\"isPartOf\":{\"@id\":\"https:\/\/rotary.fi\/mikkeli\/#website\"},\"primaryImageOfPage\":{\"@id\":\"https:\/\/rotary.fi\/mikkeli\/toiminta\/projektit\/#primaryimage\"},\"image\":{\"@id\":\"https:\/\/rotary.fi\/mikkeli\/toiminta\/projektit\/#primaryimage\"},\"thumbnailUrl\":\"https:\/\/rotary.fi\/mikkeli\/wp-content\/uploads\/sites\/217\/2025\/09\/img-2649-300x225.jpg\",\"datePublished\":\"2018-08-13T06:49:16+00:00\",\"dateModified\":\"2025-10-01T13:37:38+00:00\",\"breadcrumb\":{\"@id\":\"https:\/\/rotary.fi\/mikkeli\/toiminta\/projektit\/#breadcrumb\"},\"inLanguage\":\"fi\",\"potentialAction\":[{\"@type\":\"ReadAction\",\"target\":[\"https:\/\/rotary.fi\/mikkeli\/toiminta\/projektit\/\"]}]},{\"@type\":\"ImageObject\",\"inLanguage\":\"fi\",\"@id\":\"https:\/\/rotary.fi\/mikkeli\/toiminta\/projektit\/#primaryimage\",\"url\":\"https:\/\/rotary.fi\/mikkeli\/wp-content\/uploads\/sites\/217\/2025\/09\/img-2649.jpg\",\"contentUrl\":\"https:\/\/rotary.fi\/mikkeli\/wp-content\/uploads\/sites\/217\/2025\/09\/img-2649.jpg\",\"width\":2048,\"height\":1536},{\"@type\":\"BreadcrumbList\",\"@id\":\"https:\/\/rotary.fi\/mikkeli\/toiminta\/projektit\/#breadcrumb\",\"itemListElement\":[{\"@type\":\"ListItem\",\"position\":1,\"name\":\"Home\",\"item\":\"https:\/\/rotary.fi\/mikkeli\/\"},{\"@type\":\"ListItem\",\"position\":2,\"name\":\"Toiminta\",\"item\":\"https:\/\/rotary.fi\/mikkeli\/toiminta\/\"},{\"@type\":\"ListItem\",\"position\":3,\"name\":\"Projektit\"}]},{\"@type\":\"WebSite\",\"@id\":\"https:\/\/rotary.fi\/mikkeli\/#website\",\"url\":\"https:\/\/rotary.fi\/mikkeli\/\",\"name\":\"Mikkelin Rotaryklubi\",\"description\":\"Uusi Rotary klubisivusto\",\"potentialAction\":[{\"@type\":\"SearchAction\",\"target\":{\"@type\":\"EntryPoint\",\"urlTemplate\":\"https:\/\/rotary.fi\/mikkeli\/?s={search_term_string}\"},\"query-input\":{\"@type\":\"PropertyValueSpecification\",\"valueRequired\":true,\"valueName\":\"search_term_string\"}}],\"inLanguage\":\"fi\"}]}<\/script>\n<!-- \/ Yoast SEO plugin. -->","yoast_head_json":{"title":"Projektit - Mikkelin Rotaryklubi","robots":{"index":"index","follow":"follow","max-snippet":"max-snippet:-1","max-image-preview":"max-image-preview:large","max-video-preview":"max-video-preview:-1"},"canonical":"https:\/\/rotary.fi\/mikkeli\/toiminta\/projektit\/","og_locale":"fi_FI","og_type":"article","og_title":"Projektit - Mikkelin Rotaryklubi","og_description":"Mikkelin Rotaryklubit (Mikkelin RK, Mikkeli-Naisvuoren RK, Ristiinan RK) yhdess\u00e4 Mikkelin koulutoimen kanssa toteuttavat kolmivuotisen Vesiprojekti 2025 -2028. Projektilla tuetaan koulujen ymp\u00e4rist\u00f6kasvatusta, monialaista opetusta ja oppilaitten kokemusper\u00e4ist\u00e4 oppimista. Tavoitteena on lis\u00e4t\u00e4 oppilaiden puhtaan makean veden tiet\u00e4myst\u00e4 ja vastuullistaa nuoret huolehtimaan ymp\u00e4rist\u00f6st\u00e4. Projektiin osallistuu kolmen vuoden aikana yli 1000 Mikkelin yl\u00e4- ja yhten\u00e4iskoulujen 7. -9. luokkien oppilasta. [&hellip;]","og_url":"https:\/\/rotary.fi\/mikkeli\/toiminta\/projektit\/","og_site_name":"Mikkelin Rotaryklubi","article_modified_time":"2025-10-01T13:37:38+00:00","og_image":[{"width":2048,"height":1536,"url":"https:\/\/rotary.fi\/mikkeli\/wp-content\/uploads\/sites\/217\/2025\/09\/img-2649.jpg","type":"image\/jpeg"}],"twitter_card":"summary_large_image","twitter_misc":{"Arvioitu lukuaika":"6 minuuttia"},"schema":{"@context":"https:\/\/schema.org","@graph":[{"@type":"WebPage","@id":"https:\/\/rotary.fi\/mikkeli\/toiminta\/projektit\/","url":"https:\/\/rotary.fi\/mikkeli\/toiminta\/projektit\/","name":"Projektit - Mikkelin Rotaryklubi","isPartOf":{"@id":"https:\/\/rotary.fi\/mikkeli\/#website"},"primaryImageOfPage":{"@id":"https:\/\/rotary.fi\/mikkeli\/toiminta\/projektit\/#primaryimage"},"image":{"@id":"https:\/\/rotary.fi\/mikkeli\/toiminta\/projektit\/#primaryimage"},"thumbnailUrl":"https:\/\/rotary.fi\/mikkeli\/wp-content\/uploads\/sites\/217\/2025\/09\/img-2649-300x225.jpg","datePublished":"2018-08-13T06:49:16+00:00","dateModified":"2025-10-01T13:37:38+00:00","breadcrumb":{"@id":"https:\/\/rotary.fi\/mikkeli\/toiminta\/projektit\/#breadcrumb"},"inLanguage":"fi","potentialAction":[{"@type":"ReadAction","target":["https:\/\/rotary.fi\/mikkeli\/toiminta\/projektit\/"]}]},{"@type":"ImageObject","inLanguage":"fi","@id":"https:\/\/rotary.fi\/mikkeli\/toiminta\/projektit\/#primaryimage","url":"https:\/\/rotary.fi\/mikkeli\/wp-content\/uploads\/sites\/217\/2025\/09\/img-2649.jpg","contentUrl":"https:\/\/rotary.fi\/mikkeli\/wp-content\/uploads\/sites\/217\/2025\/09\/img-2649.jpg","width":2048,"height":1536},{"@type":"BreadcrumbList","@id":"https:\/\/rotary.fi\/mikkeli\/toiminta\/projektit\/#breadcrumb","itemListElement":[{"@type":"ListItem","position":1,"name":"Home","item":"https:\/\/rotary.fi\/mikkeli\/"},{"@type":"ListItem","position":2,"name":"Toiminta","item":"https:\/\/rotary.fi\/mikkeli\/toiminta\/"},{"@type":"ListItem","position":3,"name":"Projektit"}]},{"@type":"WebSite","@id":"https:\/\/rotary.fi\/mikkeli\/#website","url":"https:\/\/rotary.fi\/mikkeli\/","name":"Mikkelin Rotaryklubi","description":"Uusi Rotary klubisivusto","potentialAction":[{"@type":"SearchAction","target":{"@type":"EntryPoint","urlTemplate":"https:\/\/rotary.fi\/mikkeli\/?s={search_term_string}"},"query-input":{"@type":"PropertyValueSpecification","valueRequired":true,"valueName":"search_term_string"}}],"inLanguage":"fi"}]}},"lang":"fi","translations":{"fi":160},"pll_sync_post":[],"_links":{"self":[{"href":"https:\/\/rotary.fi\/mikkeli\/wp-json\/wp\/v2\/pages\/160","targetHints":{"allow":["GET"]}}],"collection":[{"href":"https:\/\/rotary.fi\/mikkeli\/wp-json\/wp\/v2\/pages"}],"about":[{"href":"https:\/\/rotary.fi\/mikkeli\/wp-json\/wp\/v2\/types\/page"}],"author":[{"embeddable":true,"href":"https:\/\/rotary.fi\/mikkeli\/wp-json\/wp\/v2\/users\/1"}],"replies":[{"embeddable":true,"href":"https:\/\/rotary.fi\/mikkeli\/wp-json\/wp\/v2\/comments?post=160"}],"version-history":[{"count":10,"href":"https:\/\/rotary.fi\/mikkeli\/wp-json\/wp\/v2\/pages\/160\/revisions"}],"predecessor-version":[{"id":2081,"href":"https:\/\/rotary.fi\/mikkeli\/wp-json\/wp\/v2\/pages\/160\/revisions\/2081"}],"up":[{"embeddable":true,"href":"https:\/\/rotary.fi\/mikkeli\/wp-json\/wp\/v2\/pages\/156"}],"wp:attachment":[{"href":"https:\/\/rotary.fi\/mikkeli\/wp-json\/wp\/v2\/media?parent=160"}],"curies":[{"name":"wp","href":"https:\/\/api.w.org\/{rel}","templated":true}]}}