{"id":15,"date":"2018-08-08T14:36:36","date_gmt":"2018-08-08T11:36:36","guid":{"rendered":"https:\/\/rotary.fi\/klubi2\/?page_id=15"},"modified":"2023-12-04T19:17:07","modified_gmt":"2023-12-04T17:17:07","slug":"etusivu","status":"publish","type":"page","link":"https:\/\/rotary.fi\/meripori\/","title":{"rendered":"Etusivu"},"content":{"rendered":"<p>Meri-Porin Rotaryklubi on aktiivinen porilainen rotaryklubi. Pyrimme kokoontumaan joka toinen viikko p\u00e4iv\u00e4lliskokoukseen klo 17.00-19.00 Virk\u00edstyshotelli Yyteriin tapaamaan toisiamme, kuulemaan kiinnostavia esitelmi\u00e4 ja edist\u00e4m\u00e4\u00e4n hyv\u00e4\u00e4 omalla paikkakunnallamme. Teemme my\u00f6s yritysvierailuja mahdollisuuksien mukaan erilaisissa yrityksiss\u00e4. l\u00e4hell\u00e4 ja v\u00e4h\u00e4n kauempanakin. Tuemme kansainv\u00e4lisen Rotaryn humanitaarisia projekteja, osallistumme nuorisovaihtoon ja edist\u00e4mme l\u00e4hiseudun hyvinvointia.<\/p>\n","protected":false},"excerpt":{"rendered":"<p>Meri-Porin Rotaryklubi on aktiivinen porilainen rotaryklubi. Pyrimme kokoontumaan joka toinen viikko p\u00e4iv\u00e4lliskokoukseen klo 17.00-19.00 Virk\u00edstyshotelli Yyteriin tapaamaan toisiamme, kuulemaan kiinnostavia esitelmi\u00e4 ja edist\u00e4m\u00e4\u00e4n hyv\u00e4\u00e4 omalla paikkakunnallamme. Teemme my\u00f6s yritysvierailuja mahdollisuuksien mukaan erilaisissa yrityksiss\u00e4. l\u00e4hell\u00e4 ja v\u00e4h\u00e4n kauempanakin. Tuemme kansainv\u00e4lisen Rotaryn humanitaarisia projekteja, osallistumme nuorisovaihtoon ja edist\u00e4mme l\u00e4hiseudun hyvinvointia.<\/p>\n","protected":false},"author":1,"featured_media":0,"parent":0,"menu_order":0,"comment_status":"closed","ping_status":"closed","template":"","meta":{"_acf_changed":false,"_et_pb_use_builder":"off","_et_pb_old_content":"","_et_gb_content_width":"","footnotes":""},"class_list":["post-15","page","type-page","status-publish","hentry"],"acf":[],"yoast_head":"<!-- This site is optimized with the Yoast SEO plugin v27.4 - https:\/\/yoast.com\/product\/yoast-seo-wordpress\/ -->\n<title>Etusivu - Meri-Porin Rotaryklubi<\/title>\n<meta name=\"robots\" content=\"index, follow, max-snippet:-1, max-image-preview:large, max-video-preview:-1\" \/>\n<link rel=\"canonical\" href=\"https:\/\/rotary.fi\/meripori\/\" \/>\n<meta property=\"og:locale\" content=\"fi_FI\" \/>\n<meta property=\"og:type\" content=\"article\" \/>\n<meta property=\"og:title\" content=\"Etusivu - Meri-Porin Rotaryklubi\" \/>\n<meta property=\"og:description\" content=\"Meri-Porin Rotaryklubi on aktiivinen porilainen rotaryklubi. Pyrimme kokoontumaan joka toinen viikko p\u00e4iv\u00e4lliskokoukseen klo 17.00-19.00 Virk\u00edstyshotelli Yyteriin tapaamaan toisiamme, kuulemaan kiinnostavia esitelmi\u00e4 ja edist\u00e4m\u00e4\u00e4n hyv\u00e4\u00e4 omalla paikkakunnallamme. Teemme my\u00f6s yritysvierailuja mahdollisuuksien mukaan erilaisissa yrityksiss\u00e4. l\u00e4hell\u00e4 ja v\u00e4h\u00e4n kauempanakin. Tuemme kansainv\u00e4lisen Rotaryn humanitaarisia projekteja, osallistumme nuorisovaihtoon ja edist\u00e4mme l\u00e4hiseudun hyvinvointia.\" \/>\n<meta property=\"og:url\" content=\"https:\/\/rotary.fi\/meripori\/\" \/>\n<meta property=\"og:site_name\" content=\"Meri-Porin Rotaryklubi\" \/>\n<meta property=\"article:modified_time\" content=\"2023-12-04T17:17:07+00:00\" \/>\n<meta name=\"twitter:card\" content=\"summary_large_image\" \/>\n<meta name=\"twitter:label1\" content=\"Arvioitu lukuaika\" \/>\n\t<meta name=\"twitter:data1\" content=\"1 minuutti\" \/>\n<script type=\"application\/ld+json\" class=\"yoast-schema-graph\">{\"@context\":\"https:\\\/\\\/schema.org\",\"@graph\":[{\"@type\":\"WebPage\",\"@id\":\"https:\\\/\\\/rotary.fi\\\/meripori\\\/\",\"url\":\"https:\\\/\\\/rotary.fi\\\/meripori\\\/\",\"name\":\"Etusivu - Meri-Porin Rotaryklubi\",\"isPartOf\":{\"@id\":\"https:\\\/\\\/rotary.fi\\\/meripori\\\/#website\"},\"datePublished\":\"2018-08-08T11:36:36+00:00\",\"dateModified\":\"2023-12-04T17:17:07+00:00\",\"breadcrumb\":{\"@id\":\"https:\\\/\\\/rotary.fi\\\/meripori\\\/#breadcrumb\"},\"inLanguage\":\"fi\",\"potentialAction\":[{\"@type\":\"ReadAction\",\"target\":[\"https:\\\/\\\/rotary.fi\\\/meripori\\\/\"]}]},{\"@type\":\"BreadcrumbList\",\"@id\":\"https:\\\/\\\/rotary.fi\\\/meripori\\\/#breadcrumb\",\"itemListElement\":[{\"@type\":\"ListItem\",\"position\":1,\"name\":\"Home\",\"item\":\"https:\\\/\\\/rotary.fi\\\/meripori\\\/\"},{\"@type\":\"ListItem\",\"position\":2,\"name\":\"Etusivu\"}]},{\"@type\":\"WebSite\",\"@id\":\"https:\\\/\\\/rotary.fi\\\/meripori\\\/#website\",\"url\":\"https:\\\/\\\/rotary.fi\\\/meripori\\\/\",\"name\":\"Meri-Porin Rotaryklubi\",\"description\":\"Uusi Rotary klubisivusto\",\"potentialAction\":[{\"@type\":\"SearchAction\",\"target\":{\"@type\":\"EntryPoint\",\"urlTemplate\":\"https:\\\/\\\/rotary.fi\\\/meripori\\\/?s={search_term_string}\"},\"query-input\":{\"@type\":\"PropertyValueSpecification\",\"valueRequired\":true,\"valueName\":\"search_term_string\"}}],\"inLanguage\":\"fi\"}]}<\/script>\n<!-- \/ Yoast SEO plugin. -->","yoast_head_json":{"title":"Etusivu - Meri-Porin Rotaryklubi","robots":{"index":"index","follow":"follow","max-snippet":"max-snippet:-1","max-image-preview":"max-image-preview:large","max-video-preview":"max-video-preview:-1"},"canonical":"https:\/\/rotary.fi\/meripori\/","og_locale":"fi_FI","og_type":"article","og_title":"Etusivu - Meri-Porin Rotaryklubi","og_description":"Meri-Porin Rotaryklubi on aktiivinen porilainen rotaryklubi. Pyrimme kokoontumaan joka toinen viikko p\u00e4iv\u00e4lliskokoukseen klo 17.00-19.00 Virk\u00edstyshotelli Yyteriin tapaamaan toisiamme, kuulemaan kiinnostavia esitelmi\u00e4 ja edist\u00e4m\u00e4\u00e4n hyv\u00e4\u00e4 omalla paikkakunnallamme. Teemme my\u00f6s yritysvierailuja mahdollisuuksien mukaan erilaisissa yrityksiss\u00e4. l\u00e4hell\u00e4 ja v\u00e4h\u00e4n kauempanakin. Tuemme kansainv\u00e4lisen Rotaryn humanitaarisia projekteja, osallistumme nuorisovaihtoon ja edist\u00e4mme l\u00e4hiseudun hyvinvointia.","og_url":"https:\/\/rotary.fi\/meripori\/","og_site_name":"Meri-Porin Rotaryklubi","article_modified_time":"2023-12-04T17:17:07+00:00","twitter_card":"summary_large_image","twitter_misc":{"Arvioitu lukuaika":"1 minuutti"},"schema":{"@context":"https:\/\/schema.org","@graph":[{"@type":"WebPage","@id":"https:\/\/rotary.fi\/meripori\/","url":"https:\/\/rotary.fi\/meripori\/","name":"Etusivu - Meri-Porin Rotaryklubi","isPartOf":{"@id":"https:\/\/rotary.fi\/meripori\/#website"},"datePublished":"2018-08-08T11:36:36+00:00","dateModified":"2023-12-04T17:17:07+00:00","breadcrumb":{"@id":"https:\/\/rotary.fi\/meripori\/#breadcrumb"},"inLanguage":"fi","potentialAction":[{"@type":"ReadAction","target":["https:\/\/rotary.fi\/meripori\/"]}]},{"@type":"BreadcrumbList","@id":"https:\/\/rotary.fi\/meripori\/#breadcrumb","itemListElement":[{"@type":"ListItem","position":1,"name":"Home","item":"https:\/\/rotary.fi\/meripori\/"},{"@type":"ListItem","position":2,"name":"Etusivu"}]},{"@type":"WebSite","@id":"https:\/\/rotary.fi\/meripori\/#website","url":"https:\/\/rotary.fi\/meripori\/","name":"Meri-Porin Rotaryklubi","description":"Uusi Rotary klubisivusto","potentialAction":[{"@type":"SearchAction","target":{"@type":"EntryPoint","urlTemplate":"https:\/\/rotary.fi\/meripori\/?s={search_term_string}"},"query-input":{"@type":"PropertyValueSpecification","valueRequired":true,"valueName":"search_term_string"}}],"inLanguage":"fi"}]}},"lang":"fi","translations":{"fi":15,"sv":1557},"pll_sync_post":[],"_links":{"self":[{"href":"https:\/\/rotary.fi\/meripori\/wp-json\/wp\/v2\/pages\/15","targetHints":{"allow":["GET"]}}],"collection":[{"href":"https:\/\/rotary.fi\/meripori\/wp-json\/wp\/v2\/pages"}],"about":[{"href":"https:\/\/rotary.fi\/meripori\/wp-json\/wp\/v2\/types\/page"}],"author":[{"embeddable":true,"href":"https:\/\/rotary.fi\/meripori\/wp-json\/wp\/v2\/users\/1"}],"replies":[{"embeddable":true,"href":"https:\/\/rotary.fi\/meripori\/wp-json\/wp\/v2\/comments?post=15"}],"version-history":[{"count":10,"href":"https:\/\/rotary.fi\/meripori\/wp-json\/wp\/v2\/pages\/15\/revisions"}],"predecessor-version":[{"id":2196,"href":"https:\/\/rotary.fi\/meripori\/wp-json\/wp\/v2\/pages\/15\/revisions\/2196"}],"wp:attachment":[{"href":"https:\/\/rotary.fi\/meripori\/wp-json\/wp\/v2\/media?parent=15"}],"curies":[{"name":"wp","href":"https:\/\/api.w.org\/{rel}","templated":true}]}}