{"id":129,"date":"2018-08-10T13:41:39","date_gmt":"2018-08-10T10:41:39","guid":{"rendered":"https:\/\/rotary.fi\/klubi2\/?page_id=129"},"modified":"2022-05-23T15:40:59","modified_gmt":"2022-05-23T12:40:59","slug":"keita-olemme","status":"publish","type":"page","link":"https:\/\/rotary.fi\/merinaantali\/keita-olemme\/","title":{"rendered":"Keit\u00e4 olemme"},"content":{"rendered":"<p>Meri-Naantalin Rotaryklubi on aktiivinen Naantalissa toimiva<br \/>\nrotaryklubi. Tapaamme toisiamme, kuulemme kiinnostavia esitelmi\u00e4,<br \/>\nkeskustelemme ja teemme hyv\u00e4\u00e4 paikkakunnallamme. K\u00e4ymme my\u00f6s<br \/>\nvierailemassa erilaisissa kohteissa ja tuemme kansainv\u00e4lisen Rotaryn<br \/>\nhumanitaarisia projekteja, osallistumme vuosittain Rotaryn<br \/>\nkansainv\u00e4liseen nuorisovaihtoon ja edist\u00e4mme l\u00e4hiseudun hyvinvointia .<br \/>\nOsallistumme my\u00f6s Rotary piirin yhteisiin projekteihin kuten ty\u00f6h\u00f6n<br \/>\nSaaristomeren suojelemiseksi.<\/p>\n<p>Klubimme on perustettu 7.1.1980. Kummiklubimme on Naantalin Rotaryklubi.<br \/>\nKlubissamme on yli 40 j\u00e4sent\u00e4 &#8211; Rotaryn periaatteiden mukaisesti eri<br \/>\nik\u00e4- ja ammattiryhmi\u00e4 edustavia naisia ja miehi\u00e4.<\/p>\n","protected":false},"excerpt":{"rendered":"<p>Meri-Naantalin Rotaryklubi on aktiivinen Naantalissa toimiva rotaryklubi. Tapaamme toisiamme, kuulemme kiinnostavia esitelmi\u00e4, keskustelemme ja teemme hyv\u00e4\u00e4 paikkakunnallamme. K\u00e4ymme my\u00f6s vierailemassa erilaisissa kohteissa ja tuemme kansainv\u00e4lisen Rotaryn humanitaarisia projekteja, osallistumme vuosittain Rotaryn kansainv\u00e4liseen nuorisovaihtoon ja edist\u00e4mme l\u00e4hiseudun hyvinvointia . Osallistumme my\u00f6s Rotary piirin yhteisiin projekteihin kuten ty\u00f6h\u00f6n Saaristomeren suojelemiseksi. Klubimme on perustettu 7.1.1980. Kummiklubimme on Naantalin [&hellip;]<\/p>\n","protected":false},"author":1,"featured_media":0,"parent":0,"menu_order":0,"comment_status":"closed","ping_status":"closed","template":"","meta":{"_acf_changed":false,"_et_pb_use_builder":"off","_et_pb_old_content":"","_et_gb_content_width":"","footnotes":""},"class_list":["post-129","page","type-page","status-publish","hentry"],"acf":[],"yoast_head":"<!-- This site is optimized with the Yoast SEO plugin v27.0 - https:\/\/yoast.com\/product\/yoast-seo-wordpress\/ -->\n<title>Keit\u00e4 olemme - Meri-Naantalin Rotaryklubi<\/title>\n<meta name=\"robots\" content=\"index, follow, max-snippet:-1, max-image-preview:large, max-video-preview:-1\" \/>\n<link rel=\"canonical\" href=\"https:\/\/rotary.fi\/merinaantali\/keita-olemme\/\" \/>\n<meta property=\"og:locale\" content=\"fi_FI\" \/>\n<meta property=\"og:type\" content=\"article\" \/>\n<meta property=\"og:title\" content=\"Keit\u00e4 olemme - Meri-Naantalin Rotaryklubi\" \/>\n<meta property=\"og:description\" content=\"Meri-Naantalin Rotaryklubi on aktiivinen Naantalissa toimiva rotaryklubi. Tapaamme toisiamme, kuulemme kiinnostavia esitelmi\u00e4, keskustelemme ja teemme hyv\u00e4\u00e4 paikkakunnallamme. K\u00e4ymme my\u00f6s vierailemassa erilaisissa kohteissa ja tuemme kansainv\u00e4lisen Rotaryn humanitaarisia projekteja, osallistumme vuosittain Rotaryn kansainv\u00e4liseen nuorisovaihtoon ja edist\u00e4mme l\u00e4hiseudun hyvinvointia . Osallistumme my\u00f6s Rotary piirin yhteisiin projekteihin kuten ty\u00f6h\u00f6n Saaristomeren suojelemiseksi. Klubimme on perustettu 7.1.1980. Kummiklubimme on Naantalin [&hellip;]\" \/>\n<meta property=\"og:url\" content=\"https:\/\/rotary.fi\/merinaantali\/keita-olemme\/\" \/>\n<meta property=\"og:site_name\" content=\"Meri-Naantalin Rotaryklubi\" \/>\n<meta property=\"article:modified_time\" content=\"2022-05-23T12:40:59+00:00\" \/>\n<meta name=\"twitter:card\" content=\"summary_large_image\" \/>\n<meta name=\"twitter:label1\" content=\"Arvioitu lukuaika\" \/>\n\t<meta name=\"twitter:data1\" content=\"1 minuutti\" \/>\n<script type=\"application\/ld+json\" class=\"yoast-schema-graph\">{\"@context\":\"https:\/\/schema.org\",\"@graph\":[{\"@type\":\"WebPage\",\"@id\":\"https:\/\/rotary.fi\/merinaantali\/keita-olemme\/\",\"url\":\"https:\/\/rotary.fi\/merinaantali\/keita-olemme\/\",\"name\":\"Keit\u00e4 olemme - Meri-Naantalin Rotaryklubi\",\"isPartOf\":{\"@id\":\"https:\/\/rotary.fi\/merinaantali\/#website\"},\"datePublished\":\"2018-08-10T10:41:39+00:00\",\"dateModified\":\"2022-05-23T12:40:59+00:00\",\"breadcrumb\":{\"@id\":\"https:\/\/rotary.fi\/merinaantali\/keita-olemme\/#breadcrumb\"},\"inLanguage\":\"fi\",\"potentialAction\":[{\"@type\":\"ReadAction\",\"target\":[\"https:\/\/rotary.fi\/merinaantali\/keita-olemme\/\"]}]},{\"@type\":\"BreadcrumbList\",\"@id\":\"https:\/\/rotary.fi\/merinaantali\/keita-olemme\/#breadcrumb\",\"itemListElement\":[{\"@type\":\"ListItem\",\"position\":1,\"name\":\"Home\",\"item\":\"https:\/\/rotary.fi\/merinaantali\/\"},{\"@type\":\"ListItem\",\"position\":2,\"name\":\"Keit\u00e4 olemme\"}]},{\"@type\":\"WebSite\",\"@id\":\"https:\/\/rotary.fi\/merinaantali\/#website\",\"url\":\"https:\/\/rotary.fi\/merinaantali\/\",\"name\":\"Meri-Naantalin Rotaryklubi\",\"description\":\"Uusi Rotary klubisivusto\",\"potentialAction\":[{\"@type\":\"SearchAction\",\"target\":{\"@type\":\"EntryPoint\",\"urlTemplate\":\"https:\/\/rotary.fi\/merinaantali\/?s={search_term_string}\"},\"query-input\":{\"@type\":\"PropertyValueSpecification\",\"valueRequired\":true,\"valueName\":\"search_term_string\"}}],\"inLanguage\":\"fi\"}]}<\/script>\n<!-- \/ Yoast SEO plugin. -->","yoast_head_json":{"title":"Keit\u00e4 olemme - Meri-Naantalin Rotaryklubi","robots":{"index":"index","follow":"follow","max-snippet":"max-snippet:-1","max-image-preview":"max-image-preview:large","max-video-preview":"max-video-preview:-1"},"canonical":"https:\/\/rotary.fi\/merinaantali\/keita-olemme\/","og_locale":"fi_FI","og_type":"article","og_title":"Keit\u00e4 olemme - Meri-Naantalin Rotaryklubi","og_description":"Meri-Naantalin Rotaryklubi on aktiivinen Naantalissa toimiva rotaryklubi. Tapaamme toisiamme, kuulemme kiinnostavia esitelmi\u00e4, keskustelemme ja teemme hyv\u00e4\u00e4 paikkakunnallamme. K\u00e4ymme my\u00f6s vierailemassa erilaisissa kohteissa ja tuemme kansainv\u00e4lisen Rotaryn humanitaarisia projekteja, osallistumme vuosittain Rotaryn kansainv\u00e4liseen nuorisovaihtoon ja edist\u00e4mme l\u00e4hiseudun hyvinvointia . Osallistumme my\u00f6s Rotary piirin yhteisiin projekteihin kuten ty\u00f6h\u00f6n Saaristomeren suojelemiseksi. Klubimme on perustettu 7.1.1980. Kummiklubimme on Naantalin [&hellip;]","og_url":"https:\/\/rotary.fi\/merinaantali\/keita-olemme\/","og_site_name":"Meri-Naantalin Rotaryklubi","article_modified_time":"2022-05-23T12:40:59+00:00","twitter_card":"summary_large_image","twitter_misc":{"Arvioitu lukuaika":"1 minuutti"},"schema":{"@context":"https:\/\/schema.org","@graph":[{"@type":"WebPage","@id":"https:\/\/rotary.fi\/merinaantali\/keita-olemme\/","url":"https:\/\/rotary.fi\/merinaantali\/keita-olemme\/","name":"Keit\u00e4 olemme - Meri-Naantalin Rotaryklubi","isPartOf":{"@id":"https:\/\/rotary.fi\/merinaantali\/#website"},"datePublished":"2018-08-10T10:41:39+00:00","dateModified":"2022-05-23T12:40:59+00:00","breadcrumb":{"@id":"https:\/\/rotary.fi\/merinaantali\/keita-olemme\/#breadcrumb"},"inLanguage":"fi","potentialAction":[{"@type":"ReadAction","target":["https:\/\/rotary.fi\/merinaantali\/keita-olemme\/"]}]},{"@type":"BreadcrumbList","@id":"https:\/\/rotary.fi\/merinaantali\/keita-olemme\/#breadcrumb","itemListElement":[{"@type":"ListItem","position":1,"name":"Home","item":"https:\/\/rotary.fi\/merinaantali\/"},{"@type":"ListItem","position":2,"name":"Keit\u00e4 olemme"}]},{"@type":"WebSite","@id":"https:\/\/rotary.fi\/merinaantali\/#website","url":"https:\/\/rotary.fi\/merinaantali\/","name":"Meri-Naantalin Rotaryklubi","description":"Uusi Rotary klubisivusto","potentialAction":[{"@type":"SearchAction","target":{"@type":"EntryPoint","urlTemplate":"https:\/\/rotary.fi\/merinaantali\/?s={search_term_string}"},"query-input":{"@type":"PropertyValueSpecification","valueRequired":true,"valueName":"search_term_string"}}],"inLanguage":"fi"}]}},"lang":"fi","translations":{"fi":129},"pll_sync_post":[],"_links":{"self":[{"href":"https:\/\/rotary.fi\/merinaantali\/wp-json\/wp\/v2\/pages\/129","targetHints":{"allow":["GET"]}}],"collection":[{"href":"https:\/\/rotary.fi\/merinaantali\/wp-json\/wp\/v2\/pages"}],"about":[{"href":"https:\/\/rotary.fi\/merinaantali\/wp-json\/wp\/v2\/types\/page"}],"author":[{"embeddable":true,"href":"https:\/\/rotary.fi\/merinaantali\/wp-json\/wp\/v2\/users\/1"}],"replies":[{"embeddable":true,"href":"https:\/\/rotary.fi\/merinaantali\/wp-json\/wp\/v2\/comments?post=129"}],"version-history":[{"count":11,"href":"https:\/\/rotary.fi\/merinaantali\/wp-json\/wp\/v2\/pages\/129\/revisions"}],"predecessor-version":[{"id":1735,"href":"https:\/\/rotary.fi\/merinaantali\/wp-json\/wp\/v2\/pages\/129\/revisions\/1735"}],"wp:attachment":[{"href":"https:\/\/rotary.fi\/merinaantali\/wp-json\/wp\/v2\/media?parent=129"}],"curies":[{"name":"wp","href":"https:\/\/api.w.org\/{rel}","templated":true}]}}