{"id":129,"date":"2018-08-10T13:41:39","date_gmt":"2018-08-10T10:41:39","guid":{"rendered":"https:\/\/rotary.fi\/klubi2\/?page_id=129"},"modified":"2023-10-24T10:50:41","modified_gmt":"2023-10-24T07:50:41","slug":"keita-olemme","status":"publish","type":"page","link":"https:\/\/rotary.fi\/meriespoo\/keita-olemme\/","title":{"rendered":"Keit\u00e4 olemme"},"content":{"rendered":"<p>[et_pb_section fb_built=&#8221;1&#8243; module_class=&#8221;jumbotron-page&#8221; _builder_version=&#8221;4.21.0&#8243; background_image=&#8221;https:\/\/rotary.fi\/meriespoo\/wp-content\/uploads\/sites\/228\/2023\/06\/2023-06-12-vaihtokokous-1920.jpg&#8221; global_colors_info=&#8221;{}&#8221;][et_pb_row _builder_version=&#8221;4.21.0&#8243; background_size=&#8221;initial&#8221; background_position=&#8221;top_left&#8221; background_repeat=&#8221;repeat&#8221; global_colors_info=&#8221;{}&#8221;][et_pb_column type=&#8221;4_4&#8243; _builder_version=&#8221;4.21.0&#8243; background_enable_image=&#8221;off&#8221; custom_padding=&#8221;|||&#8221; global_colors_info=&#8221;{}&#8221; custom_padding__hover=&#8221;|||&#8221;][et_pb_text admin_label=&#8221;P\u00e4\u00e4otsikko &#8211; keit\u00e4 olemme&#8221; _builder_version=&#8221;4.21.0&#8243; background_enable_image=&#8221;off&#8221; text_orientation=&#8221;center&#8221; background_layout=&#8221;dark&#8221; global_colors_info=&#8221;{}&#8221;]<\/p>\n<p>&nbsp;<\/p>\n<h1>Keit\u00e4 olemme<\/h1>\n<p>[\/et_pb_text][\/et_pb_column][\/et_pb_row][\/et_pb_section][et_pb_section fb_built=&#8221;1&#8243; specialty=&#8221;on&#8221; module_class_2=&#8221;sivupalkki&#8221; _builder_version=&#8221;4.16&#8243; global_colors_info=&#8221;{}&#8221;][et_pb_column type=&#8221;2_3&#8243; specialty_columns=&#8221;2&#8243; _builder_version=&#8221;4.16&#8243; custom_padding=&#8221;|||&#8221; global_colors_info=&#8221;{}&#8221; custom_padding__hover=&#8221;|||&#8221;][et_pb_row_inner admin_label=&#8221;Rivi&#8221; _builder_version=&#8221;4.16&#8243; global_colors_info=&#8221;{}&#8221;][et_pb_column_inner saved_specialty_column_type=&#8221;2_3&#8243; _builder_version=&#8221;4.16&#8243; custom_padding=&#8221;|||&#8221; global_colors_info=&#8221;{}&#8221; custom_padding__hover=&#8221;|||&#8221;][et_pb_text admin_label=&#8221;Otsikko &#8211; teemme hyv\u00e4\u00e4 &#8230;&#8221; _builder_version=&#8221;4.16&#8243; text_orientation=&#8221;center&#8221; global_colors_info=&#8221;{}&#8221;]<\/p>\n<h1 style=\"text-align: left\">Teemme hyv\u00e4\u00e4 samanhenkisten vaikuttajien kanssa<\/h1>\n<p>&nbsp;<\/p>\n<p>[\/et_pb_text][et_pb_text _builder_version=&#8221;4.22.1&#8243; hover_enabled=&#8221;0&#8243; global_colors_info=&#8221;{}&#8221; sticky_enabled=&#8221;0&#8243;]<\/p>\n<p>Meri-Espoon Rotaryklubi on aktiivinen espoolainen rotaryklubi. Kokoonnumme joka tiistai iltakokoukseen klo 17.30 &#8211; 18.00 kuulemaan kiinnostavia esitelmi\u00e4 yhteiskunnan eri sektoreilta ja edist\u00e4m\u00e4\u00e4n hyv\u00e4\u00e4 omalla paikkakunnallamme ja maailmanlaajuisesti.<br \/>\n&nbsp;<br \/>\nMeri-Espoon Rotaryklubi aloitti toiminnan kev\u00e4\u00e4ll\u00e4 2023, kun Espoo Meri Rotaryklubi sulautui Kanta-Espoon Rotaryklubiin. Yhdistymisen yhteydess\u00e4 vuodesta 1971 toimineen Kanta-Espoon Rotaryklubin nimi vaihdettiin ja seuraavalle, hein\u00e4kuun alussa alkavalle rotaryvuodelle suunniteltiin uusi toimintasuunnitelma ja valittiin uudet toimihenkil\u00f6t.<\/p>\n<p>Klubissamme on noin 50 j\u00e4sent\u00e4. Olemme osa <a href=\"https:\/\/rotary.fi\/d1420\/\">Rotary-piiri\u00e4 1420.\u00a0<\/a><br \/>\n&nbsp;<\/p>\n<h4>Haluamme vaikuttaa ajankohtaisiin haasteisiin<\/h4>\n<p>Toimimme Rotaryj\u00e4rjest\u00f6n Palvelu itsekkyyden edelle -hengess\u00e4, mik\u00e4 merkitsee pyrkimyst\u00e4 hyviin asioihin ja vaikuttamista my\u00f6nteiseen kehitt\u00e4miseen.<\/p>\n<p>Haluamme vaikuttaa ajankohtaisiin haasteisiin. Osallistumme Rotaryn nuorisovaihtotoimintaan, l\u00e4hialueiden kehitt\u00e4miseen kuten It\u00e4meren suojeluun ja Rotaryj\u00e4rjest\u00f6n kansainv\u00e4lisiin humanitaarisiin projekteihin.<\/p>\n<p>&nbsp;<\/p>\n<h4>Olemme osa kansainv\u00e4list\u00e4 verkostoa<\/h4>\n<p>[\/et_pb_text][\/et_pb_column_inner][\/et_pb_row_inner][et_pb_row_inner column_structure=&#8221;1_2,1_2&#8243; _builder_version=&#8221;4.21.0&#8243; _module_preset=&#8221;default&#8221; global_colors_info=&#8221;{}&#8221;][et_pb_column_inner type=&#8221;1_2&#8243; saved_specialty_column_type=&#8221;2_3&#8243; _builder_version=&#8221;4.21.0&#8243; _module_preset=&#8221;default&#8221; global_colors_info=&#8221;{}&#8221;][et_pb_image src=&#8221;https:\/\/rotary.fi\/meriespoo\/wp-content\/uploads\/sites\/228\/2023\/06\/ratas.jpg&#8221; title_text=&#8221;ratas&#8221; align=&#8221;center&#8221; _builder_version=&#8221;4.21.0&#8243; _module_preset=&#8221;default&#8221; width=&#8221;75%&#8221; max_width=&#8221;75%&#8221; height=&#8221;200px&#8221; max_height=&#8221;200px&#8221; global_colors_info=&#8221;{}&#8221;][\/et_pb_image][\/et_pb_column_inner][et_pb_column_inner type=&#8221;1_2&#8243; saved_specialty_column_type=&#8221;2_3&#8243; _builder_version=&#8221;4.21.0&#8243; _module_preset=&#8221;default&#8221; global_colors_info=&#8221;{}&#8221;][et_pb_text _builder_version=&#8221;4.21.0&#8243; _module_preset=&#8221;default&#8221; global_colors_info=&#8221;{}&#8221;]Rotary on Chicagossa 23.2.1905 perustettu kansainv\u00e4linen palvelu- ja hyv\u00e4ntekev\u00e4isyysorganisaatio. Rotary Internationalin kotipaikka on Evanston, USA:n osavaltiossa Illinoisissa. Tunnuslauseemme on Palvelu itsekkyyden edelle (Service Above Self).<\/p>\n<p>Rotaryyn kuuluu 1,2 miljoona j\u00e4sent\u00e4 35000 klubissa yli 200 maassa. Rotary on merkitt\u00e4v\u00e4 kansainv\u00e4linen palvelu- ja hyv\u00e4ntekev\u00e4isyysj\u00e4rjest\u00f6. Suomi on jaettu kuuteen rotarypiiriin, joista yhteen kuuluvat my\u00f6s Viron klubit. Suomessa ja Virossa on yhteens\u00e4 300 klubia, joissa runsaat 10000 rotaria.[\/et_pb_text][\/et_pb_column_inner][\/et_pb_row_inner][\/et_pb_column][et_pb_column type=&#8221;1_3&#8243; _builder_version=&#8221;4.16&#8243; custom_padding=&#8221;|||&#8221; global_colors_info=&#8221;{}&#8221; custom_padding__hover=&#8221;|||&#8221;][et_pb_sidebar area=&#8221;sidebar-1&#8243; admin_label=&#8221;Sivupalkki&#8221; module_class=&#8221;sivupalkki_sisalto&#8221; _builder_version=&#8221;4.16&#8243; locked=&#8221;on&#8221; global_colors_info=&#8221;{}&#8221;]<\/p>\n<p>[\/et_pb_sidebar][\/et_pb_column][\/et_pb_section]<\/p>\n","protected":false},"excerpt":{"rendered":"<p>&nbsp; Keit\u00e4 olemmeTeemme hyv\u00e4\u00e4 samanhenkisten vaikuttajien kanssa &nbsp;Meri-Espoon Rotaryklubi on aktiivinen espoolainen rotaryklubi. Kokoonnumme joka tiistai iltakokoukseen klo 17.30 &#8211; 18.00 kuulemaan kiinnostavia esitelmi\u00e4 yhteiskunnan eri sektoreilta ja edist\u00e4m\u00e4\u00e4n hyv\u00e4\u00e4 omalla paikkakunnallamme ja maailmanlaajuisesti. &nbsp; Meri-Espoon Rotaryklubi aloitti toiminnan kev\u00e4\u00e4ll\u00e4 2023, kun Espoo Meri Rotaryklubi sulautui Kanta-Espoon Rotaryklubiin. Yhdistymisen yhteydess\u00e4 vuodesta 1971 toimineen Kanta-Espoon Rotaryklubin [&hellip;]<\/p>\n","protected":false},"author":1,"featured_media":0,"parent":0,"menu_order":0,"comment_status":"closed","ping_status":"closed","template":"","meta":{"_acf_changed":false,"_et_pb_use_builder":"on","_et_pb_old_content":"","_et_gb_content_width":"","footnotes":""},"class_list":["post-129","page","type-page","status-publish","hentry"],"acf":[],"yoast_head":"<!-- This site is optimized with the Yoast SEO plugin v27.4 - https:\/\/yoast.com\/product\/yoast-seo-wordpress\/ -->\n<title>Keit\u00e4 olemme - Meri-Espoon Rotaryklubi<\/title>\n<meta name=\"robots\" content=\"index, follow, max-snippet:-1, max-image-preview:large, max-video-preview:-1\" \/>\n<link rel=\"canonical\" href=\"https:\/\/rotary.fi\/meriespoo\/keita-olemme\/\" \/>\n<meta property=\"og:locale\" content=\"fi_FI\" \/>\n<meta property=\"og:type\" content=\"article\" \/>\n<meta property=\"og:title\" content=\"Keit\u00e4 olemme - Meri-Espoon Rotaryklubi\" \/>\n<meta property=\"og:description\" content=\"&nbsp; Keit\u00e4 olemmeTeemme hyv\u00e4\u00e4 samanhenkisten vaikuttajien kanssa &nbsp;Meri-Espoon Rotaryklubi on aktiivinen espoolainen rotaryklubi. Kokoonnumme joka tiistai iltakokoukseen klo 17.30 - 18.00 kuulemaan kiinnostavia esitelmi\u00e4 yhteiskunnan eri sektoreilta ja edist\u00e4m\u00e4\u00e4n hyv\u00e4\u00e4 omalla paikkakunnallamme ja maailmanlaajuisesti. &nbsp; Meri-Espoon Rotaryklubi aloitti toiminnan kev\u00e4\u00e4ll\u00e4 2023, kun Espoo Meri Rotaryklubi sulautui Kanta-Espoon Rotaryklubiin. Yhdistymisen yhteydess\u00e4 vuodesta 1971 toimineen Kanta-Espoon Rotaryklubin [&hellip;]\" \/>\n<meta property=\"og:url\" content=\"https:\/\/rotary.fi\/meriespoo\/keita-olemme\/\" \/>\n<meta property=\"og:site_name\" content=\"Meri-Espoon Rotaryklubi\" \/>\n<meta property=\"article:modified_time\" content=\"2023-10-24T07:50:41+00:00\" \/>\n<meta name=\"twitter:card\" content=\"summary_large_image\" \/>\n<meta name=\"twitter:label1\" content=\"Arvioitu lukuaika\" \/>\n\t<meta name=\"twitter:data1\" content=\"3 minuuttia\" \/>\n<script type=\"application\/ld+json\" class=\"yoast-schema-graph\">{\"@context\":\"https:\\\/\\\/schema.org\",\"@graph\":[{\"@type\":\"WebPage\",\"@id\":\"https:\\\/\\\/rotary.fi\\\/meriespoo\\\/keita-olemme\\\/\",\"url\":\"https:\\\/\\\/rotary.fi\\\/meriespoo\\\/keita-olemme\\\/\",\"name\":\"Keit\u00e4 olemme - Meri-Espoon Rotaryklubi\",\"isPartOf\":{\"@id\":\"https:\\\/\\\/rotary.fi\\\/meriespoo\\\/#website\"},\"datePublished\":\"2018-08-10T10:41:39+00:00\",\"dateModified\":\"2023-10-24T07:50:41+00:00\",\"breadcrumb\":{\"@id\":\"https:\\\/\\\/rotary.fi\\\/meriespoo\\\/keita-olemme\\\/#breadcrumb\"},\"inLanguage\":\"fi\",\"potentialAction\":[{\"@type\":\"ReadAction\",\"target\":[\"https:\\\/\\\/rotary.fi\\\/meriespoo\\\/keita-olemme\\\/\"]}]},{\"@type\":\"BreadcrumbList\",\"@id\":\"https:\\\/\\\/rotary.fi\\\/meriespoo\\\/keita-olemme\\\/#breadcrumb\",\"itemListElement\":[{\"@type\":\"ListItem\",\"position\":1,\"name\":\"Home\",\"item\":\"https:\\\/\\\/rotary.fi\\\/meriespoo\\\/\"},{\"@type\":\"ListItem\",\"position\":2,\"name\":\"Keit\u00e4 olemme\"}]},{\"@type\":\"WebSite\",\"@id\":\"https:\\\/\\\/rotary.fi\\\/meriespoo\\\/#website\",\"url\":\"https:\\\/\\\/rotary.fi\\\/meriespoo\\\/\",\"name\":\"Meri-Espoon Rotaryklubi\",\"description\":\"Rotary klubisivusto\",\"potentialAction\":[{\"@type\":\"SearchAction\",\"target\":{\"@type\":\"EntryPoint\",\"urlTemplate\":\"https:\\\/\\\/rotary.fi\\\/meriespoo\\\/?s={search_term_string}\"},\"query-input\":{\"@type\":\"PropertyValueSpecification\",\"valueRequired\":true,\"valueName\":\"search_term_string\"}}],\"inLanguage\":\"fi\"}]}<\/script>\n<!-- \/ Yoast SEO plugin. -->","yoast_head_json":{"title":"Keit\u00e4 olemme - Meri-Espoon Rotaryklubi","robots":{"index":"index","follow":"follow","max-snippet":"max-snippet:-1","max-image-preview":"max-image-preview:large","max-video-preview":"max-video-preview:-1"},"canonical":"https:\/\/rotary.fi\/meriespoo\/keita-olemme\/","og_locale":"fi_FI","og_type":"article","og_title":"Keit\u00e4 olemme - Meri-Espoon Rotaryklubi","og_description":"&nbsp; Keit\u00e4 olemmeTeemme hyv\u00e4\u00e4 samanhenkisten vaikuttajien kanssa &nbsp;Meri-Espoon Rotaryklubi on aktiivinen espoolainen rotaryklubi. Kokoonnumme joka tiistai iltakokoukseen klo 17.30 - 18.00 kuulemaan kiinnostavia esitelmi\u00e4 yhteiskunnan eri sektoreilta ja edist\u00e4m\u00e4\u00e4n hyv\u00e4\u00e4 omalla paikkakunnallamme ja maailmanlaajuisesti. &nbsp; Meri-Espoon Rotaryklubi aloitti toiminnan kev\u00e4\u00e4ll\u00e4 2023, kun Espoo Meri Rotaryklubi sulautui Kanta-Espoon Rotaryklubiin. Yhdistymisen yhteydess\u00e4 vuodesta 1971 toimineen Kanta-Espoon Rotaryklubin [&hellip;]","og_url":"https:\/\/rotary.fi\/meriespoo\/keita-olemme\/","og_site_name":"Meri-Espoon Rotaryklubi","article_modified_time":"2023-10-24T07:50:41+00:00","twitter_card":"summary_large_image","twitter_misc":{"Arvioitu lukuaika":"3 minuuttia"},"schema":{"@context":"https:\/\/schema.org","@graph":[{"@type":"WebPage","@id":"https:\/\/rotary.fi\/meriespoo\/keita-olemme\/","url":"https:\/\/rotary.fi\/meriespoo\/keita-olemme\/","name":"Keit\u00e4 olemme - Meri-Espoon Rotaryklubi","isPartOf":{"@id":"https:\/\/rotary.fi\/meriespoo\/#website"},"datePublished":"2018-08-10T10:41:39+00:00","dateModified":"2023-10-24T07:50:41+00:00","breadcrumb":{"@id":"https:\/\/rotary.fi\/meriespoo\/keita-olemme\/#breadcrumb"},"inLanguage":"fi","potentialAction":[{"@type":"ReadAction","target":["https:\/\/rotary.fi\/meriespoo\/keita-olemme\/"]}]},{"@type":"BreadcrumbList","@id":"https:\/\/rotary.fi\/meriespoo\/keita-olemme\/#breadcrumb","itemListElement":[{"@type":"ListItem","position":1,"name":"Home","item":"https:\/\/rotary.fi\/meriespoo\/"},{"@type":"ListItem","position":2,"name":"Keit\u00e4 olemme"}]},{"@type":"WebSite","@id":"https:\/\/rotary.fi\/meriespoo\/#website","url":"https:\/\/rotary.fi\/meriespoo\/","name":"Meri-Espoon Rotaryklubi","description":"Rotary klubisivusto","potentialAction":[{"@type":"SearchAction","target":{"@type":"EntryPoint","urlTemplate":"https:\/\/rotary.fi\/meriespoo\/?s={search_term_string}"},"query-input":{"@type":"PropertyValueSpecification","valueRequired":true,"valueName":"search_term_string"}}],"inLanguage":"fi"}]}},"lang":"fi","translations":{"fi":129,"en":1424},"pll_sync_post":[],"_links":{"self":[{"href":"https:\/\/rotary.fi\/meriespoo\/wp-json\/wp\/v2\/pages\/129","targetHints":{"allow":["GET"]}}],"collection":[{"href":"https:\/\/rotary.fi\/meriespoo\/wp-json\/wp\/v2\/pages"}],"about":[{"href":"https:\/\/rotary.fi\/meriespoo\/wp-json\/wp\/v2\/types\/page"}],"author":[{"embeddable":true,"href":"https:\/\/rotary.fi\/meriespoo\/wp-json\/wp\/v2\/users\/1"}],"replies":[{"embeddable":true,"href":"https:\/\/rotary.fi\/meriespoo\/wp-json\/wp\/v2\/comments?post=129"}],"version-history":[{"count":12,"href":"https:\/\/rotary.fi\/meriespoo\/wp-json\/wp\/v2\/pages\/129\/revisions"}],"predecessor-version":[{"id":2371,"href":"https:\/\/rotary.fi\/meriespoo\/wp-json\/wp\/v2\/pages\/129\/revisions\/2371"}],"wp:attachment":[{"href":"https:\/\/rotary.fi\/meriespoo\/wp-json\/wp\/v2\/media?parent=129"}],"curies":[{"name":"wp","href":"https:\/\/api.w.org\/{rel}","templated":true}]}}