{"id":1611,"date":"2019-03-19T15:42:00","date_gmt":"2019-03-19T13:42:00","guid":{"rendered":"https:\/\/rotary.fi\/mariehamn\/?page_id=1611"},"modified":"2023-11-06T10:29:05","modified_gmt":"2023-11-06T08:29:05","slug":"medelanskaffning-och-donationer","status":"publish","type":"page","link":"https:\/\/rotary.fi\/mariehamn\/vad-gor-vi\/medelanskaffning-och-donationer\/","title":{"rendered":"Medelanskaffning och donationer"},"content":{"rendered":"<p>[et_pb_section fb_built=&#8221;1&#8243; module_class=&#8221;jumbotron-page&#8221; _builder_version=&#8221;4.22.1&#8243; background_image=&#8221;https:\/\/rotary.fi\/mariehamn\/wp-content\/uploads\/sites\/246\/2023\/11\/2022-rotary-regalier-12-narbild-kedjan.jpg&#8221; global_colors_info=&#8221;{}&#8221;][et_pb_row _builder_version=&#8221;4.16&#8243; background_size=&#8221;initial&#8221; background_position=&#8221;top_left&#8221; background_repeat=&#8221;repeat&#8221; global_colors_info=&#8221;{}&#8221;][et_pb_column type=&#8221;4_4&#8243; _builder_version=&#8221;4.16&#8243; custom_padding=&#8221;|||&#8221; global_colors_info=&#8221;{}&#8221; custom_padding__hover=&#8221;|||&#8221;][et_pb_text admin_label=&#8221;Main \/\/ Medelanskaffning och donationer&#8221; _builder_version=&#8221;4.16&#8243; text_orientation=&#8221;center&#8221; background_layout=&#8221;dark&#8221; global_colors_info=&#8221;{}&#8221;]<\/p>\n<h1>Medelanskaffning och donationer<\/h1>\n<p>[\/et_pb_text][\/et_pb_column][\/et_pb_row][\/et_pb_section][et_pb_section fb_built=&#8221;1&#8243; specialty=&#8221;on&#8221; module_class_2=&#8221;sivupalkki&#8221; _builder_version=&#8221;4.16&#8243; global_colors_info=&#8221;{}&#8221;][et_pb_column type=&#8221;2_3&#8243; specialty_columns=&#8221;2&#8243; _builder_version=&#8221;4.16&#8243; custom_padding=&#8221;|||&#8221; global_colors_info=&#8221;{}&#8221; custom_padding__hover=&#8221;|||&#8221;][et_pb_row_inner admin_label=&#8221;Rivi&#8221; _builder_version=&#8221;4.16&#8243; global_colors_info=&#8221;{}&#8221;][et_pb_column_inner saved_specialty_column_type=&#8221;2_3&#8243; _builder_version=&#8221;4.16&#8243; custom_padding=&#8221;|||&#8221; global_colors_info=&#8221;{}&#8221; custom_padding__hover=&#8221;|||&#8221;][et_pb_text admin_label=&#8221;Medelanskaffning och donationer &#8211; rubrik&#8221; _builder_version=&#8221;4.16&#8243; text_orientation=&#8221;center&#8221; global_colors_info=&#8221;{}&#8221;]<\/p>\n<h1>Medelanskaffning och donationer<\/h1>\n<p>[\/et_pb_text][et_pb_text admin_label=&#8221;Text: Medelanskaffning och donationer&#8221; _builder_version=&#8221;4.22.1&#8243; global_colors_info=&#8221;{}&#8221;]<\/p>\n<p>V\u00e5r rotaryklubb \u00e4r involverad i b\u00e5de lokala och globala servicearbeten p\u00e5 m\u00e5nga olika s\u00e4tt. Vi deltar i rotarianernas ungdomsutbytesarbete och f\u00f6r att finansiera detta samlar vi in medel.<\/p>\n<p>Vi donerar medel f\u00f6r humanit\u00e4ra projekt via The Rotary Foundation. Fonden st\u00f6der, med hj\u00e4lp av talrika projekt, m\u00f6drars och barns h\u00e4lsof\u00f6rkovran och f\u00f6rebyggande av sjukdomar och v\u00e5rd. The Rotary Foundation fr\u00e4mjar utbildning och l\u00e4skunnighet, st\u00e4rker fredsarbetet samt fostrar lokala ekonomier och samfund. The Rotary Foundation fr\u00e4mjar tillg\u00e5ngen till rent vatten och hygienkunskap d\u00e4r det beh\u00f6vs.<\/p>\n<p>V\u00e5r klubb deltar ocks\u00e5 i det arbete som rotarianerna initierat f\u00f6r att eliminera polion i v\u00e4rlden, genom personliga donationer och projekt. Rotarianer har redan under trettio \u00e5rs tid arbetat f\u00f6r att avl\u00e4gsna det vilda polioviruset. Idag insjuknar enbart ett par dussin barn \u00e5rligen p\u00e5 grund av det vilda polioviruset. Vid projektets b\u00f6rjan uppgick antalet till ca. 350 000 barn. De barn som numera insjuknar i den inhemska polion lever i sv\u00e5rtillg\u00e4ngliga omr\u00e5den som t.ex. i Afghanistan. Rotarianerna har lovat att slutf\u00f6ra projektet, varf\u00f6r \u00e4ven v\u00e5r klubb kommer att bidra till detta arbete tills det givna l\u00f6ftet \u00e4r uppfyllt.<\/p>\n<p>[\/et_pb_text][\/et_pb_column_inner][\/et_pb_row_inner][et_pb_row_inner column_structure=&#8221;1_2,1_2&#8243; admin_label=&#8221;Rivi&#8221; _builder_version=&#8221;4.16&#8243; global_colors_info=&#8221;{}&#8221;][et_pb_column_inner type=&#8221;1_2&#8243; saved_specialty_column_type=&#8221;2_3&#8243; _builder_version=&#8221;4.16&#8243; custom_padding=&#8221;|||&#8221; global_colors_info=&#8221;{}&#8221; custom_padding__hover=&#8221;|||&#8221;][et_pb_text admin_label=&#8221;Text: Polio&#8221; _builder_version=&#8221;4.22.1&#8243; global_colors_info=&#8221;{}&#8221;]<\/p>\n<h4>End Polio Now<\/h4>\n<p>G\u00f6r en donation idag! Klicka p\u00e5 bilden &#8221;End Polio Now&#8221; h\u00e4r till h\u00f6ger s\u00e5 TRIPPLAS dina pengar just nu av Bill &amp; Melinda Gates Foundation!<\/p>\n<p>L\u00e4s mer om hur Mariehamn och Godby klubbarna hj\u00e4lptes \u00e5t att samla in 50.000 euro som vaccinerade 100.000 barn i Afghanistan mot polio, <a href=\"https:\/\/rotary.fi\/mariehamn\/wp-content\/uploads\/sites\/246\/2023\/11\/Endpolioaktiviteter.pdf\" target=\"_blank\" rel=\"attachment noopener wp-att-2069\">Endpolioaktiviteter<\/a><\/p>\n<p>[\/et_pb_text][et_pb_divider show_divider=&#8221;off&#8221; _builder_version=&#8221;4.22.1&#8243; _module_preset=&#8221;default&#8221; height=&#8221;100px&#8221; global_colors_info=&#8221;{}&#8221;][\/et_pb_divider][\/et_pb_column_inner][et_pb_column_inner type=&#8221;1_2&#8243; saved_specialty_column_type=&#8221;2_3&#8243; _builder_version=&#8221;4.22.1&#8243; _module_preset=&#8221;default&#8221; global_colors_info=&#8221;{}&#8221;][et_pb_image src=&#8221;https:\/\/rotary.fi\/mariehamn\/wp-content\/uploads\/sites\/246\/2023\/11\/polio-1.gif&#8221; title_text=&#8221;polio&#8221; admin_label=&#8221;Bild&#8221; _builder_version=&#8221;4.22.1&#8243; _module_preset=&#8221;default&#8221; max_height=&#8221;300px&#8221; global_colors_info=&#8221;{}&#8221;][\/et_pb_image][\/et_pb_column_inner][\/et_pb_row_inner][et_pb_row_inner column_structure=&#8221;1_2,1_2&#8243; admin_label=&#8221;Rivi&#8221; _builder_version=&#8221;4.16&#8243; global_colors_info=&#8221;{}&#8221;][et_pb_column_inner type=&#8221;1_2&#8243; saved_specialty_column_type=&#8221;2_3&#8243; _builder_version=&#8221;4.16&#8243; custom_padding=&#8221;|||&#8221; global_colors_info=&#8221;{}&#8221; custom_padding__hover=&#8221;|||&#8221;][et_pb_text admin_label=&#8221;Text: Ukraina&#8221; _builder_version=&#8221;4.22.1&#8243; global_colors_info=&#8221;{}&#8221;]<\/p>\n<h4>Ukrainainsamling<\/h4>\n<p>D\u00e5 Rysslands offensiver i Ukraina bara fortsatte och vinterv\u00e4dret gjorde sig p\u00e5mint satte klubben in en extra v\u00e4xel i hj\u00e4lpinsatserna. Klubben startade en omfattande insamlingskampanj bland alla \u00e5l\u00e4nningar. M\u00e5let var att i f\u00f6rsta hand hj\u00e4lpa ukrainare p\u00e5 flykt inom landet.\u00a0<br \/>Rotary Club Kiev International var den f\u00f6rsta mottagaren av donationer fr\u00e5n Mariehamns Rotaryklubbs insamling. I slutet av mars fick RC Kiev International 70 000 euro och de f\u00f6rsta dagarna i april ytterligare 11 500 euro d\u00e4r \u00e4ven fyra Rotaryklubbar i sydv\u00e4stra Finland bidragit med pengar.<\/p>\n<p>[\/et_pb_text][et_pb_divider show_divider=&#8221;off&#8221; _builder_version=&#8221;4.22.1&#8243; _module_preset=&#8221;default&#8221; height=&#8221;100px&#8221; global_colors_info=&#8221;{}&#8221;][\/et_pb_divider][\/et_pb_column_inner][et_pb_column_inner type=&#8221;1_2&#8243; saved_specialty_column_type=&#8221;2_3&#8243; _builder_version=&#8221;4.22.1&#8243; _module_preset=&#8221;default&#8221; global_colors_info=&#8221;{}&#8221;][et_pb_image src=&#8221;https:\/\/rotary.fi\/mariehamn\/wp-content\/uploads\/sites\/246\/2023\/11\/monica-och-sanna-skramlar.png&#8221; title_text=&#8221;Monica och Sanna skramlar&#8221; admin_label=&#8221;Bild&#8221; _builder_version=&#8221;4.22.1&#8243; _module_preset=&#8221;default&#8221; max_height=&#8221;300px&#8221; global_colors_info=&#8221;{}&#8221;][\/et_pb_image][\/et_pb_column_inner][\/et_pb_row_inner][et_pb_row_inner column_structure=&#8221;1_2,1_2&#8243; admin_label=&#8221;Rivi&#8221; _builder_version=&#8221;4.16&#8243; global_colors_info=&#8221;{}&#8221;][et_pb_column_inner type=&#8221;1_2&#8243; saved_specialty_column_type=&#8221;2_3&#8243; _builder_version=&#8221;4.16&#8243; custom_padding=&#8221;|||&#8221; global_colors_info=&#8221;{}&#8221; custom_padding__hover=&#8221;|||&#8221;][et_pb_text admin_label=&#8221;Text: Lucia&#8221; _builder_version=&#8221;4.22.1&#8243; global_colors_info=&#8221;{}&#8221;]<\/p>\n<h4>Luciainsamling<\/h4>\n<p>Mariehamns Rotaryklubb har under \u00e5rens lopp p\u00e5 olika s\u00e4tt\u00a0 hj\u00e4lpt lucia att hj\u00e4lpa och varje \u00e5r g\u00e4stas klubben av \u00c5lands lucia med f\u00f6lje vid ett veckom\u00f6te.<\/p>\n<p>De \u00e5l\u00e4ndska rotaryklubbarna bekostade 2003 en h\u00e4stdragen vagn f\u00f6r luciakortegen. Vagnen byggdes om att likna en b\u00e5t, som stod f\u00f6r en symbolisk koppling till sj\u00f6farten och sedan monterade den traditionella sn\u00e4ckan d\u00e4r lucia sitter.<\/p>\n<p>[\/et_pb_text][et_pb_divider show_divider=&#8221;off&#8221; _builder_version=&#8221;4.22.1&#8243; _module_preset=&#8221;default&#8221; height=&#8221;100px&#8221; global_colors_info=&#8221;{}&#8221;][\/et_pb_divider][\/et_pb_column_inner][et_pb_column_inner type=&#8221;1_2&#8243; saved_specialty_column_type=&#8221;2_3&#8243; _builder_version=&#8221;4.22.1&#8243; _module_preset=&#8221;default&#8221; global_colors_info=&#8221;{}&#8221;][et_pb_image src=&#8221;https:\/\/rotary.fi\/mariehamn\/wp-content\/uploads\/sites\/246\/2023\/11\/1-012-12-13-luciatag-mariehamn-34.jpg&#8221; title_text=&#8221;1. 012 12 13 Luciat\u00e5g Mariehamn &#8211; (34)&#8221; admin_label=&#8221;Bild&#8221; _builder_version=&#8221;4.22.1&#8243; _module_preset=&#8221;default&#8221; max_height=&#8221;300px&#8221; global_colors_info=&#8221;{}&#8221;][\/et_pb_image][\/et_pb_column_inner][\/et_pb_row_inner][et_pb_row_inner column_structure=&#8221;1_2,1_2&#8243; admin_label=&#8221;Rivi&#8221; _builder_version=&#8221;4.16&#8243; global_colors_info=&#8221;{}&#8221;][et_pb_column_inner type=&#8221;1_2&#8243; saved_specialty_column_type=&#8221;2_3&#8243; _builder_version=&#8221;4.16&#8243; custom_padding=&#8221;|||&#8221; global_colors_info=&#8221;{}&#8221; custom_padding__hover=&#8221;|||&#8221;][et_pb_text admin_label=&#8221;Text: Stipendier&#8221; _builder_version=&#8221;4.22.1&#8243; global_colors_info=&#8221;{}&#8221;]<\/p>\n<h4>Stipendier<\/h4>\n<p>Mariehamns Rotaryklubb har genom \u00e5ren bidragit med tv\u00e5 stipendier till \u00c5lands Lyceum. Stipendierna delas ut till tv\u00e5 studeranden som p\u00e5 ett positivt s\u00e4tt f\u00f6rh\u00e5ller sig kritiskt till sanningar, som \u00e4r goda kamrater, som skapar goodwill och har h\u00f6ga r\u00e4ttvisekrav. Beslut om vem som tilldelas stipendierna tas av \u00c5lands Lyceum.<\/p>\n<p>[\/et_pb_text][et_pb_divider show_divider=&#8221;off&#8221; _builder_version=&#8221;4.22.1&#8243; _module_preset=&#8221;default&#8221; height=&#8221;100px&#8221; global_colors_info=&#8221;{}&#8221;][\/et_pb_divider][\/et_pb_column_inner][et_pb_column_inner type=&#8221;1_2&#8243; saved_specialty_column_type=&#8221;2_3&#8243; _builder_version=&#8221;4.22.1&#8243; _module_preset=&#8221;default&#8221; global_colors_info=&#8221;{}&#8221;][et_pb_image src=&#8221;https:\/\/rotary.fi\/mariehamn\/wp-content\/uploads\/sites\/246\/2023\/11\/vegaani-lakki-1200&#215;800-1.jpg&#8221; title_text=&#8221;vegaani-lakki-1200&#215;800&#8243; admin_label=&#8221;Bild&#8221; _builder_version=&#8221;4.22.1&#8243; _module_preset=&#8221;default&#8221; max_height=&#8221;300px&#8221; global_colors_info=&#8221;{}&#8221;][\/et_pb_image][\/et_pb_column_inner][\/et_pb_row_inner][\/et_pb_column][et_pb_column type=&#8221;1_3&#8243; _builder_version=&#8221;4.16&#8243; custom_padding=&#8221;|||&#8221; global_colors_info=&#8221;{}&#8221; custom_padding__hover=&#8221;|||&#8221;][et_pb_sidebar area=&#8221;sidebar-1&#8243; admin_label=&#8221;Sidebar&#8221; module_class=&#8221;sivupalkki_sisalto&#8221; _builder_version=&#8221;4.16&#8243; locked=&#8221;on&#8221; global_colors_info=&#8221;{}&#8221;]<br \/>\n[\/et_pb_sidebar][\/et_pb_column][\/et_pb_section]<\/p>\n","protected":false},"excerpt":{"rendered":"<p>Medelanskaffning och donationer Medelanskaffning och donationer V\u00e5r rotaryklubb \u00e4r involverad i b\u00e5de lokala och globala servicearbeten p\u00e5 m\u00e5nga olika s\u00e4tt. Vi deltar i rotarianernas ungdomsutbytesarbete och f\u00f6r att finansiera detta samlar vi in medel. Vi donerar medel f\u00f6r humanit\u00e4ra projekt via The Rotary Foundation. Fonden st\u00f6der, med hj\u00e4lp av talrika projekt, m\u00f6drars och barns h\u00e4lsof\u00f6rkovran [&hellip;]<\/p>\n","protected":false},"author":1,"featured_media":0,"parent":1602,"menu_order":3,"comment_status":"closed","ping_status":"closed","template":"","meta":{"_acf_changed":false,"_et_pb_use_builder":"on","_et_pb_old_content":"","_et_gb_content_width":"","footnotes":""},"class_list":["post-1611","page","type-page","status-publish","hentry"],"acf":[],"yoast_head":"<!-- This site is optimized with the Yoast SEO plugin v27.4 - https:\/\/yoast.com\/product\/yoast-seo-wordpress\/ -->\n<title>Medelanskaffning och donationer - Mariehamns Rotaryklubb<\/title>\n<meta name=\"robots\" content=\"index, follow, max-snippet:-1, max-image-preview:large, max-video-preview:-1\" \/>\n<link rel=\"canonical\" href=\"https:\/\/rotary.fi\/mariehamn\/vad-gor-vi\/medelanskaffning-och-donationer\/\" \/>\n<meta property=\"og:locale\" content=\"sv_SE\" \/>\n<meta property=\"og:type\" content=\"article\" \/>\n<meta property=\"og:title\" content=\"Medelanskaffning och donationer - Mariehamns Rotaryklubb\" \/>\n<meta property=\"og:description\" content=\"Medelanskaffning och donationer Medelanskaffning och donationer V\u00e5r rotaryklubb \u00e4r involverad i b\u00e5de lokala och globala servicearbeten p\u00e5 m\u00e5nga olika s\u00e4tt. Vi deltar i rotarianernas ungdomsutbytesarbete och f\u00f6r att finansiera detta samlar vi in medel. Vi donerar medel f\u00f6r humanit\u00e4ra projekt via The Rotary Foundation. Fonden st\u00f6der, med hj\u00e4lp av talrika projekt, m\u00f6drars och barns h\u00e4lsof\u00f6rkovran [&hellip;]\" \/>\n<meta property=\"og:url\" content=\"https:\/\/rotary.fi\/mariehamn\/vad-gor-vi\/medelanskaffning-och-donationer\/\" \/>\n<meta property=\"og:site_name\" content=\"Mariehamns Rotaryklubb\" \/>\n<meta property=\"article:modified_time\" content=\"2023-11-06T08:29:05+00:00\" \/>\n<meta name=\"twitter:card\" content=\"summary_large_image\" \/>\n<meta name=\"twitter:label1\" content=\"Ber\u00e4knad l\u00e4stid\" \/>\n\t<meta name=\"twitter:data1\" content=\"4 minuter\" \/>\n<script type=\"application\/ld+json\" class=\"yoast-schema-graph\">{\"@context\":\"https:\\\/\\\/schema.org\",\"@graph\":[{\"@type\":\"WebPage\",\"@id\":\"https:\\\/\\\/rotary.fi\\\/mariehamn\\\/vad-gor-vi\\\/medelanskaffning-och-donationer\\\/\",\"url\":\"https:\\\/\\\/rotary.fi\\\/mariehamn\\\/vad-gor-vi\\\/medelanskaffning-och-donationer\\\/\",\"name\":\"Medelanskaffning och donationer - Mariehamns Rotaryklubb\",\"isPartOf\":{\"@id\":\"https:\\\/\\\/rotary.fi\\\/mariehamn\\\/#website\"},\"datePublished\":\"2019-03-19T13:42:00+00:00\",\"dateModified\":\"2023-11-06T08:29:05+00:00\",\"breadcrumb\":{\"@id\":\"https:\\\/\\\/rotary.fi\\\/mariehamn\\\/vad-gor-vi\\\/medelanskaffning-och-donationer\\\/#breadcrumb\"},\"inLanguage\":\"sv-SE\",\"potentialAction\":[{\"@type\":\"ReadAction\",\"target\":[\"https:\\\/\\\/rotary.fi\\\/mariehamn\\\/vad-gor-vi\\\/medelanskaffning-och-donationer\\\/\"]}]},{\"@type\":\"BreadcrumbList\",\"@id\":\"https:\\\/\\\/rotary.fi\\\/mariehamn\\\/vad-gor-vi\\\/medelanskaffning-och-donationer\\\/#breadcrumb\",\"itemListElement\":[{\"@type\":\"ListItem\",\"position\":1,\"name\":\"Home\",\"item\":\"https:\\\/\\\/rotary.fi\\\/mariehamn\\\/\"},{\"@type\":\"ListItem\",\"position\":2,\"name\":\"Vad g\u00f6r vi\",\"item\":\"https:\\\/\\\/rotary.fi\\\/mariehamn\\\/vad-gor-vi\\\/\"},{\"@type\":\"ListItem\",\"position\":3,\"name\":\"Medelanskaffning och donationer\"}]},{\"@type\":\"WebSite\",\"@id\":\"https:\\\/\\\/rotary.fi\\\/mariehamn\\\/#website\",\"url\":\"https:\\\/\\\/rotary.fi\\\/mariehamn\\\/\",\"name\":\"Mariehamns Rotaryklubb\",\"description\":\"Ny rotaryklubbs hemsida\",\"potentialAction\":[{\"@type\":\"SearchAction\",\"target\":{\"@type\":\"EntryPoint\",\"urlTemplate\":\"https:\\\/\\\/rotary.fi\\\/mariehamn\\\/?s={search_term_string}\"},\"query-input\":{\"@type\":\"PropertyValueSpecification\",\"valueRequired\":true,\"valueName\":\"search_term_string\"}}],\"inLanguage\":\"sv-SE\"}]}<\/script>\n<!-- \/ Yoast SEO plugin. -->","yoast_head_json":{"title":"Medelanskaffning och donationer - Mariehamns Rotaryklubb","robots":{"index":"index","follow":"follow","max-snippet":"max-snippet:-1","max-image-preview":"max-image-preview:large","max-video-preview":"max-video-preview:-1"},"canonical":"https:\/\/rotary.fi\/mariehamn\/vad-gor-vi\/medelanskaffning-och-donationer\/","og_locale":"sv_SE","og_type":"article","og_title":"Medelanskaffning och donationer - Mariehamns Rotaryklubb","og_description":"Medelanskaffning och donationer Medelanskaffning och donationer V\u00e5r rotaryklubb \u00e4r involverad i b\u00e5de lokala och globala servicearbeten p\u00e5 m\u00e5nga olika s\u00e4tt. Vi deltar i rotarianernas ungdomsutbytesarbete och f\u00f6r att finansiera detta samlar vi in medel. Vi donerar medel f\u00f6r humanit\u00e4ra projekt via The Rotary Foundation. Fonden st\u00f6der, med hj\u00e4lp av talrika projekt, m\u00f6drars och barns h\u00e4lsof\u00f6rkovran [&hellip;]","og_url":"https:\/\/rotary.fi\/mariehamn\/vad-gor-vi\/medelanskaffning-och-donationer\/","og_site_name":"Mariehamns Rotaryklubb","article_modified_time":"2023-11-06T08:29:05+00:00","twitter_card":"summary_large_image","twitter_misc":{"Ber\u00e4knad l\u00e4stid":"4 minuter"},"schema":{"@context":"https:\/\/schema.org","@graph":[{"@type":"WebPage","@id":"https:\/\/rotary.fi\/mariehamn\/vad-gor-vi\/medelanskaffning-och-donationer\/","url":"https:\/\/rotary.fi\/mariehamn\/vad-gor-vi\/medelanskaffning-och-donationer\/","name":"Medelanskaffning och donationer - Mariehamns Rotaryklubb","isPartOf":{"@id":"https:\/\/rotary.fi\/mariehamn\/#website"},"datePublished":"2019-03-19T13:42:00+00:00","dateModified":"2023-11-06T08:29:05+00:00","breadcrumb":{"@id":"https:\/\/rotary.fi\/mariehamn\/vad-gor-vi\/medelanskaffning-och-donationer\/#breadcrumb"},"inLanguage":"sv-SE","potentialAction":[{"@type":"ReadAction","target":["https:\/\/rotary.fi\/mariehamn\/vad-gor-vi\/medelanskaffning-och-donationer\/"]}]},{"@type":"BreadcrumbList","@id":"https:\/\/rotary.fi\/mariehamn\/vad-gor-vi\/medelanskaffning-och-donationer\/#breadcrumb","itemListElement":[{"@type":"ListItem","position":1,"name":"Home","item":"https:\/\/rotary.fi\/mariehamn\/"},{"@type":"ListItem","position":2,"name":"Vad g\u00f6r vi","item":"https:\/\/rotary.fi\/mariehamn\/vad-gor-vi\/"},{"@type":"ListItem","position":3,"name":"Medelanskaffning och donationer"}]},{"@type":"WebSite","@id":"https:\/\/rotary.fi\/mariehamn\/#website","url":"https:\/\/rotary.fi\/mariehamn\/","name":"Mariehamns Rotaryklubb","description":"Ny rotaryklubbs hemsida","potentialAction":[{"@type":"SearchAction","target":{"@type":"EntryPoint","urlTemplate":"https:\/\/rotary.fi\/mariehamn\/?s={search_term_string}"},"query-input":{"@type":"PropertyValueSpecification","valueRequired":true,"valueName":"search_term_string"}}],"inLanguage":"sv-SE"}]}},"lang":"sv","translations":{"sv":1611},"pll_sync_post":[],"_links":{"self":[{"href":"https:\/\/rotary.fi\/mariehamn\/wp-json\/wp\/v2\/pages\/1611","targetHints":{"allow":["GET"]}}],"collection":[{"href":"https:\/\/rotary.fi\/mariehamn\/wp-json\/wp\/v2\/pages"}],"about":[{"href":"https:\/\/rotary.fi\/mariehamn\/wp-json\/wp\/v2\/types\/page"}],"author":[{"embeddable":true,"href":"https:\/\/rotary.fi\/mariehamn\/wp-json\/wp\/v2\/users\/1"}],"replies":[{"embeddable":true,"href":"https:\/\/rotary.fi\/mariehamn\/wp-json\/wp\/v2\/comments?post=1611"}],"version-history":[{"count":9,"href":"https:\/\/rotary.fi\/mariehamn\/wp-json\/wp\/v2\/pages\/1611\/revisions"}],"predecessor-version":[{"id":2089,"href":"https:\/\/rotary.fi\/mariehamn\/wp-json\/wp\/v2\/pages\/1611\/revisions\/2089"}],"up":[{"embeddable":true,"href":"https:\/\/rotary.fi\/mariehamn\/wp-json\/wp\/v2\/pages\/1602"}],"wp:attachment":[{"href":"https:\/\/rotary.fi\/mariehamn\/wp-json\/wp\/v2\/media?parent=1611"}],"curies":[{"name":"wp","href":"https:\/\/api.w.org\/{rel}","templated":true}]}}