{"id":98,"date":"2021-08-18T15:17:32","date_gmt":"2021-08-18T12:17:32","guid":{"rendered":"https:\/\/rotary.fi\/klubi2\/?page_id=98"},"modified":"2025-07-04T22:01:36","modified_gmt":"2025-07-04T19:01:36","slug":"yhteystiedot","status":"publish","type":"page","link":"https:\/\/rotary.fi\/luoteishelsinki\/yhteystiedot\/","title":{"rendered":"Yhteystiedot"},"content":{"rendered":"<p>[et_pb_section fb_built=&#8221;1&#8243; module_class=&#8221;jumbotron-page&#8221; _builder_version=&#8221;4.16&#8243; background_image=&#8221;https:\/\/rotary.fi\/luoteishelsinki\/wp-content\/uploads\/sites\/76\/2018\/10\/rotary_klubit_alasivu_paakuva_15.jpg&#8221; global_colors_info=&#8221;{}&#8221;][et_pb_row _builder_version=&#8221;4.16&#8243; background_size=&#8221;initial&#8221; background_position=&#8221;top_left&#8221; background_repeat=&#8221;repeat&#8221; global_colors_info=&#8221;{}&#8221;][et_pb_column type=&#8221;4_4&#8243; _builder_version=&#8221;4.16&#8243; custom_padding=&#8221;|||&#8221; global_colors_info=&#8221;{}&#8221; custom_padding__hover=&#8221;|||&#8221;][et_pb_text admin_label=&#8221;P\u00e4\u00e4otsikko&#8221; _builder_version=&#8221;4.16&#8243; text_orientation=&#8221;center&#8221; background_layout=&#8221;dark&#8221; global_colors_info=&#8221;{}&#8221;]<\/p>\n<h1>Yhteystiedot<\/h1>\n<p>[\/et_pb_text][\/et_pb_column][\/et_pb_row][\/et_pb_section][et_pb_section fb_built=&#8221;1&#8243; specialty=&#8221;on&#8221; module_class_2=&#8221;sivupalkki&#8221; _builder_version=&#8221;4.16&#8243; inner_max_width=&#8221;none&#8221; global_colors_info=&#8221;{}&#8221;][et_pb_column type=&#8221;2_3&#8243; specialty_columns=&#8221;2&#8243; _builder_version=&#8221;4.16&#8243; custom_padding=&#8221;|||&#8221; global_colors_info=&#8221;{}&#8221; custom_padding__hover=&#8221;|||&#8221;][et_pb_row_inner admin_label=&#8221;Rivi&#8221; _builder_version=&#8221;4.16&#8243; global_colors_info=&#8221;{}&#8221;][et_pb_column_inner saved_specialty_column_type=&#8221;2_3&#8243; _builder_version=&#8221;4.16&#8243; custom_padding=&#8221;|||&#8221; global_colors_info=&#8221;{}&#8221; custom_padding__hover=&#8221;|||&#8221;][et_pb_text admin_label=&#8221;Otsikko ennen teksti\u00e4 &#8211; Yhteystiedot&#8221; _builder_version=&#8221;4.16&#8243; text_orientation=&#8221;center&#8221; global_colors_info=&#8221;{}&#8221;]<\/p>\n<h1>Yhteystiedot<\/h1>\n<p>[\/et_pb_text][et_pb_text _builder_version=&#8221;4.27.0&#8243; z_index_tablet=&#8221;500&#8243; global_colors_info=&#8221;{}&#8221;]<\/p>\n<p>Kokoonnumme Valkean Talon ( Valkea Talo: Kokouskeskus Helsinki<span class=\"info-title\"> ) <\/span>kabinetissa.<br \/>Kokouksen alkuun on ruokailu ravintolan monipuolisesta ja herkullisesta buffet-p\u00f6yd\u00e4st\u00e4 alkaen klo 11:30. <a href=\"https:\/\/www.valkeatalo.fi\/\">Linkki Valkea Talo<\/a><br \/>Kokouksissa k\u00e4yd\u00e4\u00e4n klo 12:15 alkaen alussa l\u00e4pi lyhyesti ajankohtaisia asioita ja sen j\u00e4lkeen siirryt\u00e4\u00e4n p\u00e4iv\u00e4n ohjelmaan.<\/p>\n<p>[\/et_pb_text][\/et_pb_column_inner][\/et_pb_row_inner][et_pb_row_inner column_structure=&#8221;1_2,1_2&#8243; admin_label=&#8221;Rivi&#8221; _builder_version=&#8221;4.16&#8243; custom_margin=&#8221;||20px|&#8221; custom_padding=&#8221;||20px|&#8221; border_width_bottom=&#8221;1px&#8221; border_color_bottom=&#8221;#d8d8d8&#8243; global_colors_info=&#8221;{}&#8221;][et_pb_column_inner type=&#8221;1_2&#8243; saved_specialty_column_type=&#8221;2_3&#8243; _builder_version=&#8221;4.16&#8243; custom_padding=&#8221;||20px|&#8221; global_colors_info=&#8221;{}&#8221; custom_padding__hover=&#8221;|||&#8221;][et_pb_text admin_label=&#8221;Kokoontumispaikka&#8221; _builder_version=&#8221;4.27.4&#8243; hover_enabled=&#8221;0&#8243; global_colors_info=&#8221;{}&#8221; sticky_enabled=&#8221;0&#8243;]<\/p>\n<p><strong>Kokoontumispaikka:<\/strong><br \/>Valkea Talo<br \/>Ilkantie 4, Haaga<br \/>00400 Helsinki<\/p>\n<p><strong>Kokoontumisaika:<\/strong><br \/>Joka toinen maanantai klo. 11:30.<\/p>\n<p>[\/et_pb_text][\/et_pb_column_inner][et_pb_column_inner type=&#8221;1_2&#8243; saved_specialty_column_type=&#8221;2_3&#8243; _builder_version=&#8221;4.16&#8243; custom_padding=&#8221;||20px|&#8221; global_colors_info=&#8221;{}&#8221; custom_padding__hover=&#8221;|||&#8221;][et_pb_map address=&#8221;Ilkantie 4, 00320 Helsinki, Finland&#8221; zoom_level=&#8221;16&#8243; address_lat=&#8221;60.2218255&#8243; address_lng=&#8221;24.9015386&#8243; admin_label=&#8221;Kokoontumispaikka &#8211; Kartta&#8221; _builder_version=&#8221;4.27.0&#8243; global_colors_info=&#8221;{}&#8221;][et_pb_map_pin title=&#8221;Valkea Talo&#8221; pin_address=&#8221;Nuijamiestentie 10, 00320 Helsinki&#8221; pin_address_lat=&#8221;62.7900055&#8243; pin_address_lng=&#8221;22.84615370000006&#8243; _builder_version=&#8221;4.27.0&#8243; global_colors_info=&#8221;{}&#8221;][\/et_pb_map_pin][\/et_pb_map][\/et_pb_column_inner][\/et_pb_row_inner][et_pb_row_inner column_structure=&#8221;1_2,1_2&#8243; admin_label=&#8221;Rivi&#8221; _builder_version=&#8221;4.16&#8243; custom_margin=&#8221;20px||20px|&#8221; custom_padding=&#8221;20px||20px|&#8221; global_colors_info=&#8221;{}&#8221;][et_pb_column_inner type=&#8221;1_2&#8243; saved_specialty_column_type=&#8221;2_3&#8243; _builder_version=&#8221;4.16&#8243; custom_padding=&#8221;||20px|&#8221; global_colors_info=&#8221;{}&#8221; custom_padding__hover=&#8221;|||&#8221;][et_pb_text admin_label=&#8221;Presidentti&#8221; _builder_version=&#8221;4.27.4&#8243; global_colors_info=&#8221;{}&#8221;]<\/p>\n<h3>Presidentti<\/h3>\n<p>Pentti Flink<br \/><span style=\"font-size: small\">Mob. +358 0400 419606<br \/>pentti.flink@kolumbus.fi<\/span><\/p>\n<p>&nbsp;<\/p>\n<p>[\/et_pb_text][et_pb_text admin_label=&#8221;Edellinen Presidentti&#8221; _builder_version=&#8221;4.27.4&#8243; global_colors_info=&#8221;{}&#8221;]<\/p>\n<h3>Past President<\/h3>\n<p>Olavi Lohikoski<br \/><span style=\"font-size: small\">Mob. +358 44 052 2543<\/span><br \/>olavi.e.lohikoski@gmail.com<\/p>\n<p>[\/et_pb_text][\/et_pb_column_inner][et_pb_column_inner type=&#8221;1_2&#8243; saved_specialty_column_type=&#8221;2_3&#8243; _builder_version=&#8221;4.16&#8243; custom_padding=&#8221;||20px|&#8221; global_colors_info=&#8221;{}&#8221; custom_padding__hover=&#8221;|||&#8221;][et_pb_text admin_label=&#8221;Sihteeri&#8221; _builder_version=&#8221;4.27.4&#8243; global_colors_info=&#8221;{}&#8221;]<\/p>\n<h3>Sihteeri<\/h3>\n<p>Martti Lehtinen<br \/><span style=\"font-size: small\">Mob. +358 400 403825<\/span><br \/>mkjlehtinen@gmail.com<\/p>\n<p>[\/et_pb_text][et_pb_team_member _builder_version=&#8221;4.17.4&#8243; _module_preset=&#8221;default&#8221; global_colors_info=&#8221;{}&#8221;][\/et_pb_team_member][\/et_pb_column_inner][\/et_pb_row_inner][et_pb_row_inner admin_label=&#8221;Rivi&#8221; _builder_version=&#8221;4.16&#8243; global_colors_info=&#8221;{}&#8221;][et_pb_column_inner saved_specialty_column_type=&#8221;2_3&#8243; _builder_version=&#8221;4.16&#8243; custom_padding=&#8221;|||&#8221; global_colors_info=&#8221;{}&#8221; custom_padding__hover=&#8221;|||&#8221;][\/et_pb_column_inner][\/et_pb_row_inner][\/et_pb_column][et_pb_column type=&#8221;1_3&#8243; _builder_version=&#8221;4.16&#8243; custom_padding=&#8221;|||&#8221; global_colors_info=&#8221;{}&#8221; custom_padding__hover=&#8221;|||&#8221;][et_pb_sidebar area=&#8221;sidebar-1&#8243; module_class=&#8221;sivupalkki_sisalto&#8221; _builder_version=&#8221;4.16&#8243; global_colors_info=&#8221;{}&#8221;]<\/p>\n<p>&nbsp;<\/p>\n<p>[\/et_pb_sidebar][\/et_pb_column][\/et_pb_section]<\/p>\n","protected":false},"excerpt":{"rendered":"<p>Yhteystiedot Yhteystiedot Kokoonnumme Valkean Talon ( Valkea Talo: Kokouskeskus Helsinki ) kabinetissa.Kokouksen alkuun on ruokailu ravintolan monipuolisesta ja herkullisesta buffet-p\u00f6yd\u00e4st\u00e4 alkaen klo 11:30. Linkki Valkea TaloKokouksissa k\u00e4yd\u00e4\u00e4n klo 12:15 alkaen alussa l\u00e4pi lyhyesti ajankohtaisia asioita ja sen j\u00e4lkeen siirryt\u00e4\u00e4n p\u00e4iv\u00e4n ohjelmaan.Kokoontumispaikka:Valkea TaloIlkantie 4, Haaga00400 Helsinki Kokoontumisaika:Joka toinen maanantai klo. 11:30.Presidentti Pentti FlinkMob. +358 0400 419606pentti.flink@kolumbus.fi [&hellip;]<\/p>\n","protected":false},"author":1,"featured_media":0,"parent":0,"menu_order":0,"comment_status":"closed","ping_status":"closed","template":"","meta":{"_acf_changed":false,"_et_pb_use_builder":"on","_et_pb_old_content":"","_et_gb_content_width":"","footnotes":""},"class_list":["post-98","page","type-page","status-publish","hentry"],"acf":[],"yoast_head":"<!-- This site is optimized with the Yoast SEO plugin v27.4 - https:\/\/yoast.com\/product\/yoast-seo-wordpress\/ -->\n<title>Yhteystiedot - Luoteis-Helsingin Rotaryklubi<\/title>\n<meta name=\"robots\" content=\"index, follow, max-snippet:-1, max-image-preview:large, max-video-preview:-1\" \/>\n<link rel=\"canonical\" href=\"https:\/\/rotary.fi\/luoteishelsinki\/yhteystiedot\/\" \/>\n<meta property=\"og:locale\" content=\"fi_FI\" \/>\n<meta property=\"og:type\" content=\"article\" \/>\n<meta property=\"og:title\" content=\"Yhteystiedot - Luoteis-Helsingin Rotaryklubi\" \/>\n<meta property=\"og:description\" content=\"Yhteystiedot Yhteystiedot Kokoonnumme Valkean Talon ( Valkea Talo: Kokouskeskus Helsinki ) kabinetissa.Kokouksen alkuun on ruokailu ravintolan monipuolisesta ja herkullisesta buffet-p\u00f6yd\u00e4st\u00e4 alkaen klo 11:30. Linkki Valkea TaloKokouksissa k\u00e4yd\u00e4\u00e4n klo 12:15 alkaen alussa l\u00e4pi lyhyesti ajankohtaisia asioita ja sen j\u00e4lkeen siirryt\u00e4\u00e4n p\u00e4iv\u00e4n ohjelmaan.Kokoontumispaikka:Valkea TaloIlkantie 4, Haaga00400 Helsinki Kokoontumisaika:Joka toinen maanantai klo. 11:30.Presidentti Pentti FlinkMob. +358 0400 419606pentti.flink@kolumbus.fi [&hellip;]\" \/>\n<meta property=\"og:url\" content=\"https:\/\/rotary.fi\/luoteishelsinki\/yhteystiedot\/\" \/>\n<meta property=\"og:site_name\" content=\"Luoteis-Helsingin Rotaryklubi\" \/>\n<meta property=\"article:modified_time\" content=\"2025-07-04T19:01:36+00:00\" \/>\n<meta name=\"twitter:card\" content=\"summary_large_image\" \/>\n<meta name=\"twitter:label1\" content=\"Arvioitu lukuaika\" \/>\n\t<meta name=\"twitter:data1\" content=\"2 minuuttia\" \/>\n<script type=\"application\/ld+json\" class=\"yoast-schema-graph\">{\"@context\":\"https:\\\/\\\/schema.org\",\"@graph\":[{\"@type\":\"WebPage\",\"@id\":\"https:\\\/\\\/rotary.fi\\\/luoteishelsinki\\\/yhteystiedot\\\/\",\"url\":\"https:\\\/\\\/rotary.fi\\\/luoteishelsinki\\\/yhteystiedot\\\/\",\"name\":\"Yhteystiedot - Luoteis-Helsingin Rotaryklubi\",\"isPartOf\":{\"@id\":\"https:\\\/\\\/rotary.fi\\\/luoteishelsinki\\\/#website\"},\"datePublished\":\"2021-08-18T12:17:32+00:00\",\"dateModified\":\"2025-07-04T19:01:36+00:00\",\"breadcrumb\":{\"@id\":\"https:\\\/\\\/rotary.fi\\\/luoteishelsinki\\\/yhteystiedot\\\/#breadcrumb\"},\"inLanguage\":\"fi\",\"potentialAction\":[{\"@type\":\"ReadAction\",\"target\":[\"https:\\\/\\\/rotary.fi\\\/luoteishelsinki\\\/yhteystiedot\\\/\"]}]},{\"@type\":\"BreadcrumbList\",\"@id\":\"https:\\\/\\\/rotary.fi\\\/luoteishelsinki\\\/yhteystiedot\\\/#breadcrumb\",\"itemListElement\":[{\"@type\":\"ListItem\",\"position\":1,\"name\":\"Home\",\"item\":\"https:\\\/\\\/rotary.fi\\\/luoteishelsinki\\\/\"},{\"@type\":\"ListItem\",\"position\":2,\"name\":\"Yhteystiedot\"}]},{\"@type\":\"WebSite\",\"@id\":\"https:\\\/\\\/rotary.fi\\\/luoteishelsinki\\\/#website\",\"url\":\"https:\\\/\\\/rotary.fi\\\/luoteishelsinki\\\/\",\"name\":\"Luoteis-Helsingin Rotaryklubi\",\"description\":\"Uusi Rotary klubisivusto\",\"potentialAction\":[{\"@type\":\"SearchAction\",\"target\":{\"@type\":\"EntryPoint\",\"urlTemplate\":\"https:\\\/\\\/rotary.fi\\\/luoteishelsinki\\\/?s={search_term_string}\"},\"query-input\":{\"@type\":\"PropertyValueSpecification\",\"valueRequired\":true,\"valueName\":\"search_term_string\"}}],\"inLanguage\":\"fi\"}]}<\/script>\n<!-- \/ Yoast SEO plugin. -->","yoast_head_json":{"title":"Yhteystiedot - Luoteis-Helsingin Rotaryklubi","robots":{"index":"index","follow":"follow","max-snippet":"max-snippet:-1","max-image-preview":"max-image-preview:large","max-video-preview":"max-video-preview:-1"},"canonical":"https:\/\/rotary.fi\/luoteishelsinki\/yhteystiedot\/","og_locale":"fi_FI","og_type":"article","og_title":"Yhteystiedot - Luoteis-Helsingin Rotaryklubi","og_description":"Yhteystiedot Yhteystiedot Kokoonnumme Valkean Talon ( Valkea Talo: Kokouskeskus Helsinki ) kabinetissa.Kokouksen alkuun on ruokailu ravintolan monipuolisesta ja herkullisesta buffet-p\u00f6yd\u00e4st\u00e4 alkaen klo 11:30. Linkki Valkea TaloKokouksissa k\u00e4yd\u00e4\u00e4n klo 12:15 alkaen alussa l\u00e4pi lyhyesti ajankohtaisia asioita ja sen j\u00e4lkeen siirryt\u00e4\u00e4n p\u00e4iv\u00e4n ohjelmaan.Kokoontumispaikka:Valkea TaloIlkantie 4, Haaga00400 Helsinki Kokoontumisaika:Joka toinen maanantai klo. 11:30.Presidentti Pentti FlinkMob. +358 0400 419606pentti.flink@kolumbus.fi [&hellip;]","og_url":"https:\/\/rotary.fi\/luoteishelsinki\/yhteystiedot\/","og_site_name":"Luoteis-Helsingin Rotaryklubi","article_modified_time":"2025-07-04T19:01:36+00:00","twitter_card":"summary_large_image","twitter_misc":{"Arvioitu lukuaika":"2 minuuttia"},"schema":{"@context":"https:\/\/schema.org","@graph":[{"@type":"WebPage","@id":"https:\/\/rotary.fi\/luoteishelsinki\/yhteystiedot\/","url":"https:\/\/rotary.fi\/luoteishelsinki\/yhteystiedot\/","name":"Yhteystiedot - Luoteis-Helsingin Rotaryklubi","isPartOf":{"@id":"https:\/\/rotary.fi\/luoteishelsinki\/#website"},"datePublished":"2021-08-18T12:17:32+00:00","dateModified":"2025-07-04T19:01:36+00:00","breadcrumb":{"@id":"https:\/\/rotary.fi\/luoteishelsinki\/yhteystiedot\/#breadcrumb"},"inLanguage":"fi","potentialAction":[{"@type":"ReadAction","target":["https:\/\/rotary.fi\/luoteishelsinki\/yhteystiedot\/"]}]},{"@type":"BreadcrumbList","@id":"https:\/\/rotary.fi\/luoteishelsinki\/yhteystiedot\/#breadcrumb","itemListElement":[{"@type":"ListItem","position":1,"name":"Home","item":"https:\/\/rotary.fi\/luoteishelsinki\/"},{"@type":"ListItem","position":2,"name":"Yhteystiedot"}]},{"@type":"WebSite","@id":"https:\/\/rotary.fi\/luoteishelsinki\/#website","url":"https:\/\/rotary.fi\/luoteishelsinki\/","name":"Luoteis-Helsingin Rotaryklubi","description":"Uusi Rotary klubisivusto","potentialAction":[{"@type":"SearchAction","target":{"@type":"EntryPoint","urlTemplate":"https:\/\/rotary.fi\/luoteishelsinki\/?s={search_term_string}"},"query-input":{"@type":"PropertyValueSpecification","valueRequired":true,"valueName":"search_term_string"}}],"inLanguage":"fi"}]}},"lang":"fi","translations":{"fi":98},"pll_sync_post":[],"_links":{"self":[{"href":"https:\/\/rotary.fi\/luoteishelsinki\/wp-json\/wp\/v2\/pages\/98","targetHints":{"allow":["GET"]}}],"collection":[{"href":"https:\/\/rotary.fi\/luoteishelsinki\/wp-json\/wp\/v2\/pages"}],"about":[{"href":"https:\/\/rotary.fi\/luoteishelsinki\/wp-json\/wp\/v2\/types\/page"}],"author":[{"embeddable":true,"href":"https:\/\/rotary.fi\/luoteishelsinki\/wp-json\/wp\/v2\/users\/1"}],"replies":[{"embeddable":true,"href":"https:\/\/rotary.fi\/luoteishelsinki\/wp-json\/wp\/v2\/comments?post=98"}],"version-history":[{"count":11,"href":"https:\/\/rotary.fi\/luoteishelsinki\/wp-json\/wp\/v2\/pages\/98\/revisions"}],"predecessor-version":[{"id":2146,"href":"https:\/\/rotary.fi\/luoteishelsinki\/wp-json\/wp\/v2\/pages\/98\/revisions\/2146"}],"wp:attachment":[{"href":"https:\/\/rotary.fi\/luoteishelsinki\/wp-json\/wp\/v2\/media?parent=98"}],"curies":[{"name":"wp","href":"https:\/\/api.w.org\/{rel}","templated":true}]}}