{"id":98,"date":"2018-08-09T15:17:32","date_gmt":"2018-08-09T12:17:32","guid":{"rendered":"https:\/\/rotary.fi\/klubi2\/?page_id=98"},"modified":"2025-08-28T18:13:05","modified_gmt":"2025-08-28T15:13:05","slug":"yhteystiedot","status":"publish","type":"page","link":"https:\/\/rotary.fi\/loviisa\/yhteystiedot\/","title":{"rendered":"Yhteystiedot"},"content":{"rendered":"<div class=\"et_pb_with_border et_pb_row_inner et_pb_row_inner_1\">\n<div class=\"et_pb_column et_pb_column_1_3 et_pb_column_inner et_pb_column_inner_1\">\n<div class=\"et_pb_module et_pb_text et_pb_text_2 et_pb_text_align_left et_pb_bg_layout_light\">\n<div class=\"et_pb_text_inner\">\n<p><strong>Kokoonnumme 1.9.2025 alkaen torstaisin klo 12 Esplanadin kabinetissa, Kuningattarenkatu 7.<\/strong><\/p>\n<p><a href=\"https:\/\/www.google.com\/maps\/place\/Kuningattarenkatu+7,+07900+Loviisa\/@60.4551485,26.2262305,17z\/data=!3m1!4b1!4m6!3m5!1s0x4691904fc47bcefb:0xbbf2ceb283fdd175!8m2!3d60.4551459!4d26.2288108!16s%2Fg%2F11c0w0vnpb?entry=ttu&amp;g_ep=EgoyMDI1MDgxOS4wIKXMDSoASAFQAw%3D%3D\" target=\"_blank\" rel=\"noopener\">Kartta<\/a><\/p>\n<p>Kokoukseen voi osallistua my\u00f6s <a href=\"https:\/\/us02web.zoom.us\/j\/9833336570?pwd=b2VTNGVSMWZzdUpEMzZnZ3NNdWJkZz09\" target=\"_blank\" rel=\"noopener\">verkon kautta<\/a>.<\/p>\n<\/div>\n<\/div>\n<\/div>\n<div class=\"et_pb_column et_pb_column_1_3 et_pb_column_inner et_pb_column_inner_2 et-last-child\">\n<div class=\"et_pb_module et_pb_map_0 et_pb_map_container\">\n<div class=\"et_pb_map\" data-center-lat=\"60.45665229999999\" data-center-lng=\"26.23049149999997\" data-zoom=\"16\" data-mouse-wheel=\"on\" data-mobile-dragging=\"on\">\n<div>\n<div class=\"gm-style\">\n<div>\n<div>\n<div class=\"gmnoprint\">\n<div class=\"gm-style-cc\">\n<div><\/div>\n<\/div>\n<\/div>\n<\/div>\n<\/div>\n<\/div>\n<\/div>\n<\/div>\n<\/div>\n<\/div>\n<\/div>\n<div class=\"et_pb_row_inner et_pb_row_inner_2\">\n<div class=\"et_pb_column et_pb_column_1_3 et_pb_column_inner et_pb_column_inner_3\">\n<div class=\"et_pb_module et_pb_text et_pb_text_3 et_pb_text_align_left et_pb_bg_layout_light\">\n<div class=\"et_pb_text_inner\">\n<h3>Presidentti<\/h3>\n<p>Peter Antas<br \/>\np. 0400 495 327<br \/>\nemail <a href=\"mailto:antaspeter@gmail.com\">antaspeter@gmail.com<\/a><\/p>\n<\/div>\n<\/div>\n<\/div>\n<div class=\"et_pb_column et_pb_column_1_3 et_pb_column_inner et_pb_column_inner_4 et-last-child\">\n<div class=\"et_pb_module et_pb_text et_pb_text_4 et_pb_text_align_left et_pb_bg_layout_light\">\n<div class=\"et_pb_text_inner\">\n<h3>Sihteeri<\/h3>\n<p>Heikki Niemenmaa<br \/>\np. 040 8630 258<br \/>\nemail <a href=\"mailto:heikkiniemenmaa@gmail.com\">heikkiniemenmaa@gmail.com<\/a><\/p>\n<p><span style=\"color: #333333;font-size: 22px\">Muut t\u00e4rke\u00e4t yhteyshenkil\u00f6t<\/span><\/p>\n<\/div>\n<\/div>\n<\/div>\n<\/div>\n<div class=\"et_pb_row_inner et_pb_row_inner_3\">\n<div class=\"et_pb_column et_pb_column_4_4 et_pb_column_inner et_pb_column_inner_5 et-last-child\">\n<div class=\"et_pb_module et_pb_text et_pb_text_5 et_pb_text_align_left et_pb_bg_layout_light\">\n<div class=\"et_pb_text_inner\">\n<p>Klubimestari Kalevi Ilonen<br \/>\nemail <a href=\"mailto:kalevi.ilonen@ilonen-lautamo.fi\">kalevi.ilonen@ilonen-lautamo.fi<\/a><\/p>\n<\/div>\n<\/div>\n<\/div>\n<\/div>\n","protected":false},"excerpt":{"rendered":"<p>Kokoonnumme 1.9.2025 alkaen torstaisin klo 12 Esplanadin kabinetissa, Kuningattarenkatu 7. Kartta Kokoukseen voi osallistua my\u00f6s verkon kautta. Presidentti Peter Antas p. 0400 495 327 email antaspeter@gmail.com Sihteeri Heikki Niemenmaa p. 040 8630 258 email heikkiniemenmaa@gmail.com Muut t\u00e4rke\u00e4t yhteyshenkil\u00f6t Klubimestari Kalevi Ilonen email kalevi.ilonen@ilonen-lautamo.fi<\/p>\n","protected":false},"author":1,"featured_media":0,"parent":0,"menu_order":6,"comment_status":"closed","ping_status":"closed","template":"","meta":{"_acf_changed":false,"_et_pb_use_builder":"off","_et_pb_old_content":"","_et_gb_content_width":"","footnotes":""},"class_list":["post-98","page","type-page","status-publish","hentry"],"acf":[],"yoast_head":"<!-- This site is optimized with the Yoast SEO plugin v27.4 - https:\/\/yoast.com\/product\/yoast-seo-wordpress\/ -->\n<title>Yhteystiedot - Lovisa Rotaryklubb - Loviisan Rotaryklubi<\/title>\n<meta name=\"robots\" content=\"index, follow, max-snippet:-1, max-image-preview:large, max-video-preview:-1\" \/>\n<link rel=\"canonical\" href=\"https:\/\/rotary.fi\/loviisa\/yhteystiedot\/\" \/>\n<meta property=\"og:locale\" content=\"fi_FI\" \/>\n<meta property=\"og:type\" content=\"article\" \/>\n<meta property=\"og:title\" content=\"Yhteystiedot - Lovisa Rotaryklubb - Loviisan Rotaryklubi\" \/>\n<meta property=\"og:description\" content=\"Kokoonnumme 1.9.2025 alkaen torstaisin klo 12 Esplanadin kabinetissa, Kuningattarenkatu 7. Kartta Kokoukseen voi osallistua my\u00f6s verkon kautta. Presidentti Peter Antas p. 0400 495 327 email antaspeter@gmail.com Sihteeri Heikki Niemenmaa p. 040 8630 258 email heikkiniemenmaa@gmail.com Muut t\u00e4rke\u00e4t yhteyshenkil\u00f6t Klubimestari Kalevi Ilonen email kalevi.ilonen@ilonen-lautamo.fi\" \/>\n<meta property=\"og:url\" content=\"https:\/\/rotary.fi\/loviisa\/yhteystiedot\/\" \/>\n<meta property=\"og:site_name\" content=\"Lovisa Rotaryklubb - Loviisan Rotaryklubi\" \/>\n<meta property=\"article:modified_time\" content=\"2025-08-28T15:13:05+00:00\" \/>\n<meta name=\"twitter:card\" content=\"summary_large_image\" \/>\n<meta name=\"twitter:label1\" content=\"Arvioitu lukuaika\" \/>\n\t<meta name=\"twitter:data1\" content=\"1 minuutti\" \/>\n<script type=\"application\/ld+json\" class=\"yoast-schema-graph\">{\"@context\":\"https:\\\/\\\/schema.org\",\"@graph\":[{\"@type\":\"WebPage\",\"@id\":\"https:\\\/\\\/rotary.fi\\\/loviisa\\\/yhteystiedot\\\/\",\"url\":\"https:\\\/\\\/rotary.fi\\\/loviisa\\\/yhteystiedot\\\/\",\"name\":\"Yhteystiedot - Lovisa Rotaryklubb - Loviisan Rotaryklubi\",\"isPartOf\":{\"@id\":\"https:\\\/\\\/rotary.fi\\\/loviisa\\\/#website\"},\"datePublished\":\"2018-08-09T12:17:32+00:00\",\"dateModified\":\"2025-08-28T15:13:05+00:00\",\"breadcrumb\":{\"@id\":\"https:\\\/\\\/rotary.fi\\\/loviisa\\\/yhteystiedot\\\/#breadcrumb\"},\"inLanguage\":\"fi\",\"potentialAction\":[{\"@type\":\"ReadAction\",\"target\":[\"https:\\\/\\\/rotary.fi\\\/loviisa\\\/yhteystiedot\\\/\"]}]},{\"@type\":\"BreadcrumbList\",\"@id\":\"https:\\\/\\\/rotary.fi\\\/loviisa\\\/yhteystiedot\\\/#breadcrumb\",\"itemListElement\":[{\"@type\":\"ListItem\",\"position\":1,\"name\":\"Home\",\"item\":\"https:\\\/\\\/rotary.fi\\\/loviisa\\\/\"},{\"@type\":\"ListItem\",\"position\":2,\"name\":\"Yhteystiedot\"}]},{\"@type\":\"WebSite\",\"@id\":\"https:\\\/\\\/rotary.fi\\\/loviisa\\\/#website\",\"url\":\"https:\\\/\\\/rotary.fi\\\/loviisa\\\/\",\"name\":\"Lovisa Rotaryklubb - Loviisan Rotaryklubi\",\"description\":\"Uusi Rotary klubisivusto\",\"potentialAction\":[{\"@type\":\"SearchAction\",\"target\":{\"@type\":\"EntryPoint\",\"urlTemplate\":\"https:\\\/\\\/rotary.fi\\\/loviisa\\\/?s={search_term_string}\"},\"query-input\":{\"@type\":\"PropertyValueSpecification\",\"valueRequired\":true,\"valueName\":\"search_term_string\"}}],\"inLanguage\":\"fi\"}]}<\/script>\n<!-- \/ Yoast SEO plugin. -->","yoast_head_json":{"title":"Yhteystiedot - Lovisa Rotaryklubb - Loviisan Rotaryklubi","robots":{"index":"index","follow":"follow","max-snippet":"max-snippet:-1","max-image-preview":"max-image-preview:large","max-video-preview":"max-video-preview:-1"},"canonical":"https:\/\/rotary.fi\/loviisa\/yhteystiedot\/","og_locale":"fi_FI","og_type":"article","og_title":"Yhteystiedot - Lovisa Rotaryklubb - Loviisan Rotaryklubi","og_description":"Kokoonnumme 1.9.2025 alkaen torstaisin klo 12 Esplanadin kabinetissa, Kuningattarenkatu 7. Kartta Kokoukseen voi osallistua my\u00f6s verkon kautta. Presidentti Peter Antas p. 0400 495 327 email antaspeter@gmail.com Sihteeri Heikki Niemenmaa p. 040 8630 258 email heikkiniemenmaa@gmail.com Muut t\u00e4rke\u00e4t yhteyshenkil\u00f6t Klubimestari Kalevi Ilonen email kalevi.ilonen@ilonen-lautamo.fi","og_url":"https:\/\/rotary.fi\/loviisa\/yhteystiedot\/","og_site_name":"Lovisa Rotaryklubb - Loviisan Rotaryklubi","article_modified_time":"2025-08-28T15:13:05+00:00","twitter_card":"summary_large_image","twitter_misc":{"Arvioitu lukuaika":"1 minuutti"},"schema":{"@context":"https:\/\/schema.org","@graph":[{"@type":"WebPage","@id":"https:\/\/rotary.fi\/loviisa\/yhteystiedot\/","url":"https:\/\/rotary.fi\/loviisa\/yhteystiedot\/","name":"Yhteystiedot - Lovisa Rotaryklubb - Loviisan Rotaryklubi","isPartOf":{"@id":"https:\/\/rotary.fi\/loviisa\/#website"},"datePublished":"2018-08-09T12:17:32+00:00","dateModified":"2025-08-28T15:13:05+00:00","breadcrumb":{"@id":"https:\/\/rotary.fi\/loviisa\/yhteystiedot\/#breadcrumb"},"inLanguage":"fi","potentialAction":[{"@type":"ReadAction","target":["https:\/\/rotary.fi\/loviisa\/yhteystiedot\/"]}]},{"@type":"BreadcrumbList","@id":"https:\/\/rotary.fi\/loviisa\/yhteystiedot\/#breadcrumb","itemListElement":[{"@type":"ListItem","position":1,"name":"Home","item":"https:\/\/rotary.fi\/loviisa\/"},{"@type":"ListItem","position":2,"name":"Yhteystiedot"}]},{"@type":"WebSite","@id":"https:\/\/rotary.fi\/loviisa\/#website","url":"https:\/\/rotary.fi\/loviisa\/","name":"Lovisa Rotaryklubb - Loviisan Rotaryklubi","description":"Uusi Rotary klubisivusto","potentialAction":[{"@type":"SearchAction","target":{"@type":"EntryPoint","urlTemplate":"https:\/\/rotary.fi\/loviisa\/?s={search_term_string}"},"query-input":{"@type":"PropertyValueSpecification","valueRequired":true,"valueName":"search_term_string"}}],"inLanguage":"fi"}]}},"lang":"fi","translations":{"fi":98,"sv":1647},"pll_sync_post":[],"_links":{"self":[{"href":"https:\/\/rotary.fi\/loviisa\/wp-json\/wp\/v2\/pages\/98","targetHints":{"allow":["GET"]}}],"collection":[{"href":"https:\/\/rotary.fi\/loviisa\/wp-json\/wp\/v2\/pages"}],"about":[{"href":"https:\/\/rotary.fi\/loviisa\/wp-json\/wp\/v2\/types\/page"}],"author":[{"embeddable":true,"href":"https:\/\/rotary.fi\/loviisa\/wp-json\/wp\/v2\/users\/1"}],"replies":[{"embeddable":true,"href":"https:\/\/rotary.fi\/loviisa\/wp-json\/wp\/v2\/comments?post=98"}],"version-history":[{"count":11,"href":"https:\/\/rotary.fi\/loviisa\/wp-json\/wp\/v2\/pages\/98\/revisions"}],"predecessor-version":[{"id":2432,"href":"https:\/\/rotary.fi\/loviisa\/wp-json\/wp\/v2\/pages\/98\/revisions\/2432"}],"wp:attachment":[{"href":"https:\/\/rotary.fi\/loviisa\/wp-json\/wp\/v2\/media?parent=98"}],"curies":[{"name":"wp","href":"https:\/\/api.w.org\/{rel}","templated":true}]}}