{"id":15,"date":"2018-08-08T14:36:36","date_gmt":"2018-08-08T11:36:36","guid":{"rendered":"https:\/\/rotary.fi\/klubi2\/?page_id=15"},"modified":"2024-04-23T15:27:21","modified_gmt":"2024-04-23T12:27:21","slug":"etusivu","status":"publish","type":"page","link":"https:\/\/rotary.fi\/lohja\/","title":{"rendered":"Etusivu"},"content":{"rendered":"<p>[et_pb_section fb_built=&#8221;1&#8243; _builder_version=&#8221;4.25.0&#8243; _dynamic_attributes=&#8221;background_image&#8221; background_image=&#8221;https:\/\/rotary.fi\/lohja\/wp-content\/uploads\/sites\/205\/2020\/12\/lohja.jpg&#8221; min_height=&#8221;633px&#8221; global_module=&#8221;1914&#8243; saved_tabs=&#8221;all&#8221; collapsed=&#8221;off&#8221; global_colors_info=&#8221;{}&#8221;][et_pb_row _builder_version=&#8221;4.16&#8243; background_size=&#8221;initial&#8221; background_position=&#8221;top_left&#8221; background_repeat=&#8221;repeat&#8221; global_colors_info=&#8221;{}&#8221;][et_pb_column type=&#8221;4_4&#8243; _builder_version=&#8221;4.16&#8243; custom_padding=&#8221;|||&#8221; global_colors_info=&#8221;{}&#8221; custom_padding__hover=&#8221;|||&#8221;][et_pb_text _builder_version=&#8221;4.17.4&#8243; background_size=&#8221;initial&#8221; background_position=&#8221;top_left&#8221; background_repeat=&#8221;repeat&#8221; custom_padding=&#8221;8px||84px|||&#8221; inline_fonts=&#8221;Times New Roman&#8221; global_colors_info=&#8221;{}&#8221;]<\/p>\n<p><span style=\"font-size: x-large;color: #0d0d4c\"><strong>Rotary on eettisell\u00e4 pohjalla toimiva kansainv\u00e4linen palveluj\u00e4rjest\u00f6. <\/strong><\/span><\/p>\n<p><span style=\"color: #0d0d4c\"><strong>Vuonna 1905 USA:ssa perustetun rotaryj\u00e4rjest\u00f6n toiminta alkoi Suomessa vuonna 1926. <span style=\"text-decoration: underline\">Lohjan Rotaryklubi<\/span> perustettiin 30.5.1949 ja hyv\u00e4ksyttiin Rotary Internationalin j\u00e4seneksi 21.06.1949. <\/strong><\/span><\/p>\n<p><span style=\"color: #0d0d4c\"><strong>Lohjalla ehti toimia l\u00e4hes 44 vuoden ajan my\u00f6s 2. Rotaryklubi &#8211; <span style=\"text-decoration: underline\">Lohjannummen Rotaryklubi<\/span> &#8211; joka yhdistyi klubiimme 1.5.2019. Lue historiikki <span style=\"text-decoration: underline\"><a href=\"https:\/\/rb.gy\/zi3e6\" style=\"color: #0d0d4c;text-decoration: underline\">t\u00e4\u00e4lt\u00e4<\/a><\/span>.<\/strong><strong><\/strong><\/span><\/p>\n<p><span style=\"color: #0d0d4c\"><strong>Kokoonnumme kahden viikon v\u00e4lein kuulemaan kiinnostavia esitelmi\u00e4 ja nauttimaan hyv\u00e4st\u00e4 seurasta.\u00a0Vierailemme my\u00f6s lohjalaisissa yrityksiss\u00e4 ja toimipaikoissa. Tervetuloa toimintaamme mukaan!<\/strong><\/span><\/p>\n<p>[\/et_pb_text][\/et_pb_column][\/et_pb_row][\/et_pb_section][et_pb_section fb_built=&#8221;1&#8243; fullwidth=&#8221;on&#8221; _builder_version=&#8221;4.16&#8243; global_colors_info=&#8221;{}&#8221;][\/et_pb_section]<\/p>\n","protected":false},"excerpt":{"rendered":"<p>Rotary on eettisell\u00e4 pohjalla toimiva kansainv\u00e4linen palveluj\u00e4rjest\u00f6. Vuonna 1905 USA:ssa perustetun rotaryj\u00e4rjest\u00f6n toiminta alkoi Suomessa vuonna 1926. Lohjan Rotaryklubi perustettiin 30.5.1949 ja hyv\u00e4ksyttiin Rotary Internationalin j\u00e4seneksi 21.06.1949. Lohjalla ehti toimia l\u00e4hes 44 vuoden ajan my\u00f6s 2. Rotaryklubi &#8211; Lohjannummen Rotaryklubi &#8211; joka yhdistyi klubiimme 1.5.2019. Lue historiikki t\u00e4\u00e4lt\u00e4. Kokoonnumme kahden viikon v\u00e4lein kuulemaan kiinnostavia esitelmi\u00e4 [&hellip;]<\/p>\n","protected":false},"author":1,"featured_media":1824,"parent":0,"menu_order":0,"comment_status":"closed","ping_status":"closed","template":"","meta":{"_acf_changed":false,"_et_pb_use_builder":"on","_et_pb_old_content":"<p>\u00a0<\/p><p>Vuonna 1905 USA:ssa perustetun rotaryj\u00e4rjest\u00f6n toiminta alkoi Suomessa vuonna 1926. Lohjan Rotaryklubi perustettiin 30.5.1949 ja hyv\u00e4ksyttiin Rotary Internationalin j\u00e4seneksi 21.06.1949. Olemme olleet aktiivinen klubi t\u00e4st\u00e4 asti. Tapaamme toisiamme kahden viikon v\u00e4lein kuulemaan kiinnostavia esitelmi\u00e4 ja nauttimaan hyv\u00e4st\u00e4 seurasta.<\/p>","_et_gb_content_width":"","footnotes":""},"class_list":["post-15","page","type-page","status-publish","has-post-thumbnail","hentry"],"acf":[],"yoast_head":"<!-- This site is optimized with the Yoast SEO plugin v27.0 - https:\/\/yoast.com\/product\/yoast-seo-wordpress\/ -->\n<title>Etusivu - Lohjan Rotaryklubi ry - Lojo Rotaryklubb rf<\/title>\n<meta name=\"robots\" content=\"index, follow, max-snippet:-1, max-image-preview:large, max-video-preview:-1\" \/>\n<link rel=\"canonical\" href=\"https:\/\/rotary.fi\/lohja\/\" \/>\n<meta property=\"og:locale\" content=\"fi_FI\" \/>\n<meta property=\"og:type\" content=\"article\" \/>\n<meta property=\"og:title\" content=\"Etusivu - Lohjan Rotaryklubi ry - Lojo Rotaryklubb rf\" \/>\n<meta property=\"og:description\" content=\"Rotary on eettisell\u00e4 pohjalla toimiva kansainv\u00e4linen palveluj\u00e4rjest\u00f6. Vuonna 1905 USA:ssa perustetun rotaryj\u00e4rjest\u00f6n toiminta alkoi Suomessa vuonna 1926. Lohjan Rotaryklubi perustettiin 30.5.1949 ja hyv\u00e4ksyttiin Rotary Internationalin j\u00e4seneksi 21.06.1949. Lohjalla ehti toimia l\u00e4hes 44 vuoden ajan my\u00f6s 2. Rotaryklubi - Lohjannummen Rotaryklubi - joka yhdistyi klubiimme 1.5.2019. Lue historiikki t\u00e4\u00e4lt\u00e4. Kokoonnumme kahden viikon v\u00e4lein kuulemaan kiinnostavia esitelmi\u00e4 [&hellip;]\" \/>\n<meta property=\"og:url\" content=\"https:\/\/rotary.fi\/lohja\/\" \/>\n<meta property=\"og:site_name\" content=\"Lohjan Rotaryklubi ry - Lojo Rotaryklubb rf\" \/>\n<meta property=\"article:modified_time\" content=\"2024-04-23T12:27:21+00:00\" \/>\n<meta property=\"og:image\" content=\"https:\/\/rotary.fi\/lohja\/wp-content\/uploads\/sites\/205\/2020\/10\/kaupunki.jpg\" \/>\n\t<meta property=\"og:image:width\" content=\"1600\" \/>\n\t<meta property=\"og:image:height\" content=\"1067\" \/>\n\t<meta property=\"og:image:type\" content=\"image\/jpeg\" \/>\n<meta name=\"twitter:card\" content=\"summary_large_image\" \/>\n<meta name=\"twitter:label1\" content=\"Arvioitu lukuaika\" \/>\n\t<meta name=\"twitter:data1\" content=\"1 minuutti\" \/>\n<script type=\"application\/ld+json\" class=\"yoast-schema-graph\">{\"@context\":\"https:\/\/schema.org\",\"@graph\":[{\"@type\":\"WebPage\",\"@id\":\"https:\/\/rotary.fi\/lohja\/\",\"url\":\"https:\/\/rotary.fi\/lohja\/\",\"name\":\"Etusivu - Lohjan Rotaryklubi ry - Lojo Rotaryklubb rf\",\"isPartOf\":{\"@id\":\"https:\/\/rotary.fi\/lohja\/#website\"},\"primaryImageOfPage\":{\"@id\":\"https:\/\/rotary.fi\/lohja\/#primaryimage\"},\"image\":{\"@id\":\"https:\/\/rotary.fi\/lohja\/#primaryimage\"},\"thumbnailUrl\":\"https:\/\/rotary.fi\/lohja\/wp-content\/uploads\/sites\/205\/2020\/10\/kaupunki.jpg\",\"datePublished\":\"2018-08-08T11:36:36+00:00\",\"dateModified\":\"2024-04-23T12:27:21+00:00\",\"breadcrumb\":{\"@id\":\"https:\/\/rotary.fi\/lohja\/#breadcrumb\"},\"inLanguage\":\"fi\",\"potentialAction\":[{\"@type\":\"ReadAction\",\"target\":[\"https:\/\/rotary.fi\/lohja\/\"]}]},{\"@type\":\"ImageObject\",\"inLanguage\":\"fi\",\"@id\":\"https:\/\/rotary.fi\/lohja\/#primaryimage\",\"url\":\"https:\/\/rotary.fi\/lohja\/wp-content\/uploads\/sites\/205\/2020\/10\/kaupunki.jpg\",\"contentUrl\":\"https:\/\/rotary.fi\/lohja\/wp-content\/uploads\/sites\/205\/2020\/10\/kaupunki.jpg\",\"width\":1600,\"height\":1067,\"caption\":\"Lohja\"},{\"@type\":\"BreadcrumbList\",\"@id\":\"https:\/\/rotary.fi\/lohja\/#breadcrumb\",\"itemListElement\":[{\"@type\":\"ListItem\",\"position\":1,\"name\":\"Home\",\"item\":\"https:\/\/rotary.fi\/lohja\/\"},{\"@type\":\"ListItem\",\"position\":2,\"name\":\"Etusivu\"}]},{\"@type\":\"WebSite\",\"@id\":\"https:\/\/rotary.fi\/lohja\/#website\",\"url\":\"https:\/\/rotary.fi\/lohja\/\",\"name\":\"Lohjan Rotaryklubi ry - Lojo Rotaryklubb rf\",\"description\":\"Uusi Rotary klubisivusto\",\"potentialAction\":[{\"@type\":\"SearchAction\",\"target\":{\"@type\":\"EntryPoint\",\"urlTemplate\":\"https:\/\/rotary.fi\/lohja\/?s={search_term_string}\"},\"query-input\":{\"@type\":\"PropertyValueSpecification\",\"valueRequired\":true,\"valueName\":\"search_term_string\"}}],\"inLanguage\":\"fi\"}]}<\/script>\n<!-- \/ Yoast SEO plugin. -->","yoast_head_json":{"title":"Etusivu - Lohjan Rotaryklubi ry - Lojo Rotaryklubb rf","robots":{"index":"index","follow":"follow","max-snippet":"max-snippet:-1","max-image-preview":"max-image-preview:large","max-video-preview":"max-video-preview:-1"},"canonical":"https:\/\/rotary.fi\/lohja\/","og_locale":"fi_FI","og_type":"article","og_title":"Etusivu - Lohjan Rotaryklubi ry - Lojo Rotaryklubb rf","og_description":"Rotary on eettisell\u00e4 pohjalla toimiva kansainv\u00e4linen palveluj\u00e4rjest\u00f6. Vuonna 1905 USA:ssa perustetun rotaryj\u00e4rjest\u00f6n toiminta alkoi Suomessa vuonna 1926. Lohjan Rotaryklubi perustettiin 30.5.1949 ja hyv\u00e4ksyttiin Rotary Internationalin j\u00e4seneksi 21.06.1949. Lohjalla ehti toimia l\u00e4hes 44 vuoden ajan my\u00f6s 2. Rotaryklubi - Lohjannummen Rotaryklubi - joka yhdistyi klubiimme 1.5.2019. Lue historiikki t\u00e4\u00e4lt\u00e4. Kokoonnumme kahden viikon v\u00e4lein kuulemaan kiinnostavia esitelmi\u00e4 [&hellip;]","og_url":"https:\/\/rotary.fi\/lohja\/","og_site_name":"Lohjan Rotaryklubi ry - Lojo Rotaryklubb rf","article_modified_time":"2024-04-23T12:27:21+00:00","og_image":[{"width":1600,"height":1067,"url":"https:\/\/rotary.fi\/lohja\/wp-content\/uploads\/sites\/205\/2020\/10\/kaupunki.jpg","type":"image\/jpeg"}],"twitter_card":"summary_large_image","twitter_misc":{"Arvioitu lukuaika":"1 minuutti"},"schema":{"@context":"https:\/\/schema.org","@graph":[{"@type":"WebPage","@id":"https:\/\/rotary.fi\/lohja\/","url":"https:\/\/rotary.fi\/lohja\/","name":"Etusivu - Lohjan Rotaryklubi ry - Lojo Rotaryklubb rf","isPartOf":{"@id":"https:\/\/rotary.fi\/lohja\/#website"},"primaryImageOfPage":{"@id":"https:\/\/rotary.fi\/lohja\/#primaryimage"},"image":{"@id":"https:\/\/rotary.fi\/lohja\/#primaryimage"},"thumbnailUrl":"https:\/\/rotary.fi\/lohja\/wp-content\/uploads\/sites\/205\/2020\/10\/kaupunki.jpg","datePublished":"2018-08-08T11:36:36+00:00","dateModified":"2024-04-23T12:27:21+00:00","breadcrumb":{"@id":"https:\/\/rotary.fi\/lohja\/#breadcrumb"},"inLanguage":"fi","potentialAction":[{"@type":"ReadAction","target":["https:\/\/rotary.fi\/lohja\/"]}]},{"@type":"ImageObject","inLanguage":"fi","@id":"https:\/\/rotary.fi\/lohja\/#primaryimage","url":"https:\/\/rotary.fi\/lohja\/wp-content\/uploads\/sites\/205\/2020\/10\/kaupunki.jpg","contentUrl":"https:\/\/rotary.fi\/lohja\/wp-content\/uploads\/sites\/205\/2020\/10\/kaupunki.jpg","width":1600,"height":1067,"caption":"Lohja"},{"@type":"BreadcrumbList","@id":"https:\/\/rotary.fi\/lohja\/#breadcrumb","itemListElement":[{"@type":"ListItem","position":1,"name":"Home","item":"https:\/\/rotary.fi\/lohja\/"},{"@type":"ListItem","position":2,"name":"Etusivu"}]},{"@type":"WebSite","@id":"https:\/\/rotary.fi\/lohja\/#website","url":"https:\/\/rotary.fi\/lohja\/","name":"Lohjan Rotaryklubi ry - Lojo Rotaryklubb rf","description":"Uusi Rotary klubisivusto","potentialAction":[{"@type":"SearchAction","target":{"@type":"EntryPoint","urlTemplate":"https:\/\/rotary.fi\/lohja\/?s={search_term_string}"},"query-input":{"@type":"PropertyValueSpecification","valueRequired":true,"valueName":"search_term_string"}}],"inLanguage":"fi"}]}},"lang":"fi","translations":{"fi":15},"pll_sync_post":[],"_links":{"self":[{"href":"https:\/\/rotary.fi\/lohja\/wp-json\/wp\/v2\/pages\/15","targetHints":{"allow":["GET"]}}],"collection":[{"href":"https:\/\/rotary.fi\/lohja\/wp-json\/wp\/v2\/pages"}],"about":[{"href":"https:\/\/rotary.fi\/lohja\/wp-json\/wp\/v2\/types\/page"}],"author":[{"embeddable":true,"href":"https:\/\/rotary.fi\/lohja\/wp-json\/wp\/v2\/users\/1"}],"replies":[{"embeddable":true,"href":"https:\/\/rotary.fi\/lohja\/wp-json\/wp\/v2\/comments?post=15"}],"version-history":[{"count":10,"href":"https:\/\/rotary.fi\/lohja\/wp-json\/wp\/v2\/pages\/15\/revisions"}],"predecessor-version":[{"id":2303,"href":"https:\/\/rotary.fi\/lohja\/wp-json\/wp\/v2\/pages\/15\/revisions\/2303"}],"wp:featuredmedia":[{"embeddable":true,"href":"https:\/\/rotary.fi\/lohja\/wp-json\/wp\/v2\/media\/1824"}],"wp:attachment":[{"href":"https:\/\/rotary.fi\/lohja\/wp-json\/wp\/v2\/media?parent=15"}],"curies":[{"name":"wp","href":"https:\/\/api.w.org\/{rel}","templated":true}]}}