{"id":132,"date":"2018-08-10T13:59:56","date_gmt":"2018-08-10T10:59:56","guid":{"rendered":"https:\/\/rotary.fi\/klubi2\/?page_id=132"},"modified":"2024-02-22T17:49:48","modified_gmt":"2024-02-22T15:49:48","slug":"hallitus-ja-toimihenkilot","status":"publish","type":"page","link":"https:\/\/rotary.fi\/lieksa\/keita-olemme\/hallitus-ja-toimihenkilot\/","title":{"rendered":"Hallitus ja toimihenkil\u00f6t"},"content":{"rendered":"<p>[et_pb_section fb_built=&#8221;1&#8243; module_class=&#8221;jumbotron-page&#8221; _builder_version=&#8221;4.22.1&#8243; background_image=&#8221;https:\/\/rotary.fi\/lieksa\/wp-content\/uploads\/sites\/245\/2024\/02\/kolirasavaara.jpg&#8221; background_position=&#8221;top_right&#8221; background_vertical_offset=&#8221;65%&#8221; global_colors_info=&#8221;{}&#8221;][et_pb_row _builder_version=&#8221;4.16&#8243; background_size=&#8221;initial&#8221; background_position=&#8221;top_left&#8221; background_repeat=&#8221;repeat&#8221; global_colors_info=&#8221;{}&#8221;][et_pb_column type=&#8221;4_4&#8243; _builder_version=&#8221;4.16&#8243; custom_padding=&#8221;|||&#8221; global_colors_info=&#8221;{}&#8221; custom_padding__hover=&#8221;|||&#8221;][et_pb_text admin_label=&#8221;P\u00e4\u00e4otsikko&#8221; _builder_version=&#8221;4.16&#8243; text_orientation=&#8221;center&#8221; background_layout=&#8221;dark&#8221; global_colors_info=&#8221;{}&#8221;]<\/p>\n<h1>Hallitus ja toimihenkil\u00f6t<\/h1>\n<p>[\/et_pb_text][\/et_pb_column][\/et_pb_row][\/et_pb_section][et_pb_section fb_built=&#8221;1&#8243; specialty=&#8221;on&#8221; module_class_2=&#8221;sivupalkki&#8221; _builder_version=&#8221;4.16&#8243; global_colors_info=&#8221;{}&#8221;][et_pb_column type=&#8221;2_3&#8243; specialty_columns=&#8221;2&#8243; _builder_version=&#8221;4.16&#8243; custom_padding=&#8221;|||&#8221; global_colors_info=&#8221;{}&#8221; parallax__hover=&#8221;off&#8221; parallax_method__hover=&#8221;on&#8221; custom_padding__hover=&#8221;|||&#8221;][et_pb_row_inner admin_label=&#8221;Rivi&#8221; _builder_version=&#8221;4.16&#8243; global_colors_info=&#8221;{}&#8221;][et_pb_column_inner saved_specialty_column_type=&#8221;2_3&#8243; _builder_version=&#8221;4.16&#8243; custom_padding=&#8221;|||&#8221; global_colors_info=&#8221;{}&#8221; parallax__hover=&#8221;off&#8221; parallax_method__hover=&#8221;on&#8221; custom_padding__hover=&#8221;|||&#8221;][et_pb_text admin_label=&#8221;Otsikko&#8221; _builder_version=&#8221;4.16&#8243; text_orientation=&#8221;center&#8221; global_colors_info=&#8221;{}&#8221;]<\/p>\n<h1>Hallitus ja toimihenkil\u00f6t<\/h1>\n<p>[\/et_pb_text][\/et_pb_column_inner][\/et_pb_row_inner][et_pb_row_inner column_structure=&#8221;1_2,1_2&#8243; admin_label=&#8221;Rivi&#8221; _builder_version=&#8221;4.16&#8243; global_colors_info=&#8221;{}&#8221;][et_pb_column_inner type=&#8221;1_2&#8243; saved_specialty_column_type=&#8221;2_3&#8243; _builder_version=&#8221;4.16&#8243; custom_padding=&#8221;|||&#8221; global_colors_info=&#8221;{}&#8221; parallax__hover=&#8221;off&#8221; parallax_method__hover=&#8221;on&#8221; custom_padding__hover=&#8221;|||&#8221;][et_pb_team_member name=&#8221;Jarmo Yletyinen&#8221; position=&#8221;Presidentti&#8221; image_url=&#8221;https:\/\/rotary.fi\/lieksa\/wp-content\/uploads\/sites\/245\/2024\/02\/jarmo-yletyinen-web.jpg&#8221; admin_label=&#8221;Presidentti&#8221; _builder_version=&#8221;4.22.1&#8243; global_colors_info=&#8221;{}&#8221;]<\/p>\n<p>Klubi 10047 presidentti<br \/>p. 0400 469 439<br \/>S\u00e4hk\u00f6posti: jkyletyinen@gmail.com<\/p>\n<p>[\/et_pb_team_member][\/et_pb_column_inner][et_pb_column_inner type=&#8221;1_2&#8243; saved_specialty_column_type=&#8221;2_3&#8243; _builder_version=&#8221;4.16&#8243; custom_padding=&#8221;|||&#8221; global_colors_info=&#8221;{}&#8221; parallax__hover=&#8221;off&#8221; parallax_method__hover=&#8221;on&#8221; custom_padding__hover=&#8221;|||&#8221;][et_pb_text _builder_version=&#8221;4.16&#8243; global_colors_info=&#8221;{}&#8221;]<\/p>\n<h2>Hallitus ja toimihenkil\u00f6t<\/h2>\n<p><strong>Presidentti 2023-2024 <\/strong>Jarmo Yletyinen<strong><br \/><\/strong><strong>Tuleva presidentti<\/strong> Jarmo Yletyinen<br \/><strong>Varapresidentti<\/strong> Reino Hirvonen<br \/><strong>Past presidentti<\/strong> Reino Hirvonen<br \/><strong>1.sihteeri<\/strong> Sari Siivonen<br \/><strong>2. sihteeri<\/strong> Jarmo Vacklin<br \/><strong>Klubimestari<\/strong> Arto Turpeinen<br \/><strong>Rahastonhoitaja<\/strong> Anne Harjunen<br \/><strong>IT-vastaava<\/strong> Jyrki Nevalainen<br \/><strong>S\u00e4\u00e4ti\u00f6asiamies<\/strong> Juha <span style=\"color: #512841\">Oksanen<\/span><br \/><strong>Nuorisovaihtoasiamies<\/strong> Arto Turpeinen<\/p>\n<h2><\/h2>\n<p>[\/et_pb_text][\/et_pb_column_inner][\/et_pb_row_inner][et_pb_row_inner _builder_version=&#8221;4.22.1&#8243; _module_preset=&#8221;default&#8221;][et_pb_column_inner saved_specialty_column_type=&#8221;2_3&#8243; _builder_version=&#8221;4.22.1&#8243; _module_preset=&#8221;default&#8221;][et_pb_image src=&#8221;https:\/\/rotary.fi\/lieksa\/wp-content\/uploads\/sites\/245\/2024\/02\/rotaryviiri-lieksa.jpg&#8221; _builder_version=&#8221;4.22.1&#8243; _module_preset=&#8221;default&#8221; alt=&#8221;Lieksan Rotaryt viiri&#8221; title_text=&#8221;rotaryviiri_lieksa&#8221; width=&#8221;45%&#8221; hover_enabled=&#8221;0&#8243; sticky_enabled=&#8221;0&#8243;][\/et_pb_image][\/et_pb_column_inner][\/et_pb_row_inner][\/et_pb_column][et_pb_column type=&#8221;1_3&#8243; module_class=&#8221;sivupalkki&#8221; _builder_version=&#8221;4.16&#8243; custom_padding=&#8221;|||&#8221; global_colors_info=&#8221;{}&#8221; parallax__hover=&#8221;off&#8221; parallax_method__hover=&#8221;on&#8221; module_class__hover=&#8221;sivupalkki&#8221; custom_padding__hover=&#8221;|||&#8221;][et_pb_sidebar area=&#8221;sidebar-1&#8243; module_class=&#8221;sivupalkki_sisalto&#8221; _builder_version=&#8221;4.16&#8243; locked=&#8221;on&#8221; global_colors_info=&#8221;{}&#8221;]<\/p>\n<p>[\/et_pb_sidebar][\/et_pb_column][\/et_pb_section][et_pb_section fb_built=&#8221;1&#8243; theme_builder_area=&#8221;post_content&#8221; _builder_version=&#8221;4.22.1&#8243; _module_preset=&#8221;default&#8221;][\/et_pb_section]<\/p>\n","protected":false},"excerpt":{"rendered":"<p>Hallitus ja toimihenkil\u00f6t Hallitus ja toimihenkil\u00f6t Klubi 10047 presidenttip. 0400 469 439S\u00e4hk\u00f6posti: jkyletyinen@gmail.comHallitus ja toimihenkil\u00f6t Presidentti 2023-2024 Jarmo YletyinenTuleva presidentti Jarmo YletyinenVarapresidentti Reino HirvonenPast presidentti Reino Hirvonen1.sihteeri Sari Siivonen2. sihteeri Jarmo VacklinKlubimestari Arto TurpeinenRahastonhoitaja Anne HarjunenIT-vastaava Jyrki NevalainenS\u00e4\u00e4ti\u00f6asiamies Juha OksanenNuorisovaihtoasiamies Arto Turpeinen<\/p>\n","protected":false},"author":1,"featured_media":0,"parent":129,"menu_order":0,"comment_status":"closed","ping_status":"closed","template":"","meta":{"_acf_changed":false,"_et_pb_use_builder":"on","_et_pb_old_content":"","_et_gb_content_width":"","footnotes":""},"class_list":["post-132","page","type-page","status-publish","hentry"],"acf":[],"yoast_head":"<!-- This site is optimized with the Yoast SEO plugin v27.0 - https:\/\/yoast.com\/product\/yoast-seo-wordpress\/ -->\n<title>Hallitus ja toimihenkil\u00f6t - Lieksan Rotaryklubi<\/title>\n<meta name=\"robots\" content=\"index, follow, max-snippet:-1, max-image-preview:large, max-video-preview:-1\" \/>\n<link rel=\"canonical\" href=\"https:\/\/rotary.fi\/lieksa\/keita-olemme\/hallitus-ja-toimihenkilot\/\" \/>\n<meta property=\"og:locale\" content=\"fi_FI\" \/>\n<meta property=\"og:type\" content=\"article\" \/>\n<meta property=\"og:title\" content=\"Hallitus ja toimihenkil\u00f6t - Lieksan Rotaryklubi\" \/>\n<meta property=\"og:description\" content=\"Hallitus ja toimihenkil\u00f6t Hallitus ja toimihenkil\u00f6t Klubi 10047 presidenttip. 0400 469 439S\u00e4hk\u00f6posti: jkyletyinen@gmail.comHallitus ja toimihenkil\u00f6t Presidentti 2023-2024 Jarmo YletyinenTuleva presidentti Jarmo YletyinenVarapresidentti Reino HirvonenPast presidentti Reino Hirvonen1.sihteeri Sari Siivonen2. sihteeri Jarmo VacklinKlubimestari Arto TurpeinenRahastonhoitaja Anne HarjunenIT-vastaava Jyrki NevalainenS\u00e4\u00e4ti\u00f6asiamies Juha OksanenNuorisovaihtoasiamies Arto Turpeinen\" \/>\n<meta property=\"og:url\" content=\"https:\/\/rotary.fi\/lieksa\/keita-olemme\/hallitus-ja-toimihenkilot\/\" \/>\n<meta property=\"og:site_name\" content=\"Lieksan Rotaryklubi\" \/>\n<meta property=\"article:modified_time\" content=\"2024-02-22T15:49:48+00:00\" \/>\n<meta name=\"twitter:card\" content=\"summary_large_image\" \/>\n<meta name=\"twitter:label1\" content=\"Arvioitu lukuaika\" \/>\n\t<meta name=\"twitter:data1\" content=\"1 minuutti\" \/>\n<script type=\"application\/ld+json\" class=\"yoast-schema-graph\">{\"@context\":\"https:\/\/schema.org\",\"@graph\":[{\"@type\":\"WebPage\",\"@id\":\"https:\/\/rotary.fi\/lieksa\/keita-olemme\/hallitus-ja-toimihenkilot\/\",\"url\":\"https:\/\/rotary.fi\/lieksa\/keita-olemme\/hallitus-ja-toimihenkilot\/\",\"name\":\"Hallitus ja toimihenkil\u00f6t - Lieksan Rotaryklubi\",\"isPartOf\":{\"@id\":\"https:\/\/rotary.fi\/lieksa\/#website\"},\"datePublished\":\"2018-08-10T10:59:56+00:00\",\"dateModified\":\"2024-02-22T15:49:48+00:00\",\"breadcrumb\":{\"@id\":\"https:\/\/rotary.fi\/lieksa\/keita-olemme\/hallitus-ja-toimihenkilot\/#breadcrumb\"},\"inLanguage\":\"fi\",\"potentialAction\":[{\"@type\":\"ReadAction\",\"target\":[\"https:\/\/rotary.fi\/lieksa\/keita-olemme\/hallitus-ja-toimihenkilot\/\"]}]},{\"@type\":\"BreadcrumbList\",\"@id\":\"https:\/\/rotary.fi\/lieksa\/keita-olemme\/hallitus-ja-toimihenkilot\/#breadcrumb\",\"itemListElement\":[{\"@type\":\"ListItem\",\"position\":1,\"name\":\"Home\",\"item\":\"https:\/\/rotary.fi\/lieksa\/\"},{\"@type\":\"ListItem\",\"position\":2,\"name\":\"Keit\u00e4 olemme\",\"item\":\"https:\/\/rotary.fi\/lieksa\/keita-olemme\/\"},{\"@type\":\"ListItem\",\"position\":3,\"name\":\"Hallitus ja toimihenkil\u00f6t\"}]},{\"@type\":\"WebSite\",\"@id\":\"https:\/\/rotary.fi\/lieksa\/#website\",\"url\":\"https:\/\/rotary.fi\/lieksa\/\",\"name\":\"Lieksan Rotaryklubi\",\"description\":\"Uusi Rotary klubisivusto\",\"publisher\":{\"@id\":\"https:\/\/rotary.fi\/lieksa\/#organization\"},\"potentialAction\":[{\"@type\":\"SearchAction\",\"target\":{\"@type\":\"EntryPoint\",\"urlTemplate\":\"https:\/\/rotary.fi\/lieksa\/?s={search_term_string}\"},\"query-input\":{\"@type\":\"PropertyValueSpecification\",\"valueRequired\":true,\"valueName\":\"search_term_string\"}}],\"inLanguage\":\"fi\"},{\"@type\":\"Organization\",\"@id\":\"https:\/\/rotary.fi\/lieksa\/#organization\",\"name\":\"Lieksan Rotaryklubi\",\"url\":\"https:\/\/rotary.fi\/lieksa\/\",\"logo\":{\"@type\":\"ImageObject\",\"inLanguage\":\"fi\",\"@id\":\"https:\/\/rotary.fi\/lieksa\/#\/schema\/logo\/image\/\",\"url\":\"https:\/\/rotary.fi\/lieksa\/wp-content\/uploads\/sites\/245\/2018\/08\/rotary-logo-main-2.png\",\"contentUrl\":\"https:\/\/rotary.fi\/lieksa\/wp-content\/uploads\/sites\/245\/2018\/08\/rotary-logo-main-2.png\",\"width\":135,\"height\":52,\"caption\":\"Lieksan Rotaryklubi\"},\"image\":{\"@id\":\"https:\/\/rotary.fi\/lieksa\/#\/schema\/logo\/image\/\"}}]}<\/script>\n<!-- \/ Yoast SEO plugin. -->","yoast_head_json":{"title":"Hallitus ja toimihenkil\u00f6t - Lieksan Rotaryklubi","robots":{"index":"index","follow":"follow","max-snippet":"max-snippet:-1","max-image-preview":"max-image-preview:large","max-video-preview":"max-video-preview:-1"},"canonical":"https:\/\/rotary.fi\/lieksa\/keita-olemme\/hallitus-ja-toimihenkilot\/","og_locale":"fi_FI","og_type":"article","og_title":"Hallitus ja toimihenkil\u00f6t - Lieksan Rotaryklubi","og_description":"Hallitus ja toimihenkil\u00f6t Hallitus ja toimihenkil\u00f6t Klubi 10047 presidenttip. 0400 469 439S\u00e4hk\u00f6posti: jkyletyinen@gmail.comHallitus ja toimihenkil\u00f6t Presidentti 2023-2024 Jarmo YletyinenTuleva presidentti Jarmo YletyinenVarapresidentti Reino HirvonenPast presidentti Reino Hirvonen1.sihteeri Sari Siivonen2. sihteeri Jarmo VacklinKlubimestari Arto TurpeinenRahastonhoitaja Anne HarjunenIT-vastaava Jyrki NevalainenS\u00e4\u00e4ti\u00f6asiamies Juha OksanenNuorisovaihtoasiamies Arto Turpeinen","og_url":"https:\/\/rotary.fi\/lieksa\/keita-olemme\/hallitus-ja-toimihenkilot\/","og_site_name":"Lieksan Rotaryklubi","article_modified_time":"2024-02-22T15:49:48+00:00","twitter_card":"summary_large_image","twitter_misc":{"Arvioitu lukuaika":"1 minuutti"},"schema":{"@context":"https:\/\/schema.org","@graph":[{"@type":"WebPage","@id":"https:\/\/rotary.fi\/lieksa\/keita-olemme\/hallitus-ja-toimihenkilot\/","url":"https:\/\/rotary.fi\/lieksa\/keita-olemme\/hallitus-ja-toimihenkilot\/","name":"Hallitus ja toimihenkil\u00f6t - Lieksan Rotaryklubi","isPartOf":{"@id":"https:\/\/rotary.fi\/lieksa\/#website"},"datePublished":"2018-08-10T10:59:56+00:00","dateModified":"2024-02-22T15:49:48+00:00","breadcrumb":{"@id":"https:\/\/rotary.fi\/lieksa\/keita-olemme\/hallitus-ja-toimihenkilot\/#breadcrumb"},"inLanguage":"fi","potentialAction":[{"@type":"ReadAction","target":["https:\/\/rotary.fi\/lieksa\/keita-olemme\/hallitus-ja-toimihenkilot\/"]}]},{"@type":"BreadcrumbList","@id":"https:\/\/rotary.fi\/lieksa\/keita-olemme\/hallitus-ja-toimihenkilot\/#breadcrumb","itemListElement":[{"@type":"ListItem","position":1,"name":"Home","item":"https:\/\/rotary.fi\/lieksa\/"},{"@type":"ListItem","position":2,"name":"Keit\u00e4 olemme","item":"https:\/\/rotary.fi\/lieksa\/keita-olemme\/"},{"@type":"ListItem","position":3,"name":"Hallitus ja toimihenkil\u00f6t"}]},{"@type":"WebSite","@id":"https:\/\/rotary.fi\/lieksa\/#website","url":"https:\/\/rotary.fi\/lieksa\/","name":"Lieksan Rotaryklubi","description":"Uusi Rotary klubisivusto","publisher":{"@id":"https:\/\/rotary.fi\/lieksa\/#organization"},"potentialAction":[{"@type":"SearchAction","target":{"@type":"EntryPoint","urlTemplate":"https:\/\/rotary.fi\/lieksa\/?s={search_term_string}"},"query-input":{"@type":"PropertyValueSpecification","valueRequired":true,"valueName":"search_term_string"}}],"inLanguage":"fi"},{"@type":"Organization","@id":"https:\/\/rotary.fi\/lieksa\/#organization","name":"Lieksan Rotaryklubi","url":"https:\/\/rotary.fi\/lieksa\/","logo":{"@type":"ImageObject","inLanguage":"fi","@id":"https:\/\/rotary.fi\/lieksa\/#\/schema\/logo\/image\/","url":"https:\/\/rotary.fi\/lieksa\/wp-content\/uploads\/sites\/245\/2018\/08\/rotary-logo-main-2.png","contentUrl":"https:\/\/rotary.fi\/lieksa\/wp-content\/uploads\/sites\/245\/2018\/08\/rotary-logo-main-2.png","width":135,"height":52,"caption":"Lieksan Rotaryklubi"},"image":{"@id":"https:\/\/rotary.fi\/lieksa\/#\/schema\/logo\/image\/"}}]}},"lang":"fi","translations":{"fi":132,"en":1428},"pll_sync_post":[],"_links":{"self":[{"href":"https:\/\/rotary.fi\/lieksa\/wp-json\/wp\/v2\/pages\/132","targetHints":{"allow":["GET"]}}],"collection":[{"href":"https:\/\/rotary.fi\/lieksa\/wp-json\/wp\/v2\/pages"}],"about":[{"href":"https:\/\/rotary.fi\/lieksa\/wp-json\/wp\/v2\/types\/page"}],"author":[{"embeddable":true,"href":"https:\/\/rotary.fi\/lieksa\/wp-json\/wp\/v2\/users\/1"}],"replies":[{"embeddable":true,"href":"https:\/\/rotary.fi\/lieksa\/wp-json\/wp\/v2\/comments?post=132"}],"version-history":[{"count":12,"href":"https:\/\/rotary.fi\/lieksa\/wp-json\/wp\/v2\/pages\/132\/revisions"}],"predecessor-version":[{"id":1696,"href":"https:\/\/rotary.fi\/lieksa\/wp-json\/wp\/v2\/pages\/132\/revisions\/1696"}],"up":[{"embeddable":true,"href":"https:\/\/rotary.fi\/lieksa\/wp-json\/wp\/v2\/pages\/129"}],"wp:attachment":[{"href":"https:\/\/rotary.fi\/lieksa\/wp-json\/wp\/v2\/media?parent=132"}],"curies":[{"name":"wp","href":"https:\/\/api.w.org\/{rel}","templated":true}]}}