{"id":1976,"date":"2020-11-24T14:54:49","date_gmt":"2020-11-24T12:54:49","guid":{"rendered":"https:\/\/rotary.fi\/leppavirta\/?post_type=ajankohtaiset&#038;p=1976"},"modified":"2020-12-11T16:43:34","modified_gmt":"2020-12-11T14:43:34","slug":"itsenaisyyspaivan-juhla-6-12","status":"publish","type":"ajankohtaiset","link":"https:\/\/rotary.fi\/leppavirta\/ajankohtaiset\/itsenaisyyspaivan-juhla-6-12\/","title":{"rendered":"Itsen\u00e4isyysp\u00e4iv\u00e4n juhla 6.12"},"content":{"rendered":"<p><span class=\"monospace\">Klubimme osallistui perinteiseen\u00a0 seppeleiden laskuun Sankarihautausmaalla. Presidentti Pekka Kansanen laski palveluj\u00e4rjest\u00f6jen seppeleen yhdess\u00e4 Lepp\u00e4virran ja Lepp\u00e4virta Unnukan Lions-klubien edustajien kanssa.<br \/>\n<\/span><\/p>\n<p><span class=\"monospace\">Klubimme vietti koronasuositukset huomioon ottaen turvallisesti perinteist\u00e4 Itsen\u00e4isyysp\u00e4iv\u00e4n juhlaa 22 hengen voimin.<\/span><\/p>\n<p><img loading=\"lazy\" decoding=\"async\" class=\"alignnone size-medium wp-image-2140\" src=\"https:\/\/rotary.fi\/leppavirta\/wp-content\/uploads\/sites\/139\/2020\/12\/itsenaisyyspaiva2020_1-300x225.jpg\" alt=\"\" width=\"300\" height=\"225\" \/><img loading=\"lazy\" decoding=\"async\" class=\"alignnone size-medium wp-image-2139\" src=\"https:\/\/rotary.fi\/leppavirta\/wp-content\/uploads\/sites\/139\/2020\/12\/itsenaisyyspaiva_2-300x225.jpg\" alt=\"\" width=\"300\" height=\"225\" \/><\/p>\n","protected":false},"template":"","class_list":["post-1976","ajankohtaiset","type-ajankohtaiset","status-publish","hentry"],"acf":[],"yoast_head":"<!-- This site is optimized with the Yoast SEO plugin v27.4 - https:\/\/yoast.com\/product\/yoast-seo-wordpress\/ -->\n<title>Itsen\u00e4isyysp\u00e4iv\u00e4n juhla 6.12 - Lepp\u00e4virran Rotaryklubi<\/title>\n<meta name=\"robots\" content=\"index, follow, max-snippet:-1, max-image-preview:large, max-video-preview:-1\" \/>\n<link rel=\"canonical\" href=\"https:\/\/rotary.fi\/leppavirta\/ajankohtaiset\/itsenaisyyspaivan-juhla-6-12\/\" \/>\n<meta property=\"og:locale\" content=\"fi_FI\" \/>\n<meta property=\"og:type\" content=\"article\" \/>\n<meta property=\"og:title\" content=\"Itsen\u00e4isyysp\u00e4iv\u00e4n juhla 6.12 - Lepp\u00e4virran Rotaryklubi\" \/>\n<meta property=\"og:description\" content=\"Klubimme osallistui perinteiseen\u00a0 seppeleiden laskuun Sankarihautausmaalla. Presidentti Pekka Kansanen laski palveluj\u00e4rjest\u00f6jen seppeleen yhdess\u00e4 Lepp\u00e4virran ja Lepp\u00e4virta Unnukan Lions-klubien edustajien kanssa. Klubimme vietti koronasuositukset huomioon ottaen turvallisesti perinteist\u00e4 Itsen\u00e4isyysp\u00e4iv\u00e4n juhlaa 22 hengen voimin.\" \/>\n<meta property=\"og:url\" content=\"https:\/\/rotary.fi\/leppavirta\/ajankohtaiset\/itsenaisyyspaivan-juhla-6-12\/\" \/>\n<meta property=\"og:site_name\" content=\"Lepp\u00e4virran Rotaryklubi\" \/>\n<meta property=\"article:modified_time\" content=\"2020-12-11T14:43:34+00:00\" \/>\n<meta property=\"og:image\" content=\"https:\/\/rotary.fi\/leppavirta\/wp-content\/uploads\/sites\/139\/2020\/12\/itsenaisyyspaiva2020_1-300x225.jpg\" \/>\n<meta name=\"twitter:card\" content=\"summary_large_image\" \/>\n<script type=\"application\/ld+json\" class=\"yoast-schema-graph\">{\"@context\":\"https:\\\/\\\/schema.org\",\"@graph\":[{\"@type\":\"WebPage\",\"@id\":\"https:\\\/\\\/rotary.fi\\\/leppavirta\\\/ajankohtaiset\\\/itsenaisyyspaivan-juhla-6-12\\\/\",\"url\":\"https:\\\/\\\/rotary.fi\\\/leppavirta\\\/ajankohtaiset\\\/itsenaisyyspaivan-juhla-6-12\\\/\",\"name\":\"Itsen\u00e4isyysp\u00e4iv\u00e4n juhla 6.12 - Lepp\u00e4virran Rotaryklubi\",\"isPartOf\":{\"@id\":\"https:\\\/\\\/rotary.fi\\\/leppavirta\\\/#website\"},\"primaryImageOfPage\":{\"@id\":\"https:\\\/\\\/rotary.fi\\\/leppavirta\\\/ajankohtaiset\\\/itsenaisyyspaivan-juhla-6-12\\\/#primaryimage\"},\"image\":{\"@id\":\"https:\\\/\\\/rotary.fi\\\/leppavirta\\\/ajankohtaiset\\\/itsenaisyyspaivan-juhla-6-12\\\/#primaryimage\"},\"thumbnailUrl\":\"https:\\\/\\\/rotary.fi\\\/leppavirta\\\/wp-content\\\/uploads\\\/sites\\\/139\\\/2020\\\/12\\\/itsenaisyyspaiva2020_1-300x225.jpg\",\"datePublished\":\"2020-11-24T12:54:49+00:00\",\"dateModified\":\"2020-12-11T14:43:34+00:00\",\"breadcrumb\":{\"@id\":\"https:\\\/\\\/rotary.fi\\\/leppavirta\\\/ajankohtaiset\\\/itsenaisyyspaivan-juhla-6-12\\\/#breadcrumb\"},\"inLanguage\":\"fi\",\"potentialAction\":[{\"@type\":\"ReadAction\",\"target\":[\"https:\\\/\\\/rotary.fi\\\/leppavirta\\\/ajankohtaiset\\\/itsenaisyyspaivan-juhla-6-12\\\/\"]}]},{\"@type\":\"ImageObject\",\"inLanguage\":\"fi\",\"@id\":\"https:\\\/\\\/rotary.fi\\\/leppavirta\\\/ajankohtaiset\\\/itsenaisyyspaivan-juhla-6-12\\\/#primaryimage\",\"url\":\"https:\\\/\\\/rotary.fi\\\/leppavirta\\\/wp-content\\\/uploads\\\/sites\\\/139\\\/2020\\\/12\\\/itsenaisyyspaiva2020_1.jpg\",\"contentUrl\":\"https:\\\/\\\/rotary.fi\\\/leppavirta\\\/wp-content\\\/uploads\\\/sites\\\/139\\\/2020\\\/12\\\/itsenaisyyspaiva2020_1.jpg\",\"width\":2048,\"height\":1536},{\"@type\":\"BreadcrumbList\",\"@id\":\"https:\\\/\\\/rotary.fi\\\/leppavirta\\\/ajankohtaiset\\\/itsenaisyyspaivan-juhla-6-12\\\/#breadcrumb\",\"itemListElement\":[{\"@type\":\"ListItem\",\"position\":1,\"name\":\"Home\",\"item\":\"https:\\\/\\\/rotary.fi\\\/leppavirta\\\/\"},{\"@type\":\"ListItem\",\"position\":2,\"name\":\"Itsen\u00e4isyysp\u00e4iv\u00e4n juhla 6.12\"}]},{\"@type\":\"WebSite\",\"@id\":\"https:\\\/\\\/rotary.fi\\\/leppavirta\\\/#website\",\"url\":\"https:\\\/\\\/rotary.fi\\\/leppavirta\\\/\",\"name\":\"Lepp\u00e4virran Rotaryklubi\",\"description\":\"Uusi Rotary klubisivusto\",\"potentialAction\":[{\"@type\":\"SearchAction\",\"target\":{\"@type\":\"EntryPoint\",\"urlTemplate\":\"https:\\\/\\\/rotary.fi\\\/leppavirta\\\/?s={search_term_string}\"},\"query-input\":{\"@type\":\"PropertyValueSpecification\",\"valueRequired\":true,\"valueName\":\"search_term_string\"}}],\"inLanguage\":\"fi\"}]}<\/script>\n<!-- \/ Yoast SEO plugin. -->","yoast_head_json":{"title":"Itsen\u00e4isyysp\u00e4iv\u00e4n juhla 6.12 - Lepp\u00e4virran Rotaryklubi","robots":{"index":"index","follow":"follow","max-snippet":"max-snippet:-1","max-image-preview":"max-image-preview:large","max-video-preview":"max-video-preview:-1"},"canonical":"https:\/\/rotary.fi\/leppavirta\/ajankohtaiset\/itsenaisyyspaivan-juhla-6-12\/","og_locale":"fi_FI","og_type":"article","og_title":"Itsen\u00e4isyysp\u00e4iv\u00e4n juhla 6.12 - Lepp\u00e4virran Rotaryklubi","og_description":"Klubimme osallistui perinteiseen\u00a0 seppeleiden laskuun Sankarihautausmaalla. Presidentti Pekka Kansanen laski palveluj\u00e4rjest\u00f6jen seppeleen yhdess\u00e4 Lepp\u00e4virran ja Lepp\u00e4virta Unnukan Lions-klubien edustajien kanssa. Klubimme vietti koronasuositukset huomioon ottaen turvallisesti perinteist\u00e4 Itsen\u00e4isyysp\u00e4iv\u00e4n juhlaa 22 hengen voimin.","og_url":"https:\/\/rotary.fi\/leppavirta\/ajankohtaiset\/itsenaisyyspaivan-juhla-6-12\/","og_site_name":"Lepp\u00e4virran Rotaryklubi","article_modified_time":"2020-12-11T14:43:34+00:00","og_image":[{"url":"https:\/\/rotary.fi\/leppavirta\/wp-content\/uploads\/sites\/139\/2020\/12\/itsenaisyyspaiva2020_1-300x225.jpg","type":"","width":"","height":""}],"twitter_card":"summary_large_image","schema":{"@context":"https:\/\/schema.org","@graph":[{"@type":"WebPage","@id":"https:\/\/rotary.fi\/leppavirta\/ajankohtaiset\/itsenaisyyspaivan-juhla-6-12\/","url":"https:\/\/rotary.fi\/leppavirta\/ajankohtaiset\/itsenaisyyspaivan-juhla-6-12\/","name":"Itsen\u00e4isyysp\u00e4iv\u00e4n juhla 6.12 - Lepp\u00e4virran Rotaryklubi","isPartOf":{"@id":"https:\/\/rotary.fi\/leppavirta\/#website"},"primaryImageOfPage":{"@id":"https:\/\/rotary.fi\/leppavirta\/ajankohtaiset\/itsenaisyyspaivan-juhla-6-12\/#primaryimage"},"image":{"@id":"https:\/\/rotary.fi\/leppavirta\/ajankohtaiset\/itsenaisyyspaivan-juhla-6-12\/#primaryimage"},"thumbnailUrl":"https:\/\/rotary.fi\/leppavirta\/wp-content\/uploads\/sites\/139\/2020\/12\/itsenaisyyspaiva2020_1-300x225.jpg","datePublished":"2020-11-24T12:54:49+00:00","dateModified":"2020-12-11T14:43:34+00:00","breadcrumb":{"@id":"https:\/\/rotary.fi\/leppavirta\/ajankohtaiset\/itsenaisyyspaivan-juhla-6-12\/#breadcrumb"},"inLanguage":"fi","potentialAction":[{"@type":"ReadAction","target":["https:\/\/rotary.fi\/leppavirta\/ajankohtaiset\/itsenaisyyspaivan-juhla-6-12\/"]}]},{"@type":"ImageObject","inLanguage":"fi","@id":"https:\/\/rotary.fi\/leppavirta\/ajankohtaiset\/itsenaisyyspaivan-juhla-6-12\/#primaryimage","url":"https:\/\/rotary.fi\/leppavirta\/wp-content\/uploads\/sites\/139\/2020\/12\/itsenaisyyspaiva2020_1.jpg","contentUrl":"https:\/\/rotary.fi\/leppavirta\/wp-content\/uploads\/sites\/139\/2020\/12\/itsenaisyyspaiva2020_1.jpg","width":2048,"height":1536},{"@type":"BreadcrumbList","@id":"https:\/\/rotary.fi\/leppavirta\/ajankohtaiset\/itsenaisyyspaivan-juhla-6-12\/#breadcrumb","itemListElement":[{"@type":"ListItem","position":1,"name":"Home","item":"https:\/\/rotary.fi\/leppavirta\/"},{"@type":"ListItem","position":2,"name":"Itsen\u00e4isyysp\u00e4iv\u00e4n juhla 6.12"}]},{"@type":"WebSite","@id":"https:\/\/rotary.fi\/leppavirta\/#website","url":"https:\/\/rotary.fi\/leppavirta\/","name":"Lepp\u00e4virran Rotaryklubi","description":"Uusi Rotary klubisivusto","potentialAction":[{"@type":"SearchAction","target":{"@type":"EntryPoint","urlTemplate":"https:\/\/rotary.fi\/leppavirta\/?s={search_term_string}"},"query-input":{"@type":"PropertyValueSpecification","valueRequired":true,"valueName":"search_term_string"}}],"inLanguage":"fi"}]}},"lang":"fi","translations":{"fi":1976,"en":1984},"pll_sync_post":[],"_links":{"self":[{"href":"https:\/\/rotary.fi\/leppavirta\/wp-json\/wp\/v2\/ajankohtaiset\/1976","targetHints":{"allow":["GET"]}}],"collection":[{"href":"https:\/\/rotary.fi\/leppavirta\/wp-json\/wp\/v2\/ajankohtaiset"}],"about":[{"href":"https:\/\/rotary.fi\/leppavirta\/wp-json\/wp\/v2\/types\/ajankohtaiset"}],"wp:attachment":[{"href":"https:\/\/rotary.fi\/leppavirta\/wp-json\/wp\/v2\/media?parent=1976"}],"curies":[{"name":"wp","href":"https:\/\/api.w.org\/{rel}","templated":true}]}}

Itsenäisyyspäivän juhla 6.12

<p><span class="monospace">Klubimme osallistui perinteiseen  seppeleiden laskuun Sankarihautausmaalla. Presidentti Pekka Kansanen laski palvelujärjestöjen seppeleen yhdessä Leppävirran ja Leppävirta Unnukan Lions-klubien edustajien kanssa.<br />
</span></p>
<p><span class="monospace">Klubimme vietti koronasuositukset huomioon ottaen turvallisesti perinteistä Itsenäisyyspäivän juhlaa 22 hengen voimin.</span></p>
<p><img loading="lazy" decoding="async" class="alignnone size-medium wp-image-2140" src="https://rotary.fi/leppavirta/wp-content/uploads/sites/139/2020/12/itsenaisyyspaiva2020_1-300x225.jpg" alt="" width="300" height="225" /><img loading="lazy" decoding="async" class="alignnone size-medium wp-image-2139" src="https://rotary.fi/leppavirta/wp-content/uploads/sites/139/2020/12/itsenaisyyspaiva_2-300x225.jpg" alt="" width="300" height="225" /></p>

<!-- This site is optimized with the Yoast SEO plugin v27.4 - https://yoast.com/product/yoast-seo-wordpress/ -->
<title>Itsenäisyyspäivän juhla 6.12 - Leppävirran Rotaryklubi</title>
<meta name="robots" content="index, follow, max-snippet:-1, max-image-preview:large, max-video-preview:-1" />
<link rel="canonical" href="https://rotary.fi/leppavirta/ajankohtaiset/itsenaisyyspaivan-juhla-6-12/" />
<meta property="og:locale" content="fi_FI" />
<meta property="og:type" content="article" />
<meta property="og:title" content="Itsenäisyyspäivän juhla 6.12 - Leppävirran Rotaryklubi" />
<meta property="og:description" content="Klubimme osallistui perinteiseen  seppeleiden laskuun Sankarihautausmaalla. Presidentti Pekka Kansanen laski palvelujärjestöjen seppeleen yhdessä Leppävirran ja Leppävirta Unnukan Lions-klubien edustajien kanssa. Klubimme vietti koronasuositukset huomioon ottaen turvallisesti perinteistä Itsenäisyyspäivän juhlaa 22 hengen voimin." />
<meta property="og:url" content="https://rotary.fi/leppavirta/ajankohtaiset/itsenaisyyspaivan-juhla-6-12/" />
<meta property="og:site_name" content="Leppävirran Rotaryklubi" />
<meta property="article:modified_time" content="2020-12-11T14:43:34+00:00" />
<meta property="og:image" content="https://rotary.fi/leppavirta/wp-content/uploads/sites/139/2020/12/itsenaisyyspaiva2020_1-300x225.jpg" />
<meta name="twitter:card" content="summary_large_image" />
<script type="application/ld+json" class="yoast-schema-graph">{"@context":"https:\/\/schema.org","@graph":[{"@type":"WebPage","@id":"https:\/\/rotary.fi\/leppavirta\/ajankohtaiset\/itsenaisyyspaivan-juhla-6-12\/","url":"https:\/\/rotary.fi\/leppavirta\/ajankohtaiset\/itsenaisyyspaivan-juhla-6-12\/","name":"Itsenäisyyspäivän juhla 6.12 - Leppävirran Rotaryklubi","isPartOf":{"@id":"https:\/\/rotary.fi\/leppavirta\/#website"},"primaryImageOfPage":{"@id":"https:\/\/rotary.fi\/leppavirta\/ajankohtaiset\/itsenaisyyspaivan-juhla-6-12\/#primaryimage"},"image":{"@id":"https:\/\/rotary.fi\/leppavirta\/ajankohtaiset\/itsenaisyyspaivan-juhla-6-12\/#primaryimage"},"thumbnailUrl":"https:\/\/rotary.fi\/leppavirta\/wp-content\/uploads\/sites\/139\/2020\/12\/itsenaisyyspaiva2020_1-300x225.jpg","datePublished":"2020-11-24T12:54:49+00:00","dateModified":"2020-12-11T14:43:34+00:00","breadcrumb":{"@id":"https:\/\/rotary.fi\/leppavirta\/ajankohtaiset\/itsenaisyyspaivan-juhla-6-12\/#breadcrumb"},"inLanguage":"fi","potentialAction":[{"@type":"ReadAction","target":["https:\/\/rotary.fi\/leppavirta\/ajankohtaiset\/itsenaisyyspaivan-juhla-6-12\/"]}]},{"@type":"ImageObject","inLanguage":"fi","@id":"https:\/\/rotary.fi\/leppavirta\/ajankohtaiset\/itsenaisyyspaivan-juhla-6-12\/#primaryimage","url":"https:\/\/rotary.fi\/leppavirta\/wp-content\/uploads\/sites\/139\/2020\/12\/itsenaisyyspaiva2020_1.jpg","contentUrl":"https:\/\/rotary.fi\/leppavirta\/wp-content\/uploads\/sites\/139\/2020\/12\/itsenaisyyspaiva2020_1.jpg","width":2048,"height":1536},{"@type":"BreadcrumbList","@id":"https:\/\/rotary.fi\/leppavirta\/ajankohtaiset\/itsenaisyyspaivan-juhla-6-12\/#breadcrumb","itemListElement":[{"@type":"ListItem","position":1,"name":"Home","item":"https:\/\/rotary.fi\/leppavirta\/"},{"@type":"ListItem","position":2,"name":"Itsenäisyyspäivän juhla 6.12"}]},{"@type":"WebSite","@id":"https:\/\/rotary.fi\/leppavirta\/#website","url":"https:\/\/rotary.fi\/leppavirta\/","name":"Leppävirran Rotaryklubi","description":"Uusi Rotary klubisivusto","potentialAction":[{"@type":"SearchAction","target":{"@type":"EntryPoint","urlTemplate":"https:\/\/rotary.fi\/leppavirta\/?s={search_term_string}"},"query-input":{"@type":"PropertyValueSpecification","valueRequired":true,"valueName":"search_term_string"}}],"inLanguage":"fi"}]}</script>
<!-- / Yoast SEO plugin. -->

Itsenäisyyspäivän juhla 6.12 - Leppävirran Rotaryklubi

Klubimme osallistui perinteiseen  seppeleiden laskuun Sankarihautausmaalla. Presidentti Pekka Kansanen laski palvelujärjestöjen seppeleen yhdessä Leppävirran ja Leppävirta Unnukan Lions-klubien edustajien kanssa. Klubimme vietti koronasuositukset huomioon ottaen turvallisesti perinteistä Itsenäisyyspäivän juhlaa 22 hengen voimin.

Leppävirran Rotaryklubi
